File: /var/log/nginx/kpopbg.com.access.log.1
217.113.194.106 - - [12/Oct/2025:00:00:09 +0200] "GET /en/19-twice?order=product.position.asc HTTP/1.1" 200 15323 "-" "Mozilla/5.0 (compatible; Barkrowler/0.9; +https://babbar.tech/crawler)"
217.113.194.247 - - [12/Oct/2025:00:00:29 +0200] "GET /en/2-nachalo?q=Categories-ARTIST&page=5 HTTP/1.1" 200 16102 "-" "Mozilla/5.0 (compatible; Barkrowler/0.9; +https://babbar.tech/crawler)"
47.128.54.155 - - [12/Oct/2025:00:00:45 +0200] "GET /bg/13-artisti?order=product.name.asc&q=%D0%9A%D0%B0%D1%82%D0%B5%D0%B3%D0%BE%D1%80%D0%B8%D0%B8-ASTRO-BLACKPINK-ITZY-JIHYO-LE+SSERAFIM-TREASURE-TXT-SEVENTEEN HTTP/2.0" 200 21065 "-" "Mozilla/5.0 (compatible; Bytespider; spider-feedback@bytedance.com) AppleWebKit/537.36 (KHTML, like Gecko) Chrome/70.0.0.0 Safari/537.36"
114.119.136.175 - - [12/Oct/2025:00:00:46 +0200] "GET /en/13-artist?q=Categories-JIHYO-JISOO-STRAYKIDS-TREASURE-TWICE-GOT%2BTHE%2BBEAT&order=product.sales.desc HTTP/1.1" 200 16068 "https://kpopbg.com/en/13-artist?q=Categories-JIHYO-STRAYKIDS-TREASURE-TWICE-JISOO&order=product.sales.desc" "Mozilla/5.0 (Linux; Android 7.0;) AppleWebKit/537.36 (KHTML, like Gecko) Mobile Safari/537.36 (compatible; PetalBot;+https://webmaster.petalsearch.com/site/petalbot)"
40.77.167.241 - - [12/Oct/2025:00:00:46 +0200] "GET /bg/13-artisti?q=%D0%9A%D0%B0%D1%82%D0%B5%D0%B3%D0%BE%D1%80%D0%B8%D0%B8-ATEEZ-BABYMONSTER-BOYNEXTDOOR-ENHYPEN-ILLIT-IVE-JIHYO-LISA-NMIXX-RIIZE-STRAYKIDS-TWICE-TXT-V+%28BTS%29-WayV-ZEROBASEONE HTTP/2.0" 200 21488 "-" "Mozilla/5.0 AppleWebKit/537.36 (KHTML, like Gecko; compatible; bingbot/2.0; +http://www.bing.com/bingbot.htm) Chrome/116.0.1938.76 Safari/537.36"
40.77.167.241 - - [12/Oct/2025:00:00:48 +0200] "GET /bg/13-artisti?q=%D0%9A%D0%B0%D1%82%D0%B5%D0%B3%D0%BE%D1%80%D0%B8%D0%B8-AESPA-ATEEZ-BLACKPINK-BOYNEXTDOOR-ENHYPEN-GOT+THE+BEAT-ITZY-JIHYO-KAI-KISS+OF+LIFE-LISA-NCT+JAEHYUN-NMIXX-P1Harmony-RIIZE-SEVENTEEN-TWICE-WayV-ZEROBASEONE HTTP/2.0" 200 21547 "-" "Mozilla/5.0 AppleWebKit/537.36 (KHTML, like Gecko; compatible; bingbot/2.0; +http://www.bing.com/bingbot.htm) Chrome/116.0.1938.76 Safari/537.36"
217.113.194.223 - - [12/Oct/2025:00:00:48 +0200] "GET /en/content/3-general-terms-and-conditions-of-use HTTP/1.1" 200 22706 "-" "Mozilla/5.0 (compatible; Barkrowler/0.9; +https://babbar.tech/crawler)"
40.77.167.136 - - [12/Oct/2025:00:00:57 +0200] "GET /bg/13-artisti?q=%D0%9A%D0%B0%D1%82%D0%B5%D0%B3%D0%BE%D1%80%D0%B8%D0%B8-AESPA-ATEEZ-BABYMONSTER-BOYNEXTDOOR-ENHYPEN-GOT+THE+BEAT-ILLIT-IVE-JIHYO-LISA-NCT+DOYOUNG-NMIXX-RIIZE-SEVENTEEN-STRAYKIDS-TXT-Tzuyu+%28TWICE%29-WayV-ZEROBASEONE-JIMIN+%28BTS%29&page=2 HTTP/2.0" 200 21698 "-" "Mozilla/5.0 AppleWebKit/537.36 (KHTML, like Gecko; compatible; bingbot/2.0; +http://www.bing.com/bingbot.htm) Chrome/116.0.1938.76 Safari/537.36"
217.113.194.224 - - [12/Oct/2025:00:01:07 +0200] "GET /bg/17-aespa?order=product.price.desc HTTP/1.1" 200 16326 "-" "Mozilla/5.0 (compatible; Barkrowler/0.9; +https://babbar.tech/crawler)"
66.249.66.13 - - [12/Oct/2025:00:01:22 +0200] "GET /877-large_default/pre-order-twice-this-is-for-4th-album-.jpg HTTP/1.1" 404 11812 "-" "Googlebot-Image/1.0"
217.113.194.110 - - [12/Oct/2025:00:01:27 +0200] "GET /bg/17-aespa?order=product.sales.desc HTTP/1.1" 200 13559 "-" "Mozilla/5.0 (compatible; Barkrowler/0.9; +https://babbar.tech/crawler)"
52.167.144.160 - - [12/Oct/2025:00:01:33 +0200] "GET /bg/13-artisti?q=%D0%9A%D0%B0%D1%82%D0%B5%D0%B3%D0%BE%D1%80%D0%B8%D0%B8-AESPA-ASTRO-ATEEZ-ENHYPEN-ITZY-IVE-KAI-LISA-NCT-NMIXX-STAYC-NCT+DREAM HTTP/2.0" 200 21402 "-" "Mozilla/5.0 AppleWebKit/537.36 (KHTML, like Gecko; compatible; bingbot/2.0; +http://www.bing.com/bingbot.htm) Chrome/116.0.1938.76 Safari/537.36"
47.128.35.19 - - [12/Oct/2025:00:01:34 +0200] "GET /bg/13-artisti?SubmitCurrency=1&id_currency=1&order=product.reference.desc&q=%D0%9A%D0%B0%D1%82%D0%B5%D0%B3%D0%BE%D1%80%D0%B8%D0%B8-KAI-NCT-STAYC-Agust+D+%28BTS%29 HTTP/2.0" 200 21462 "-" "Mozilla/5.0 (compatible; Bytespider; spider-feedback@bytedance.com) AppleWebKit/537.36 (KHTML, like Gecko) Chrome/70.0.0.0 Safari/537.36"
66.249.81.71 - - [12/Oct/2025:00:01:39 +0200] "GET /.well-known/traffic-advice HTTP/1.1" 404 11754 "-" "Chrome Privacy Preserving Prefetch Proxy"
162.120.188.104 - - [12/Oct/2025:00:01:39 +0200] "GET /bg/12-albumi HTTP/2.0" 200 17490 "-" "Mozilla/5.0 (Linux; Android 10; K) AppleWebKit/537.36 (KHTML, like Gecko) Chrome/141.0.0.0 Mobile Safari/537.36"
130.204.49.174 - - [12/Oct/2025:00:01:42 +0200] "GET /bg/12-albumi HTTP/2.0" 200 17497 "https://www.google.com/" "Mozilla/5.0 (Linux; Android 10; K) AppleWebKit/537.36 (KHTML, like Gecko) Chrome/141.0.0.0 Mobile Safari/537.36"
130.204.49.174 - - [12/Oct/2025:00:01:43 +0200] "GET /themes/classic/assets/cache/theme-cdcaaa131.css HTTP/2.0" 304 0 "https://kpopbg.com/bg/12-albumi" "Mozilla/5.0 (Linux; Android 10; K) AppleWebKit/537.36 (KHTML, like Gecko) Chrome/141.0.0.0 Mobile Safari/537.36"
130.204.49.174 - - [12/Oct/2025:00:01:43 +0200] "GET /img/logo-1663262496.jpg HTTP/2.0" 304 0 "https://kpopbg.com/bg/12-albumi" "Mozilla/5.0 (Linux; Android 10; K) AppleWebKit/537.36 (KHTML, like Gecko) Chrome/141.0.0.0 Mobile Safari/537.36"
130.204.49.174 - - [12/Oct/2025:00:01:43 +0200] "GET /themes/classic/assets/cache/bottom-9263dd130.js HTTP/2.0" 200 1215137 "https://kpopbg.com/bg/12-albumi" "Mozilla/5.0 (Linux; Android 10; K) AppleWebKit/537.36 (KHTML, like Gecko) Chrome/141.0.0.0 Mobile Safari/537.36"
130.204.49.174 - - [12/Oct/2025:00:01:43 +0200] "GET /themes/classic/assets/css/12a47ed5fd5585f0f4227fa035a1a607.woff2 HTTP/2.0" 304 0 "https://kpopbg.com/themes/classic/assets/cache/theme-cdcaaa131.css" "Mozilla/5.0 (Linux; Android 10; K) AppleWebKit/537.36 (KHTML, like Gecko) Chrome/141.0.0.0 Mobile Safari/537.36"
130.204.49.174 - - [12/Oct/2025:00:01:43 +0200] "GET /themes/classic/assets/css/52260854eea2d38939bf40e9e9687830.woff2 HTTP/2.0" 304 0 "https://kpopbg.com/themes/classic/assets/cache/theme-cdcaaa131.css" "Mozilla/5.0 (Linux; Android 10; K) AppleWebKit/537.36 (KHTML, like Gecko) Chrome/141.0.0.0 Mobile Safari/537.36"
130.204.49.174 - - [12/Oct/2025:00:01:43 +0200] "GET /themes/classic/assets/css/a7360927bb3673ed7814d6f607d122cb.woff2 HTTP/2.0" 304 0 "https://kpopbg.com/themes/classic/assets/cache/theme-cdcaaa131.css" "Mozilla/5.0 (Linux; Android 10; K) AppleWebKit/537.36 (KHTML, like Gecko) Chrome/141.0.0.0 Mobile Safari/537.36"
130.204.49.174 - - [12/Oct/2025:00:01:43 +0200] "GET /themes/classic/assets/css/dce0916af972e3040aa191f74b17dd46.woff2 HTTP/2.0" 304 0 "https://kpopbg.com/themes/classic/assets/cache/theme-cdcaaa131.css" "Mozilla/5.0 (Linux; Android 10; K) AppleWebKit/537.36 (KHTML, like Gecko) Chrome/141.0.0.0 Mobile Safari/537.36"
130.204.49.174 - - [12/Oct/2025:00:01:43 +0200] "GET /themes/classic/assets/css/250c120c3f8b2b0bb58ea27ee36153fc.woff2 HTTP/2.0" 304 0 "https://kpopbg.com/themes/classic/assets/cache/theme-cdcaaa131.css" "Mozilla/5.0 (Linux; Android 10; K) AppleWebKit/537.36 (KHTML, like Gecko) Chrome/141.0.0.0 Mobile Safari/537.36"
130.204.49.174 - - [12/Oct/2025:00:01:43 +0200] "GET /1018-home_default/cortis-color-outside-the-lines-the-1st-ep-.jpg HTTP/2.0" 200 19384 "https://kpopbg.com/bg/12-albumi" "Mozilla/5.0 (Linux; Android 10; K) AppleWebKit/537.36 (KHTML, like Gecko) Chrome/141.0.0.0 Mobile Safari/537.36"
130.204.49.174 - - [12/Oct/2025:00:01:43 +0200] "GET /1004-home_default/stray-kids-karma-accordion-ver-the-4th-full-album-.jpg HTTP/2.0" 200 31937 "https://kpopbg.com/bg/12-albumi" "Mozilla/5.0 (Linux; Android 10; K) AppleWebKit/537.36 (KHTML, like Gecko) Chrome/141.0.0.0 Mobile Safari/537.36"
130.204.49.174 - - [12/Oct/2025:00:01:43 +0200] "GET /479-home_default/stray-kids-maxident-heart-ver-.jpg HTTP/2.0" 200 13758 "https://kpopbg.com/bg/12-albumi" "Mozilla/5.0 (Linux; Android 10; K) AppleWebKit/537.36 (KHTML, like Gecko) Chrome/141.0.0.0 Mobile Safari/537.36"
130.204.49.174 - - [12/Oct/2025:00:01:43 +0200] "GET /719-home_default/ateez-golden-hour-part2-11th-mini-album-.jpg HTTP/2.0" 200 13435 "https://kpopbg.com/bg/12-albumi" "Mozilla/5.0 (Linux; Android 10; K) AppleWebKit/537.36 (KHTML, like Gecko) Chrome/141.0.0.0 Mobile Safari/537.36"
130.204.49.174 - - [12/Oct/2025:00:01:43 +0200] "GET /348-home_default/enhypen-orange-blood-5th-mini-album-.jpg HTTP/2.0" 200 6863 "https://kpopbg.com/bg/12-albumi" "Mozilla/5.0 (Linux; Android 10; K) AppleWebKit/537.36 (KHTML, like Gecko) Chrome/141.0.0.0 Mobile Safari/537.36"
130.204.49.174 - - [12/Oct/2025:00:01:43 +0200] "GET /1003-home_default/ive-ive-secret-the-4th-ep-.jpg HTTP/2.0" 200 20327 "https://kpopbg.com/bg/12-albumi" "Mozilla/5.0 (Linux; Android 10; K) AppleWebKit/537.36 (KHTML, like Gecko) Chrome/141.0.0.0 Mobile Safari/537.36"
130.204.49.174 - - [12/Oct/2025:00:01:43 +0200] "GET /999-home_default/pre-order-babymonster-we-go-up-we-ver-2nd-mini-album-.jpg HTTP/2.0" 200 24777 "https://kpopbg.com/bg/12-albumi" "Mozilla/5.0 (Linux; Android 10; K) AppleWebKit/537.36 (KHTML, like Gecko) Chrome/141.0.0.0 Mobile Safari/537.36"
130.204.49.174 - - [12/Oct/2025:00:01:43 +0200] "GET /997-home_default/pre-order-babymonster-we-go-up-up-ver-2nd-mini-album-.jpg HTTP/2.0" 200 38002 "https://kpopbg.com/bg/12-albumi" "Mozilla/5.0 (Linux; Android 10; K) AppleWebKit/537.36 (KHTML, like Gecko) Chrome/141.0.0.0 Mobile Safari/537.36"
130.204.49.174 - - [12/Oct/2025:00:01:43 +0200] "GET /995-home_default/pre-order-babymonster-we-go-up-go-ver-2nd-mini-album-.jpg HTTP/2.0" 200 20985 "https://kpopbg.com/bg/12-albumi" "Mozilla/5.0 (Linux; Android 10; K) AppleWebKit/537.36 (KHTML, like Gecko) Chrome/141.0.0.0 Mobile Safari/537.36"
130.204.49.174 - - [12/Oct/2025:00:01:43 +0200] "GET /949-home_default/katseye-beautiful-chaos.jpg HTTP/2.0" 304 0 "https://kpopbg.com/bg/12-albumi" "Mozilla/5.0 (Linux; Android 10; K) AppleWebKit/537.36 (KHTML, like Gecko) Chrome/141.0.0.0 Mobile Safari/537.36"
130.204.49.174 - - [12/Oct/2025:00:01:43 +0200] "GET /img/favicon.ico?1663264323 HTTP/2.0" 304 0 "https://kpopbg.com/bg/12-albumi" "Mozilla/5.0 (Linux; Android 10; K) AppleWebKit/537.36 (KHTML, like Gecko) Chrome/141.0.0.0 Mobile Safari/537.36"
130.204.49.174 - - [12/Oct/2025:00:01:45 +0200] "GET /985-home_default/ateez-golden-hour-part3-in-your-fantasy-edition-limited-12th-mini-album-.jpg HTTP/2.0" 200 13752 "https://kpopbg.com/bg/12-albumi" "Mozilla/5.0 (Linux; Android 10; K) AppleWebKit/537.36 (KHTML, like Gecko) Chrome/141.0.0.0 Mobile Safari/537.36"
130.204.49.174 - - [12/Oct/2025:00:01:45 +0200] "GET /725-home_default/stray-kids-hop-hiptape-ver.jpg HTTP/2.0" 200 29592 "https://kpopbg.com/bg/12-albumi" "Mozilla/5.0 (Linux; Android 10; K) AppleWebKit/537.36 (KHTML, like Gecko) Chrome/141.0.0.0 Mobile Safari/537.36"
40.77.167.136 - - [12/Oct/2025:00:01:47 +0200] "GET /bg/13-artisti?q=%D0%9A%D0%B0%D1%82%D0%B5%D0%B3%D0%BE%D1%80%D0%B8%D0%B8-AESPA-BABYMONSTER-BLACKPINK-BOYNEXTDOOR-ENHYPEN-GOT+THE+BEAT-ILLIT-ITZY-LISA-NMIXX-STRAYKIDS-ZEROBASEONE-JIMIN+%28BTS%29 HTTP/2.0" 200 21546 "-" "Mozilla/5.0 AppleWebKit/537.36 (KHTML, like Gecko; compatible; bingbot/2.0; +http://www.bing.com/bingbot.htm) Chrome/116.0.1938.76 Safari/537.36"
40.77.167.136 - - [12/Oct/2025:00:01:48 +0200] "GET /en/13-artist?q=Categories-AESPA-BABYMONSTER-ILLIT-ITZY-JIHYO-KISS+OF+LIFE-NMIXX-P1Harmony-SEVENTEEN-THE+BOYZ-TXT-WayV-xikers-ZEROBASEONE-TREASURE HTTP/2.0" 200 19921 "-" "Mozilla/5.0 AppleWebKit/537.36 (KHTML, like Gecko; compatible; bingbot/2.0; +http://www.bing.com/bingbot.htm) Chrome/116.0.1938.76 Safari/537.36"
217.113.194.107 - - [12/Oct/2025:00:01:48 +0200] "GET /bg/19-twice?order=product.sales.desc HTTP/1.1" 200 13524 "-" "Mozilla/5.0 (compatible; Barkrowler/0.9; +https://babbar.tech/crawler)"
130.204.49.174 - - [12/Oct/2025:00:01:50 +0200] "GET /bg/nachalo/374-667-cortis-color-outside-the-lines-the-1st-ep--8800320198928 HTTP/2.0" 200 18485 "https://kpopbg.com/bg/12-albumi" "Mozilla/5.0 (Linux; Android 10; K) AppleWebKit/537.36 (KHTML, like Gecko) Chrome/141.0.0.0 Mobile Safari/537.36"
130.204.49.174 - - [12/Oct/2025:00:01:50 +0200] "GET /1018-medium_default/cortis-color-outside-the-lines-the-1st-ep-.jpg HTTP/2.0" 200 48601 "https://kpopbg.com/bg/nachalo/374-667-cortis-color-outside-the-lines-the-1st-ep--8800320198928" "Mozilla/5.0 (Linux; Android 10; K) AppleWebKit/537.36 (KHTML, like Gecko) Chrome/141.0.0.0 Mobile Safari/537.36"
130.204.49.174 - - [12/Oct/2025:00:01:50 +0200] "GET /themes/classic/assets/css/740f1557cae714dc4b180b4d5de69375.svg HTTP/2.0" 304 0 "https://kpopbg.com/themes/classic/assets/cache/theme-cdcaaa131.css" "Mozilla/5.0 (Linux; Android 10; K) AppleWebKit/537.36 (KHTML, like Gecko) Chrome/141.0.0.0 Mobile Safari/537.36"
130.204.49.174 - - [12/Oct/2025:00:01:50 +0200] "GET /1018-small_default/cortis-color-outside-the-lines-the-1st-ep-.jpg HTTP/2.0" 200 3877 "https://kpopbg.com/bg/nachalo/374-667-cortis-color-outside-the-lines-the-1st-ep--8800320198928" "Mozilla/5.0 (Linux; Android 10; K) AppleWebKit/537.36 (KHTML, like Gecko) Chrome/141.0.0.0 Mobile Safari/537.36"
130.204.49.174 - - [12/Oct/2025:00:01:51 +0200] "GET /img/cms/CORTIS/cortis-the-1st-ep-color-outside-the-lines-wholesale-1.jpg HTTP/2.0" 200 2500412 "https://kpopbg.com/bg/nachalo/374-667-cortis-color-outside-the-lines-the-1st-ep--8800320198928" "Mozilla/5.0 (Linux; Android 10; K) AppleWebKit/537.36 (KHTML, like Gecko) Chrome/141.0.0.0 Mobile Safari/537.36"
130.204.49.174 - - [12/Oct/2025:00:01:51 +0200] "GET /1018-large_default/cortis-color-outside-the-lines-the-1st-ep-.jpg HTTP/2.0" 200 70107 "https://kpopbg.com/bg/nachalo/374-667-cortis-color-outside-the-lines-the-1st-ep--8800320198928" "Mozilla/5.0 (Linux; Android 10; K) AppleWebKit/537.36 (KHTML, like Gecko) Chrome/141.0.0.0 Mobile Safari/537.36"
52.167.144.160 - - [12/Oct/2025:00:01:52 +0200] "GET /bg/13-artisti?q=%D0%9A%D0%B0%D1%82%D0%B5%D0%B3%D0%BE%D1%80%D0%B8%D0%B8-AESPA-ATEEZ-BABYMONSTER-BLACKPINK-BTS-ENHYPEN-ILLIT-ITZY-JIHYO-Kep1er-LE+SSERAFIM-LISA-NMIXX-RIIZE-SEVENTEEN-STAYC-TWICE-TXT-xikers-ZEROBASEONE-RM+%28BTS%29&page=3 HTTP/2.0" 200 21760 "-" "Mozilla/5.0 AppleWebKit/537.36 (KHTML, like Gecko; compatible; bingbot/2.0; +http://www.bing.com/bingbot.htm) Chrome/116.0.1938.76 Safari/537.36"
52.167.144.160 - - [12/Oct/2025:00:01:53 +0200] "GET /bg/13-artisti?q=%D0%9A%D0%B0%D1%82%D0%B5%D0%B3%D0%BE%D1%80%D0%B8%D0%B8-ATEEZ-BABYMONSTER-BLACKPINK-BOYNEXTDOOR-ENHYPEN-GOT+THE+BEAT-ILLIT-ITZY-IVE-JENNIE+%28BLACKPINK%29-JIHYO-JISOO+%28BLACKPINK%29-LISA+%28BLACKPINK%29-NMIXX-RIIZE-ROSE+%28BLACKPINK%29-SEVENTEEN-STAYC-STRAYKIDS-TREASURE-WayV-ZEROBASEONE-NEW+JEANS HTTP/2.0" 200 21691 "-" "Mozilla/5.0 AppleWebKit/537.36 (KHTML, like Gecko; compatible; bingbot/2.0; +http://www.bing.com/bingbot.htm) Chrome/116.0.1938.76 Safari/537.36"
130.204.49.174 - - [12/Oct/2025:00:01:56 +0200] "GET /bg/12-albumi HTTP/2.0" 200 17488 "https://www.google.com/" "Mozilla/5.0 (Linux; Android 10; K) AppleWebKit/537.36 (KHTML, like Gecko) Chrome/141.0.0.0 Mobile Safari/537.36"
40.77.167.241 - - [12/Oct/2025:00:01:57 +0200] "GET /bg/13-artisti?q=%D0%9A%D0%B0%D1%82%D0%B5%D0%B3%D0%BE%D1%80%D0%B8%D0%B8-AESPA-BABYMONSTER-BLACKPINK-BOYNEXTDOOR-BTS-CHA+EUN+WOO+%28ASTRO%29-ENHYPEN-ILLIT-ITZY-JIHYO-KAI-LISA-NAYEON+%28TWICE%29-NMIXX-RIIZE-RM+%28BTS%29-STAYC-STRAYKIDS-TWICE-V+%28BTS%29-ZEROBASEONE-ATEEZ&order=product.price.desc HTTP/2.0" 200 21839 "-" "Mozilla/5.0 AppleWebKit/537.36 (KHTML, like Gecko; compatible; bingbot/2.0; +http://www.bing.com/bingbot.htm) Chrome/116.0.1938.76 Safari/537.36"
40.77.167.136 - - [12/Oct/2025:00:01:57 +0200] "GET /en/13-artist?q=Categories-%28G%29I%5C-DLE-AESPA-BABYMONSTER-BLACKPINK-BTS-ENHYPEN-ILLIT-ITZY-JIHYO-NCT+DREAM-P1Harmony-RIIZE-SEVENTEEN-TXT-V+%28BTS%29-WayV-ZEROBASEONE-STRAYKIDS&order=product.reference.asc HTTP/2.0" 200 20052 "-" "Mozilla/5.0 AppleWebKit/537.36 (KHTML, like Gecko; compatible; bingbot/2.0; +http://www.bing.com/bingbot.htm) Chrome/116.0.1938.76 Safari/537.36"
40.77.167.136 - - [12/Oct/2025:00:01:57 +0200] "GET /bg/13-artisti?q=%D0%9A%D0%B0%D1%82%D0%B5%D0%B3%D0%BE%D1%80%D0%B8%D0%B8-ATEEZ-ENHYPEN-GOT+THE+BEAT-ITZY-IVE-JIHYO-KAI-LISA-NMIXX-STAYC-STRAYKIDS-V+%28BTS%29-TREASURE HTTP/2.0" 200 21464 "-" "Mozilla/5.0 AppleWebKit/537.36 (KHTML, like Gecko; compatible; bingbot/2.0; +http://www.bing.com/bingbot.htm) Chrome/116.0.1938.76 Safari/537.36"
52.167.144.160 - - [12/Oct/2025:00:02:03 +0200] "GET /en/13-artist?q=Categories-AESPA-ATEEZ-BABYMONSTER-BLACKPINK-BOYNEXTDOOR-BTS-ENHYPEN-ILLIT-JIHYO-Jin+%28BTS%29-NCT+DREAM-NMIXX-P1Harmony-STAYC-TWICE-TXT-YEJI+%28ITZY%29-ZEROBASEONE HTTP/2.0" 200 19988 "-" "Mozilla/5.0 AppleWebKit/537.36 (KHTML, like Gecko; compatible; bingbot/2.0; +http://www.bing.com/bingbot.htm) Chrome/116.0.1938.76 Safari/537.36"
130.204.49.174 - - [12/Oct/2025:00:02:08 +0200] "GET /bg/nachalo/358-pre-order-babymonster-we-go-up-we-ver-2nd-mini-album--8800331139361 HTTP/2.0" 200 18796 "https://kpopbg.com/bg/12-albumi" "Mozilla/5.0 (Linux; Android 10; K) AppleWebKit/537.36 (KHTML, like Gecko) Chrome/141.0.0.0 Mobile Safari/537.36"
217.113.194.102 - - [12/Oct/2025:00:02:08 +0200] "GET /bg/11-bts?order=product.reference.asc HTTP/1.1" 200 16944 "-" "Mozilla/5.0 (compatible; Barkrowler/0.9; +https://babbar.tech/crawler)"
130.204.49.174 - - [12/Oct/2025:00:02:08 +0200] "GET /999-medium_default/pre-order-babymonster-we-go-up-we-ver-2nd-mini-album-.jpg HTTP/2.0" 200 66299 "https://kpopbg.com/bg/nachalo/358-pre-order-babymonster-we-go-up-we-ver-2nd-mini-album--8800331139361" "Mozilla/5.0 (Linux; Android 10; K) AppleWebKit/537.36 (KHTML, like Gecko) Chrome/141.0.0.0 Mobile Safari/537.36"
130.204.49.174 - - [12/Oct/2025:00:02:08 +0200] "GET /img/cms/BABYMONSTER/babymonster-2nd-mini-album-we-go-up-we-ver-wholesale-1.jpg HTTP/2.0" 200 949052 "https://kpopbg.com/bg/nachalo/358-pre-order-babymonster-we-go-up-we-ver-2nd-mini-album--8800331139361" "Mozilla/5.0 (Linux; Android 10; K) AppleWebKit/537.36 (KHTML, like Gecko) Chrome/141.0.0.0 Mobile Safari/537.36"
130.204.49.174 - - [12/Oct/2025:00:02:08 +0200] "GET /999-large_default/pre-order-babymonster-we-go-up-we-ver-2nd-mini-album-.jpg HTTP/2.0" 200 99043 "https://kpopbg.com/bg/nachalo/358-pre-order-babymonster-we-go-up-we-ver-2nd-mini-album--8800331139361" "Mozilla/5.0 (Linux; Android 10; K) AppleWebKit/537.36 (KHTML, like Gecko) Chrome/141.0.0.0 Mobile Safari/537.36"
130.204.49.174 - - [12/Oct/2025:00:02:08 +0200] "GET /1020-home_default/pre-order-babymonster-we-go-up-we-ver-2nd-mini-album-.jpg HTTP/2.0" 200 34488 "https://kpopbg.com/bg/nachalo/358-pre-order-babymonster-we-go-up-we-ver-2nd-mini-album--8800331139361" "Mozilla/5.0 (Linux; Android 10; K) AppleWebKit/537.36 (KHTML, like Gecko) Chrome/141.0.0.0 Mobile Safari/537.36"
130.204.49.174 - - [12/Oct/2025:00:02:08 +0200] "GET /999-small_default/pre-order-babymonster-we-go-up-we-ver-2nd-mini-album-.jpg HTTP/2.0" 200 4664 "https://kpopbg.com/bg/nachalo/358-pre-order-babymonster-we-go-up-we-ver-2nd-mini-album--8800331139361" "Mozilla/5.0 (Linux; Android 10; K) AppleWebKit/537.36 (KHTML, like Gecko) Chrome/141.0.0.0 Mobile Safari/537.36"
130.204.49.174 - - [12/Oct/2025:00:02:08 +0200] "GET /1020-small_default/pre-order-babymonster-we-go-up-we-ver-2nd-mini-album-.jpg HTTP/2.0" 200 6200 "https://kpopbg.com/bg/nachalo/358-pre-order-babymonster-we-go-up-we-ver-2nd-mini-album--8800331139361" "Mozilla/5.0 (Linux; Android 10; K) AppleWebKit/537.36 (KHTML, like Gecko) Chrome/141.0.0.0 Mobile Safari/537.36"
40.77.167.136 - - [12/Oct/2025:00:02:08 +0200] "GET /en/13-artist?q=Categories-AESPA-ATEEZ-BABYMONSTER-BLACKPINK-BOYNEXTDOOR-BTS-ENHYPEN-ILLIT-ITZY-IVE-JIHYO-LISA-NMIXX-SEVENTEEN-TWICE-TXT-ZEROBASEONE-JIMIN+%28BTS%29 HTTP/2.0" 200 19964 "-" "Mozilla/5.0 AppleWebKit/537.36 (KHTML, like Gecko; compatible; bingbot/2.0; +http://www.bing.com/bingbot.htm) Chrome/116.0.1938.76 Safari/537.36"
114.119.137.2 - - [12/Oct/2025:00:02:09 +0200] "GET /en/13-artist?q=Categories-JIHYO-JIMIN-STAYC-STRAYKIDS-IVE&order=product.price.desc HTTP/1.1" 200 19892 "https://kpopbg.com/en/13-artist?q=Categories-JIHYO-JIMIN-STAYC-STRAYKIDS-IVE&order=product.sales.desc" "Mozilla/5.0 (Linux; Android 7.0;) AppleWebKit/537.36 (KHTML, like Gecko) Mobile Safari/537.36 (compatible; PetalBot;+https://webmaster.petalsearch.com/site/petalbot)"
130.204.49.174 - - [12/Oct/2025:00:02:20 +0200] "GET /1020-large_default/pre-order-babymonster-we-go-up-we-ver-2nd-mini-album-.jpg HTTP/2.0" 200 130707 "https://kpopbg.com/bg/nachalo/358-pre-order-babymonster-we-go-up-we-ver-2nd-mini-album--8800331139361" "Mozilla/5.0 (Linux; Android 10; K) AppleWebKit/537.36 (KHTML, like Gecko) Chrome/141.0.0.0 Mobile Safari/537.36"
130.204.49.174 - - [12/Oct/2025:00:02:20 +0200] "GET /1020-medium_default/pre-order-babymonster-we-go-up-we-ver-2nd-mini-album-.jpg HTTP/2.0" 200 90437 "https://kpopbg.com/bg/nachalo/358-pre-order-babymonster-we-go-up-we-ver-2nd-mini-album--8800331139361" "Mozilla/5.0 (Linux; Android 10; K) AppleWebKit/537.36 (KHTML, like Gecko) Chrome/141.0.0.0 Mobile Safari/537.36"
130.204.49.174 - - [12/Oct/2025:00:02:22 +0200] "GET /bg/12-albumi HTTP/2.0" 200 17491 "https://www.google.com/" "Mozilla/5.0 (Linux; Android 10; K) AppleWebKit/537.36 (KHTML, like Gecko) Chrome/141.0.0.0 Mobile Safari/537.36"
47.128.44.180 - - [12/Oct/2025:00:02:22 +0200] "GET /bg/13-artisti?order=product.name.asc&q=%D0%9A%D0%B0%D1%82%D0%B5%D0%B3%D0%BE%D1%80%D0%B8%D0%B8-AESPA-ASTRO-BLACKPINK-ENHYPEN-ITZY-IVE-LISA-NCT-TXT-JUNG+KOOK+%28BTS%29 HTTP/2.0" 200 21096 "-" "Mozilla/5.0 (compatible; Bytespider; spider-feedback@bytedance.com) AppleWebKit/537.36 (KHTML, like Gecko) Chrome/70.0.0.0 Safari/537.36"
217.113.194.102 - - [12/Oct/2025:00:02:26 +0200] "GET /en/new-products?order=product.name.desc&page=2 HTTP/1.1" 200 14443 "-" "Mozilla/5.0 (compatible; Barkrowler/0.9; +https://babbar.tech/crawler)"
130.204.49.174 - - [12/Oct/2025:00:02:30 +0200] "GET /bg/nachalo/339-615-katseye-beautiful-chaos-8800303086402 HTTP/2.0" 200 19732 "https://kpopbg.com/bg/12-albumi" "Mozilla/5.0 (Linux; Android 10; K) AppleWebKit/537.36 (KHTML, like Gecko) Chrome/141.0.0.0 Mobile Safari/537.36"
130.204.49.174 - - [12/Oct/2025:00:02:30 +0200] "GET /img/cms/KATSEYE/KATSEYE_Album_-_Beautiful_Chaos_Info_Strip_CHAOTIC.jpg HTTP/2.0" 200 623150 "https://kpopbg.com/bg/nachalo/339-615-katseye-beautiful-chaos-8800303086402" "Mozilla/5.0 (Linux; Android 10; K) AppleWebKit/537.36 (KHTML, like Gecko) Chrome/141.0.0.0 Mobile Safari/537.36"
130.204.49.174 - - [12/Oct/2025:00:02:30 +0200] "GET /947-medium_default/katseye-beautiful-chaos.jpg HTTP/2.0" 304 0 "https://kpopbg.com/bg/nachalo/339-615-katseye-beautiful-chaos-8800303086402" "Mozilla/5.0 (Linux; Android 10; K) AppleWebKit/537.36 (KHTML, like Gecko) Chrome/141.0.0.0 Mobile Safari/537.36"
130.204.49.174 - - [12/Oct/2025:00:02:30 +0200] "GET /947-large_default/katseye-beautiful-chaos.jpg HTTP/2.0" 304 0 "https://kpopbg.com/bg/nachalo/339-615-katseye-beautiful-chaos-8800303086402" "Mozilla/5.0 (Linux; Android 10; K) AppleWebKit/537.36 (KHTML, like Gecko) Chrome/141.0.0.0 Mobile Safari/537.36"
130.204.49.174 - - [12/Oct/2025:00:02:30 +0200] "GET /947-home_default/katseye-beautiful-chaos.jpg HTTP/2.0" 304 0 "https://kpopbg.com/bg/nachalo/339-615-katseye-beautiful-chaos-8800303086402" "Mozilla/5.0 (Linux; Android 10; K) AppleWebKit/537.36 (KHTML, like Gecko) Chrome/141.0.0.0 Mobile Safari/537.36"
130.204.49.174 - - [12/Oct/2025:00:02:30 +0200] "GET /948-home_default/katseye-beautiful-chaos.jpg HTTP/2.0" 304 0 "https://kpopbg.com/bg/nachalo/339-615-katseye-beautiful-chaos-8800303086402" "Mozilla/5.0 (Linux; Android 10; K) AppleWebKit/537.36 (KHTML, like Gecko) Chrome/141.0.0.0 Mobile Safari/537.36"
130.204.49.174 - - [12/Oct/2025:00:02:30 +0200] "GET /947-small_default/katseye-beautiful-chaos.jpg HTTP/2.0" 304 0 "https://kpopbg.com/bg/nachalo/339-615-katseye-beautiful-chaos-8800303086402" "Mozilla/5.0 (Linux; Android 10; K) AppleWebKit/537.36 (KHTML, like Gecko) Chrome/141.0.0.0 Mobile Safari/537.36"
130.204.49.174 - - [12/Oct/2025:00:02:30 +0200] "GET /948-small_default/katseye-beautiful-chaos.jpg HTTP/2.0" 304 0 "https://kpopbg.com/bg/nachalo/339-615-katseye-beautiful-chaos-8800303086402" "Mozilla/5.0 (Linux; Android 10; K) AppleWebKit/537.36 (KHTML, like Gecko) Chrome/141.0.0.0 Mobile Safari/537.36"
52.167.144.160 - - [12/Oct/2025:00:02:31 +0200] "GET /bg/13-artisti?q=%D0%9A%D0%B0%D1%82%D0%B5%D0%B3%D0%BE%D1%80%D0%B8%D0%B8-ATEEZ-BABYMONSTER-BLACKPINK-BOYNEXTDOOR-ENHYPEN-GOT+THE+BEAT-ILLIT-ITZY-NEW+JEANS-NMIXX-RIIZE-ROSE+%28BLACKPINK%29-SEVENTEEN-STRAYKIDS-TREASURE-TWICE-WayV-ZEROBASEONE-AESPA HTTP/2.0" 200 21681 "-" "Mozilla/5.0 AppleWebKit/537.36 (KHTML, like Gecko; compatible; bingbot/2.0; +http://www.bing.com/bingbot.htm) Chrome/116.0.1938.76 Safari/537.36"
130.204.49.174 - - [12/Oct/2025:00:02:32 +0200] "GET /948-large_default/katseye-beautiful-chaos.jpg HTTP/2.0" 200 138256 "https://kpopbg.com/bg/nachalo/339-615-katseye-beautiful-chaos-8800303086402" "Mozilla/5.0 (Linux; Android 10; K) AppleWebKit/537.36 (KHTML, like Gecko) Chrome/141.0.0.0 Mobile Safari/537.36"
130.204.49.174 - - [12/Oct/2025:00:02:32 +0200] "GET /948-medium_default/katseye-beautiful-chaos.jpg HTTP/2.0" 200 50662 "https://kpopbg.com/bg/nachalo/339-615-katseye-beautiful-chaos-8800303086402" "Mozilla/5.0 (Linux; Android 10; K) AppleWebKit/537.36 (KHTML, like Gecko) Chrome/141.0.0.0 Mobile Safari/537.36"
130.204.49.174 - - [12/Oct/2025:00:02:41 +0200] "POST /bg/module/ps_facebook/Ajax HTTP/2.0" 200 20 "https://kpopbg.com/bg/nachalo/339-615-katseye-beautiful-chaos-8800303086402" "Mozilla/5.0 (Linux; Android 10; K) AppleWebKit/537.36 (KHTML, like Gecko) Chrome/141.0.0.0 Mobile Safari/537.36"
130.204.49.174 - - [12/Oct/2025:00:02:42 +0200] "POST /bg/module/ps_facebook/Ajax HTTP/2.0" 200 20 "https://kpopbg.com/bg/nachalo/339-615-katseye-beautiful-chaos-8800303086402" "Mozilla/5.0 (Linux; Android 10; K) AppleWebKit/537.36 (KHTML, like Gecko) Chrome/141.0.0.0 Mobile Safari/537.36"
130.204.49.174 - - [12/Oct/2025:00:02:42 +0200] "POST /bg/index.php?controller=product&token=cc931d60bd7d9392ca22625436865d96&id_product=339&id_customization=0&group%5B5%5D=26&qty=1 HTTP/2.0" 200 25573 "https://kpopbg.com/bg/nachalo/339-615-katseye-beautiful-chaos-8800303086402" "Mozilla/5.0 (Linux; Android 10; K) AppleWebKit/537.36 (KHTML, like Gecko) Chrome/141.0.0.0 Mobile Safari/537.36"
130.204.49.174 - - [12/Oct/2025:00:02:42 +0200] "GET /946-large_default/katseye-beautiful-chaos.jpg HTTP/2.0" 304 0 "https://kpopbg.com/bg/nachalo/339-614-katseye-beautiful-chaos-8800303086402" "Mozilla/5.0 (Linux; Android 10; K) AppleWebKit/537.36 (KHTML, like Gecko) Chrome/141.0.0.0 Mobile Safari/537.36"
130.204.49.174 - - [12/Oct/2025:00:02:42 +0200] "GET /946-home_default/katseye-beautiful-chaos.jpg HTTP/2.0" 304 0 "https://kpopbg.com/bg/nachalo/339-614-katseye-beautiful-chaos-8800303086402" "Mozilla/5.0 (Linux; Android 10; K) AppleWebKit/537.36 (KHTML, like Gecko) Chrome/141.0.0.0 Mobile Safari/537.36"
130.204.49.174 - - [12/Oct/2025:00:02:42 +0200] "GET /946-medium_default/katseye-beautiful-chaos.jpg HTTP/2.0" 304 0 "https://kpopbg.com/bg/nachalo/339-614-katseye-beautiful-chaos-8800303086402" "Mozilla/5.0 (Linux; Android 10; K) AppleWebKit/537.36 (KHTML, like Gecko) Chrome/141.0.0.0 Mobile Safari/537.36"
130.204.49.174 - - [12/Oct/2025:00:02:42 +0200] "GET /946-small_default/katseye-beautiful-chaos.jpg HTTP/2.0" 304 0 "https://kpopbg.com/bg/nachalo/339-614-katseye-beautiful-chaos-8800303086402" "Mozilla/5.0 (Linux; Android 10; K) AppleWebKit/537.36 (KHTML, like Gecko) Chrome/141.0.0.0 Mobile Safari/537.36"
130.204.49.174 - - [12/Oct/2025:00:02:43 +0200] "POST /bg/index.php?controller=product&token=cc931d60bd7d9392ca22625436865d96&id_product=339&id_customization=0&group%5B5%5D=27&qty=1 HTTP/2.0" 200 25573 "https://kpopbg.com/bg/nachalo/339-615-katseye-beautiful-chaos-8800303086402" "Mozilla/5.0 (Linux; Android 10; K) AppleWebKit/537.36 (KHTML, like Gecko) Chrome/141.0.0.0 Mobile Safari/537.36"
217.113.194.103 - - [12/Oct/2025:00:02:44 +0200] "GET /en/60-nct-wish?order=product.name.asc HTTP/1.1" 200 14009 "-" "Mozilla/5.0 (compatible; Barkrowler/0.9; +https://babbar.tech/crawler)"
130.204.49.174 - - [12/Oct/2025:00:02:45 +0200] "GET /bg/12-albumi HTTP/2.0" 200 17490 "https://www.google.com/" "Mozilla/5.0 (Linux; Android 10; K) AppleWebKit/537.36 (KHTML, like Gecko) Chrome/141.0.0.0 Mobile Safari/537.36"
130.204.49.174 - - [12/Oct/2025:00:02:54 +0200] "POST /bg/%D1%82%D1%8A%D1%80%D1%81%D0%B5%D0%BD%D0%B5 HTTP/2.0" 200 2650 "https://kpopbg.com/bg/12-albumi" "Mozilla/5.0 (Linux; Android 10; K) AppleWebKit/537.36 (KHTML, like Gecko) Chrome/141.0.0.0 Mobile Safari/537.36"
130.204.49.174 - - [12/Oct/2025:00:02:55 +0200] "POST /bg/%D1%82%D1%8A%D1%80%D1%81%D0%B5%D0%BD%D0%B5 HTTP/2.0" 200 25948 "https://kpopbg.com/bg/12-albumi" "Mozilla/5.0 (Linux; Android 10; K) AppleWebKit/537.36 (KHTML, like Gecko) Chrome/141.0.0.0 Mobile Safari/537.36"
130.204.49.174 - - [12/Oct/2025:00:02:56 +0200] "GET /672-small_default/illit-ill-like-you-2nd-mini-album-gllit-ver.jpg HTTP/2.0" 200 2683 "https://kpopbg.com/bg/12-albumi" "Mozilla/5.0 (Linux; Android 10; K) AppleWebKit/537.36 (KHTML, like Gecko) Chrome/141.0.0.0 Mobile Safari/537.36"
130.204.49.174 - - [12/Oct/2025:00:02:56 +0200] "GET /673-small_default/illit-ill-like-you-2nd-mini-album-.jpg HTTP/2.0" 200 2375 "https://kpopbg.com/bg/12-albumi" "Mozilla/5.0 (Linux; Android 10; K) AppleWebKit/537.36 (KHTML, like Gecko) Chrome/141.0.0.0 Mobile Safari/537.36"
130.204.49.174 - - [12/Oct/2025:00:02:56 +0200] "GET /953-small_default/illit-bomb-3rd-mini-album-.jpg HTTP/2.0" 200 2839 "https://kpopbg.com/bg/12-albumi" "Mozilla/5.0 (Linux; Android 10; K) AppleWebKit/537.36 (KHTML, like Gecko) Chrome/141.0.0.0 Mobile Safari/537.36"
130.204.49.174 - - [12/Oct/2025:00:02:56 +0200] "GET /bg/%D1%82%D1%8A%D1%80%D1%81%D0%B5%D0%BD%D0%B5?controller=search&s=Illit HTTP/2.0" 200 13795 "https://kpopbg.com/bg/12-albumi" "Mozilla/5.0 (Linux; Android 10; K) AppleWebKit/537.36 (KHTML, like Gecko) Chrome/141.0.0.0 Mobile Safari/537.36"
130.204.49.174 - - [12/Oct/2025:00:02:56 +0200] "GET /672-home_default/illit-ill-like-you-2nd-mini-album-gllit-ver.jpg HTTP/2.0" 200 9564 "https://kpopbg.com/bg/%D1%82%D1%8A%D1%80%D1%81%D0%B5%D0%BD%D0%B5?controller=search&s=Illit" "Mozilla/5.0 (Linux; Android 10; K) AppleWebKit/537.36 (KHTML, like Gecko) Chrome/141.0.0.0 Mobile Safari/537.36"
130.204.49.174 - - [12/Oct/2025:00:02:56 +0200] "GET /673-home_default/illit-ill-like-you-2nd-mini-album-.jpg HTTP/2.0" 200 7643 "https://kpopbg.com/bg/%D1%82%D1%8A%D1%80%D1%81%D0%B5%D0%BD%D0%B5?controller=search&s=Illit" "Mozilla/5.0 (Linux; Android 10; K) AppleWebKit/537.36 (KHTML, like Gecko) Chrome/141.0.0.0 Mobile Safari/537.36"
130.204.49.174 - - [12/Oct/2025:00:02:56 +0200] "GET /953-home_default/illit-bomb-3rd-mini-album-.jpg HTTP/2.0" 200 9481 "https://kpopbg.com/bg/%D1%82%D1%8A%D1%80%D1%81%D0%B5%D0%BD%D0%B5?controller=search&s=Illit" "Mozilla/5.0 (Linux; Android 10; K) AppleWebKit/537.36 (KHTML, like Gecko) Chrome/141.0.0.0 Mobile Safari/537.36"
130.204.49.174 - - [12/Oct/2025:00:02:59 +0200] "GET /bg/nachalo/250-494-illit-ill-like-you-2nd-mini-album-gllit-ver-8809704428873 HTTP/2.0" 200 20051 "https://kpopbg.com/bg/%D1%82%D1%8A%D1%80%D1%81%D0%B5%D0%BD%D0%B5?controller=search&s=Illit" "Mozilla/5.0 (Linux; Android 10; K) AppleWebKit/537.36 (KHTML, like Gecko) Chrome/141.0.0.0 Mobile Safari/537.36"
130.204.49.174 - - [12/Oct/2025:00:02:59 +0200] "GET /672-medium_default/illit-ill-like-you-2nd-mini-album-gllit-ver.jpg HTTP/2.0" 200 23019 "https://kpopbg.com/bg/nachalo/250-494-illit-ill-like-you-2nd-mini-album-gllit-ver-8809704428873" "Mozilla/5.0 (Linux; Android 10; K) AppleWebKit/537.36 (KHTML, like Gecko) Chrome/141.0.0.0 Mobile Safari/537.36"
130.204.49.174 - - [12/Oct/2025:00:02:59 +0200] "GET /img/cms/ILLIT/illit-2nd-mini-album-ill-like-you-gllit-ver-wholesales.jpg HTTP/2.0" 200 371518 "https://kpopbg.com/bg/nachalo/250-494-illit-ill-like-you-2nd-mini-album-gllit-ver-8809704428873" "Mozilla/5.0 (Linux; Android 10; K) AppleWebKit/537.36 (KHTML, like Gecko) Chrome/141.0.0.0 Mobile Safari/537.36"
130.204.49.174 - - [12/Oct/2025:00:02:59 +0200] "GET /672-large_default/illit-ill-like-you-2nd-mini-album-gllit-ver.jpg HTTP/2.0" 200 35812 "https://kpopbg.com/bg/nachalo/250-494-illit-ill-like-you-2nd-mini-album-gllit-ver-8809704428873" "Mozilla/5.0 (Linux; Android 10; K) AppleWebKit/537.36 (KHTML, like Gecko) Chrome/141.0.0.0 Mobile Safari/537.36"
217.113.194.110 - - [12/Oct/2025:00:03:02 +0200] "GET /en/53-rm-bts?order=product.name.desc HTTP/1.1" 200 13619 "-" "Mozilla/5.0 (compatible; Barkrowler/0.9; +https://babbar.tech/crawler)"
130.204.49.174 - - [12/Oct/2025:00:03:05 +0200] "GET /bg/%D1%82%D1%8A%D1%80%D1%81%D0%B5%D0%BD%D0%B5?controller=search&s=Illit HTTP/2.0" 200 13791 "https://kpopbg.com/bg/12-albumi" "Mozilla/5.0 (Linux; Android 10; K) AppleWebKit/537.36 (KHTML, like Gecko) Chrome/141.0.0.0 Mobile Safari/537.36"
47.128.35.233 - - [12/Oct/2025:00:03:11 +0200] "GET /bg/13-artisti?SubmitCurrency=1&id_currency=2&q=%D0%9A%D0%B0%D1%82%D0%B5%D0%B3%D0%BE%D1%80%D0%B8%D0%B8-%28G%29I%5C-DLE-AESPA-ENHYPEN-STAYC-JUNG+KOOK+%28BTS%29 HTTP/2.0" 200 21432 "-" "Mozilla/5.0 (compatible; Bytespider; spider-feedback@bytedance.com) AppleWebKit/537.36 (KHTML, like Gecko) Chrome/70.0.0.0 Safari/537.36"
130.204.49.174 - - [12/Oct/2025:00:03:11 +0200] "GET /bg/nachalo/311-618-illit-bomb-3rd-mini-album--8809704433112 HTTP/2.0" 200 20572 "https://kpopbg.com/bg/%D1%82%D1%8A%D1%80%D1%81%D0%B5%D0%BD%D0%B5?controller=search&s=Illit" "Mozilla/5.0 (Linux; Android 10; K) AppleWebKit/537.36 (KHTML, like Gecko) Chrome/141.0.0.0 Mobile Safari/537.36"
130.204.49.174 - - [12/Oct/2025:00:03:11 +0200] "GET /952-medium_default/illit-bomb-3rd-mini-album-.jpg HTTP/2.0" 200 12719 "https://kpopbg.com/bg/nachalo/311-618-illit-bomb-3rd-mini-album--8809704433112" "Mozilla/5.0 (Linux; Android 10; K) AppleWebKit/537.36 (KHTML, like Gecko) Chrome/141.0.0.0 Mobile Safari/537.36"
130.204.49.174 - - [12/Oct/2025:00:03:11 +0200] "GET /img/cms/ILLIT/illit-3rd-mini-album-bomb-wholesale-1.jpg HTTP/2.0" 200 822252 "https://kpopbg.com/bg/nachalo/311-618-illit-bomb-3rd-mini-album--8809704433112" "Mozilla/5.0 (Linux; Android 10; K) AppleWebKit/537.36 (KHTML, like Gecko) Chrome/141.0.0.0 Mobile Safari/537.36"
130.204.49.174 - - [12/Oct/2025:00:03:11 +0200] "GET /952-large_default/illit-bomb-3rd-mini-album-.jpg HTTP/2.0" 200 20505 "https://kpopbg.com/bg/nachalo/311-618-illit-bomb-3rd-mini-album--8809704433112" "Mozilla/5.0 (Linux; Android 10; K) AppleWebKit/537.36 (KHTML, like Gecko) Chrome/141.0.0.0 Mobile Safari/537.36"
130.204.49.174 - - [12/Oct/2025:00:03:11 +0200] "GET /952-home_default/illit-bomb-3rd-mini-album-.jpg HTTP/2.0" 200 5677 "https://kpopbg.com/bg/nachalo/311-618-illit-bomb-3rd-mini-album--8809704433112" "Mozilla/5.0 (Linux; Android 10; K) AppleWebKit/537.36 (KHTML, like Gecko) Chrome/141.0.0.0 Mobile Safari/537.36"
130.204.49.174 - - [12/Oct/2025:00:03:11 +0200] "GET /954-home_default/illit-bomb-3rd-mini-album-.jpg HTTP/2.0" 200 9481 "https://kpopbg.com/bg/nachalo/311-618-illit-bomb-3rd-mini-album--8809704433112" "Mozilla/5.0 (Linux; Android 10; K) AppleWebKit/537.36 (KHTML, like Gecko) Chrome/141.0.0.0 Mobile Safari/537.36"
130.204.49.174 - - [12/Oct/2025:00:03:11 +0200] "GET /952-small_default/illit-bomb-3rd-mini-album-.jpg HTTP/2.0" 200 2006 "https://kpopbg.com/bg/nachalo/311-618-illit-bomb-3rd-mini-album--8809704433112" "Mozilla/5.0 (Linux; Android 10; K) AppleWebKit/537.36 (KHTML, like Gecko) Chrome/141.0.0.0 Mobile Safari/537.36"
130.204.49.174 - - [12/Oct/2025:00:03:11 +0200] "GET /954-small_default/illit-bomb-3rd-mini-album-.jpg HTTP/2.0" 200 2839 "https://kpopbg.com/bg/nachalo/311-618-illit-bomb-3rd-mini-album--8809704433112" "Mozilla/5.0 (Linux; Android 10; K) AppleWebKit/537.36 (KHTML, like Gecko) Chrome/141.0.0.0 Mobile Safari/537.36"
130.204.49.174 - - [12/Oct/2025:00:03:12 +0200] "GET /954-large_default/illit-bomb-3rd-mini-album-.jpg HTTP/2.0" 200 33150 "https://kpopbg.com/bg/nachalo/311-618-illit-bomb-3rd-mini-album--8809704433112" "Mozilla/5.0 (Linux; Android 10; K) AppleWebKit/537.36 (KHTML, like Gecko) Chrome/141.0.0.0 Mobile Safari/537.36"
130.204.49.174 - - [12/Oct/2025:00:03:12 +0200] "GET /954-medium_default/illit-bomb-3rd-mini-album-.jpg HTTP/2.0" 200 20885 "https://kpopbg.com/bg/nachalo/311-618-illit-bomb-3rd-mini-album--8809704433112" "Mozilla/5.0 (Linux; Android 10; K) AppleWebKit/537.36 (KHTML, like Gecko) Chrome/141.0.0.0 Mobile Safari/537.36"
40.77.167.136 - - [12/Oct/2025:00:03:18 +0200] "GET /en/13-artist?q=%D0%9A%D0%B0%D1%82%D0%B5%D0%B3%D0%BE%D1%80%D0%B8%D0%B8-BABYMONSTER-BLACKPINK-BOYNEXTDOOR-BTS-ENHYPEN-ILLIT-ITZY-JIHYO-LISA-NAYEON+%28TWICE%29-NMIXX-P1Harmony-RIIZE-STRAYKIDS-TREASURE-TWICE-WayV-ZEROBASEONE-SEVENTEEN HTTP/2.0" 200 20007 "-" "Mozilla/5.0 AppleWebKit/537.36 (KHTML, like Gecko; compatible; bingbot/2.0; +http://www.bing.com/bingbot.htm) Chrome/116.0.1938.76 Safari/537.36"
217.113.194.109 - - [12/Oct/2025:00:03:19 +0200] "GET /en/77-amperone?order=product.price.asc HTTP/1.1" 200 13723 "-" "Mozilla/5.0 (compatible; Barkrowler/0.9; +https://babbar.tech/crawler)"
130.204.49.174 - - [12/Oct/2025:00:03:20 +0200] "GET /bg/%D1%82%D1%8A%D1%80%D1%81%D0%B5%D0%BD%D0%B5?controller=search&s=Illit HTTP/2.0" 200 13793 "https://kpopbg.com/bg/12-albumi" "Mozilla/5.0 (Linux; Android 10; K) AppleWebKit/537.36 (KHTML, like Gecko) Chrome/141.0.0.0 Mobile Safari/537.36"
130.204.49.174 - - [12/Oct/2025:00:03:22 +0200] "GET /bg/nachalo/251-497-illit-ill-like-you-2nd-mini-album--8809704428866 HTTP/2.0" 200 20411 "https://kpopbg.com/bg/%D1%82%D1%8A%D1%80%D1%81%D0%B5%D0%BD%D0%B5?controller=search&s=Illit" "Mozilla/5.0 (Linux; Android 10; K) AppleWebKit/537.36 (KHTML, like Gecko) Chrome/141.0.0.0 Mobile Safari/537.36"
130.204.49.174 - - [12/Oct/2025:00:03:22 +0200] "GET /673-medium_default/illit-ill-like-you-2nd-mini-album-.jpg HTTP/2.0" 200 18671 "https://kpopbg.com/bg/nachalo/251-497-illit-ill-like-you-2nd-mini-album--8809704428866" "Mozilla/5.0 (Linux; Android 10; K) AppleWebKit/537.36 (KHTML, like Gecko) Chrome/141.0.0.0 Mobile Safari/537.36"
130.204.49.174 - - [12/Oct/2025:00:03:22 +0200] "GET /img/cms/ILLIT/illit-2nd-mini-album-ill-like-you-wholesales.jpg HTTP/2.0" 200 352050 "https://kpopbg.com/bg/nachalo/251-497-illit-ill-like-you-2nd-mini-album--8809704428866" "Mozilla/5.0 (Linux; Android 10; K) AppleWebKit/537.36 (KHTML, like Gecko) Chrome/141.0.0.0 Mobile Safari/537.36"
130.204.49.174 - - [12/Oct/2025:00:03:22 +0200] "GET /673-large_default/illit-ill-like-you-2nd-mini-album-.jpg HTTP/2.0" 200 30100 "https://kpopbg.com/bg/nachalo/251-497-illit-ill-like-you-2nd-mini-album--8809704428866" "Mozilla/5.0 (Linux; Android 10; K) AppleWebKit/537.36 (KHTML, like Gecko) Chrome/141.0.0.0 Mobile Safari/537.36"
130.204.49.174 - - [12/Oct/2025:00:03:29 +0200] "POST /bg/index.php?controller=product&token=cc931d60bd7d9392ca22625436865d96&id_product=251&id_customization=0&group%5B5%5D=28&qty=2 HTTP/2.0" 200 25148 "https://kpopbg.com/bg/nachalo/251-497-illit-ill-like-you-2nd-mini-album--8809704428866" "Mozilla/5.0 (Linux; Android 10; K) AppleWebKit/537.36 (KHTML, like Gecko) Chrome/141.0.0.0 Mobile Safari/537.36"
130.204.49.174 - - [12/Oct/2025:00:03:29 +0200] "POST /bg/module/ps_facebook/Ajax HTTP/2.0" 200 20 "https://kpopbg.com/bg/nachalo/251-497-illit-ill-like-you-2nd-mini-album--8809704428866" "Mozilla/5.0 (Linux; Android 10; K) AppleWebKit/537.36 (KHTML, like Gecko) Chrome/141.0.0.0 Mobile Safari/537.36"
130.204.49.174 - - [12/Oct/2025:00:03:30 +0200] "POST /bg/module/ps_facebook/Ajax HTTP/2.0" 200 20 "https://kpopbg.com/bg/nachalo/251-497-illit-ill-like-you-2nd-mini-album--8809704428866" "Mozilla/5.0 (Linux; Android 10; K) AppleWebKit/537.36 (KHTML, like Gecko) Chrome/141.0.0.0 Mobile Safari/537.36"
130.204.49.174 - - [12/Oct/2025:00:03:30 +0200] "POST /bg/index.php?controller=product&token=cc931d60bd7d9392ca22625436865d96&id_product=251&id_customization=0&group%5B5%5D=27&qty=2 HTTP/2.0" 200 25148 "https://kpopbg.com/bg/nachalo/251-497-illit-ill-like-you-2nd-mini-album--8809704428866" "Mozilla/5.0 (Linux; Android 10; K) AppleWebKit/537.36 (KHTML, like Gecko) Chrome/141.0.0.0 Mobile Safari/537.36"
130.204.49.174 - - [12/Oct/2025:00:03:31 +0200] "POST /bg/module/ps_facebook/Ajax HTTP/2.0" 200 20 "https://kpopbg.com/bg/nachalo/251-497-illit-ill-like-you-2nd-mini-album--8809704428866" "Mozilla/5.0 (Linux; Android 10; K) AppleWebKit/537.36 (KHTML, like Gecko) Chrome/141.0.0.0 Mobile Safari/537.36"
130.204.49.174 - - [12/Oct/2025:00:03:31 +0200] "POST /bg/module/ps_facebook/Ajax HTTP/2.0" 200 20 "https://kpopbg.com/bg/nachalo/251-497-illit-ill-like-you-2nd-mini-album--8809704428866" "Mozilla/5.0 (Linux; Android 10; K) AppleWebKit/537.36 (KHTML, like Gecko) Chrome/141.0.0.0 Mobile Safari/537.36"
130.204.49.174 - - [12/Oct/2025:00:03:31 +0200] "POST /bg/index.php?controller=product&token=cc931d60bd7d9392ca22625436865d96&id_product=251&id_customization=0&group%5B5%5D=27&qty=2 HTTP/2.0" 200 25148 "https://kpopbg.com/bg/nachalo/251-497-illit-ill-like-you-2nd-mini-album--8809704428866" "Mozilla/5.0 (Linux; Android 10; K) AppleWebKit/537.36 (KHTML, like Gecko) Chrome/141.0.0.0 Mobile Safari/537.36"
114.119.131.105 - - [12/Oct/2025:00:03:32 +0200] "GET /en/13-artist?q=Categories-IVE-TWICE-BTS&order=product.name.desc HTTP/1.1" 200 19951 "https://kpopbg.com/en/13-artist?q=Categories-IVE-TWICE-BTS&order=product.name.desc" "Mozilla/5.0 (Linux; Android 7.0;) AppleWebKit/537.36 (KHTML, like Gecko) Mobile Safari/537.36 (compatible; PetalBot;+https://webmaster.petalsearch.com/site/petalbot)"
130.204.49.174 - - [12/Oct/2025:00:03:34 +0200] "POST /bg/module/ps_facebook/Ajax HTTP/2.0" 200 20 "https://kpopbg.com/bg/nachalo/251-496-illit-ill-like-you-2nd-mini-album--8809704428866" "Mozilla/5.0 (Linux; Android 10; K) AppleWebKit/537.36 (KHTML, like Gecko) Chrome/141.0.0.0 Mobile Safari/537.36"
130.204.49.174 - - [12/Oct/2025:00:03:34 +0200] "POST /bg/module/ps_facebook/Ajax HTTP/2.0" 200 20 "https://kpopbg.com/bg/nachalo/251-496-illit-ill-like-you-2nd-mini-album--8809704428866" "Mozilla/5.0 (Linux; Android 10; K) AppleWebKit/537.36 (KHTML, like Gecko) Chrome/141.0.0.0 Mobile Safari/537.36"
130.204.49.174 - - [12/Oct/2025:00:03:34 +0200] "POST /bg/index.php?controller=product&token=cc931d60bd7d9392ca22625436865d96&id_product=251&id_customization=0&group%5B5%5D=28&qty=1 HTTP/2.0" 200 25148 "https://kpopbg.com/bg/nachalo/251-496-illit-ill-like-you-2nd-mini-album--8809704428866" "Mozilla/5.0 (Linux; Android 10; K) AppleWebKit/537.36 (KHTML, like Gecko) Chrome/141.0.0.0 Mobile Safari/537.36"
130.204.49.174 - - [12/Oct/2025:00:03:37 +0200] "POST /bg/index.php?controller=product&token=cc931d60bd7d9392ca22625436865d96&id_product=251&id_customization=0&group%5B5%5D=27&qty=1 HTTP/2.0" 200 25148 "https://kpopbg.com/bg/nachalo/251-496-illit-ill-like-you-2nd-mini-album--8809704428866" "Mozilla/5.0 (Linux; Android 10; K) AppleWebKit/537.36 (KHTML, like Gecko) Chrome/141.0.0.0 Mobile Safari/537.36"
217.113.194.104 - - [12/Oct/2025:00:03:38 +0200] "GET /bg/27-kai?order=product.reference.desc HTTP/1.1" 200 14901 "-" "Mozilla/5.0 (compatible; Barkrowler/0.9; +https://babbar.tech/crawler)"
130.204.49.174 - - [12/Oct/2025:00:03:41 +0200] "POST /bg/index.php?controller=product&token=cc931d60bd7d9392ca22625436865d96&id_product=251&id_customization=0&group%5B5%5D=28&qty=2 HTTP/2.0" 200 25148 "https://kpopbg.com/bg/nachalo/251-497-illit-ill-like-you-2nd-mini-album--8809704428866" "Mozilla/5.0 (Linux; Android 10; K) AppleWebKit/537.36 (KHTML, like Gecko) Chrome/141.0.0.0 Mobile Safari/537.36"
130.204.49.174 - - [12/Oct/2025:00:03:42 +0200] "POST /bg/index.php?controller=product&token=cc931d60bd7d9392ca22625436865d96&id_product=251&id_customization=0&group%5B5%5D=28&qty=1 HTTP/2.0" 200 25148 "https://kpopbg.com/bg/nachalo/251-497-illit-ill-like-you-2nd-mini-album--8809704428866" "Mozilla/5.0 (Linux; Android 10; K) AppleWebKit/537.36 (KHTML, like Gecko) Chrome/141.0.0.0 Mobile Safari/537.36"
130.204.49.174 - - [12/Oct/2025:00:03:43 +0200] "GET /bg/%D1%82%D1%8A%D1%80%D1%81%D0%B5%D0%BD%D0%B5?controller=search&s=Illit HTTP/2.0" 200 13786 "https://kpopbg.com/bg/12-albumi" "Mozilla/5.0 (Linux; Android 10; K) AppleWebKit/537.36 (KHTML, like Gecko) Chrome/141.0.0.0 Mobile Safari/537.36"
130.204.49.174 - - [12/Oct/2025:00:03:50 +0200] "POST /bg/%D1%82%D1%8A%D1%80%D1%81%D0%B5%D0%BD%D0%B5 HTTP/2.0" 200 2650 "https://kpopbg.com/bg/%D1%82%D1%8A%D1%80%D1%81%D0%B5%D0%BD%D0%B5?controller=search&s=Illit" "Mozilla/5.0 (Linux; Android 10; K) AppleWebKit/537.36 (KHTML, like Gecko) Chrome/141.0.0.0 Mobile Safari/537.36"
130.204.49.174 - - [12/Oct/2025:00:03:51 +0200] "POST /bg/%D1%82%D1%8A%D1%80%D1%81%D0%B5%D0%BD%D0%B5 HTTP/2.0" 200 68869 "https://kpopbg.com/bg/%D1%82%D1%8A%D1%80%D1%81%D0%B5%D0%BD%D0%B5?controller=search&s=Illit" "Mozilla/5.0 (Linux; Android 10; K) AppleWebKit/537.36 (KHTML, like Gecko) Chrome/141.0.0.0 Mobile Safari/537.36"
130.204.49.174 - - [12/Oct/2025:00:03:51 +0200] "POST /bg/%D1%82%D1%8A%D1%80%D1%81%D0%B5%D0%BD%D0%B5 HTTP/2.0" 200 68869 "https://kpopbg.com/bg/%D1%82%D1%8A%D1%80%D1%81%D0%B5%D0%BD%D0%B5?controller=search&s=Illit" "Mozilla/5.0 (Linux; Android 10; K) AppleWebKit/537.36 (KHTML, like Gecko) Chrome/141.0.0.0 Mobile Safari/537.36"
130.204.49.174 - - [12/Oct/2025:00:03:52 +0200] "POST /bg/%D1%82%D1%8A%D1%80%D1%81%D0%B5%D0%BD%D0%B5 HTTP/2.0" 200 68869 "https://kpopbg.com/bg/%D1%82%D1%8A%D1%80%D1%81%D0%B5%D0%BD%D0%B5?controller=search&s=Illit" "Mozilla/5.0 (Linux; Android 10; K) AppleWebKit/537.36 (KHTML, like Gecko) Chrome/141.0.0.0 Mobile Safari/537.36"
130.204.49.174 - - [12/Oct/2025:00:03:52 +0200] "GET /77-small_default/twice-more-more.jpg HTTP/2.0" 200 4803 "https://kpopbg.com/bg/%D1%82%D1%8A%D1%80%D1%81%D0%B5%D0%BD%D0%B5?controller=search&s=Illit" "Mozilla/5.0 (Linux; Android 10; K) AppleWebKit/537.36 (KHTML, like Gecko) Chrome/141.0.0.0 Mobile Safari/537.36"
130.204.49.174 - - [12/Oct/2025:00:03:52 +0200] "GET /128-small_default/twice-ready-to-be-12th-mini-album-.jpg HTTP/2.0" 200 4159 "https://kpopbg.com/bg/%D1%82%D1%8A%D1%80%D1%81%D0%B5%D0%BD%D0%B5?controller=search&s=Illit" "Mozilla/5.0 (Linux; Android 10; K) AppleWebKit/537.36 (KHTML, like Gecko) Chrome/141.0.0.0 Mobile Safari/537.36"
130.204.49.174 - - [12/Oct/2025:00:03:52 +0200] "GET /112-small_default/twice-fancy-you-7th-mini-album-.jpg HTTP/2.0" 200 6382 "https://kpopbg.com/bg/%D1%82%D1%8A%D1%80%D1%81%D0%B5%D0%BD%D0%B5?controller=search&s=Illit" "Mozilla/5.0 (Linux; Android 10; K) AppleWebKit/537.36 (KHTML, like Gecko) Chrome/141.0.0.0 Mobile Safari/537.36"
130.204.49.174 - - [12/Oct/2025:00:03:52 +0200] "GET /864-small_default/twice-eyes-wide-open-the-2nd-full-album-.jpg HTTP/2.0" 200 4847 "https://kpopbg.com/bg/%D1%82%D1%8A%D1%80%D1%81%D0%B5%D0%BD%D0%B5?controller=search&s=Illit" "Mozilla/5.0 (Linux; Android 10; K) AppleWebKit/537.36 (KHTML, like Gecko) Chrome/141.0.0.0 Mobile Safari/537.36"
130.204.49.174 - - [12/Oct/2025:00:03:52 +0200] "GET /422-small_default/twice-signal-4th-mini-album-.jpg HTTP/2.0" 200 3517 "https://kpopbg.com/bg/%D1%82%D1%8A%D1%80%D1%81%D0%B5%D0%BD%D0%B5?controller=search&s=Illit" "Mozilla/5.0 (Linux; Android 10; K) AppleWebKit/537.36 (KHTML, like Gecko) Chrome/141.0.0.0 Mobile Safari/537.36"
130.204.49.174 - - [12/Oct/2025:00:03:52 +0200] "GET /425-small_default/twice-with-you-th-13th-mini-album-.jpg HTTP/2.0" 200 5480 "https://kpopbg.com/bg/%D1%82%D1%8A%D1%80%D1%81%D0%B5%D0%BD%D0%B5?controller=search&s=Illit" "Mozilla/5.0 (Linux; Android 10; K) AppleWebKit/537.36 (KHTML, like Gecko) Chrome/141.0.0.0 Mobile Safari/537.36"
130.204.49.174 - - [12/Oct/2025:00:03:52 +0200] "GET /500-small_default/twice-formula-of-loveot3-the-3rd-full-album-.jpg HTTP/2.0" 200 3576 "https://kpopbg.com/bg/%D1%82%D1%8A%D1%80%D1%81%D0%B5%D0%BD%D0%B5?controller=search&s=Illit" "Mozilla/5.0 (Linux; Android 10; K) AppleWebKit/537.36 (KHTML, like Gecko) Chrome/141.0.0.0 Mobile Safari/537.36"
130.204.49.174 - - [12/Oct/2025:00:03:52 +0200] "GET /524-small_default/nayeon-twice-na-the-2nd-mini-album-first-press.jpg HTTP/2.0" 200 6675 "https://kpopbg.com/bg/%D1%82%D1%8A%D1%80%D1%81%D0%B5%D0%BD%D0%B5?controller=search&s=Illit" "Mozilla/5.0 (Linux; Android 10; K) AppleWebKit/537.36 (KHTML, like Gecko) Chrome/141.0.0.0 Mobile Safari/537.36"
130.204.49.174 - - [12/Oct/2025:00:03:52 +0200] "GET /726-small_default/twice-strategy-14th-mini-album-.jpg HTTP/2.0" 200 5460 "https://kpopbg.com/bg/%D1%82%D1%8A%D1%80%D1%81%D0%B5%D0%BD%D0%B5?controller=search&s=Illit" "Mozilla/5.0 (Linux; Android 10; K) AppleWebKit/537.36 (KHTML, like Gecko) Chrome/141.0.0.0 Mobile Safari/537.36"
130.204.49.174 - - [12/Oct/2025:00:03:52 +0200] "GET /730-small_default/twice-strategy-14th-mini-album-highlight-ver.jpg HTTP/2.0" 200 5009 "https://kpopbg.com/bg/%D1%82%D1%8A%D1%80%D1%81%D0%B5%D0%BD%D0%B5?controller=search&s=Illit" "Mozilla/5.0 (Linux; Android 10; K) AppleWebKit/537.36 (KHTML, like Gecko) Chrome/141.0.0.0 Mobile Safari/537.36"
130.204.49.174 - - [12/Oct/2025:00:03:52 +0200] "GET /bg/%D1%82%D1%8A%D1%80%D1%81%D0%B5%D0%BD%D0%B5?controller=search&s=Twice HTTP/2.0" 200 15651 "https://kpopbg.com/bg/%D1%82%D1%8A%D1%80%D1%81%D0%B5%D0%BD%D0%B5?controller=search&s=Illit" "Mozilla/5.0 (Linux; Android 10; K) AppleWebKit/537.36 (KHTML, like Gecko) Chrome/141.0.0.0 Mobile Safari/537.36"
130.204.49.174 - - [12/Oct/2025:00:03:52 +0200] "GET /77-home_default/twice-more-more.jpg HTTP/2.0" 200 21111 "https://kpopbg.com/bg/%D1%82%D1%8A%D1%80%D1%81%D0%B5%D0%BD%D0%B5?controller=search&s=Twice" "Mozilla/5.0 (Linux; Android 10; K) AppleWebKit/537.36 (KHTML, like Gecko) Chrome/141.0.0.0 Mobile Safari/537.36"
