40.77.167.73 - - [12/Oct/2025:00:35:31 +0200] "GET /bg/13-artisti?q=%D0%9A%D0%B0%D1%82%D0%B5%D0%B3%D0%BE%D1%80%D0%B8%D0%B8-BLACKPINK-ENHYPEN-IVE-JISOO-KAI-NCT+127-NMIXX-STAYC-TREASURE-TWICE/%D0%9D%D0%B0%D0%BB%D0%B8%D1%87%D0%BD%D0%BE%D1%81%D1%82-%D0%92+%D0%BD%D0%B0%D0%BB%D0%B8%D1%87%D0%BD%D0%BE%D1%81%D1%82 HTTP/2.0" 200 21579 "-" "Mozilla/5.0 AppleWebKit/537.36 (KHTML, like Gecko; compatible; bingbot/2.0; +http://www.bing.com/bingbot.htm) Chrome/116.0.1938.76 Safari/537.36"
40.77.167.73 - - [12/Oct/2025:00:35:31 +0200] "GET /bg/13-artisti?q=%D0%9A%D0%B0%D1%82%D0%B5%D0%B3%D0%BE%D1%80%D0%B8%D0%B8-ASTRO-ATEEZ-BLACKPINK-BTS-ENHYPEN-GOT+THE+BEAT-ITZY-IVE-JISOO-JUNG+KOOK+%28BTS%29-KAI-LISA-NCT+DREAM-STAYC-STRAYKIDS-TREASURE-TWICE-V+%28BTS%29 HTTP/2.0" 200 21516 "-" "Mozilla/5.0 AppleWebKit/537.36 (KHTML, like Gecko; compatible; bingbot/2.0; +http://www.bing.com/bingbot.htm) Chrome/116.0.1938.76 Safari/537.36"
217.113.194.105 - - [12/Oct/2025:00:35:31 +0200] "GET /en/13-artist?q=Categories-IVE-Kep1er&page=3 HTTP/1.1" 200 19795 "-" "Mozilla/5.0 (compatible; Barkrowler/0.9; +https://babbar.tech/crawler)"
212.5.158.184 - - [12/Oct/2025:00:35:31 +0200] "POST /bg/module/ps_facebook/Ajax HTTP/2.0" 200 20 "https://kpopbg.com/bg/18-enhypen" "Mozilla/5.0 (iPhone; CPU iPhone OS 18_6_2 like Mac OS X) AppleWebKit/605.1.15 (KHTML, like Gecko) GSA/389.2.814818472 Mobile/15E148 Safari/604.1"
212.5.158.184 - - [12/Oct/2025:00:35:31 +0200] "POST /bg/module/ps_facebook/Ajax HTTP/2.0" 200 20 "https://kpopbg.com/bg/18-enhypen" "Mozilla/5.0 (iPhone; CPU iPhone OS 18_6_2 like Mac OS X) AppleWebKit/605.1.15 (KHTML, like Gecko) GSA/389.2.814818472 Mobile/15E148 Safari/604.1"
212.5.158.184 - - [12/Oct/2025:00:35:32 +0200] "POST /bg/index.php?controller=product&token=cc931d60bd7d9392ca22625436865d96&id_product=203&id_customization=0&group%5B5%5D=26&qty=1 HTTP/2.0" 200 28152 "https://kpopbg.com/bg/18-enhypen" "Mozilla/5.0 (iPhone; CPU iPhone OS 18_6_2 like Mac OS X) AppleWebKit/605.1.15 (KHTML, like Gecko) GSA/389.2.814818472 Mobile/15E148 Safari/604.1"
40.77.167.30 - - [12/Oct/2025:00:35:35 +0200] "GET /bg/13-artisti?q=%D0%9A%D0%B0%D1%82%D0%B5%D0%B3%D0%BE%D1%80%D0%B8%D0%B8-AESPA-BLACKPINK-ENHYPEN-GOT+THE+BEAT-ITZY-IVE-KAI-LISA-NCT-NCT+DREAM-NEW+JEANS-STAYC-STRAYKIDS-TREASURE-TWICE-TXT/%D0%9C%D0%B0%D1%80%D0%BA%D0%B0-SM+Entertainment HTTP/2.0" 200 21558 "-" "Mozilla/5.0 AppleWebKit/537.36 (KHTML, like Gecko; compatible; bingbot/2.0; +http://www.bing.com/bingbot.htm) Chrome/116.0.1938.76 Safari/537.36"
114.119.128.20 - - [12/Oct/2025:00:35:35 +0200] "GET /en/13-artist?q=Categories-IVE-JISOO-KAI-NMIXX-STAYC/Availability-Available/Brand-HIGHUP%2BENTERTAINMENT&order=product.price.desc HTTP/1.1" 200 19992 "https://kpopbg.com/en/13-artist?q=Categories-JISOO-KAI-NMIXX-STAYC-IVE/Availability-Available&order=product.price.desc" "Mozilla/5.0 (Linux; Android 7.0;) AppleWebKit/537.36 (KHTML, like Gecko) Mobile Safari/537.36 (compatible; PetalBot;+https://webmaster.petalsearch.com/site/petalbot)"
52.167.144.24 - - [12/Oct/2025:00:35:40 +0200] "GET /bg/13-artisti?q=%D0%9A%D0%B0%D1%82%D0%B5%D0%B3%D0%BE%D1%80%D0%B8%D0%B8-AESPA-ATEEZ-BABYMONSTER-BLACKPINK-BOYNEXTDOOR-ENHYPEN-ITZY-IVE-LISA-NMIXX-P1Harmony-RIIZE-STAYC-STRAYKIDS-TWICE-WayV-ZEROBASEONE-ROSE+%28BLACKPINK%29 HTTP/2.0" 200 21500 "-" "Mozilla/5.0 AppleWebKit/537.36 (KHTML, like Gecko; compatible; bingbot/2.0; +http://www.bing.com/bingbot.htm) Chrome/116.0.1938.76 Safari/537.36"
52.167.144.24 - - [12/Oct/2025:00:35:40 +0200] "GET /bg/13-artisti?q=%D0%9A%D0%B0%D1%82%D0%B5%D0%B3%D0%BE%D1%80%D0%B8%D0%B8-AESPA-BABYMONSTER-BLACKPINK-BOYNEXTDOOR-ENHYPEN-ILLIT-ITZY-IVE-JIHYO-JUNG+KOOK+%28BTS%29-LISA-NCT+127-NEW+JEANS-NMIXX-P1Harmony-RIIZE-ROSE+%28BLACKPINK%29-STRAYKIDS-TWICE-TXT-WayV-XDINARY+HEROES-ZEROBASEONE HTTP/2.0" 200 21727 "-" "Mozilla/5.0 AppleWebKit/537.36 (KHTML, like Gecko; compatible; bingbot/2.0; +http://www.bing.com/bingbot.htm) Chrome/116.0.1938.76 Safari/537.36"
154.54.249.203 - - [12/Oct/2025:00:35:49 +0200] "GET /en/13-artist?q=Categories-IVE-Kep1er&page=2 HTTP/1.1" 200 19735 "-" "Mozilla/5.0 (compatible; Barkrowler/0.9; +https://babbar.tech/crawler)"
216.244.66.233 - - [12/Oct/2025:00:36:02 +0200] "GET /en/best-sales?SubmitCurrency=1&id_currency=2&order=product.name.asc HTTP/1.1" 301 5 "-" "Mozilla/5.0 (compatible; DotBot/1.2; +https://opensiteexplorer.org/dotbot; help@moz.com)"
217.113.194.247 - - [12/Oct/2025:00:36:08 +0200] "GET /en/13-artist?q=Categories-AESPA-BTS&page=15 HTTP/1.1" 200 19897 "-" "Mozilla/5.0 (compatible; Barkrowler/0.9; +https://babbar.tech/crawler)"
40.77.167.73 - - [12/Oct/2025:00:36:10 +0200] "GET /en/13-artist?q=%D0%9A%D0%B0%D1%82%D0%B5%D0%B3%D0%BE%D1%80%D0%B8%D0%B8-AESPA-BABYMONSTER-BLACKPINK-BOYNEXTDOOR-ENHYPEN-GOT+THE+BEAT-ILLIT-JIHYO-LISA-NCT+JAEHYUN-NMIXX-RIIZE-SEVENTEEN-STRAYKIDS-TREASURE-TWICE-WayV-ZEROBASEONE-XDINARY+HEROES HTTP/2.0" 200 20126 "-" "Mozilla/5.0 AppleWebKit/537.36 (KHTML, like Gecko; compatible; bingbot/2.0; +http://www.bing.com/bingbot.htm) Chrome/116.0.1938.76 Safari/537.36"
40.77.167.73 - - [12/Oct/2025:00:36:11 +0200] "GET /en/13-artist?q=Categories-ATEEZ-BABYMONSTER-BLACKPINK-BOYNEXTDOOR-ENHYPEN-ILLIT-ITZY-KAI-LISA-NMIXX-P1Harmony-TREASURE-TWICE-ZEROBASEONE-JIMIN+%28BTS%29 HTTP/2.0" 200 19902 "-" "Mozilla/5.0 AppleWebKit/537.36 (KHTML, like Gecko; compatible; bingbot/2.0; +http://www.bing.com/bingbot.htm) Chrome/116.0.1938.76 Safari/537.36"
217.113.194.105 - - [12/Oct/2025:00:36:26 +0200] "GET /en/13-artist?q=Categories-ATEEZ-WayV&page=17 HTTP/1.1" 200 19615 "-" "Mozilla/5.0 (compatible; Barkrowler/0.9; +https://babbar.tech/crawler)"
40.77.167.75 - - [12/Oct/2025:00:36:26 +0200] "GET /bg/13-artisti?q=%D0%9A%D0%B0%D1%82%D0%B5%D0%B3%D0%BE%D1%80%D0%B8%D0%B8-AESPA-ASTRO-BLACKPINK-ENHYPEN-GOT+THE+BEAT-ITZY-IVE-KAI-LISA-NCT-NCT+DREAM-STAYC-STRAYKIDS-TREASURE-TWICE-V+%28BTS%29/%D0%9D%D0%B0%D0%BB%D0%B8%D1%87%D0%BD%D0%BE%D1%81%D1%82-%D0%92+%D0%BD%D0%B0%D0%BB%D0%B8%D1%87%D0%BD%D0%BE%D1%81%D1%82 HTTP/2.0" 200 21657 "-" "Mozilla/5.0 AppleWebKit/537.36 (KHTML, like Gecko; compatible; bingbot/2.0; +http://www.bing.com/bingbot.htm) Chrome/116.0.1938.76 Safari/537.36"
40.77.167.75 - - [12/Oct/2025:00:36:27 +0200] "GET /bg/12-albumi?q=%D0%9D%D0%B0%D0%BB%D0%B8%D1%87%D0%BD%D0%BE%D1%81%D1%82-%D0%92+%D0%BD%D0%B0%D0%BB%D0%B8%D1%87%D0%BD%D0%BE%D1%81%D1%82-%D0%9D%D0%B0%D0%BB%D0%B8%D1%87%D0%B5%D0%BD-%D0%9D%D1%8F%D0%BC%D0%B0+%D0%BD%D0%B0%D0%BB%D0%B8%D1%87%D0%BD%D0%BE%D1%81%D1%82/%D0%9C%D0%B0%D1%80%D0%BA%D0%B0-FANTAGIO+MUSIC-HIGHUP+ENTERTAINMENT-SM+Entertainment-BigHit+Music HTTP/2.0" 200 17970 "-" "Mozilla/5.0 AppleWebKit/537.36 (KHTML, like Gecko; compatible; bingbot/2.0; +http://www.bing.com/bingbot.htm) Chrome/116.0.1938.76 Safari/537.36"
40.77.167.75 - - [12/Oct/2025:00:36:28 +0200] "GET /bg/13-artisti?q=%D0%9A%D0%B0%D1%82%D0%B5%D0%B3%D0%BE%D1%80%D0%B8%D0%B8-AESPA-ASTRO-ENHYPEN-JIHYO-JISOO-KAI-NCT-NCT+127-NMIXX-STAYC-TREASURE-TWICE/%D0%9D%D0%B0%D0%BB%D0%B8%D1%87%D0%BD%D0%BE%D1%81%D1%82-%D0%92+%D0%BD%D0%B0%D0%BB%D0%B8%D1%87%D0%BD%D0%BE%D1%81%D1%82-%D0%9D%D1%8F%D0%BC%D0%B0+%D0%BD%D0%B0%D0%BB%D0%B8%D1%87%D0%BD%D0%BE%D1%81%D1%82 HTTP/2.0" 200 21636 "-" "Mozilla/5.0 AppleWebKit/537.36 (KHTML, like Gecko; compatible; bingbot/2.0; +http://www.bing.com/bingbot.htm) Chrome/116.0.1938.76 Safari/537.36"
52.167.144.24 - - [12/Oct/2025:00:36:31 +0200] "GET /bg/13-artisti?q=%D0%9A%D0%B0%D1%82%D0%B5%D0%B3%D0%BE%D1%80%D0%B8%D0%B8-AESPA-ASTRO-BLACKPINK-ENHYPEN-GOT+THE+BEAT-ITZY-IVE-JISOO-KAI-LE+SSERAFIM-NCT-NCT+DREAM-STAYC-STRAYKIDS-TREASURE-RED+VELVET HTTP/2.0" 200 21497 "-" "Mozilla/5.0 AppleWebKit/537.36 (KHTML, like Gecko; compatible; bingbot/2.0; +http://www.bing.com/bingbot.htm) Chrome/116.0.1938.76 Safari/537.36"
66.249.66.14 - - [12/Oct/2025:00:36:34 +0200] "GET /robots.txt HTTP/1.1" 404 11736 "-" "Mozilla/5.0 (compatible; Googlebot/2.1; +http://www.google.com/bot.html)"
66.249.66.14 - - [12/Oct/2025:00:36:34 +0200] "GET /en/2-nachalo?order=product.reference.desc&q=%D0%9A%D0%B0%D1%82%D0%B5%D0%B3%D0%BE%D1%80%D0%B8%D0%B8-%D0%90%D0%9B%D0%91%D0%A3%D0%9C%D0%98&page=15 HTTP/1.1" 200 16142 "-" "Mozilla/5.0 (Linux; Android 6.0.1; Nexus 5X Build/MMB29P) AppleWebKit/537.36 (KHTML, like Gecko) Chrome/140.0.7339.207 Mobile Safari/537.36 (compatible; Googlebot/2.1; +http://www.google.com/bot.html)"
217.113.194.107 - - [12/Oct/2025:00:36:44 +0200] "GET /en/13-artist?q=Categories-ATEEZ-WayV&page=4 HTTP/1.1" 200 19970 "-" "Mozilla/5.0 (compatible; Barkrowler/0.9; +https://babbar.tech/crawler)"
40.77.167.75 - - [12/Oct/2025:00:36:45 +0200] "GET /bg/13-artisti?q=%D0%9A%D0%B0%D1%82%D0%B5%D0%B3%D0%BE%D1%80%D0%B8%D0%B8-AESPA-BABYMONSTER-BLACKPINK-ENHYPEN-GOT+THE+BEAT-ILLIT-ITZY-KAI-LISA-NMIXX-STRAYKIDS-ZEROBASEONE-NCT+DREAM HTTP/2.0" 200 21515 "-" "Mozilla/5.0 AppleWebKit/537.36 (KHTML, like Gecko; compatible; bingbot/2.0; +http://www.bing.com/bingbot.htm) Chrome/116.0.1938.76 Safari/537.36"
52.167.144.24 - - [12/Oct/2025:00:36:51 +0200] "GET /bg/13-artisti?q=%D0%9A%D0%B0%D1%82%D0%B5%D0%B3%D0%BE%D1%80%D0%B8%D0%B8-AESPA-ASTRO-BTS-ENHYPEN-JISOO-NMIXX-STRAYKIDS-TWICE-STAYC/%D0%9D%D0%B0%D0%BB%D0%B8%D1%87%D0%BD%D0%BE%D1%81%D1%82-%D0%92+%D0%BD%D0%B0%D0%BB%D0%B8%D1%87%D0%BD%D0%BE%D1%81%D1%82-%D0%9D%D1%8F%D0%BC%D0%B0+%D0%BD%D0%B0%D0%BB%D0%B8%D1%87%D0%BD%D0%BE%D1%81%D1%82 HTTP/2.0" 200 21599 "-" "Mozilla/5.0 AppleWebKit/537.36 (KHTML, like Gecko; compatible; bingbot/2.0; +http://www.bing.com/bingbot.htm) Chrome/116.0.1938.76 Safari/537.36"
40.77.167.73 - - [12/Oct/2025:00:36:54 +0200] "GET /bg/13-artisti?q=%D0%9A%D0%B0%D1%82%D0%B5%D0%B3%D0%BE%D1%80%D0%B8%D0%B8-AESPA-ATEEZ-BABYMONSTER-BLACKPINK-BOYNEXTDOOR-BTS-ENHYPEN-ILLIT-LE+SSERAFIM-NAYEON+%28TWICE%29-NMIXX-P1Harmony-STAYC-TXT-V+%28BTS%29-xikers-ZEROBASEONE-TREASURE HTTP/2.0" 200 21527 "-" "Mozilla/5.0 AppleWebKit/537.36 (KHTML, like Gecko; compatible; bingbot/2.0; +http://www.bing.com/bingbot.htm) Chrome/116.0.1938.76 Safari/537.36"
114.119.136.175 - - [12/Oct/2025:00:37:01 +0200] "GET /en/13-artist?q=Categories-IVE-JISOO-KAI-NMIXX-STAYC/Availability-Available-Not%2Bavailable&order=product.price.desc HTTP/1.1" 200 19956 "https://kpopbg.com/en/13-artist?q=Categories-IVE-JISOO-KAI-NMIXX-STAYC/Availability-Available-Not%2Bavailable&order=product.price.desc" "Mozilla/5.0 (Linux; Android 7.0;) AppleWebKit/537.36 (KHTML, like Gecko) Mobile Safari/537.36 (compatible; PetalBot;+https://webmaster.petalsearch.com/site/petalbot)"
217.113.194.223 - - [12/Oct/2025:00:37:04 +0200] "GET /en/13-artist?q=Categories-BLACKPINK-ITZY HTTP/1.1" 200 19708 "-" "Mozilla/5.0 (compatible; Barkrowler/0.9; +https://babbar.tech/crawler)"
40.77.167.73 - - [12/Oct/2025:00:37:12 +0200] "GET /bg/13-artisti?q=%D0%9A%D0%B0%D1%82%D0%B5%D0%B3%D0%BE%D1%80%D0%B8%D0%B8-AESPA-ATEEZ-BABYMONSTER-BOYNEXTDOOR-ENHYPEN-GOT+THE+BEAT-ILLIT-IVE-JIHYO-LISA-NCT+JAEHYUN-NCT+WISH-NMIXX-RIIZE-SEVENTEEN-STRAYKIDS-TWICE-WayV-ZEROBASEONE-NAYEON+%28TWICE%29 HTTP/2.0" 200 21557 "-" "Mozilla/5.0 AppleWebKit/537.36 (KHTML, like Gecko; compatible; bingbot/2.0; +http://www.bing.com/bingbot.htm) Chrome/116.0.1938.76 Safari/537.36"
52.167.144.24 - - [12/Oct/2025:00:37:12 +0200] "GET /bg/13-artisti?q=%D0%9A%D0%B0%D1%82%D0%B5%D0%B3%D0%BE%D1%80%D0%B8%D0%B8-AESPA-BABYMONSTER-BLACKPINK-BOYNEXTDOOR-BTS-ENHYPEN-ILLIT-ITZY-JIHYO-LISA-NMIXX-P1Harmony-STRAYKIDS-TREASURE-TXT-ZEROBASEONE-KAI HTTP/2.0" 200 21497 "-" "Mozilla/5.0 AppleWebKit/537.36 (KHTML, like Gecko; compatible; bingbot/2.0; +http://www.bing.com/bingbot.htm) Chrome/116.0.1938.76 Safari/537.36"
217.113.194.108 - - [12/Oct/2025:00:37:22 +0200] "GET /en/13-artist?q=Categories-BLACKPINK-STAYC HTTP/1.1" 200 19693 "-" "Mozilla/5.0 (compatible; Barkrowler/0.9; +https://babbar.tech/crawler)"
52.167.144.24 - - [12/Oct/2025:00:37:31 +0200] "GET /bg/13-artisti?q=%D0%9A%D0%B0%D1%82%D0%B5%D0%B3%D0%BE%D1%80%D0%B8%D0%B8-AESPA-ATEEZ-BABYMONSTER-BLACKPINK-BOYNEXTDOOR-ENHYPEN-GOT+THE+BEAT-ILLIT-IVE-JIHYO-LISA-NMIXX-P1Harmony-RIIZE-RM+%28BTS%29-ROSE+%28BLACKPINK%29-STAYC-TWICE-WayV-ZEROBASEONE-TREASURE HTTP/2.0" 200 21622 "-" "Mozilla/5.0 AppleWebKit/537.36 (KHTML, like Gecko; compatible; bingbot/2.0; +http://www.bing.com/bingbot.htm) Chrome/116.0.1938.76 Safari/537.36"
40.77.167.75 - - [12/Oct/2025:00:37:35 +0200] "GET /bg/13-artisti?q=%D0%9A%D0%B0%D1%82%D0%B5%D0%B3%D0%BE%D1%80%D0%B8%D0%B8-ATEEZ-BABYMONSTER-BLACKPINK-BOYNEXTDOOR-ENHYPEN-GOT+THE+BEAT-ILLIT-ITZY-IVE-NEW+JEANS-NMIXX-SEVENTEEN-STAYC-STRAYKIDS-TWICE-TXT-WayV-ZEROBASEONE-CHA+EUN+WOO+%28ASTRO%29 HTTP/2.0" 200 21690 "-" "Mozilla/5.0 AppleWebKit/537.36 (KHTML, like Gecko; compatible; bingbot/2.0; +http://www.bing.com/bingbot.htm) Chrome/116.0.1938.76 Safari/537.36"
40.77.167.75 - - [12/Oct/2025:00:37:36 +0200] "GET /en/13-artist?q=Categories-ATEEZ-BABYMONSTER-BLACKPINK-BOYNEXTDOOR-ENHYPEN-ILLIT-IVE-KAI-LISA-NMIXX-STAYC-STRAYKIDS-TWICE-TXT-ZEROBASEONE-SEVENTEEN HTTP/2.0" 200 19907 "-" "Mozilla/5.0 AppleWebKit/537.36 (KHTML, like Gecko; compatible; bingbot/2.0; +http://www.bing.com/bingbot.htm) Chrome/116.0.1938.76 Safari/537.36"
217.113.194.247 - - [12/Oct/2025:00:37:40 +0200] "GET /bg/47-illit?SubmitCurrency=1&id_currency=1 HTTP/1.1" 200 15292 "-" "Mozilla/5.0 (compatible; Barkrowler/0.9; +https://babbar.tech/crawler)"
40.77.167.73 - - [12/Oct/2025:00:37:51 +0200] "GET /bg/12-albumi?q=%D0%9D%D0%B0%D0%BB%D0%B8%D1%87%D0%BD%D0%BE%D1%81%D1%82-%D0%92+%D0%BD%D0%B0%D0%BB%D0%B8%D1%87%D0%BD%D0%BE%D1%81%D1%82-%D0%9D%D0%B0%D0%BB%D0%B8%D1%87%D0%B5%D0%BD-%D0%9D%D1%8F%D0%BC%D0%B0+%D0%BD%D0%B0%D0%BB%D0%B8%D1%87%D0%BD%D0%BE%D1%81%D1%82/%D0%9C%D0%B0%D1%80%D0%BA%D0%B0-ADOR-FANTAGIO+MUSIC-SM+Entertainment-YG+Entertainment-BigHit+Entertainment HTTP/2.0" 200 17952 "-" "Mozilla/5.0 AppleWebKit/537.36 (KHTML, like Gecko; compatible; bingbot/2.0; +http://www.bing.com/bingbot.htm) Chrome/116.0.1938.76 Safari/537.36"
52.167.144.24 - - [12/Oct/2025:00:37:51 +0200] "GET /en/13-artist?q=Categories-%28G%29I%5C-DLE-AESPA-BABYMONSTER-BLACKPINK-ENHYPEN-ILLIT-ITZY-IVE-JIHYO-JIMIN+%28BTS%29-NCT+JAEHYUN-NCT+WISH-NMIXX-SEVENTEEN-TWICE-WayV-ZEROBASEONE-YUQI+%28%28G%29I%5C-DLE%29 HTTP/2.0" 200 19972 "-" "Mozilla/5.0 AppleWebKit/537.36 (KHTML, like Gecko; compatible; bingbot/2.0; +http://www.bing.com/bingbot.htm) Chrome/116.0.1938.76 Safari/537.36"
40.77.167.75 - - [12/Oct/2025:00:37:55 +0200] "GET /bg/13-artisti?q=%D0%9A%D0%B0%D1%82%D0%B5%D0%B3%D0%BE%D1%80%D0%B8%D0%B8-ASTRO-ATEEZ-ENHYPEN-JISOO-KAI-NCT-NMIXX-STAYC-STRAYKIDS-ITZY/%D0%9D%D0%B0%D0%BB%D0%B8%D1%87%D0%BD%D0%BE%D1%81%D1%82-%D0%92+%D0%BD%D0%B0%D0%BB%D0%B8%D1%87%D0%BD%D0%BE%D1%81%D1%82&order=product.name.desc HTTP/2.0" 200 21798 "-" "Mozilla/5.0 AppleWebKit/537.36 (KHTML, like Gecko; compatible; bingbot/2.0; +http://www.bing.com/bingbot.htm) Chrome/116.0.1938.76 Safari/537.36"
217.113.194.224 - - [12/Oct/2025:00:37:59 +0200] "GET /bg/13-artisti?q=Categories-AESPA&page=3 HTTP/1.1" 200 21327 "-" "Mozilla/5.0 (compatible; Barkrowler/0.9; +https://babbar.tech/crawler)"
40.77.167.75 - - [12/Oct/2025:00:38:11 +0200] "GET /bg/13-artisti?q=%D0%9A%D0%B0%D1%82%D0%B5%D0%B3%D0%BE%D1%80%D0%B8%D0%B8-AESPA-ATEEZ-BLACKPINK-BOYNEXTDOOR-ENHYPEN-ILLIT-IVE-JIHYO-LISA-NMIXX-RIIZE-TWICE-WayV-ZEROBASEONE-ROSE+%28BLACKPINK%29&page=2 HTTP/2.0" 200 21584 "-" "Mozilla/5.0 AppleWebKit/537.36 (KHTML, like Gecko; compatible; bingbot/2.0; +http://www.bing.com/bingbot.htm) Chrome/116.0.1938.76 Safari/537.36"
217.113.194.108 - - [12/Oct/2025:00:38:19 +0200] "GET /bg/13-artisti?q=Categories-BLACKPINK&page=17 HTTP/1.1" 200 21199 "-" "Mozilla/5.0 (compatible; Barkrowler/0.9; +https://babbar.tech/crawler)"
114.119.151.63 - - [12/Oct/2025:00:38:20 +0200] "GET /en/13-artist?q=Categories-IVE-JIMIN-NMIXX-TWICE-BLACKPINK&order=product.name.asc HTTP/1.1" 200 19386 "https://kpopbg.com/en/13-artist?q=Categories-IVE-JIMIN-NMIXX-TWICE-BLACKPINK&order=product.name.desc" "Mozilla/5.0 (Linux; Android 7.0;) AppleWebKit/537.36 (KHTML, like Gecko) Mobile Safari/537.36 (compatible; PetalBot;+https://webmaster.petalsearch.com/site/petalbot)"
40.77.167.73 - - [12/Oct/2025:00:38:30 +0200] "GET /bg/13-artisti?q=%D0%9A%D0%B0%D1%82%D0%B5%D0%B3%D0%BE%D1%80%D0%B8%D0%B8-ATEEZ-BABYMONSTER-BLACKPINK-BOYNEXTDOOR-ENHYPEN-GOT+THE+BEAT-ILLIT-ITZY-IVE-JENNIE+%28BLACKPINK%29-JIHYO-JISOO+%28BLACKPINK%29-NAYEON+%28TWICE%29-NMIXX-P1Harmony-RIIZE-ROSE+%28BLACKPINK%29-SEVENTEEN-STAYC-STRAYKIDS-TREASURE-TWICE-TXT-WayV-ZEROBASEONE-xikers&page=2 HTTP/2.0" 200 21853 "-" "Mozilla/5.0 AppleWebKit/537.36 (KHTML, like Gecko; compatible; bingbot/2.0; +http://www.bing.com/bingbot.htm) Chrome/116.0.1938.76 Safari/537.36"
40.77.167.116 - - [12/Oct/2025:00:38:31 +0200] "GET /bg/13-artisti?q=%D0%9A%D0%B0%D1%82%D0%B5%D0%B3%D0%BE%D1%80%D0%B8%D0%B8-AESPA-ATEEZ-BLACKPINK-BOYNEXTDOOR-ENHYPEN-GOT+THE+BEAT-ILLIT-ITZY-IVE-JIHYO-LISA-NCT+DREAM-NMIXX-RIIZE-SEVENTEEN-TWICE-WayV-ZEROBASEONE-STAYC HTTP/2.0" 200 21524 "-" "Mozilla/5.0 AppleWebKit/537.36 (KHTML, like Gecko; compatible; bingbot/2.0; +http://www.bing.com/bingbot.htm) Chrome/116.0.1938.76 Safari/537.36"
40.77.167.75 - - [12/Oct/2025:00:38:36 +0200] "GET /bg/13-artisti?q=%D0%9A%D0%B0%D1%82%D0%B5%D0%B3%D0%BE%D1%80%D0%B8%D0%B8-AESPA-ATEEZ-BABYMONSTER-BOYNEXTDOOR-ENHYPEN-GOT+THE+BEAT-ILLIT-IVE-JIHYO-LISA-NMIXX-RIIZE-SEVENTEEN-STRAYKIDS-TXT-WayV-ZEROBASEONE-RM+%28BTS%29&order=product.price.desc HTTP/2.0" 200 21699 "-" "Mozilla/5.0 AppleWebKit/537.36 (KHTML, like Gecko; compatible; bingbot/2.0; +http://www.bing.com/bingbot.htm) Chrome/116.0.1938.76 Safari/537.36"
217.113.194.106 - - [12/Oct/2025:00:38:38 +0200] "GET /bg/13-artisti?q=Categories-ITZY-WayV HTTP/1.1" 200 21195 "-" "Mozilla/5.0 (compatible; Barkrowler/0.9; +https://babbar.tech/crawler)"
40.77.167.73 - - [12/Oct/2025:00:38:40 +0200] "GET /en/13-artist?q=Categories-ATEEZ-KAI-WayV-Dreamcatcher&order=product.price.asc HTTP/2.0" 200 19802 "-" "Mozilla/5.0 AppleWebKit/537.36 (KHTML, like Gecko; compatible; bingbot/2.0; +http://www.bing.com/bingbot.htm) Chrome/116.0.1938.76 Safari/537.36"
40.77.167.116 - - [12/Oct/2025:00:38:41 +0200] "GET /bg/13-artisti?q=%D0%9A%D0%B0%D1%82%D0%B5%D0%B3%D0%BE%D1%80%D0%B8%D0%B8-AESPA-ATEEZ-BABYMONSTER-BLACKPINK-BOYNEXTDOOR-ENHYPEN-ILLIT-ITZY-KAI-LISA-NMIXX-ZEROBASEONE-JIHYO HTTP/2.0" 200 21422 "-" "Mozilla/5.0 AppleWebKit/537.36 (KHTML, like Gecko; compatible; bingbot/2.0; +http://www.bing.com/bingbot.htm) Chrome/116.0.1938.76 Safari/537.36"
40.77.167.75 - - [12/Oct/2025:00:38:46 +0200] "GET /en/13-artist?q=Categories-%28G%29I%5C-DLE-AESPA-ATEEZ-BABYMONSTER-BLACKPINK-ENHYPEN-ILLIT-ITZY-JIHYO-LE+SSERAFIM-LISA-NAYEON+%28TWICE%29-NMIXX-RIIZE-RM+%28BTS%29-ROSE+%28BLACKPINK%29-SEVENTEEN-TWICE-TXT-WayV-ZEROBASEONE-THE+BOYZ HTTP/2.0" 200 20052 "-" "Mozilla/5.0 AppleWebKit/537.36 (KHTML, like Gecko; compatible; bingbot/2.0; +http://www.bing.com/bingbot.htm) Chrome/116.0.1938.76 Safari/537.36"
217.113.194.247 - - [12/Oct/2025:00:38:56 +0200] "GET /bg/brand/27-s2-entertainment?order=product.price.asc HTTP/1.1" 200 13534 "-" "Mozilla/5.0 (compatible; Barkrowler/0.9; +https://babbar.tech/crawler)"
40.77.167.73 - - [12/Oct/2025:00:39:13 +0200] "GET /bg/13-artisti?q=%D0%9A%D0%B0%D1%82%D0%B5%D0%B3%D0%BE%D1%80%D0%B8%D0%B8-ATEEZ-BABYMONSTER-BLACKPINK-BOYNEXTDOOR-ENHYPEN-GOT+THE+BEAT-ILLIT-IVE-JENNIE+%28BLACKPINK%29-JIHYO-JISOO+%28BLACKPINK%29-NCT+JAEHYUN-NMIXX-RIIZE-ROSE+%28BLACKPINK%29-SEVENTEEN-STAYC-STRAYKIDS-TXT-WayV-ZEROBASEONE&page=19 HTTP/2.0" 200 21723 "-" "Mozilla/5.0 AppleWebKit/537.36 (KHTML, like Gecko; compatible; bingbot/2.0; +http://www.bing.com/bingbot.htm) Chrome/116.0.1938.76 Safari/537.36"
217.113.194.102 - - [12/Oct/2025:00:39:13 +0200] "GET /bg/brand/33-beats-entertainment?order=product.price.desc HTTP/1.1" 200 13685 "-" "Mozilla/5.0 (compatible; Barkrowler/0.9; +https://babbar.tech/crawler)"
74.7.36.80 - - [12/Oct/2025:00:39:24 +0200] "GET / HTTP/2.0" 302 0 "-" "Mozilla/5.0 AppleWebKit/537.36 (KHTML, like Gecko); compatible; ChatGPT-User/1.0; +https://openai.com/bot"
74.7.36.80 - - [12/Oct/2025:00:39:24 +0200] "GET /en/ HTTP/2.0" 200 14747 "-" "Mozilla/5.0 AppleWebKit/537.36 (KHTML, like Gecko); compatible; ChatGPT-User/1.0; +https://openai.com/bot"
217.113.194.102 - - [12/Oct/2025:00:39:31 +0200] "GET /bg/brand/5-yg-entertainment?order=product.position.asc HTTP/1.1" 200 15588 "-" "Mozilla/5.0 (compatible; Barkrowler/0.9; +https://babbar.tech/crawler)"
40.77.167.73 - - [12/Oct/2025:00:39:32 +0200] "GET /en/13-artist?q=%D0%9A%D0%B0%D1%82%D0%B5%D0%B3%D0%BE%D1%80%D0%B8%D0%B8-AESPA-BABYMONSTER-BLACKPINK-BOYNEXTDOOR-ENHYPEN-ILLIT-ITZY-JIHYO-LISA-NMIXX-P1Harmony-TREASURE-TWICE-TXT-ZEROBASEONE-SEVENTEEN HTTP/2.0" 200 20045 "-" "Mozilla/5.0 AppleWebKit/537.36 (KHTML, like Gecko; compatible; bingbot/2.0; +http://www.bing.com/bingbot.htm) Chrome/116.0.1938.76 Safari/537.36"
40.77.167.116 - - [12/Oct/2025:00:39:41 +0200] "GET /bg/13-artisti?q=%D0%9A%D0%B0%D1%82%D0%B5%D0%B3%D0%BE%D1%80%D0%B8%D0%B8-AESPA-BABYMONSTER-BLACKPINK-ENHYPEN-GOT+THE+BEAT-ILLIT-ITZY-KAI-LE+SSERAFIM-LISA-NMIXX-SEVENTEEN-STRAYKIDS-ZEROBASEONE HTTP/2.0" 200 21541 "-" "Mozilla/5.0 AppleWebKit/537.36 (KHTML, like Gecko; compatible; bingbot/2.0; +http://www.bing.com/bingbot.htm) Chrome/116.0.1938.76 Safari/537.36"
114.119.128.20 - - [12/Oct/2025:00:39:44 +0200] "GET /en/13-artist?q=Categories-IVE-JIMIN-NCT-TWICE-JIHYO&order=product.position.asc HTTP/1.1" 200 19593 "https://kpopbg.com/en/13-artist?q=Categories-IVE-JIMIN-NCT-TWICE-JIHYO" "Mozilla/5.0 (Linux; Android 7.0;) AppleWebKit/537.36 (KHTML, like Gecko) Mobile Safari/537.36 (compatible; PetalBot;+https://webmaster.petalsearch.com/site/petalbot)"
40.77.167.75 - - [12/Oct/2025:00:39:46 +0200] "GET /bg/13-artisti?q=%D0%9A%D0%B0%D1%82%D0%B5%D0%B3%D0%BE%D1%80%D0%B8%D0%B8-ATEEZ-BABYMONSTER-BLACKPINK-BOYNEXTDOOR-ENHYPEN-GOT+THE+BEAT-ILLIT-JENNIE+%28BLACKPINK%29-JIHYO-LISA+%28BLACKPINK%29-NMIXX-RIIZE-ROSE+%28BLACKPINK%29-SEVENTEEN-STAYC-STRAYKIDS-TREASURE-TWICE-WayV-ZEROBASEONE-Kep1er&page=20 HTTP/2.0" 200 20052 "-" "Mozilla/5.0 AppleWebKit/537.36 (KHTML, like Gecko; compatible; bingbot/2.0; +http://www.bing.com/bingbot.htm) Chrome/116.0.1938.76 Safari/537.36"
217.113.194.224 - - [12/Oct/2025:00:39:50 +0200] "GET /bg/2-nachalo?SubmitCurrency=1&id_currency=2 HTTP/1.1" 200 17231 "-" "Mozilla/5.0 (compatible; Barkrowler/0.9; +https://babbar.tech/crawler)"
212.5.158.184 - - [12/Oct/2025:00:39:59 +0200] "GET /bg/18-enhypen HTTP/2.0" 200 16894 "https://www.google.com/url?q=https://kpopbg.com/bg/18-enhypen&sa=U&sqi=2&ved=2ahUKEwj9i9K_mp2QAxVDVfEDHa3oEdIQFnoECFUQAQ&usg=AOvVaw0DwJx6Fy4qMRqtZVdEVGoW" "Mozilla/5.0 (iPhone; CPU iPhone OS 18_6_2 like Mac OS X) AppleWebKit/605.1.15 (KHTML, like Gecko) GSA/389.2.814818472 Mobile/15E148 Safari/604.1"
212.5.158.184 - - [12/Oct/2025:00:40:04 +0200] "GET /bg/nachalo/230-526-enhypen-romance-untold-daydream--8809704429085 HTTP/2.0" 200 19888 "https://kpopbg.com/bg/18-enhypen" "Mozilla/5.0 (iPhone; CPU iPhone OS 18_6_2 like Mac OS X) AppleWebKit/605.1.15 (KHTML, like Gecko) GSA/389.2.814818472 Mobile/15E148 Safari/604.1"
212.5.158.184 - - [12/Oct/2025:00:40:05 +0200] "GET /721-large_default/enhypen-romance-untold-daydream-.jpg HTTP/2.0" 200 41594 "https://kpopbg.com/bg/nachalo/230-526-enhypen-romance-untold-daydream--8809704429085" "Mozilla/5.0 (iPhone; CPU iPhone OS 18_6_2 like Mac OS X) AppleWebKit/605.1.15 (KHTML, like Gecko) GSA/389.2.814818472 Mobile/15E148 Safari/604.1"
212.5.158.184 - - [12/Oct/2025:00:40:05 +0200] "GET /721-medium_default/enhypen-romance-untold-daydream-.jpg HTTP/2.0" 200 16379 "https://kpopbg.com/bg/nachalo/230-526-enhypen-romance-untold-daydream--8809704429085" "Mozilla/5.0 (iPhone; CPU iPhone OS 18_6_2 like Mac OS X) AppleWebKit/605.1.15 (KHTML, like Gecko) GSA/389.2.814818472 Mobile/15E148 Safari/604.1"
212.5.158.184 - - [12/Oct/2025:00:40:05 +0200] "GET /721-small_default/enhypen-romance-untold-daydream-.jpg HTTP/2.0" 200 1999 "https://kpopbg.com/bg/nachalo/230-526-enhypen-romance-untold-daydream--8809704429085" "Mozilla/5.0 (iPhone; CPU iPhone OS 18_6_2 like Mac OS X) AppleWebKit/605.1.15 (KHTML, like Gecko) GSA/389.2.814818472 Mobile/15E148 Safari/604.1"
212.5.158.184 - - [12/Oct/2025:00:40:05 +0200] "GET /722-small_default/enhypen-romance-untold-daydream-.jpg HTTP/2.0" 200 2335 "https://kpopbg.com/bg/nachalo/230-526-enhypen-romance-untold-daydream--8809704429085" "Mozilla/5.0 (iPhone; CPU iPhone OS 18_6_2 like Mac OS X) AppleWebKit/605.1.15 (KHTML, like Gecko) GSA/389.2.814818472 Mobile/15E148 Safari/604.1"
212.5.158.184 - - [12/Oct/2025:00:40:05 +0200] "GET /img/cms/ENHYPEN/enhypen-romance-untold-daydream-wholesale.jpg HTTP/2.0" 200 272206 "https://kpopbg.com/bg/nachalo/230-526-enhypen-romance-untold-daydream--8809704429085" "Mozilla/5.0 (iPhone; CPU iPhone OS 18_6_2 like Mac OS X) AppleWebKit/605.1.15 (KHTML, like Gecko) GSA/389.2.814818472 Mobile/15E148 Safari/604.1"
212.5.158.184 - - [12/Oct/2025:00:40:05 +0200] "GET /721-home_default/enhypen-romance-untold-daydream-.jpg HTTP/2.0" 499 0 "https://kpopbg.com/bg/nachalo/230-526-enhypen-romance-untold-daydream--8809704429085" "Mozilla/5.0 (iPhone; CPU iPhone OS 18_6_2 like Mac OS X) AppleWebKit/605.1.15 (KHTML, like Gecko) GSA/389.2.814818472 Mobile/15E148 Safari/604.1"
212.5.158.184 - - [12/Oct/2025:00:40:05 +0200] "GET /722-home_default/enhypen-romance-untold-daydream-.jpg HTTP/2.0" 499 0 "https://kpopbg.com/bg/nachalo/230-526-enhypen-romance-untold-daydream--8809704429085" "Mozilla/5.0 (iPhone; CPU iPhone OS 18_6_2 like Mac OS X) AppleWebKit/605.1.15 (KHTML, like Gecko) GSA/389.2.814818472 Mobile/15E148 Safari/604.1"
212.5.158.184 - - [12/Oct/2025:00:40:05 +0200] "GET /721-large_default/enhypen-romance-untold-daydream-.jpg HTTP/2.0" 200 41594 "https://kpopbg.com/bg/nachalo/230-526-enhypen-romance-untold-daydream--8809704429085" "Mozilla/5.0 (iPhone; CPU iPhone OS 18_6_2 like Mac OS X) AppleWebKit/605.1.15 (KHTML, like Gecko) GSA/389.2.814818472 Mobile/15E148 Safari/604.1"
212.5.158.184 - - [12/Oct/2025:00:40:05 +0200] "GET /721-home_default/enhypen-romance-untold-daydream-.jpg HTTP/2.0" 200 6446 "https://kpopbg.com/bg/nachalo/230-526-enhypen-romance-untold-daydream--8809704429085" "Mozilla/5.0 (iPhone; CPU iPhone OS 18_6_2 like Mac OS X) AppleWebKit/605.1.15 (KHTML, like Gecko) GSA/389.2.814818472 Mobile/15E148 Safari/604.1"
212.5.158.184 - - [12/Oct/2025:00:40:05 +0200] "GET /722-home_default/enhypen-romance-untold-daydream-.jpg HTTP/2.0" 200 7958 "https://kpopbg.com/bg/nachalo/230-526-enhypen-romance-untold-daydream--8809704429085" "Mozilla/5.0 (iPhone; CPU iPhone OS 18_6_2 like Mac OS X) AppleWebKit/605.1.15 (KHTML, like Gecko) GSA/389.2.814818472 Mobile/15E148 Safari/604.1"
40.77.167.75 - - [12/Oct/2025:00:40:05 +0200] "GET /bg/13-artisti?q=%D0%9A%D0%B0%D1%82%D0%B5%D0%B3%D0%BE%D1%80%D0%B8%D0%B8-AESPA-ATEEZ-BABYMONSTER-BLACKPINK-BOYNEXTDOOR-ENHYPEN-ILLIT-ITZY-JIHYO-KAI-Kep1er-NAYEON+%28TWICE%29-NMIXX-RIIZE-WayV-ZEROBASEONE-TREASURE HTTP/2.0" 200 21502 "-" "Mozilla/5.0 AppleWebKit/537.36 (KHTML, like Gecko; compatible; bingbot/2.0; +http://www.bing.com/bingbot.htm) Chrome/116.0.1938.76 Safari/537.36"
66.249.81.74 - - [12/Oct/2025:00:40:05 +0200] "GET /bg/nachalo/230-526-enhypen-romance-untold-daydream--8809704429085 HTTP/1.1" 200 19313 "-" "Mozilla/5.0 (Linux; Android 10; K) AppleWebKit/537.36 (KHTML, like Gecko) Chrome/138.0.0.0 Mobile Safari/537.36 (compatible; Google-Read-Aloud; +https://support.google.com/webmasters/answer/1061943)"
217.113.194.110 - - [12/Oct/2025:00:40:07 +0200] "GET /en/brand/16-pledis-entertainment?order=product.position.asc HTTP/1.1" 200 13216 "-" "Mozilla/5.0 (compatible; Barkrowler/0.9; +https://babbar.tech/crawler)"
212.5.158.184 - - [12/Oct/2025:00:40:15 +0200] "POST /bg/module/ps_facebook/Ajax HTTP/2.0" 200 20 "https://kpopbg.com/bg/nachalo/230-526-enhypen-romance-untold-daydream--8809704429085" "Mozilla/5.0 (iPhone; CPU iPhone OS 18_6_2 like Mac OS X) AppleWebKit/605.1.15 (KHTML, like Gecko) GSA/389.2.814818472 Mobile/15E148 Safari/604.1"
212.5.158.184 - - [12/Oct/2025:00:40:15 +0200] "POST /bg/module/ps_facebook/Ajax HTTP/2.0" 200 20 "https://kpopbg.com/bg/nachalo/230-526-enhypen-romance-untold-daydream--8809704429085" "Mozilla/5.0 (iPhone; CPU iPhone OS 18_6_2 like Mac OS X) AppleWebKit/605.1.15 (KHTML, like Gecko) GSA/389.2.814818472 Mobile/15E148 Safari/604.1"
212.5.158.184 - - [12/Oct/2025:00:40:15 +0200] "POST /bg/index.php?controller=product&token=cc931d60bd7d9392ca22625436865d96&id_product=230&id_customization=0&group%5B5%5D=26&qty=1 HTTP/2.0" 200 28355 "https://kpopbg.com/bg/nachalo/230-526-enhypen-romance-untold-daydream--8809704429085" "Mozilla/5.0 (iPhone; CPU iPhone OS 18_6_2 like Mac OS X) AppleWebKit/605.1.15 (KHTML, like Gecko) GSA/389.2.814818472 Mobile/15E148 Safari/604.1"
212.5.158.184 - - [12/Oct/2025:00:40:15 +0200] "GET /720-large_default/enhypen-romance-untold-daydream-.jpg HTTP/2.0" 200 36322 "https://kpopbg.com/bg/nachalo/230-525-enhypen-romance-untold-daydream--8809704429085" "Mozilla/5.0 (iPhone; CPU iPhone OS 18_6_2 like Mac OS X) AppleWebKit/605.1.15 (KHTML, like Gecko) GSA/389.2.814818472 Mobile/15E148 Safari/604.1"
212.5.158.184 - - [12/Oct/2025:00:40:15 +0200] "GET /720-home_default/enhypen-romance-untold-daydream-.jpg HTTP/2.0" 200 5925 "https://kpopbg.com/bg/nachalo/230-525-enhypen-romance-untold-daydream--8809704429085" "Mozilla/5.0 (iPhone; CPU iPhone OS 18_6_2 like Mac OS X) AppleWebKit/605.1.15 (KHTML, like Gecko) GSA/389.2.814818472 Mobile/15E148 Safari/604.1"
212.5.158.184 - - [12/Oct/2025:00:40:15 +0200] "GET /720-medium_default/enhypen-romance-untold-daydream-.jpg HTTP/2.0" 200 14847 "https://kpopbg.com/bg/nachalo/230-526-enhypen-romance-untold-daydream--8809704429085" "Mozilla/5.0 (iPhone; CPU iPhone OS 18_6_2 like Mac OS X) AppleWebKit/605.1.15 (KHTML, like Gecko) GSA/389.2.814818472 Mobile/15E148 Safari/604.1"
212.5.158.184 - - [12/Oct/2025:00:40:15 +0200] "GET /720-small_default/enhypen-romance-untold-daydream-.jpg HTTP/2.0" 200 1944 "https://kpopbg.com/bg/nachalo/230-526-enhypen-romance-untold-daydream--8809704429085" "Mozilla/5.0 (iPhone; CPU iPhone OS 18_6_2 like Mac OS X) AppleWebKit/605.1.15 (KHTML, like Gecko) GSA/389.2.814818472 Mobile/15E148 Safari/604.1"
66.249.81.74 - - [12/Oct/2025:00:40:16 +0200] "GET /bg/nachalo/230-525-enhypen-romance-untold-daydream--8809704429085 HTTP/1.1" 200 19634 "-" "Mozilla/5.0 (Linux; Android 10; K) AppleWebKit/537.36 (KHTML, like Gecko) Chrome/138.0.0.0 Mobile Safari/537.36 (compatible; Google-Read-Aloud; +https://support.google.com/webmasters/answer/1061943)"
212.5.158.184 - - [12/Oct/2025:00:40:19 +0200] "POST /bg/module/ps_facebook/Ajax HTTP/2.0" 200 20 "https://kpopbg.com/bg/nachalo/230-525-enhypen-romance-untold-daydream--8809704429085" "Mozilla/5.0 (iPhone; CPU iPhone OS 18_6_2 like Mac OS X) AppleWebKit/605.1.15 (KHTML, like Gecko) GSA/389.2.814818472 Mobile/15E148 Safari/604.1"
212.5.158.184 - - [12/Oct/2025:00:40:19 +0200] "POST /bg/index.php?controller=product&token=cc931d60bd7d9392ca22625436865d96&id_product=230&id_customization=0&group%5B5%5D=27&qty=1 HTTP/2.0" 200 27051 "https://kpopbg.com/bg/nachalo/230-525-enhypen-romance-untold-daydream--8809704429085" "Mozilla/5.0 (iPhone; CPU iPhone OS 18_6_2 like Mac OS X) AppleWebKit/605.1.15 (KHTML, like Gecko) GSA/389.2.814818472 Mobile/15E148 Safari/604.1"
212.5.158.184 - - [12/Oct/2025:00:40:19 +0200] "POST /bg/module/ps_facebook/Ajax HTTP/2.0" 200 20 "https://kpopbg.com/bg/nachalo/230-525-enhypen-romance-untold-daydream--8809704429085" "Mozilla/5.0 (iPhone; CPU iPhone OS 18_6_2 like Mac OS X) AppleWebKit/605.1.15 (KHTML, like Gecko) GSA/389.2.814818472 Mobile/15E148 Safari/604.1"
217.113.194.102 - - [12/Oct/2025:00:40:26 +0200] "GET /en/brand/23-stone-music-entertainment?order=product.name.asc HTTP/1.1" 200 12779 "-" "Mozilla/5.0 (compatible; Barkrowler/0.9; +https://babbar.tech/crawler)"
217.113.194.247 - - [12/Oct/2025:00:40:43 +0200] "GET /en/brand/25-koz-entertainment?order=product.price.asc HTTP/1.1" 200 12553 "-" "Mozilla/5.0 (compatible; Barkrowler/0.9; +https://babbar.tech/crawler)"
40.77.167.75 - - [12/Oct/2025:00:40:55 +0200] "GET /en/13-artist?q=%D0%9A%D0%B0%D1%82%D0%B5%D0%B3%D0%BE%D1%80%D0%B8%D0%B8-AESPA-BABYMONSTER-BLACKPINK-BOYNEXTDOOR-ENHYPEN-ILLIT-ITZY-JIHYO-KAI-Kep1er-LISA-NMIXX-STAYC-TXT-ZEROBASEONE-GOT+THE+BEAT HTTP/2.0" 200 20037 "-" "Mozilla/5.0 AppleWebKit/537.36 (KHTML, like Gecko; compatible; bingbot/2.0; +http://www.bing.com/bingbot.htm) Chrome/116.0.1938.76 Safari/537.36"
40.77.167.73 - - [12/Oct/2025:00:41:01 +0200] "GET /en/13-artist?q=Categories-AESPA-ASTRO-BABYMONSTER-BLACKPINK-BTS-ENHYPEN-ILLIT-ITZY-JIHYO-KAI-LISA-NMIXX-STRAYKIDS-TWICE-ZEROBASEONE HTTP/2.0" 200 19874 "-" "Mozilla/5.0 AppleWebKit/537.36 (KHTML, like Gecko; compatible; bingbot/2.0; +http://www.bing.com/bingbot.htm) Chrome/116.0.1938.76 Safari/537.36"
217.113.194.102 - - [12/Oct/2025:00:41:02 +0200] "GET /en/75-seulgi-red-velvet?order=product.price.desc HTTP/1.1" 200 13485 "-" "Mozilla/5.0 (compatible; Barkrowler/0.9; +https://babbar.tech/crawler)"
40.77.167.73 - - [12/Oct/2025:00:41:02 +0200] "GET /en/13-artist?q=Categories-AESPA-ASTRO-ATEEZ-BABYMONSTER-BOYNEXTDOOR-ENHYPEN-ILLIT-LISA-NCT-SEVENTEEN-STRAYKIDS-TREASURE-TWICE-TXT-ZEROBASEONE-ITZY HTTP/2.0" 200 19893 "-" "Mozilla/5.0 AppleWebKit/537.36 (KHTML, like Gecko; compatible; bingbot/2.0; +http://www.bing.com/bingbot.htm) Chrome/116.0.1938.76 Safari/537.36"
114.119.151.63 - - [12/Oct/2025:00:41:10 +0200] "GET /en/13-artist?q=Categories-IVE-JIMIN-NCT-Agust%2BD%2B(BTS)&order=product.name.desc HTTP/1.1" 200 20040 "https://kpopbg.com/en/13-artist?q=Categories-JIMIN-NCT-IVE&order=product.name.desc" "Mozilla/5.0 (Linux; Android 7.0;) AppleWebKit/537.36 (KHTML, like Gecko) Mobile Safari/537.36 (compatible; PetalBot;+https://webmaster.petalsearch.com/site/petalbot)"
217.113.194.109 - - [12/Oct/2025:00:41:20 +0200] "GET /en/12-album?SubmitCurrency=1&id_currency=2&page=10 HTTP/1.1" 200 16204 "-" "Mozilla/5.0 (compatible; Barkrowler/0.9; +https://babbar.tech/crawler)"
40.77.167.116 - - [12/Oct/2025:00:41:21 +0200] "GET /bg/13-artisti?q=%D0%9A%D0%B0%D1%82%D0%B5%D0%B3%D0%BE%D1%80%D0%B8%D0%B8-AESPA-ASTRO-ATEEZ-BABYMONSTER-BLACKPINK-BOYNEXTDOOR-ENHYPEN-ILLIT-ITZY-KAI-LISA-NMIXX-STRAYKIDS-TWICE-ZEROBASEONE-P1Harmony&page=3 HTTP/2.0" 200 21656 "-" "Mozilla/5.0 AppleWebKit/537.36 (KHTML, like Gecko; compatible; bingbot/2.0; +http://www.bing.com/bingbot.htm) Chrome/116.0.1938.76 Safari/537.36"
40.77.167.75 - - [12/Oct/2025:00:41:26 +0200] "GET /bg/13-artisti?q=%D0%9A%D0%B0%D1%82%D0%B5%D0%B3%D0%BE%D1%80%D0%B8%D0%B8-AESPA-BABYMONSTER-BLACKPINK-ENHYPEN-ILLIT-ITZY-JIHYO-LISA-NCT+WISH-NMIXX-P1Harmony-RM+%28BTS%29-STAYC-STRAYKIDS-TWICE-ZEROBASEONE HTTP/2.0" 200 21510 "-" "Mozilla/5.0 AppleWebKit/537.36 (KHTML, like Gecko; compatible; bingbot/2.0; +http://www.bing.com/bingbot.htm) Chrome/116.0.1938.76 Safari/537.36"
40.77.167.73 - - [12/Oct/2025:00:41:30 +0200] "GET /bg/13-artisti?q=%D0%9A%D0%B0%D1%82%D0%B5%D0%B3%D0%BE%D1%80%D0%B8%D0%B8-AESPA-ATEEZ-BABYMONSTER-BLACKPINK-BTS-ENHYPEN-ILLIT-ITZY-JIHYO-KAI-Kep1er-LE+SSERAFIM-LISA-NMIXX-RIIZE-SEVENTEEN-STRAYKIDS-TWICE-TXT-ZEROBASEONE-NCT+WISH HTTP/2.0" 200 21532 "-" "Mozilla/5.0 AppleWebKit/537.36 (KHTML, like Gecko; compatible; bingbot/2.0; +http://www.bing.com/bingbot.htm) Chrome/116.0.1938.76 Safari/537.36"
217.113.194.106 - - [12/Oct/2025:00:41:38 +0200] "GET /en/12-album?SubmitCurrency=1&id_currency=3&page=2 HTTP/1.1" 200 16065 "-" "Mozilla/5.0 (compatible; Barkrowler/0.9; +https://babbar.tech/crawler)"
47.128.116.88 - - [12/Oct/2025:00:41:46 +0200] "GET /bg/13-artisti?order=product.name.asc&q=%D0%9A%D0%B0%D1%82%D0%B5%D0%B3%D0%BE%D1%80%D0%B8%D0%B8-BLACKPINK-BTS-CHA+EUN+WOO+%28ASTRO%29-ITZY-JIHYO-JUNG+KOOK+%28BTS%29-TREASURE-TWICE-JIMIN+%28BTS%29 HTTP/2.0" 200 21124 "-" "Mozilla/5.0 (compatible; Bytespider; spider-feedback@bytedance.com) AppleWebKit/537.36 (KHTML, like Gecko) Chrome/70.0.0.0 Safari/537.36"
217.113.194.224 - - [12/Oct/2025:00:41:57 +0200] "GET /en/12-album?SubmitCurrency=1&id_currency=3&page=13 HTTP/1.1" 200 16136 "-" "Mozilla/5.0 (compatible; Barkrowler/0.9; +https://babbar.tech/crawler)"
40.77.167.116 - - [12/Oct/2025:00:42:02 +0200] "GET /en/13-artist?q=Categories-AESPA-BABYMONSTER-ENHYPEN-ITZY-JIHYO-JUNG+KOOK+%28BTS%29-NCT+JAEHYUN-NMIXX-RM+%28BTS%29-ROSE+%28BLACKPINK%29-SEVENTEEN-TWICE-TXT-WayV-XDINARY+HEROES-ZEROBASEONE-V+%28BTS%29 HTTP/2.0" 200 19986 "-" "Mozilla/5.0 AppleWebKit/537.36 (KHTML, like Gecko; compatible; bingbot/2.0; +http://www.bing.com/bingbot.htm) Chrome/116.0.1938.76 Safari/537.36"
40.77.167.116 - - [12/Oct/2025:00:42:04 +0200] "GET /bg/13-artisti?q=%D0%9A%D0%B0%D1%82%D0%B5%D0%B3%D0%BE%D1%80%D0%B8%D0%B8-ATEEZ-BABYMONSTER-BLACKPINK-BOYNEXTDOOR-ENHYPEN-GOT+THE+BEAT-ILLIT-IVE-JENNIE+%28BLACKPINK%29-LISA+%28BLACKPINK%29-NMIXX-RIIZE-ROSE+%28BLACKPINK%29-STRAYKIDS-TREASURE-TWICE-TXT-ZEROBASEONE-SEVENTEEN HTTP/2.0" 200 21634 "-" "Mozilla/5.0 AppleWebKit/537.36 (KHTML, like Gecko; compatible; bingbot/2.0; +http://www.bing.com/bingbot.htm) Chrome/116.0.1938.76 Safari/537.36"
217.113.194.103 - - [12/Oct/2025:00:42:16 +0200] "GET /en/49-p1harmony?SubmitCurrency=1&id_currency=1 HTTP/1.1" 200 13636 "-" "Mozilla/5.0 (compatible; Barkrowler/0.9; +https://babbar.tech/crawler)"
217.113.194.108 - - [12/Oct/2025:00:42:33 +0200] "GET /en/13-artist?SubmitCurrency=1&id_currency=2&page=7 HTTP/1.1" 200 19708 "-" "Mozilla/5.0 (compatible; Barkrowler/0.9; +https://babbar.tech/crawler)"
114.119.133.146 - - [12/Oct/2025:00:42:34 +0200] "GET /en/13-artist?q=Categories-IVE-JIMIN-KAI-NMIXX/Availability-Not%2Bavailable HTTP/1.1" 200 19759 "https://kpopbg.com/en/13-artist?q=Categories-IVE-JIMIN-KAI-NMIXX/Brand-JYP%2BEntertainment" "Mozilla/5.0 (Linux; Android 7.0;) AppleWebKit/537.36 (KHTML, like Gecko) Mobile Safari/537.36 (compatible; PetalBot;+https://webmaster.petalsearch.com/site/petalbot)"
47.128.99.154 - - [12/Oct/2025:00:42:34 +0200] "GET /bg/13-artisti?q=%D0%9A%D0%B0%D1%82%D0%B5%D0%B3%D0%BE%D1%80%D0%B8%D0%B8-AESPA-BTS-ITZY-JIMIN+%28BTS%29-TXT-NCT HTTP/2.0" 200 21346 "-" "Mozilla/5.0 (compatible; Bytespider; spider-feedback@bytedance.com) AppleWebKit/537.36 (KHTML, like Gecko) Chrome/70.0.0.0 Safari/537.36"
40.77.167.116 - - [12/Oct/2025:00:42:52 +0200] "GET /en/13-artist?q=Categories-AESPA-BABYMONSTER-BLACKPINK-BOYNEXTDOOR-BTS-ENHYPEN-ILLIT-JIHYO-KAI-LISA-NMIXX-P1Harmony-SEVENTEEN-TWICE-TXT-ZEROBASEONE-TREASURE&page=3 HTTP/2.0" 200 19981 "-" "Mozilla/5.0 AppleWebKit/537.36 (KHTML, like Gecko; compatible; bingbot/2.0; +http://www.bing.com/bingbot.htm) Chrome/116.0.1938.76 Safari/537.36"
217.113.194.109 - - [12/Oct/2025:00:42:54 +0200] "GET /en/13-artist?SubmitCurrency=1&id_currency=2&page=15 HTTP/1.1" 200 19896 "-" "Mozilla/5.0 (compatible; Barkrowler/0.9; +https://babbar.tech/crawler)"
217.113.194.224 - - [12/Oct/2025:00:43:12 +0200] "GET /en/13-artist?q=Categories-TXT-V+%28BTS%29 HTTP/1.1" 200 19708 "-" "Mozilla/5.0 (compatible; Barkrowler/0.9; +https://babbar.tech/crawler)"
40.77.167.116 - - [12/Oct/2025:00:43:21 +0200] "GET /en/13-artist?q=Categories-AESPA-ASTRO-ATEEZ-BABYMONSTER-BLACKPINK-BOYNEXTDOOR-ENHYPEN-ILLIT-ITZY-JIHYO-NCT-SEVENTEEN-STAYC-STRAYKIDS-TXT-ZEROBASEONE-P1Harmony HTTP/2.0" 200 19943 "-" "Mozilla/5.0 AppleWebKit/537.36 (KHTML, like Gecko; compatible; bingbot/2.0; +http://www.bing.com/bingbot.htm) Chrome/116.0.1938.76 Safari/537.36"
47.128.113.146 - - [12/Oct/2025:00:43:23 +0200] "GET /bg/13-artisti?SubmitCurrency=1&id_currency=1&order=product.price.asc&q=%D0%9A%D0%B0%D1%82%D0%B5%D0%B3%D0%BE%D1%80%D0%B8%D0%B8-%28G%29I%5C-DLE-JIHYO-KAI-NCT+127-NMIXX-TREASURE-IVE HTTP/2.0" 200 21493 "-" "Mozilla/5.0 (compatible; Bytespider; spider-feedback@bytedance.com) AppleWebKit/537.36 (KHTML, like Gecko) Chrome/70.0.0.0 Safari/537.36"
217.113.194.224 - - [12/Oct/2025:00:43:30 +0200] "GET /en/13-artist?q=Categories-TWICE-NMIXX HTTP/1.1" 200 19703 "-" "Mozilla/5.0 (compatible; Barkrowler/0.9; +https://babbar.tech/crawler)"
52.167.144.139 - - [12/Oct/2025:00:43:32 +0200] "GET /bg/13-artisti?q=%D0%9A%D0%B0%D1%82%D0%B5%D0%B3%D0%BE%D1%80%D0%B8%D0%B8-AESPA-BABYMONSTER-BLACKPINK-BOYNEXTDOOR-BTS-ENHYPEN-GOT+THE+BEAT-ILLIT-ITZY-IVE-LISA-NMIXX-STRAYKIDS-TWICE-ZEROBASEONE-ASTRO HTTP/2.0" 200 21497 "-" "Mozilla/5.0 AppleWebKit/537.36 (KHTML, like Gecko; compatible; bingbot/2.0; +http://www.bing.com/bingbot.htm) Chrome/116.0.1938.76 Safari/537.36"
52.167.144.139 - - [12/Oct/2025:00:43:33 +0200] "GET /en/13-artist?q=Categories-AESPA-ATEEZ-BABYMONSTER-BLACKPINK-BOYNEXTDOOR-ENHYPEN-ILLIT-ITZY-JIHYO-JUNG+KOOK+%28BTS%29-LISA-NAYEON+%28TWICE%29-NCT+127-NEW+JEANS-NMIXX-P1Harmony-SEVENTEEN-STRAYKIDS-TXT-ZEROBASEONE-ROSE+%28BLACKPINK%29 HTTP/2.0" 200 20063 "-" "Mozilla/5.0 AppleWebKit/537.36 (KHTML, like Gecko; compatible; bingbot/2.0; +http://www.bing.com/bingbot.htm) Chrome/116.0.1938.76 Safari/537.36"
217.113.194.111 - - [12/Oct/2025:00:43:47 +0200] "GET /en/13-artist?q=Categories-TWICE-Dreamcatcher&page=3 HTTP/1.1" 200 19797 "-" "Mozilla/5.0 (compatible; Barkrowler/0.9; +https://babbar.tech/crawler)"
114.119.151.63 - - [12/Oct/2025:00:43:54 +0200] "GET /en/13-artist?q=Categories-IVE-JIMIN-KAI-NMIXX-STAYC-TWICE/Brand-SM%2BEntertainment HTTP/1.1" 200 19774 "https://kpopbg.com/en/13-artist?q=Categories-IVE-JIMIN-KAI-NMIXX-TWICE-STAYC" "Mozilla/5.0 (Linux; Android 7.0;) AppleWebKit/537.36 (KHTML, like Gecko) Mobile Safari/537.36 (compatible; PetalBot;+https://webmaster.petalsearch.com/site/petalbot)"
217.113.194.111 - - [12/Oct/2025:00:44:06 +0200] "GET /en/13-artist?q=Categories-TWICE-ILLIT&page=7 HTTP/1.1" 200 19698 "-" "Mozilla/5.0 (compatible; Barkrowler/0.9; +https://babbar.tech/crawler)"
47.128.61.80 - - [12/Oct/2025:00:44:11 +0200] "GET /bg/13-artisti?SubmitCurrency=1&id_currency=1&q=%D0%9A%D0%B0%D1%82%D0%B5%D0%B3%D0%BE%D1%80%D0%B8%D0%B8-ASTRO-ITZY-IVE-RED+VELVET-TXT-LISA HTTP/2.0" 200 21384 "-" "Mozilla/5.0 (compatible; Bytespider; spider-feedback@bytedance.com) AppleWebKit/537.36 (KHTML, like Gecko) Chrome/70.0.0.0 Safari/537.36"
154.54.249.203 - - [12/Oct/2025:00:44:24 +0200] "GET /en/13-artist?q=Categories-TWICE-ILLIT&page=5 HTTP/1.1" 200 19892 "-" "Mozilla/5.0 (compatible; Barkrowler/0.9; +https://babbar.tech/crawler)"
217.113.194.103 - - [12/Oct/2025:00:44:44 +0200] "GET /en/13-artist?q=Categories-GOT+THE+BEAT HTTP/1.1" 200 19705 "-" "Mozilla/5.0 (compatible; Barkrowler/0.9; +https://babbar.tech/crawler)"
54.179.79.203 - - [12/Oct/2025:00:44:46 +0200] "GET /696-medium_default/txt-the-star-chapter-sanctuary-angel-ver.jpg HTTP/1.1" 200 35796 "-" "Mozilla/5.0 (compatible; crawler)"
47.128.35.172 - - [12/Oct/2025:00:45:00 +0200] "GET /bg/13-artisti?order=product.price.asc&q=%D0%9A%D0%B0%D1%82%D0%B5%D0%B3%D0%BE%D1%80%D0%B8%D0%B8-AESPA-ATEEZ-BLACKPINK-ITZY-JIMIN+%28BTS%29-RED+VELVET-STAYC-TXT-TREASURE HTTP/2.0" 200 21450 "-" "Mozilla/5.0 (compatible; Bytespider; spider-feedback@bytedance.com) AppleWebKit/537.36 (KHTML, like Gecko) Chrome/70.0.0.0 Safari/537.36"
217.113.194.224 - - [12/Oct/2025:00:45:02 +0200] "GET /en/13-artist?q=Categories-IVE-JIHYO&page=14 HTTP/1.1" 200 19812 "-" "Mozilla/5.0 (compatible; Barkrowler/0.9; +https://babbar.tech/crawler)"
40.77.167.116 - - [12/Oct/2025:00:45:02 +0200] "GET /bg/13-artisti?q=%D0%9A%D0%B0%D1%82%D0%B5%D0%B3%D0%BE%D1%80%D0%B8%D0%B8-ATEEZ-BABYMONSTER-BLACKPINK-BOYNEXTDOOR-ENHYPEN-GOT+THE+BEAT-ILLIT-IVE-JENNIE+%28BLACKPINK%29-JIHYO-JISOO+%28BLACKPINK%29-NMIXX-RIIZE-SEVENTEEN-STAYC-TREASURE-TWICE-TXT-WayV-ZEROBASEONE&page=19 HTTP/2.0" 200 21656 "-" "Mozilla/5.0 AppleWebKit/537.36 (KHTML, like Gecko; compatible; bingbot/2.0; +http://www.bing.com/bingbot.htm) Chrome/116.0.1938.76 Safari/537.36"
40.77.167.116 - - [12/Oct/2025:00:45:02 +0200] "GET /bg/13-artisti?q=%D0%9A%D0%B0%D1%82%D0%B5%D0%B3%D0%BE%D1%80%D0%B8%D0%B8-ATEEZ-BABYMONSTER-BLACKPINK-BOYNEXTDOOR-ENHYPEN-GOT+THE+BEAT-ILLIT-JENNIE+%28BLACKPINK%29-NEW+JEANS-NMIXX-P1Harmony-RIIZE-SEVENTEEN-TWICE-TXT-WayV-ZEROBASEONE-xikers&page=19 HTTP/2.0" 200 21609 "-" "Mozilla/5.0 AppleWebKit/537.36 (KHTML, like Gecko; compatible; bingbot/2.0; +http://www.bing.com/bingbot.htm) Chrome/116.0.1938.76 Safari/537.36"
40.77.167.75 - - [12/Oct/2025:00:45:07 +0200] "GET /bg/13-artisti?q=%D0%9A%D0%B0%D1%82%D0%B5%D0%B3%D0%BE%D1%80%D0%B8%D0%B8-ATEEZ-BABYMONSTER-BLACKPINK-BOYNEXTDOOR-GOT+THE+BEAT-ILLIT-ITZY-IVE-JENNIE+%28BLACKPINK%29-JIHYO-NMIXX-RIIZE-ROSE+%28BLACKPINK%29-SEVENTEEN-STAYC-STRAYKIDS-TREASURE-TWICE-WayV-ZEROBASEONE-JUNG+KOOK+%28BTS%29&order=product.price.asc HTTP/2.0" 200 21716 "-" "Mozilla/5.0 AppleWebKit/537.36 (KHTML, like Gecko; compatible; bingbot/2.0; +http://www.bing.com/bingbot.htm) Chrome/116.0.1938.76 Safari/537.36"
114.119.153.232 - - [12/Oct/2025:00:45:19 +0200] "GET /en/13-artist?q=Categories-IVE-JIMIN-KAI-NCT-TWICE-STAYC&order=product.sales.desc HTTP/1.1" 200 16029 "https://kpopbg.com/en/13-artist?q=Categories-IVE-JIMIN-KAI-TWICE-NCT&order=product.sales.desc" "Mozilla/5.0 (Linux; Android 7.0;) AppleWebKit/537.36 (KHTML, like Gecko) Mobile Safari/537.36 (compatible; PetalBot;+https://webmaster.petalsearch.com/site/petalbot)"
217.113.194.223 - - [12/Oct/2025:00:45:21 +0200] "GET /en/13-artist?q=Categories-IVE-TREASURE&page=17 HTTP/1.1" 200 19620 "-" "Mozilla/5.0 (compatible; Barkrowler/0.9; +https://babbar.tech/crawler)"
40.77.167.75 - - [12/Oct/2025:00:45:35 +0200] "GET /en/13-artist?q=%D0%9A%D0%B0%D1%82%D0%B5%D0%B3%D0%BE%D1%80%D0%B8%D0%B8-AESPA-ATEEZ-BABYMONSTER-BLACKPINK-BTS-ENHYPEN-ILLIT-ITZY-JIHYO-KAI-Kep1er-LISA-NMIXX-TREASURE-TXT-xikers-ZEROBASEONE-RM+%28BTS%29 HTTP/2.0" 200 19982 "-" "Mozilla/5.0 AppleWebKit/537.36 (KHTML, like Gecko; compatible; bingbot/2.0; +http://www.bing.com/bingbot.htm) Chrome/116.0.1938.76 Safari/537.36"
217.113.194.103 - - [12/Oct/2025:00:45:40 +0200] "GET /en/13-artist?q=Categories-AESPA-ENHYPEN HTTP/1.1" 200 19707 "-" "Mozilla/5.0 (compatible; Barkrowler/0.9; +https://babbar.tech/crawler)"
40.77.167.116 - - [12/Oct/2025:00:45:42 +0200] "GET /bg/13-artisti?q=%D0%9A%D0%B0%D1%82%D0%B5%D0%B3%D0%BE%D1%80%D0%B8%D0%B8-AESPA-ATEEZ-BABYMONSTER-BLACKPINK-BOYNEXTDOOR-ENHYPEN-GOT+THE+BEAT-ILLIT-ITZY-KAI-LISA-NMIXX-STRAYKIDS-TREASURE-ZEROBASEONE-LE+SSERAFIM&page=6 HTTP/2.0" 200 21673 "-" "Mozilla/5.0 AppleWebKit/537.36 (KHTML, like Gecko; compatible; bingbot/2.0; +http://www.bing.com/bingbot.htm) Chrome/116.0.1938.76 Safari/537.36"
47.128.114.227 - - [12/Oct/2025:00:45:49 +0200] "GET /bg/13-artisti?order=product.position.asc&q=%D0%9A%D0%B0%D1%82%D0%B5%D0%B3%D0%BE%D1%80%D0%B8%D0%B8-BLACKPINK-BTS-IVE-STRAYKIDS-TXT-LE+SSERAFIM HTTP/2.0" 200 21114 "-" "Mozilla/5.0 (Linux; Android 5.0) AppleWebKit/537.36 (KHTML, like Gecko) Mobile Safari/537.36 (compatible; Bytespider; spider-feedback@bytedance.com)"
217.113.194.103 - - [12/Oct/2025:00:45:59 +0200] "GET /en/13-artist?q=Categories-Jin+%28BTS%29&page=2 HTTP/1.1" 200 19747 "-" "Mozilla/5.0 (compatible; Barkrowler/0.9; +https://babbar.tech/crawler)"
52.167.144.139 - - [12/Oct/2025:00:46:02 +0200] "GET /bg/13-artisti?q=%D0%9A%D0%B0%D1%82%D0%B5%D0%B3%D0%BE%D1%80%D0%B8%D0%B8-AESPA-ATEEZ-BABYMONSTER-BOYNEXTDOOR-BTS-ENHYPEN-GOT+THE+BEAT-ILLIT-IVE-JIHYO-KAI-LISA-RIIZE-SEVENTEEN-TWICE-TXT-WayV-xikers-ZEROBASEONE-NCT+127 HTTP/2.0" 200 21513 "-" "Mozilla/5.0 AppleWebKit/537.36 (KHTML, like Gecko; compatible; bingbot/2.0; +http://www.bing.com/bingbot.htm) Chrome/116.0.1938.76 Safari/537.36"
40.77.167.75 - - [12/Oct/2025:00:46:06 +0200] "GET /bg/13-artisti?q=%D0%9A%D0%B0%D1%82%D0%B5%D0%B3%D0%BE%D1%80%D0%B8%D0%B8-ATEEZ-BLACKPINK-BOYNEXTDOOR-ENHYPEN-GOT+THE+BEAT-ILLIT-IVE-JIHYO-Kep1er-LISA-NCT+DOYOUNG-NMIXX-RIIZE-ROSE+%28BLACKPINK%29-SEVENTEEN-STAYC-TWICE-TXT-WayV-ZEROBASEONE-CHA+EUN+WOO+%28ASTRO%29 HTTP/2.0" 200 21675 "-" "Mozilla/5.0 AppleWebKit/537.36 (KHTML, like Gecko; compatible; bingbot/2.0; +http://www.bing.com/bingbot.htm) Chrome/116.0.1938.76 Safari/537.36"
217.113.194.103 - - [12/Oct/2025:00:46:18 +0200] "GET /en/13-artist?q=Categories-ATEEZ-LISA&page=16 HTTP/1.1" 200 19685 "-" "Mozilla/5.0 (compatible; Barkrowler/0.9; +https://babbar.tech/crawler)"
40.77.167.116 - - [12/Oct/2025:00:46:22 +0200] "GET /bg/13-artisti?q=%D0%9A%D0%B0%D1%82%D0%B5%D0%B3%D0%BE%D1%80%D0%B8%D0%B8-AESPA-BABYMONSTER-BLACKPINK-BOYNEXTDOOR-GOT+THE+BEAT-ILLIT-ITZY-JIHYO-Jin+%28BTS%29-LISA-NCT+WISH-NMIXX-P1Harmony-SEVENTEEN-STRAYKIDS-TXT-ZEROBASEONE-IVE HTTP/2.0" 200 21562 "-" "Mozilla/5.0 AppleWebKit/537.36 (KHTML, like Gecko; compatible; bingbot/2.0; +http://www.bing.com/bingbot.htm) Chrome/116.0.1938.76 Safari/537.36"
40.77.167.116 - - [12/Oct/2025:00:46:22 +0200] "GET /bg/13-artisti?q=%D0%9A%D0%B0%D1%82%D0%B5%D0%B3%D0%BE%D1%80%D0%B8%D0%B8-AESPA-BABYMONSTER-BLACKPINK-BOYNEXTDOOR-ENHYPEN-ILLIT-ITZY-KAI-LISA-NAYEON+%28TWICE%29-NMIXX-P1Harmony-SEVENTEEN-STRAYKIDS-TREASURE-TXT-ZEROBASEONE-V+%28BTS%29 HTTP/2.0" 200 21616 "-" "Mozilla/5.0 AppleWebKit/537.36 (KHTML, like Gecko; compatible; bingbot/2.0; +http://www.bing.com/bingbot.htm) Chrome/116.0.1938.76 Safari/537.36"
40.77.167.116 - - [12/Oct/2025:00:46:23 +0200] "GET /bg/13-artisti?q=%D0%9A%D0%B0%D1%82%D0%B5%D0%B3%D0%BE%D1%80%D0%B8%D0%B8-AESPA-ATEEZ-BABYMONSTER-BTS-ENHYPEN-ILLIT-LE+SSERAFIM-LISA-NMIXX-STRAYKIDS-THE+BOYZ-TREASURE-TWICE HTTP/2.0" 200 21430 "-" "Mozilla/5.0 AppleWebKit/537.36 (KHTML, like Gecko; compatible; bingbot/2.0; +http://www.bing.com/bingbot.htm) Chrome/116.0.1938.76 Safari/537.36"
52.167.144.139 - - [12/Oct/2025:00:46:31 +0200] "GET /bg/13-artisti?q=%D0%9A%D0%B0%D1%82%D0%B5%D0%B3%D0%BE%D1%80%D0%B8%D0%B8-BABYMONSTER-BLACKPINK-BOYNEXTDOOR-ENHYPEN-GOT+THE+BEAT-ILLIT-ITZY-IVE-NEW+JEANS-NMIXX-P1Harmony-RIIZE-STAYC-STRAYKIDS-TWICE-TXT-WayV-ZEROBASEONE-Kep1er HTTP/2.0" 200 21508 "-" "Mozilla/5.0 AppleWebKit/537.36 (KHTML, like Gecko; compatible; bingbot/2.0; +http://www.bing.com/bingbot.htm) Chrome/116.0.1938.76 Safari/537.36"
40.77.167.75 - - [12/Oct/2025:00:46:36 +0200] "GET /en/13-artist?q=Categories-AESPA-BABYMONSTER-ENHYPEN-ILLIT-ITZY-IVE-JIHYO-JIMIN+%28BTS%29-KAI-LISA-NMIXX-SEVENTEEN-STAYC-TWICE-V+%28BTS%29-WayV-xikers-ZEROBASEONE HTTP/2.0" 200 19927 "-" "Mozilla/5.0 AppleWebKit/537.36 (KHTML, like Gecko; compatible; bingbot/2.0; +http://www.bing.com/bingbot.htm) Chrome/116.0.1938.76 Safari/537.36"
