52.167.144.186 - - [12/Oct/2025:02:23:59 +0200] "GET /en/13-artist?q=Categories-ATEEZ-BABYMONSTER-BTS-ENHYPEN-ILLIT-ITZY-JIHYO-LISA-NMIXX-STAYC-STRAYKIDS-TREASURE-TWICE-TXT-ZEROBASEONE-GOT+THE+BEAT HTTP/2.0" 200 19891 "-" "Mozilla/5.0 AppleWebKit/537.36 (KHTML, like Gecko; compatible; bingbot/2.0; +http://www.bing.com/bingbot.htm) Chrome/116.0.1938.76 Safari/537.36"
52.167.144.186 - - [12/Oct/2025:02:24:00 +0200] "GET /bg/13-artisti?q=%D0%9A%D0%B0%D1%82%D0%B5%D0%B3%D0%BE%D1%80%D0%B8%D0%B8-ATEEZ-BABYMONSTER-BLACKPINK-BOYNEXTDOOR-ENHYPEN-GOT+THE+BEAT-ILLIT-IVE-JENNIE+%28BLACKPINK%29-JIHYO-JIMIN+%28BTS%29-JISOO+%28BLACKPINK%29-LE+SSERAFIM-LISA+%28BLACKPINK%29-NMIXX-P1Harmony-SEVENTEEN-TWICE-TXT-WayV-ZEROBASEONE-xikers HTTP/2.0" 200 21703 "-" "Mozilla/5.0 AppleWebKit/537.36 (KHTML, like Gecko; compatible; bingbot/2.0; +http://www.bing.com/bingbot.htm) Chrome/116.0.1938.76 Safari/537.36"
114.119.137.2 - - [12/Oct/2025:02:24:10 +0200] "GET /en/22-gi-dle?SubmitCurrency=1&id_currency=1&order=product.name.asc HTTP/1.1" 302 5 "https://kpopbg.com/en/22-gi-dle?SubmitCurrency=1&id_currency=1" "Mozilla/5.0 (Linux; Android 7.0;) AppleWebKit/537.36 (KHTML, like Gecko) Mobile Safari/537.36 (compatible; PetalBot;+https://webmaster.petalsearch.com/site/petalbot)"
154.54.249.203 - - [12/Oct/2025:02:24:10 +0200] "GET /en/13-artist?q=Categories-ILLIT-ITZY-BTS&page=11 HTTP/1.1" 200 19943 "-" "Mozilla/5.0 (compatible; Barkrowler/0.9; +https://babbar.tech/crawler)"
52.167.144.220 - - [12/Oct/2025:02:24:11 +0200] "GET /bg/13-artisti?q=%D0%9A%D0%B0%D1%82%D0%B5%D0%B3%D0%BE%D1%80%D0%B8%D0%B8-AESPA-BABYMONSTER-BLACKPINK-BOYNEXTDOOR-BTS-ENHYPEN-ILLIT-IVE-LISA-NAYEON+%28TWICE%29-NCT+127-NCT+WISH-NMIXX-RIIZE-SEVENTEEN-STAYC-STRAYKIDS-WayV-ZEROBASEONE-JIHYO HTTP/2.0" 200 21560 "-" "Mozilla/5.0 AppleWebKit/537.36 (KHTML, like Gecko; compatible; bingbot/2.0; +http://www.bing.com/bingbot.htm) Chrome/116.0.1938.76 Safari/537.36"
114.119.137.2 - - [12/Oct/2025:02:24:11 +0200] "GET /en/22-gi-dle-i-dle?SubmitCurrency=1&id_currency=1&order=product.name.asc HTTP/1.1" 200 14064 "https://kpopbg.com/en/22-gi-dle?SubmitCurrency=1&id_currency=1" "Mozilla/5.0 (Linux; Android 7.0;) AppleWebKit/537.36 (KHTML, like Gecko) Mobile Safari/537.36 (compatible; PetalBot;+https://webmaster.petalsearch.com/site/petalbot)"
40.77.167.62 - - [12/Oct/2025:02:24:17 +0200] "GET /bg/13-artisti?q=%D0%9A%D0%B0%D1%82%D0%B5%D0%B3%D0%BE%D1%80%D0%B8%D0%B8-ATEEZ-BABYMONSTER-BOYNEXTDOOR-ENHYPEN-GOT+THE+BEAT-ILLIT-JISOO+%28BLACKPINK%29-LISA+%28BLACKPINK%29-NEW+JEANS-NMIXX-RIIZE-SEVENTEEN-STRAYKIDS-TWICE-WayV-ZEROBASEONE-P1Harmony HTTP/2.0" 200 21599 "-" "Mozilla/5.0 AppleWebKit/537.36 (KHTML, like Gecko; compatible; bingbot/2.0; +http://www.bing.com/bingbot.htm) Chrome/116.0.1938.76 Safari/537.36"
40.77.167.62 - - [12/Oct/2025:02:24:18 +0200] "GET /en/13-artist?q=Categories-AESPA-JIHYO-Kep1er-BLACKPINK&order=product.sales.desc HTTP/2.0" 200 16002 "-" "Mozilla/5.0 AppleWebKit/537.36 (KHTML, like Gecko; compatible; bingbot/2.0; +http://www.bing.com/bingbot.htm) Chrome/116.0.1938.76 Safari/537.36"
40.77.167.62 - - [12/Oct/2025:02:24:19 +0200] "GET /bg/13-artisti?q=%D0%9A%D0%B0%D1%82%D0%B5%D0%B3%D0%BE%D1%80%D0%B8%D0%B8-BABYMONSTER-BOYNEXTDOOR-BTS-ENHYPEN-ILLIT-ITZY-JIHYO-JIMIN+%28BTS%29-KAI-LISA-NCT+DOYOUNG-NMIXX-RIIZE-RM+%28BTS%29-SEVENTEEN-STAYC-TWICE-ZEROBASEONE HTTP/2.0" 200 21504 "-" "Mozilla/5.0 AppleWebKit/537.36 (KHTML, like Gecko; compatible; bingbot/2.0; +http://www.bing.com/bingbot.htm) Chrome/116.0.1938.76 Safari/537.36"
40.77.167.62 - - [12/Oct/2025:02:24:20 +0200] "GET /bg/13-artisti?q=%D0%9A%D0%B0%D1%82%D0%B5%D0%B3%D0%BE%D1%80%D0%B8%D0%B8-AESPA-BABYMONSTER-BLACKPINK-BOYNEXTDOOR-BTS-ENHYPEN-IVE-JIHYO-JIMIN+%28BTS%29-LE+SSERAFIM-LISA-NMIXX-RIIZE-STRAYKIDS-TXT-V+%28BTS%29-ZEROBASEONE HTTP/2.0" 200 21535 "-" "Mozilla/5.0 AppleWebKit/537.36 (KHTML, like Gecko; compatible; bingbot/2.0; +http://www.bing.com/bingbot.htm) Chrome/116.0.1938.76 Safari/537.36"
52.167.144.220 - - [12/Oct/2025:02:24:21 +0200] "GET /en/13-artist?q=Categories-AESPA-BABYMONSTER-BLACKPINK-ILLIT-ITZY-IVE-JIHYO-KAI-NMIXX-RIIZE-SEVENTEEN-STAYC-TWICE-TXT-V+%28BTS%29-WayV-xikers-ZEROBASEONE&order=product.position.asc HTTP/2.0" 200 19811 "-" "Mozilla/5.0 AppleWebKit/537.36 (KHTML, like Gecko; compatible; bingbot/2.0; +http://www.bing.com/bingbot.htm) Chrome/116.0.1938.76 Safari/537.36"
40.77.167.62 - - [12/Oct/2025:02:24:21 +0200] "GET /bg/13-artisti?q=%D0%9A%D0%B0%D1%82%D0%B5%D0%B3%D0%BE%D1%80%D0%B8%D0%B8-ATEEZ-BOYNEXTDOOR-ENHYPEN-ILLIT-IVE-Kep1er-NEW+JEANS-NMIXX-RIIZE-SEVENTEEN-STRAYKIDS-TWICE-TXT-WayV-ZEROBASEONE-XDINARY+HEROES HTTP/2.0" 200 21488 "-" "Mozilla/5.0 AppleWebKit/537.36 (KHTML, like Gecko; compatible; bingbot/2.0; +http://www.bing.com/bingbot.htm) Chrome/116.0.1938.76 Safari/537.36"
40.77.167.62 - - [12/Oct/2025:02:24:22 +0200] "GET /bg/13-artisti?q=%D0%9A%D0%B0%D1%82%D0%B5%D0%B3%D0%BE%D1%80%D0%B8%D0%B8-AESPA-ATEEZ-BABYMONSTER-BLACKPINK-BOYNEXTDOOR-BTS-ENHYPEN-ILLIT-ITZY-JIHYO-Kep1er-KISS+OF+LIFE-NCT+JAEHYUN-NEW+JEANS-NMIXX-P1Harmony-RIIZE-SEVENTEEN-TXT-V+%28BTS%29-xikers-ZEROBASEONE-LE+SSERAFIM HTTP/2.0" 200 21676 "-" "Mozilla/5.0 AppleWebKit/537.36 (KHTML, like Gecko; compatible; bingbot/2.0; +http://www.bing.com/bingbot.htm) Chrome/116.0.1938.76 Safari/537.36"
52.167.144.186 - - [12/Oct/2025:02:24:25 +0200] "GET /bg/13-artisti?q=%D0%9A%D0%B0%D1%82%D0%B5%D0%B3%D0%BE%D1%80%D0%B8%D0%B8-AESPA-ATEEZ-BABYMONSTER-BLACKPINK-BOYNEXTDOOR-BTS-ENHYPEN-ILLIT-IVE-JIHYO-LISA-NCT+DOYOUNG-NMIXX-RED+VELVET-RIIZE-ROSE+%28BLACKPINK%29-SEVENTEEN-STAYC-STRAYKIDS-TWICE-WayV-ZEROBASEONE-xikers HTTP/2.0" 200 21642 "-" "Mozilla/5.0 AppleWebKit/537.36 (KHTML, like Gecko; compatible; bingbot/2.0; +http://www.bing.com/bingbot.htm) Chrome/116.0.1938.76 Safari/537.36"
52.167.144.186 - - [12/Oct/2025:02:24:25 +0200] "GET /bg/13-artisti?q=%D0%9A%D0%B0%D1%82%D0%B5%D0%B3%D0%BE%D1%80%D0%B8%D0%B8-AESPA-ATEEZ-BOYNEXTDOOR-ENHYPEN-ILLIT-ITZY-JIHYO-Kep1er-LE+SSERAFIM-LISA-NMIXX-P1Harmony-RIIZE-SEVENTEEN-TWICE-TXT-WayV-ZEROBASEONE-KISS+OF+LIFE&order=product.reference.desc HTTP/2.0" 200 21671 "-" "Mozilla/5.0 AppleWebKit/537.36 (KHTML, like Gecko; compatible; bingbot/2.0; +http://www.bing.com/bingbot.htm) Chrome/116.0.1938.76 Safari/537.36"
52.167.144.186 - - [12/Oct/2025:02:24:26 +0200] "GET /en/13-artist?q=Categories-%28G%29I%5C-DLE-AESPA-BABYMONSTER-BLACKPINK-ENHYPEN-ILLIT-Jin+%28BTS%29-KAI-LISA-NCT+JAEHYUN-NMIXX-RM+%28BTS%29-SEVENTEEN-STAYC-TWICE-TXT-XDINARY+HEROES-ZEROBASEONE HTTP/2.0" 200 19972 "-" "Mozilla/5.0 AppleWebKit/537.36 (KHTML, like Gecko; compatible; bingbot/2.0; +http://www.bing.com/bingbot.htm) Chrome/116.0.1938.76 Safari/537.36"
217.113.194.224 - - [12/Oct/2025:02:24:27 +0200] "GET /en/13-artist?q=Categories-ILLIT-NCT+WISH&page=3 HTTP/1.1" 200 19797 "-" "Mozilla/5.0 (compatible; Barkrowler/0.9; +https://babbar.tech/crawler)"
52.167.144.186 - - [12/Oct/2025:02:24:27 +0200] "GET /bg/12-albumi?q=%D0%9C%D0%B0%D1%80%D0%BA%D0%B0-ADOR-SM+Entertainment HTTP/2.0" 200 17661 "-" "Mozilla/5.0 AppleWebKit/537.36 (KHTML, like Gecko; compatible; bingbot/2.0; +http://www.bing.com/bingbot.htm) Chrome/116.0.1938.76 Safari/537.36"
52.167.144.186 - - [12/Oct/2025:02:24:28 +0200] "GET /bg/13-artisti?q=%D0%9A%D0%B0%D1%82%D0%B5%D0%B3%D0%BE%D1%80%D0%B8%D0%B8-BABYMONSTER-BLACKPINK-BOYNEXTDOOR-ILLIT-IVE-JENNIE+%28BLACKPINK%29-Jin+%28BTS%29-Kep1er-NEW+JEANS-NMIXX-P1Harmony-RIIZE-SEVENTEEN-STAYC-STRAYKIDS-TXT-WayV-ZEROBASEONE HTTP/2.0" 200 21543 "-" "Mozilla/5.0 AppleWebKit/537.36 (KHTML, like Gecko; compatible; bingbot/2.0; +http://www.bing.com/bingbot.htm) Chrome/116.0.1938.76 Safari/537.36"
52.167.144.186 - - [12/Oct/2025:02:24:31 +0200] "GET /bg/12-albumi?q=%D0%9D%D0%B0%D0%BB%D0%B8%D1%87%D0%BD%D0%BE%D1%81%D1%82-%D0%9D%D0%B0%D0%BB%D0%B8%D1%87%D0%B5%D0%BD/%D0%9C%D0%B0%D1%80%D0%BA%D0%B0-ADOR-JYP+Entertainment-FANTAGIO+MUSIC HTTP/2.0" 200 17799 "-" "Mozilla/5.0 AppleWebKit/537.36 (KHTML, like Gecko; compatible; bingbot/2.0; +http://www.bing.com/bingbot.htm) Chrome/116.0.1938.76 Safari/537.36"
52.167.144.220 - - [12/Oct/2025:02:24:32 +0200] "GET /bg/13-artisti?q=%D0%9A%D0%B0%D1%82%D0%B5%D0%B3%D0%BE%D1%80%D0%B8%D0%B8-ATEEZ-BABYMONSTER-BOYNEXTDOOR-ENHYPEN-GOT+THE+BEAT-ILLIT-IVE-JENNIE+%28BLACKPINK%29-NAYEON+%28TWICE%29-NCT+127-NMIXX-P1Harmony-RIIZE-SEVENTEEN-STRAYKIDS-TREASURE-TWICE-TXT-WayV-ZEROBASEONE HTTP/2.0" 200 21641 "-" "Mozilla/5.0 AppleWebKit/537.36 (KHTML, like Gecko; compatible; bingbot/2.0; +http://www.bing.com/bingbot.htm) Chrome/116.0.1938.76 Safari/537.36"
52.167.144.186 - - [12/Oct/2025:02:24:32 +0200] "GET /bg/13-artisti?q=%D0%9A%D0%B0%D1%82%D0%B5%D0%B3%D0%BE%D1%80%D0%B8%D0%B8-ATEEZ-BABYMONSTER-BLACKPINK-BOYNEXTDOOR-ENHYPEN-ILLIT-ITZY-IVE-JENNIE+%28BLACKPINK%29-JIHYO-LISA+%28BLACKPINK%29-NMIXX-RIIZE-ROSE+%28BLACKPINK%29-SEVENTEEN-STRAYKIDS-TREASURE-TWICE-TXT-WayV-ZEROBASEONE HTTP/2.0" 200 21635 "-" "Mozilla/5.0 AppleWebKit/537.36 (KHTML, like Gecko; compatible; bingbot/2.0; +http://www.bing.com/bingbot.htm) Chrome/116.0.1938.76 Safari/537.36"
52.167.144.220 - - [12/Oct/2025:02:24:33 +0200] "GET /bg/13-artisti?q=%D0%9A%D0%B0%D1%82%D0%B5%D0%B3%D0%BE%D1%80%D0%B8%D0%B8-Agust+D+%28BTS%29-ATEEZ-BABYMONSTER-BLACKPINK-BOYNEXTDOOR-ENHYPEN-ILLIT-ITZY-KAI-KISS+OF+LIFE-LISA-NAYEON+%28TWICE%29-NMIXX-SEVENTEEN-STRAYKIDS-TWICE-WayV-ZEROBASEONE-JENNIE+%28BLACKPINK%29 HTTP/2.0" 200 21640 "-" "Mozilla/5.0 AppleWebKit/537.36 (KHTML, like Gecko; compatible; bingbot/2.0; +http://www.bing.com/bingbot.htm) Chrome/116.0.1938.76 Safari/537.36"
52.167.144.186 - - [12/Oct/2025:02:24:34 +0200] "GET /bg/13-artisti?q=%D0%9A%D0%B0%D1%82%D0%B5%D0%B3%D0%BE%D1%80%D0%B8%D0%B8-AESPA-BABYMONSTER-BLACKPINK-BOYNEXTDOOR-BTS-ENHYPEN-ILLIT-ITZY-JIHYO-KAI-LISA-NCT+DREAM-NMIXX-RIIZE-TREASURE-WayV-ZEROBASEONE-SEVENTEEN HTTP/2.0" 200 21519 "-" "Mozilla/5.0 AppleWebKit/537.36 (KHTML, like Gecko; compatible; bingbot/2.0; +http://www.bing.com/bingbot.htm) Chrome/116.0.1938.76 Safari/537.36"
52.167.144.220 - - [12/Oct/2025:02:24:34 +0200] "GET /en/13-artist?q=%D0%9A%D0%B0%D1%82%D0%B5%D0%B3%D0%BE%D1%80%D0%B8%D0%B8-AESPA-BABYMONSTER-BLACKPINK-BOYNEXTDOOR-ENHYPEN-ILLIT-ITZY-JIHYO-KAI-LISA-NAYEON+%28TWICE%29-NEW+JEANS-NMIXX-RIIZE-TREASURE-TWICE-WayV-ZEROBASEONE-STRAYKIDS&order=product.name.asc HTTP/2.0" 200 19734 "-" "Mozilla/5.0 AppleWebKit/537.36 (KHTML, like Gecko; compatible; bingbot/2.0; +http://www.bing.com/bingbot.htm) Chrome/116.0.1938.76 Safari/537.36"
52.167.144.186 - - [12/Oct/2025:02:24:35 +0200] "GET /bg/13-artisti?q=%D0%9A%D0%B0%D1%82%D0%B5%D0%B3%D0%BE%D1%80%D0%B8%D0%B8-BABYMONSTER-BLACKPINK-BOYNEXTDOOR-ENHYPEN-GOT+THE+BEAT-ITZY-JIHYO-LISA+%28BLACKPINK%29-NEW+JEANS-NMIXX-P1Harmony-RIIZE-STRAYKIDS-TREASURE-TWICE-WayV-ZEROBASEONE-xikers HTTP/2.0" 200 21551 "-" "Mozilla/5.0 AppleWebKit/537.36 (KHTML, like Gecko; compatible; bingbot/2.0; +http://www.bing.com/bingbot.htm) Chrome/116.0.1938.76 Safari/537.36"
52.167.144.220 - - [12/Oct/2025:02:24:35 +0200] "GET /bg/13-artisti?q=%D0%9A%D0%B0%D1%82%D0%B5%D0%B3%D0%BE%D1%80%D0%B8%D0%B8-AESPA-ATEEZ-BABYMONSTER-BLACKPINK-BOYNEXTDOOR-ENHYPEN-ILLIT-ITZY-JIHYO-KAI-Kep1er-LISA-NAYEON+%28TWICE%29-NMIXX-SEVENTEEN-TWICE-TXT-ZEROBASEONE-TREASURE HTTP/2.0" 200 21516 "-" "Mozilla/5.0 AppleWebKit/537.36 (KHTML, like Gecko; compatible; bingbot/2.0; +http://www.bing.com/bingbot.htm) Chrome/116.0.1938.76 Safari/537.36"
52.167.144.186 - - [12/Oct/2025:02:24:36 +0200] "GET /bg/13-artisti?q=%D0%9A%D0%B0%D1%82%D0%B5%D0%B3%D0%BE%D1%80%D0%B8%D0%B8-AESPA-ASTRO-BLACKPINK-BTS-ENHYPEN-ITZY-IVE-JISOO-STRAYKIDS-TREASURE-TWICE-NCT/%D0%9D%D0%B0%D0%BB%D0%B8%D1%87%D0%BD%D0%BE%D1%81%D1%82-%D0%92+%D0%BD%D0%B0%D0%BB%D0%B8%D1%87%D0%BD%D0%BE%D1%81%D1%82 HTTP/2.0" 200 21573 "-" "Mozilla/5.0 AppleWebKit/537.36 (KHTML, like Gecko; compatible; bingbot/2.0; +http://www.bing.com/bingbot.htm) Chrome/116.0.1938.76 Safari/537.36"
47.128.37.197 - - [12/Oct/2025:02:24:40 +0200] "GET /en/13-artist?order=product.price.desc&q=Categories-TWICE-XDINARY+HEROES HTTP/2.0" 200 19859 "-" "Mozilla/5.0 (compatible; Bytespider; spider-feedback@bytedance.com) AppleWebKit/537.36 (KHTML, like Gecko) Chrome/70.0.0.0 Safari/537.36"
52.167.144.186 - - [12/Oct/2025:02:24:42 +0200] "GET /en/13-artist?q=%D0%9A%D0%B0%D1%82%D0%B5%D0%B3%D0%BE%D1%80%D0%B8%D0%B8-ATEEZ-BABYMONSTER-BLACKPINK-BOYNEXTDOOR-BTS-ENHYPEN-GOT+THE+BEAT-ILLIT-IVE-JENNIE+%28BLACKPINK%29-LISA+%28BLACKPINK%29-NMIXX-RIIZE-ROSE+%28BLACKPINK%29-STAYC-TWICE-WayV-ZEROBASEONE-STRAYKIDS HTTP/2.0" 200 20053 "-" "Mozilla/5.0 AppleWebKit/537.36 (KHTML, like Gecko; compatible; bingbot/2.0; +http://www.bing.com/bingbot.htm) Chrome/116.0.1938.76 Safari/537.36"
66.249.66.14 - - [12/Oct/2025:02:24:42 +0200] "GET /en/best-sales?SubmitCurrency=1&id_currency=1&page=8 HTTP/1.1" 200 15905 "-" "Mozilla/5.0 (Linux; Android 6.0.1; Nexus 5X Build/MMB29P) AppleWebKit/537.36 (KHTML, like Gecko) Chrome/140.0.7339.207 Mobile Safari/537.36 (compatible; GoogleOther)"
217.113.194.102 - - [12/Oct/2025:02:24:44 +0200] "GET /en/13-artist?q=Categories-ILLIT-THE+BOYZ&page=15 HTTP/1.1" 200 19900 "-" "Mozilla/5.0 (compatible; Barkrowler/0.9; +https://babbar.tech/crawler)"
66.249.66.14 - - [12/Oct/2025:02:24:58 +0200] "GET /en/nachalo/353-636-kep1er-bubble-gum-the-7th-mini-album--8809704433976 HTTP/1.1" 200 16730 "-" "Mozilla/5.0 (Linux; Android 6.0.1; Nexus 5X Build/MMB29P) AppleWebKit/537.36 (KHTML, like Gecko) Chrome/140.0.7339.207 Mobile Safari/537.36 (compatible; Googlebot/2.1; +http://www.google.com/bot.html)"
217.113.194.111 - - [12/Oct/2025:02:25:01 +0200] "GET /en/13-artist?q=Categories-ILLIT-THE+BOYZ&page=16 HTTP/1.1" 200 19695 "-" "Mozilla/5.0 (compatible; Barkrowler/0.9; +https://babbar.tech/crawler)"
52.167.144.220 - - [12/Oct/2025:02:25:01 +0200] "GET /bg/13-artisti?q=%D0%9A%D0%B0%D1%82%D0%B5%D0%B3%D0%BE%D1%80%D0%B8%D0%B8-AESPA-ATEEZ-BABYMONSTER-BLACKPINK-BOYNEXTDOOR-ENHYPEN-GOT+THE+BEAT-ILLIT-IVE-JIHYO-LISA-NMIXX-P1Harmony-RIIZE-RM+%28BTS%29-ROSE+%28BLACKPINK%29-STAYC-TWICE-WayV-ZEROBASEONE-TXT HTTP/2.0" 200 21617 "-" "Mozilla/5.0 AppleWebKit/537.36 (KHTML, like Gecko; compatible; bingbot/2.0; +http://www.bing.com/bingbot.htm) Chrome/116.0.1938.76 Safari/537.36"
52.167.144.186 - - [12/Oct/2025:02:25:02 +0200] "GET /bg/13-artisti?q=%D0%9A%D0%B0%D1%82%D0%B5%D0%B3%D0%BE%D1%80%D0%B8%D0%B8-ASTRO-ATEEZ-ENHYPEN-GOT+THE+BEAT-ITZY-IVE-JUNG+KOOK+%28BTS%29-KAI-LE+SSERAFIM-LISA-STRAYKIDS-TREASURE-BLACKPINK&page=2 HTTP/2.0" 200 21562 "-" "Mozilla/5.0 AppleWebKit/537.36 (KHTML, like Gecko; compatible; bingbot/2.0; +http://www.bing.com/bingbot.htm) Chrome/116.0.1938.76 Safari/537.36"
52.167.144.186 - - [12/Oct/2025:02:25:03 +0200] "GET /bg/13-artisti?q=%D0%9A%D0%B0%D1%82%D0%B5%D0%B3%D0%BE%D1%80%D0%B8%D0%B8-BABYMONSTER-BLACKPINK-BOYNEXTDOOR-ENHYPEN-GOT+THE+BEAT-ILLIT-IVE-JIHYO-NMIXX-P1Harmony-RIIZE-STAYC-TREASURE-TWICE-XDINARY+HEROES-YEJI+%28ITZY%29-ZEROBASEONE HTTP/2.0" 200 21520 "-" "Mozilla/5.0 AppleWebKit/537.36 (KHTML, like Gecko; compatible; bingbot/2.0; +http://www.bing.com/bingbot.htm) Chrome/116.0.1938.76 Safari/537.36"
40.77.167.62 - - [12/Oct/2025:02:25:11 +0200] "GET /bg/13-artisti?q=%D0%9A%D0%B0%D1%82%D0%B5%D0%B3%D0%BE%D1%80%D0%B8%D0%B8-BABYMONSTER-BLACKPINK-BOYNEXTDOOR-ENHYPEN-GOT+THE+BEAT-ILLIT-IVE-JENNIE+%28BLACKPINK%29-JIHYO-JIMIN+%28BTS%29-LE+SSERAFIM-NMIXX-P1Harmony-SEVENTEEN-STRAYKIDS-TXT-WayV-ZEROBASEONE-TREASURE HTTP/2.0" 200 21626 "-" "Mozilla/5.0 AppleWebKit/537.36 (KHTML, like Gecko; compatible; bingbot/2.0; +http://www.bing.com/bingbot.htm) Chrome/116.0.1938.76 Safari/537.36"
52.167.144.220 - - [12/Oct/2025:02:25:11 +0200] "GET /en/13-artist?q=Categories-AESPA-BABYMONSTER-BTS-ENHYPEN-ILLIT-ITZY-LISA-NMIXX-P1Harmony-TWICE-ZEROBASEONE-SEVENTEEN HTTP/2.0" 200 19854 "-" "Mozilla/5.0 AppleWebKit/537.36 (KHTML, like Gecko; compatible; bingbot/2.0; +http://www.bing.com/bingbot.htm) Chrome/116.0.1938.76 Safari/537.36"
52.167.144.186 - - [12/Oct/2025:02:25:11 +0200] "GET /bg/13-artisti?q=%D0%9A%D0%B0%D1%82%D0%B5%D0%B3%D0%BE%D1%80%D0%B8%D0%B8-AESPA-BABYMONSTER-BLACKPINK-BOYNEXTDOOR-BTS-ENHYPEN-ILLIT-ITZY-IVE-JIHYO-LISA-NAYEON+%28TWICE%29-NCT+127-NCT+DREAM-NMIXX-SEVENTEEN-TWICE-TXT-XDINARY+HEROES-ZEROBASEONE HTTP/2.0" 200 21576 "-" "Mozilla/5.0 AppleWebKit/537.36 (KHTML, like Gecko; compatible; bingbot/2.0; +http://www.bing.com/bingbot.htm) Chrome/116.0.1938.76 Safari/537.36"
52.167.144.186 - - [12/Oct/2025:02:25:12 +0200] "GET /bg/13-artisti?q=%D0%9A%D0%B0%D1%82%D0%B5%D0%B3%D0%BE%D1%80%D0%B8%D0%B8-AESPA-ENHYPEN-JISOO-KAI-LISA-NCT-NMIXX-STAYC-STRAYKIDS-TREASURE-TXT-NEW+JEANS/%D0%9D%D0%B0%D0%BB%D0%B8%D1%87%D0%BD%D0%BE%D1%81%D1%82-%D0%92+%D0%BD%D0%B0%D0%BB%D0%B8%D1%87%D0%BD%D0%BE%D1%81%D1%82 HTTP/2.0" 200 21610 "-" "Mozilla/5.0 AppleWebKit/537.36 (KHTML, like Gecko; compatible; bingbot/2.0; +http://www.bing.com/bingbot.htm) Chrome/116.0.1938.76 Safari/537.36"
217.113.194.247 - - [12/Oct/2025:02:25:19 +0200] "GET /en/13-artist?q=Categories-ILLIT-STRAYKIDS&page=7 HTTP/1.1" 200 19711 "-" "Mozilla/5.0 (compatible; Barkrowler/0.9; +https://babbar.tech/crawler)"
52.167.144.220 - - [12/Oct/2025:02:25:21 +0200] "GET /en/13-artist?q=Categories-ITZY-KAI-NCT+DREAM-P1Harmony-TXT-BOYNEXTDOOR HTTP/2.0" 200 19731 "-" "Mozilla/5.0 AppleWebKit/537.36 (KHTML, like Gecko; compatible; bingbot/2.0; +http://www.bing.com/bingbot.htm) Chrome/116.0.1938.76 Safari/537.36"
47.128.55.220 - - [12/Oct/2025:02:25:28 +0200] "GET /bg/13-artisti?SubmitCurrency=1&id_currency=2&order=product.name.asc&q=%D0%9A%D0%B0%D1%82%D0%B5%D0%B3%D0%BE%D1%80%D0%B8%D0%B8-ASTRO-BLACKPINK-ITZY-STRAYKIDS-TXT-AESPA HTTP/2.0" 200 21095 "-" "Mozilla/5.0 (compatible; Bytespider; spider-feedback@bytedance.com) AppleWebKit/537.36 (KHTML, like Gecko) Chrome/70.0.0.0 Safari/537.36"
114.119.131.105 - - [12/Oct/2025:02:25:34 +0200] "GET /en/new-products?order=product.price.asc HTTP/1.1" 200 15754 "https://kpopbg.com/en/new-products" "Mozilla/5.0 (Linux; Android 7.0;) AppleWebKit/537.36 (KHTML, like Gecko) Mobile Safari/537.36 (compatible; PetalBot;+https://webmaster.petalsearch.com/site/petalbot)"
40.77.167.62 - - [12/Oct/2025:02:25:35 +0200] "GET /bg/13-artisti?q=%D0%9A%D0%B0%D1%82%D0%B5%D0%B3%D0%BE%D1%80%D0%B8%D0%B8-ATEEZ-BABYMONSTER-BLACKPINK-BOYNEXTDOOR-ILLIT-ITZY-IVE-JENNIE+%28BLACKPINK%29-JIHYO-LISA+%28BLACKPINK%29-NMIXX-RIIZE-ROSE+%28BLACKPINK%29-SEVENTEEN-STAYC-STRAYKIDS-TREASURE-TWICE-V+%28BTS%29-WayV-ZEROBASEONE-TXT HTTP/2.0" 200 21654 "-" "Mozilla/5.0 AppleWebKit/537.36 (KHTML, like Gecko; compatible; bingbot/2.0; +http://www.bing.com/bingbot.htm) Chrome/116.0.1938.76 Safari/537.36"
40.77.167.62 - - [12/Oct/2025:02:25:36 +0200] "GET /en/13-artist?q=Categories-JIMIN+%28BTS%29-KAI-NMIXX-WayV-ZEROBASEONE-ILLIT&order=product.reference.asc HTTP/2.0" 200 19893 "-" "Mozilla/5.0 AppleWebKit/537.36 (KHTML, like Gecko; compatible; bingbot/2.0; +http://www.bing.com/bingbot.htm) Chrome/116.0.1938.76 Safari/537.36"
217.113.194.108 - - [12/Oct/2025:02:25:36 +0200] "GET /en/13-artist?q=Categories-ILLIT-IVE-TREASURE&page=15 HTTP/1.1" 200 19910 "-" "Mozilla/5.0 (compatible; Barkrowler/0.9; +https://babbar.tech/crawler)"
40.77.167.62 - - [12/Oct/2025:02:25:50 +0200] "GET /en/13-artist?q=Categories-BABYMONSTER-BOYNEXTDOOR-IVE-P1Harmony-Tzuyu+%28TWICE%29&order=product.name.desc HTTP/2.0" 200 20057 "-" "Mozilla/5.0 AppleWebKit/537.36 (KHTML, like Gecko; compatible; bingbot/2.0; +http://www.bing.com/bingbot.htm) Chrome/116.0.1938.76 Safari/537.36"
52.167.144.186 - - [12/Oct/2025:02:25:51 +0200] "GET /bg/13-artisti?q=%D0%9A%D0%B0%D1%82%D0%B5%D0%B3%D0%BE%D1%80%D0%B8%D0%B8-AESPA-BABYMONSTER-BLACKPINK-BOYNEXTDOOR-ENHYPEN-GOT+THE+BEAT-ILLIT-JIHYO-JIMIN+%28BTS%29-Kep1er-LISA-NMIXX-RIIZE-STRAYKIDS-TWICE-WayV-ZEROBASEONE-BTS HTTP/2.0" 200 21600 "-" "Mozilla/5.0 AppleWebKit/537.36 (KHTML, like Gecko; compatible; bingbot/2.0; +http://www.bing.com/bingbot.htm) Chrome/116.0.1938.76 Safari/537.36"
216.244.66.233 - - [12/Oct/2025:02:25:51 +0200] "GET /bg/%D0%BD%D0%BE%D0%B2%D0%B8-%D0%BF%D1%80%D0%BE%D0%B4%D1%83%D0%BA%D1%82%D0%B8?SubmitCurrency=1&id_currency=1&order=product.name.asc HTTP/1.1" 301 5 "-" "Mozilla/5.0 (compatible; DotBot/1.2; +https://opensiteexplorer.org/dotbot; help@moz.com)"
52.167.144.220 - - [12/Oct/2025:02:25:51 +0200] "GET /bg/13-artisti?q=%D0%9A%D0%B0%D1%82%D0%B5%D0%B3%D0%BE%D1%80%D0%B8%D0%B8-AESPA-ATEEZ-BLACKPINK-BOYNEXTDOOR-ENHYPEN-ILLIT-IVE-JIHYO-LISA-NCT+DOYOUNG-NMIXX-RIIZE-SEVENTEEN-TWICE-WayV-ZEROBASEONE&order=product.reference.asc HTTP/2.0" 200 21621 "-" "Mozilla/5.0 AppleWebKit/537.36 (KHTML, like Gecko; compatible; bingbot/2.0; +http://www.bing.com/bingbot.htm) Chrome/116.0.1938.76 Safari/537.36"
52.167.144.186 - - [12/Oct/2025:02:25:52 +0200] "GET /en/13-artist?q=Categories-AESPA-ATEEZ-BABYMONSTER-BLACKPINK-BTS-ENHYPEN-ILLIT-ITZY-JIHYO-LE+SSERAFIM-LISA-NCT+127-NMIXX-RM+%28BTS%29-STAYC-TWICE-TXT-CHA+EUN+WOO+%28ASTRO%29 HTTP/2.0" 200 19961 "-" "Mozilla/5.0 AppleWebKit/537.36 (KHTML, like Gecko; compatible; bingbot/2.0; +http://www.bing.com/bingbot.htm) Chrome/116.0.1938.76 Safari/537.36"
217.113.194.105 - - [12/Oct/2025:02:25:52 +0200] "GET /en/13-artist?q=Categories-ILLIT&order=product.name.desc&page=3 HTTP/1.1" 200 19400 "-" "Mozilla/5.0 (compatible; Barkrowler/0.9; +https://babbar.tech/crawler)"
52.167.144.220 - - [12/Oct/2025:02:25:52 +0200] "GET /bg/13-artisti?q=%D0%9A%D0%B0%D1%82%D0%B5%D0%B3%D0%BE%D1%80%D0%B8%D0%B8-AESPA-BABYMONSTER-BLACKPINK-BOYNEXTDOOR-ENHYPEN-ILLIT-ITZY-JIHYO-KAI-LISA-P1Harmony-STRAYKIDS-TWICE-ZEROBASEONE-ASTRO HTTP/2.0" 200 21537 "-" "Mozilla/5.0 AppleWebKit/537.36 (KHTML, like Gecko; compatible; bingbot/2.0; +http://www.bing.com/bingbot.htm) Chrome/116.0.1938.76 Safari/537.36"
52.167.144.186 - - [12/Oct/2025:02:25:53 +0200] "GET /en/13-artist?q=Categories-BABYMONSTER-BTS-ENHYPEN-ILLIT-ITZY-KAI-NMIXX-ZEROBASEONE-LE+SSERAFIM&order=product.price.desc HTTP/2.0" 200 19935 "-" "Mozilla/5.0 AppleWebKit/537.36 (KHTML, like Gecko; compatible; bingbot/2.0; +http://www.bing.com/bingbot.htm) Chrome/116.0.1938.76 Safari/537.36"
52.167.144.220 - - [12/Oct/2025:02:25:53 +0200] "GET /en/13-artist?q=Categories-KAI-NMIXX-NEW+JEANS HTTP/2.0" 200 19707 "-" "Mozilla/5.0 AppleWebKit/537.36 (KHTML, like Gecko; compatible; bingbot/2.0; +http://www.bing.com/bingbot.htm) Chrome/116.0.1938.76 Safari/537.36"
52.167.144.186 - - [12/Oct/2025:02:25:54 +0200] "GET /bg/13-artisti?q=%D0%9A%D0%B0%D1%82%D0%B5%D0%B3%D0%BE%D1%80%D0%B8%D0%B8-AESPA-BABYMONSTER-BLACKPINK-BOYNEXTDOOR-ENHYPEN-ILLIT-ITZY-JIHYO-NMIXX-RM+%28BTS%29-SEVENTEEN-STRAYKIDS-TWICE-TXT-ZEROBASEONE-JISOO+%28BLACKPINK%29 HTTP/2.0" 200 21585 "-" "Mozilla/5.0 AppleWebKit/537.36 (KHTML, like Gecko; compatible; bingbot/2.0; +http://www.bing.com/bingbot.htm) Chrome/116.0.1938.76 Safari/537.36"
52.167.144.220 - - [12/Oct/2025:02:25:54 +0200] "GET /en/13-artist?q=Categories-AESPA-ATEEZ-BABYMONSTER-BLACKPINK-BOYNEXTDOOR-ITZY-JIHYO-Jin+%28BTS%29-NCT+WISH-P1Harmony-SEVENTEEN-STAYC-TWICE-TXT-XDINARY+HEROES-ZEROBASEONE HTTP/2.0" 200 19948 "-" "Mozilla/5.0 AppleWebKit/537.36 (KHTML, like Gecko; compatible; bingbot/2.0; +http://www.bing.com/bingbot.htm) Chrome/116.0.1938.76 Safari/537.36"
52.167.144.186 - - [12/Oct/2025:02:25:55 +0200] "GET /bg/13-artisti?q=%D0%9A%D0%B0%D1%82%D0%B5%D0%B3%D0%BE%D1%80%D0%B8%D0%B8-AESPA-ATEEZ-BABYMONSTER-BOYNEXTDOOR-BTS-ENHYPEN-GOT+THE+BEAT-ILLIT-IVE-JIHYO-KAI-LISA-NMIXX-RIIZE-TWICE-TXT-WayV-xikers-ZEROBASEONE-NAYEON+%28TWICE%29 HTTP/2.0" 200 21521 "-" "Mozilla/5.0 AppleWebKit/537.36 (KHTML, like Gecko; compatible; bingbot/2.0; +http://www.bing.com/bingbot.htm) Chrome/116.0.1938.76 Safari/537.36"
40.77.167.62 - - [12/Oct/2025:02:25:55 +0200] "GET /bg/13-artisti?q=%D0%9A%D0%B0%D1%82%D0%B5%D0%B3%D0%BE%D1%80%D0%B8%D0%B8-AESPA-BLACKPINK-ENHYPEN-JISOO-NMIXX-STRAYKIDS-TWICE-IVE/%D0%9D%D0%B0%D0%BB%D0%B8%D1%87%D0%BD%D0%BE%D1%81%D1%82-%D0%92+%D0%BD%D0%B0%D0%BB%D0%B8%D1%87%D0%BD%D0%BE%D1%81%D1%82-%D0%9D%D1%8F%D0%BC%D0%B0+%D0%BD%D0%B0%D0%BB%D0%B8%D1%87%D0%BD%D0%BE%D1%81%D1%82 HTTP/2.0" 200 21592 "-" "Mozilla/5.0 AppleWebKit/537.36 (KHTML, like Gecko; compatible; bingbot/2.0; +http://www.bing.com/bingbot.htm) Chrome/116.0.1938.76 Safari/537.36"
52.167.144.220 - - [12/Oct/2025:02:25:56 +0200] "GET /bg/13-artisti?q=%D0%9A%D0%B0%D1%82%D0%B5%D0%B3%D0%BE%D1%80%D0%B8%D0%B8-AESPA-BABYMONSTER-BLACKPINK-BOYNEXTDOOR-BTS-CHA+EUN+WOO+%28ASTRO%29-GOT+THE+BEAT-ILLIT-ITZY-JIHYO-JIMIN+%28BTS%29-LISA-NCT+WISH-P1Harmony-SEVENTEEN-STRAYKIDS-TWICE-XDINARY+HEROES-ZEROBASEONE-TXT HTTP/2.0" 200 21689 "-" "Mozilla/5.0 AppleWebKit/537.36 (KHTML, like Gecko; compatible; bingbot/2.0; +http://www.bing.com/bingbot.htm) Chrome/116.0.1938.76 Safari/537.36"
52.167.144.208 - - [12/Oct/2025:02:26:08 +0200] "GET /bg/13-artisti?q=%D0%9A%D0%B0%D1%82%D0%B5%D0%B3%D0%BE%D1%80%D0%B8%D0%B8-ATEEZ-BABYMONSTER-BLACKPINK-BOYNEXTDOOR-ENHYPEN-GOT+THE+BEAT-ILLIT-ITZY-IVE-JENNIE+%28BLACKPINK%29-LISA+%28BLACKPINK%29-NCT+DOYOUNG-NMIXX-RIIZE-ROSE+%28BLACKPINK%29-SEVENTEEN-STAYC-TREASURE-TWICE-WayV-ZEROBASEONE-JIHYO HTTP/2.0" 200 21683 "-" "Mozilla/5.0 AppleWebKit/537.36 (KHTML, like Gecko; compatible; bingbot/2.0; +http://www.bing.com/bingbot.htm) Chrome/116.0.1938.76 Safari/537.36"
52.167.144.208 - - [12/Oct/2025:02:26:08 +0200] "GET /bg/13-artisti?q=%D0%9A%D0%B0%D1%82%D0%B5%D0%B3%D0%BE%D1%80%D0%B8%D0%B8-AESPA-ASTRO-BLACKPINK-ENHYPEN-GOT+THE+BEAT-ITZY-JIHYO-KAI-LE+SSERAFIM-LISA-NCT-NCT+DREAM-NMIXX-STAYC-STRAYKIDS-TREASURE-TWICE-V+%28BTS%29-NEW+JEANS HTTP/2.0" 200 21548 "-" "Mozilla/5.0 AppleWebKit/537.36 (KHTML, like Gecko; compatible; bingbot/2.0; +http://www.bing.com/bingbot.htm) Chrome/116.0.1938.76 Safari/537.36"
217.113.194.104 - - [12/Oct/2025:02:26:09 +0200] "GET /en/13-artist?q=Categories-LISA&order=product.reference.desc&page=12 HTTP/1.1" 200 19850 "-" "Mozilla/5.0 (compatible; Barkrowler/0.9; +https://babbar.tech/crawler)"
52.167.144.220 - - [12/Oct/2025:02:26:11 +0200] "GET /bg/13-artisti?q=%D0%9A%D0%B0%D1%82%D0%B5%D0%B3%D0%BE%D1%80%D0%B8%D0%B8-AESPA-ASTRO-ATEEZ-BABYMONSTER-BLACKPINK-BOYNEXTDOOR-ENHYPEN-ILLIT-ITZY-JIHYO-KAI-LISA-NMIXX-P1Harmony-STRAYKIDS-TREASURE-TWICE-TXT-ZEROBASEONE-BTS HTTP/2.0" 200 21509 "-" "Mozilla/5.0 AppleWebKit/537.36 (KHTML, like Gecko; compatible; bingbot/2.0; +http://www.bing.com/bingbot.htm) Chrome/116.0.1938.76 Safari/537.36"
52.167.144.220 - - [12/Oct/2025:02:26:12 +0200] "GET /bg/13-artisti?q=%D0%9A%D0%B0%D1%82%D0%B5%D0%B3%D0%BE%D1%80%D0%B8%D0%B8-AESPA-ATEEZ-BABYMONSTER-BOYNEXTDOOR-ENHYPEN-GOT+THE+BEAT-ITZY-JENNIE+%28BLACKPINK%29-JIHYO-Kep1er-NMIXX-P1Harmony-RIIZE-STRAYKIDS-TREASURE-TXT-WayV-ZEROBASEONE-BLACKPINK HTTP/2.0" 200 21557 "-" "Mozilla/5.0 AppleWebKit/537.36 (KHTML, like Gecko; compatible; bingbot/2.0; +http://www.bing.com/bingbot.htm) Chrome/116.0.1938.76 Safari/537.36"
52.167.144.186 - - [12/Oct/2025:02:26:16 +0200] "GET /bg/13-artisti?q=%D0%9A%D0%B0%D1%82%D0%B5%D0%B3%D0%BE%D1%80%D0%B8%D0%B8-AESPA-ASTRO-BLACKPINK-BTS-ENHYPEN-GOT+THE+BEAT-ITZY-KAI-LISA-NCT+DREAM-NMIXX-STAYC-TREASURE-TWICE-TXT-V+%28BTS%29-NEW+JEANS HTTP/2.0" 200 21504 "-" "Mozilla/5.0 AppleWebKit/537.36 (KHTML, like Gecko; compatible; bingbot/2.0; +http://www.bing.com/bingbot.htm) Chrome/116.0.1938.76 Safari/537.36"
47.128.22.8 - - [12/Oct/2025:02:26:17 +0200] "GET /bg/13-artisti?SubmitCurrency=1&id_currency=3&order=product.name.desc&q=%D0%9A%D0%B0%D1%82%D0%B5%D0%B3%D0%BE%D1%80%D0%B8%D0%B8-TWICE-TXT-NMIXX HTTP/2.0" 200 21560 "-" "Mozilla/5.0 (compatible; Bytespider; spider-feedback@bytedance.com) AppleWebKit/537.36 (KHTML, like Gecko) Chrome/70.0.0.0 Safari/537.36"
52.167.144.186 - - [12/Oct/2025:02:26:17 +0200] "GET /bg/13-artisti?q=%D0%9A%D0%B0%D1%82%D0%B5%D0%B3%D0%BE%D1%80%D0%B8%D0%B8-ASTRO-ATEEZ-BTS-ENHYPEN-IVE-JIHYO-JISOO-KAI-LISA-NMIXX-STAYC-STRAYKIDS-BLACKPINK/%D0%9D%D0%B0%D0%BB%D0%B8%D1%87%D0%BD%D0%BE%D1%81%D1%82-%D0%92+%D0%BD%D0%B0%D0%BB%D0%B8%D1%87%D0%BD%D0%BE%D1%81%D1%82 HTTP/2.0" 200 21578 "-" "Mozilla/5.0 AppleWebKit/537.36 (KHTML, like Gecko; compatible; bingbot/2.0; +http://www.bing.com/bingbot.htm) Chrome/116.0.1938.76 Safari/537.36"
47.128.22.8 - - [12/Oct/2025:02:26:17 +0200] "GET /c/39-category_default/agust-d-bts.jpg HTTP/2.0" 206 500 "https://kpopbg.com/bg/13-artisti?SubmitCurrency=1&id_currency=3&order=product.name.desc&q=%D0%9A%D0%B0%D1%82%D0%B5%D0%B3%D0%BE%D1%80%D0%B8%D0%B8-TWICE-TXT-NMIXX" "Mozilla/5.0 (compatible; Bytespider; spider-feedback@bytedance.com) AppleWebKit/537.36 (KHTML, like Gecko) Chrome/70.0.0.0 Safari/537.36"
47.128.22.8 - - [12/Oct/2025:02:26:18 +0200] "GET /c/17-category_default/aespa.jpg HTTP/2.0" 206 500 "https://kpopbg.com/bg/13-artisti?SubmitCurrency=1&id_currency=3&order=product.name.desc&q=%D0%9A%D0%B0%D1%82%D0%B5%D0%B3%D0%BE%D1%80%D0%B8%D0%B8-TWICE-TXT-NMIXX" "Mozilla/5.0 (compatible; Bytespider; spider-feedback@bytedance.com) AppleWebKit/537.36 (KHTML, like Gecko) Chrome/70.0.0.0 Safari/537.36"
47.128.22.8 - - [12/Oct/2025:02:26:18 +0200] "GET /c/33-category_default/ateez.jpg HTTP/2.0" 206 500 "https://kpopbg.com/bg/13-artisti?SubmitCurrency=1&id_currency=3&order=product.name.desc&q=%D0%9A%D0%B0%D1%82%D0%B5%D0%B3%D0%BE%D1%80%D0%B8%D0%B8-TWICE-TXT-NMIXX" "Mozilla/5.0 (compatible; Bytespider; spider-feedback@bytedance.com) AppleWebKit/537.36 (KHTML, like Gecko) Chrome/70.0.0.0 Safari/537.36"
47.128.22.8 - - [12/Oct/2025:02:26:18 +0200] "GET /c/77-category_default/amperone.jpg HTTP/2.0" 206 500 "https://kpopbg.com/bg/13-artisti?SubmitCurrency=1&id_currency=3&order=product.name.desc&q=%D0%9A%D0%B0%D1%82%D0%B5%D0%B3%D0%BE%D1%80%D0%B8%D0%B8-TWICE-TXT-NMIXX" "Mozilla/5.0 (compatible; Bytespider; spider-feedback@bytedance.com) AppleWebKit/537.36 (KHTML, like Gecko) Chrome/70.0.0.0 Safari/537.36"
47.128.22.8 - - [12/Oct/2025:02:26:18 +0200] "GET /c/80-category_default/baekhyun.jpg HTTP/2.0" 206 500 "https://kpopbg.com/bg/13-artisti?SubmitCurrency=1&id_currency=3&order=product.name.desc&q=%D0%9A%D0%B0%D1%82%D0%B5%D0%B3%D0%BE%D1%80%D0%B8%D0%B8-TWICE-TXT-NMIXX" "Mozilla/5.0 (compatible; Bytespider; spider-feedback@bytedance.com) AppleWebKit/537.36 (KHTML, like Gecko) Chrome/70.0.0.0 Safari/537.36"
47.128.22.8 - - [12/Oct/2025:02:26:18 +0200] "GET /c/46-category_default/babymonster.jpg HTTP/2.0" 206 500 "https://kpopbg.com/bg/13-artisti?SubmitCurrency=1&id_currency=3&order=product.name.desc&q=%D0%9A%D0%B0%D1%82%D0%B5%D0%B3%D0%BE%D1%80%D0%B8%D0%B8-TWICE-TXT-NMIXX" "Mozilla/5.0 (compatible; Bytespider; spider-feedback@bytedance.com) AppleWebKit/537.36 (KHTML, like Gecko) Chrome/70.0.0.0 Safari/537.36"
47.128.22.8 - - [12/Oct/2025:02:26:18 +0200] "GET /c/10-category_default/blackpink.jpg HTTP/2.0" 206 500 "https://kpopbg.com/bg/13-artisti?SubmitCurrency=1&id_currency=3&order=product.name.desc&q=%D0%9A%D0%B0%D1%82%D0%B5%D0%B3%D0%BE%D1%80%D0%B8%D0%B8-TWICE-TXT-NMIXX" "Mozilla/5.0 (compatible; Bytespider; spider-feedback@bytedance.com) AppleWebKit/537.36 (KHTML, like Gecko) Chrome/70.0.0.0 Safari/537.36"
47.128.22.8 - - [12/Oct/2025:02:26:18 +0200] "GET /c/78-category_default/beomgyu-txt.jpg HTTP/2.0" 206 500 "https://kpopbg.com/bg/13-artisti?SubmitCurrency=1&id_currency=3&order=product.name.desc&q=%D0%9A%D0%B0%D1%82%D0%B5%D0%B3%D0%BE%D1%80%D0%B8%D0%B8-TWICE-TXT-NMIXX" "Mozilla/5.0 (compatible; Bytespider; spider-feedback@bytedance.com) AppleWebKit/537.36 (KHTML, like Gecko) Chrome/70.0.0.0 Safari/537.36"
47.128.22.8 - - [12/Oct/2025:02:26:18 +0200] "GET /c/11-category_default/bts.jpg HTTP/2.0" 206 500 "https://kpopbg.com/bg/13-artisti?SubmitCurrency=1&id_currency=3&order=product.name.desc&q=%D0%9A%D0%B0%D1%82%D0%B5%D0%B3%D0%BE%D1%80%D0%B8%D0%B8-TWICE-TXT-NMIXX" "Mozilla/5.0 (compatible; Bytespider; spider-feedback@bytedance.com) AppleWebKit/537.36 (KHTML, like Gecko) Chrome/70.0.0.0 Safari/537.36"
47.128.22.8 - - [12/Oct/2025:02:26:18 +0200] "GET /c/51-category_default/boynextdoor.jpg HTTP/2.0" 206 500 "https://kpopbg.com/bg/13-artisti?SubmitCurrency=1&id_currency=3&order=product.name.desc&q=%D0%9A%D0%B0%D1%82%D0%B5%D0%B3%D0%BE%D1%80%D0%B8%D0%B8-TWICE-TXT-NMIXX" "Mozilla/5.0 (compatible; Bytespider; spider-feedback@bytedance.com) AppleWebKit/537.36 (KHTML, like Gecko) Chrome/70.0.0.0 Safari/537.36"
47.128.22.8 - - [12/Oct/2025:02:26:18 +0200] "GET /c/86-category_default/chaeyoung-twice.jpg HTTP/2.0" 206 500 "https://kpopbg.com/bg/13-artisti?SubmitCurrency=1&id_currency=3&order=product.name.desc&q=%D0%9A%D0%B0%D1%82%D0%B5%D0%B3%D0%BE%D1%80%D0%B8%D0%B8-TWICE-TXT-NMIXX" "Mozilla/5.0 (compatible; Bytespider; spider-feedback@bytedance.com) AppleWebKit/537.36 (KHTML, like Gecko) Chrome/70.0.0.0 Safari/537.36"
47.128.22.8 - - [12/Oct/2025:02:26:18 +0200] "GET /c/89-category_default/chanyeol-exo.jpg HTTP/2.0" 206 500 "https://kpopbg.com/bg/13-artisti?SubmitCurrency=1&id_currency=3&order=product.name.desc&q=%D0%9A%D0%B0%D1%82%D0%B5%D0%B3%D0%BE%D1%80%D0%B8%D0%B8-TWICE-TXT-NMIXX" "Mozilla/5.0 (compatible; Bytespider; spider-feedback@bytedance.com) AppleWebKit/537.36 (KHTML, like Gecko) Chrome/70.0.0.0 Safari/537.36"
47.128.22.8 - - [12/Oct/2025:02:26:18 +0200] "GET /c/91-category_default/cortis.jpg HTTP/2.0" 206 500 "https://kpopbg.com/bg/13-artisti?SubmitCurrency=1&id_currency=3&order=product.name.desc&q=%D0%9A%D0%B0%D1%82%D0%B5%D0%B3%D0%BE%D1%80%D0%B8%D0%B8-TWICE-TXT-NMIXX" "Mozilla/5.0 (compatible; Bytespider; spider-feedback@bytedance.com) AppleWebKit/537.36 (KHTML, like Gecko) Chrome/70.0.0.0 Safari/537.36"
47.128.22.8 - - [12/Oct/2025:02:26:18 +0200] "GET /c/79-category_default/chuu.jpg HTTP/2.0" 206 500 "https://kpopbg.com/bg/13-artisti?SubmitCurrency=1&id_currency=3&order=product.name.desc&q=%D0%9A%D0%B0%D1%82%D0%B5%D0%B3%D0%BE%D1%80%D0%B8%D0%B8-TWICE-TXT-NMIXX" "Mozilla/5.0 (compatible; Bytespider; spider-feedback@bytedance.com) AppleWebKit/537.36 (KHTML, like Gecko) Chrome/70.0.0.0 Safari/537.36"
47.128.22.8 - - [12/Oct/2025:02:26:18 +0200] "GET /c/68-category_default/dreamcatcher.jpg HTTP/2.0" 206 500 "https://kpopbg.com/bg/13-artisti?SubmitCurrency=1&id_currency=3&order=product.name.desc&q=%D0%9A%D0%B0%D1%82%D0%B5%D0%B3%D0%BE%D1%80%D0%B8%D0%B8-TWICE-TXT-NMIXX" "Mozilla/5.0 (compatible; Bytespider; spider-feedback@bytedance.com) AppleWebKit/537.36 (KHTML, like Gecko) Chrome/70.0.0.0 Safari/537.36"
47.128.22.8 - - [12/Oct/2025:02:26:18 +0200] "GET /c/57-category_default/doyoung-nct.jpg HTTP/2.0" 206 500 "https://kpopbg.com/bg/13-artisti?SubmitCurrency=1&id_currency=3&order=product.name.desc&q=%D0%9A%D0%B0%D1%82%D0%B5%D0%B3%D0%BE%D1%80%D0%B8%D0%B8-TWICE-TXT-NMIXX" "Mozilla/5.0 (compatible; Bytespider; spider-feedback@bytedance.com) AppleWebKit/537.36 (KHTML, like Gecko) Chrome/70.0.0.0 Safari/537.36"
47.128.22.8 - - [12/Oct/2025:02:26:18 +0200] "GET /c/31-category_default/got-the-beat.jpg HTTP/2.0" 206 500 "https://kpopbg.com/bg/13-artisti?SubmitCurrency=1&id_currency=3&order=product.name.desc&q=%D0%9A%D0%B0%D1%82%D0%B5%D0%B3%D0%BE%D1%80%D0%B8%D0%B8-TWICE-TXT-NMIXX" "Mozilla/5.0 (compatible; Bytespider; spider-feedback@bytedance.com) AppleWebKit/537.36 (KHTML, like Gecko) Chrome/70.0.0.0 Safari/537.36"
47.128.22.8 - - [12/Oct/2025:02:26:18 +0200] "GET /c/18-category_default/enhypen.jpg HTTP/2.0" 206 500 "https://kpopbg.com/bg/13-artisti?SubmitCurrency=1&id_currency=3&order=product.name.desc&q=%D0%9A%D0%B0%D1%82%D0%B5%D0%B3%D0%BE%D1%80%D0%B8%D0%B8-TWICE-TXT-NMIXX" "Mozilla/5.0 (compatible; Bytespider; spider-feedback@bytedance.com) AppleWebKit/537.36 (KHTML, like Gecko) Chrome/70.0.0.0 Safari/537.36"
47.128.22.8 - - [12/Oct/2025:02:26:18 +0200] "GET /c/22-category_default/gi-dle-i-dle.jpg HTTP/2.0" 206 500 "https://kpopbg.com/bg/13-artisti?SubmitCurrency=1&id_currency=3&order=product.name.desc&q=%D0%9A%D0%B0%D1%82%D0%B5%D0%B3%D0%BE%D1%80%D0%B8%D0%B8-TWICE-TXT-NMIXX" "Mozilla/5.0 (compatible; Bytespider; spider-feedback@bytedance.com) AppleWebKit/537.36 (KHTML, like Gecko) Chrome/70.0.0.0 Safari/537.36"
47.128.22.8 - - [12/Oct/2025:02:26:18 +0200] "GET /c/73-category_default/hearts2hearts.jpg HTTP/2.0" 206 500 "https://kpopbg.com/bg/13-artisti?SubmitCurrency=1&id_currency=3&order=product.name.desc&q=%D0%9A%D0%B0%D1%82%D0%B5%D0%B3%D0%BE%D1%80%D0%B8%D0%B8-TWICE-TXT-NMIXX" "Mozilla/5.0 (compatible; Bytespider; spider-feedback@bytedance.com) AppleWebKit/537.36 (KHTML, like Gecko) Chrome/70.0.0.0 Safari/537.36"
47.128.22.8 - - [12/Oct/2025:02:26:18 +0200] "GET /c/88-category_default/haechan-nct.jpg HTTP/2.0" 206 500 "https://kpopbg.com/bg/13-artisti?SubmitCurrency=1&id_currency=3&order=product.name.desc&q=%D0%9A%D0%B0%D1%82%D0%B5%D0%B3%D0%BE%D1%80%D0%B8%D0%B8-TWICE-TXT-NMIXX" "Mozilla/5.0 (compatible; Bytespider; spider-feedback@bytedance.com) AppleWebKit/537.36 (KHTML, like Gecko) Chrome/70.0.0.0 Safari/537.36"
47.128.22.8 - - [12/Oct/2025:02:26:18 +0200] "GET /c/14-category_default/itzy.jpg HTTP/2.0" 206 500 "https://kpopbg.com/bg/13-artisti?SubmitCurrency=1&id_currency=3&order=product.name.desc&q=%D0%9A%D0%B0%D1%82%D0%B5%D0%B3%D0%BE%D1%80%D0%B8%D0%B8-TWICE-TXT-NMIXX" "Mozilla/5.0 (compatible; Bytespider; spider-feedback@bytedance.com) AppleWebKit/537.36 (KHTML, like Gecko) Chrome/70.0.0.0 Safari/537.36"
47.128.22.8 - - [12/Oct/2025:02:26:18 +0200] "GET /c/47-category_default/illit.jpg HTTP/2.0" 206 500 "https://kpopbg.com/bg/13-artisti?SubmitCurrency=1&id_currency=3&order=product.name.desc&q=%D0%9A%D0%B0%D1%82%D0%B5%D0%B3%D0%BE%D1%80%D0%B8%D0%B8-TWICE-TXT-NMIXX" "Mozilla/5.0 (compatible; Bytespider; spider-feedback@bytedance.com) AppleWebKit/537.36 (KHTML, like Gecko) Chrome/70.0.0.0 Safari/537.36"
47.128.22.8 - - [12/Oct/2025:02:26:19 +0200] "GET /c/62-category_default/jaehyun-nct.jpg HTTP/2.0" 206 500 "https://kpopbg.com/bg/13-artisti?SubmitCurrency=1&id_currency=3&order=product.name.desc&q=%D0%9A%D0%B0%D1%82%D0%B5%D0%B3%D0%BE%D1%80%D0%B8%D0%B8-TWICE-TXT-NMIXX" "Mozilla/5.0 (compatible; Bytespider; spider-feedback@bytedance.com) AppleWebKit/537.36 (KHTML, like Gecko) Chrome/70.0.0.0 Safari/537.36"
47.128.22.8 - - [12/Oct/2025:02:26:19 +0200] "GET /c/21-category_default/ive.jpg HTTP/2.0" 206 500 "https://kpopbg.com/bg/13-artisti?SubmitCurrency=1&id_currency=3&order=product.name.desc&q=%D0%9A%D0%B0%D1%82%D0%B5%D0%B3%D0%BE%D1%80%D0%B8%D0%B8-TWICE-TXT-NMIXX" "Mozilla/5.0 (compatible; Bytespider; spider-feedback@bytedance.com) AppleWebKit/537.36 (KHTML, like Gecko) Chrome/70.0.0.0 Safari/537.36"
47.128.22.8 - - [12/Oct/2025:02:26:19 +0200] "GET /c/29-category_default/jimin-bts.jpg HTTP/2.0" 206 500 "https://kpopbg.com/bg/13-artisti?SubmitCurrency=1&id_currency=3&order=product.name.desc&q=%D0%9A%D0%B0%D1%82%D0%B5%D0%B3%D0%BE%D1%80%D0%B8%D0%B8-TWICE-TXT-NMIXX" "Mozilla/5.0 (compatible; Bytespider; spider-feedback@bytedance.com) AppleWebKit/537.36 (KHTML, like Gecko) Chrome/70.0.0.0 Safari/537.36"
47.128.22.8 - - [12/Oct/2025:02:26:19 +0200] "GET /c/45-category_default/j-hope-bts.jpg HTTP/2.0" 206 500 "https://kpopbg.com/bg/13-artisti?SubmitCurrency=1&id_currency=3&order=product.name.desc&q=%D0%9A%D0%B0%D1%82%D0%B5%D0%B3%D0%BE%D1%80%D0%B8%D0%B8-TWICE-TXT-NMIXX" "Mozilla/5.0 (compatible; Bytespider; spider-feedback@bytedance.com) AppleWebKit/537.36 (KHTML, like Gecko) Chrome/70.0.0.0 Safari/537.36"
47.128.22.8 - - [12/Oct/2025:02:26:19 +0200] "GET /c/28-category_default/jisoo-blackpink.jpg HTTP/2.0" 206 500 "https://kpopbg.com/bg/13-artisti?SubmitCurrency=1&id_currency=3&order=product.name.desc&q=%D0%9A%D0%B0%D1%82%D0%B5%D0%B3%D0%BE%D1%80%D0%B8%D0%B8-TWICE-TXT-NMIXX" "Mozilla/5.0 (compatible; Bytespider; spider-feedback@bytedance.com) AppleWebKit/537.36 (KHTML, like Gecko) Chrome/70.0.0.0 Safari/537.36"
47.128.22.8 - - [12/Oct/2025:02:26:19 +0200] "GET /c/67-category_default/jin-bts.jpg HTTP/2.0" 206 500 "https://kpopbg.com/bg/13-artisti?SubmitCurrency=1&id_currency=3&order=product.name.desc&q=%D0%9A%D0%B0%D1%82%D0%B5%D0%B3%D0%BE%D1%80%D0%B8%D0%B8-TWICE-TXT-NMIXX" "Mozilla/5.0 (compatible; Bytespider; spider-feedback@bytedance.com) AppleWebKit/537.36 (KHTML, like Gecko) Chrome/70.0.0.0 Safari/537.36"
47.128.22.8 - - [12/Oct/2025:02:26:19 +0200] "GET /c/27-category_default/kai.jpg HTTP/2.0" 206 500 "https://kpopbg.com/bg/13-artisti?SubmitCurrency=1&id_currency=3&order=product.name.desc&q=%D0%9A%D0%B0%D1%82%D0%B5%D0%B3%D0%BE%D1%80%D0%B8%D0%B8-TWICE-TXT-NMIXX" "Mozilla/5.0 (compatible; Bytespider; spider-feedback@bytedance.com) AppleWebKit/537.36 (KHTML, like Gecko) Chrome/70.0.0.0 Safari/537.36"
47.128.22.8 - - [12/Oct/2025:02:26:19 +0200] "GET /c/42-category_default/jung-kook-bts.jpg HTTP/2.0" 206 500 "https://kpopbg.com/bg/13-artisti?SubmitCurrency=1&id_currency=3&order=product.name.desc&q=%D0%9A%D0%B0%D1%82%D0%B5%D0%B3%D0%BE%D1%80%D0%B8%D0%B8-TWICE-TXT-NMIXX" "Mozilla/5.0 (compatible; Bytespider; spider-feedback@bytedance.com) AppleWebKit/537.36 (KHTML, like Gecko) Chrome/70.0.0.0 Safari/537.36"
47.128.22.8 - - [12/Oct/2025:02:26:19 +0200] "GET /c/65-category_default/kep1er.jpg HTTP/2.0" 206 500 "https://kpopbg.com/bg/13-artisti?SubmitCurrency=1&id_currency=3&order=product.name.desc&q=%D0%9A%D0%B0%D1%82%D0%B5%D0%B3%D0%BE%D1%80%D0%B8%D0%B8-TWICE-TXT-NMIXX" "Mozilla/5.0 (compatible; Bytespider; spider-feedback@bytedance.com) AppleWebKit/537.36 (KHTML, like Gecko) Chrome/70.0.0.0 Safari/537.36"
47.128.22.8 - - [12/Oct/2025:02:26:19 +0200] "GET /c/84-category_default/katseye.jpg HTTP/2.0" 206 500 "https://kpopbg.com/bg/13-artisti?SubmitCurrency=1&id_currency=3&order=product.name.desc&q=%D0%9A%D0%B0%D1%82%D0%B5%D0%B3%D0%BE%D1%80%D0%B8%D0%B8-TWICE-TXT-NMIXX" "Mozilla/5.0 (compatible; Bytespider; spider-feedback@bytedance.com) AppleWebKit/537.36 (KHTML, like Gecko) Chrome/70.0.0.0 Safari/537.36"
47.128.22.8 - - [12/Oct/2025:02:26:19 +0200] "GET /c/54-category_default/kiss-of-life.jpg HTTP/2.0" 206 500 "https://kpopbg.com/bg/13-artisti?SubmitCurrency=1&id_currency=3&order=product.name.desc&q=%D0%9A%D0%B0%D1%82%D0%B5%D0%B3%D0%BE%D1%80%D0%B8%D0%B8-TWICE-TXT-NMIXX" "Mozilla/5.0 (compatible; Bytespider; spider-feedback@bytedance.com) AppleWebKit/537.36 (KHTML, like Gecko) Chrome/70.0.0.0 Safari/537.36"
47.128.22.8 - - [12/Oct/2025:02:26:19 +0200] "GET /c/87-category_default/key-shinee.jpg HTTP/2.0" 206 500 "https://kpopbg.com/bg/13-artisti?SubmitCurrency=1&id_currency=3&order=product.name.desc&q=%D0%9A%D0%B0%D1%82%D0%B5%D0%B3%D0%BE%D1%80%D0%B8%D0%B8-TWICE-TXT-NMIXX" "Mozilla/5.0 (compatible; Bytespider; spider-feedback@bytedance.com) AppleWebKit/537.36 (KHTML, like Gecko) Chrome/70.0.0.0 Safari/537.36"
47.128.22.8 - - [12/Oct/2025:02:26:19 +0200] "GET /c/43-category_default/lisa-blackpink.jpg HTTP/2.0" 206 500 "https://kpopbg.com/bg/13-artisti?SubmitCurrency=1&id_currency=3&order=product.name.desc&q=%D0%9A%D0%B0%D1%82%D0%B5%D0%B3%D0%BE%D1%80%D0%B8%D0%B8-TWICE-TXT-NMIXX" "Mozilla/5.0 (compatible; Bytespider; spider-feedback@bytedance.com) AppleWebKit/537.36 (KHTML, like Gecko) Chrome/70.0.0.0 Safari/537.36"
47.128.22.8 - - [12/Oct/2025:02:26:19 +0200] "GET /c/20-category_default/le-sserafim.jpg HTTP/2.0" 206 500 "https://kpopbg.com/bg/13-artisti?SubmitCurrency=1&id_currency=3&order=product.name.desc&q=%D0%9A%D0%B0%D1%82%D0%B5%D0%B3%D0%BE%D1%80%D0%B8%D0%B8-TWICE-TXT-NMIXX" "Mozilla/5.0 (compatible; Bytespider; spider-feedback@bytedance.com) AppleWebKit/537.36 (KHTML, like Gecko) Chrome/70.0.0.0 Safari/537.36"
47.128.22.8 - - [12/Oct/2025:02:26:19 +0200] "GET /c/83-category_default/meovv.jpg HTTP/2.0" 206 500 "https://kpopbg.com/bg/13-artisti?SubmitCurrency=1&id_currency=3&order=product.name.desc&q=%D0%9A%D0%B0%D1%82%D0%B5%D0%B3%D0%BE%D1%80%D0%B8%D0%B8-TWICE-TXT-NMIXX" "Mozilla/5.0 (compatible; Bytespider; spider-feedback@bytedance.com) AppleWebKit/537.36 (KHTML, like Gecko) Chrome/70.0.0.0 Safari/537.36"
47.128.22.8 - - [12/Oct/2025:02:26:19 +0200] "GET /c/76-category_default/mark-nct.jpg HTTP/2.0" 206 500 "https://kpopbg.com/bg/13-artisti?SubmitCurrency=1&id_currency=3&order=product.name.desc&q=%D0%9A%D0%B0%D1%82%D0%B5%D0%B3%D0%BE%D1%80%D0%B8%D0%B8-TWICE-TXT-NMIXX" "Mozilla/5.0 (compatible; Bytespider; spider-feedback@bytedance.com) AppleWebKit/537.36 (KHTML, like Gecko) Chrome/70.0.0.0 Safari/537.36"
47.128.22.8 - - [12/Oct/2025:02:26:19 +0200] "GET /c/56-category_default/nayeon-twice.jpg HTTP/2.0" 206 500 "https://kpopbg.com/bg/13-artisti?SubmitCurrency=1&id_currency=3&order=product.name.desc&q=%D0%9A%D0%B0%D1%82%D0%B5%D0%B3%D0%BE%D1%80%D0%B8%D0%B8-TWICE-TXT-NMIXX" "Mozilla/5.0 (compatible; Bytespider; spider-feedback@bytedance.com) AppleWebKit/537.36 (KHTML, like Gecko) Chrome/70.0.0.0 Safari/537.36"
47.128.22.8 - - [12/Oct/2025:02:26:19 +0200] "GET /c/40-category_default/nct-127.jpg HTTP/2.0" 206 500 "https://kpopbg.com/bg/13-artisti?SubmitCurrency=1&id_currency=3&order=product.name.desc&q=%D0%9A%D0%B0%D1%82%D0%B5%D0%B3%D0%BE%D1%80%D0%B8%D0%B8-TWICE-TXT-NMIXX" "Mozilla/5.0 (compatible; Bytespider; spider-feedback@bytedance.com) AppleWebKit/537.36 (KHTML, like Gecko) Chrome/70.0.0.0 Safari/537.36"
47.128.22.8 - - [12/Oct/2025:02:26:19 +0200] "GET /c/90-category_default/moon-byul-mamamoo.jpg HTTP/2.0" 206 500 "https://kpopbg.com/bg/13-artisti?SubmitCurrency=1&id_currency=3&order=product.name.desc&q=%D0%9A%D0%B0%D1%82%D0%B5%D0%B3%D0%BE%D1%80%D0%B8%D0%B8-TWICE-TXT-NMIXX" "Mozilla/5.0 (compatible; Bytespider; spider-feedback@bytedance.com) AppleWebKit/537.36 (KHTML, like Gecko) Chrome/70.0.0.0 Safari/537.36"
52.167.144.186 - - [12/Oct/2025:02:26:25 +0200] "GET /en/13-artist?q=Categories-ATEEZ-BABYMONSTER-BLACKPINK-BOYNEXTDOOR-ENHYPEN-ILLIT-ITZY-JIHYO-KAI-LISA-NEW+JEANS-SEVENTEEN-STAYC-STRAYKIDS-TREASURE-TWICE-ZEROBASEONE HTTP/2.0" 200 19923 "-" "Mozilla/5.0 AppleWebKit/537.36 (KHTML, like Gecko; compatible; bingbot/2.0; +http://www.bing.com/bingbot.htm) Chrome/116.0.1938.76 Safari/537.36"
154.54.249.203 - - [12/Oct/2025:02:26:26 +0200] "GET /en/13-artist?q=Categories-LISA&order=product.reference.desc&page=14 HTTP/1.1" 200 19582 "-" "Mozilla/5.0 (compatible; Barkrowler/0.9; +https://babbar.tech/crawler)"
52.167.144.208 - - [12/Oct/2025:02:26:27 +0200] "GET /bg/13-artisti?q=%D0%9A%D0%B0%D1%82%D0%B5%D0%B3%D0%BE%D1%80%D0%B8%D0%B8-ATEEZ-BOYNEXTDOOR-ENHYPEN-ILLIT-IVE-JIHYO-LISA-NCT+127-NCT+DOYOUNG-NMIXX-RIIZE-SEVENTEEN-STRAYKIDS-TWICE-TXT-WayV-ZEROBASEONE HTTP/2.0" 200 21478 "-" "Mozilla/5.0 AppleWebKit/537.36 (KHTML, like Gecko; compatible; bingbot/2.0; +http://www.bing.com/bingbot.htm) Chrome/116.0.1938.76 Safari/537.36"
52.167.144.208 - - [12/Oct/2025:02:26:28 +0200] "GET /bg/13-artisti?q=%D0%9A%D0%B0%D1%82%D0%B5%D0%B3%D0%BE%D1%80%D0%B8%D0%B8-ATEEZ-BABYMONSTER-BLACKPINK-BOYNEXTDOOR-ENHYPEN-GOT+THE+BEAT-ILLIT-IVE-JIHYO-JISOO+%28BLACKPINK%29-Kep1er-RIIZE-ROSE+%28BLACKPINK%29-STAYC-STRAYKIDS-TREASURE-TWICE-WayV-ZEROBASEONE HTTP/2.0" 200 21624 "-" "Mozilla/5.0 AppleWebKit/537.36 (KHTML, like Gecko; compatible; bingbot/2.0; +http://www.bing.com/bingbot.htm) Chrome/116.0.1938.76 Safari/537.36"
52.167.144.220 - - [12/Oct/2025:02:26:31 +0200] "GET /bg/13-artisti?q=%D0%9A%D0%B0%D1%82%D0%B5%D0%B3%D0%BE%D1%80%D0%B8%D0%B8-ATEEZ-BOYNEXTDOOR-ENHYPEN-ILLIT-IVE-JIHYO-KAI-Kep1er-LISA-NMIXX-P1Harmony-RIIZE-SEVENTEEN-STRAYKIDS-TXT-WayV-ZEROBASEONE-YEJI+%28ITZY%29 HTTP/2.0" 200 21509 "-" "Mozilla/5.0 AppleWebKit/537.36 (KHTML, like Gecko; compatible; bingbot/2.0; +http://www.bing.com/bingbot.htm) Chrome/116.0.1938.76 Safari/537.36"
52.167.144.220 - - [12/Oct/2025:02:26:31 +0200] "GET /en/13-artist?q=Categories-ATEEZ-BABYMONSTER-BLACKPINK-BOYNEXTDOOR-ENHYPEN-ILLIT-ITZY-JIHYO-LISA-NMIXX-TWICE-ZEROBASEONE-SEVENTEEN HTTP/2.0" 200 19866 "-" "Mozilla/5.0 AppleWebKit/537.36 (KHTML, like Gecko; compatible; bingbot/2.0; +http://www.bing.com/bingbot.htm) Chrome/116.0.1938.76 Safari/537.36"
52.167.144.220 - - [12/Oct/2025:02:26:32 +0200] "GET /en/13-artist?q=%D0%9A%D0%B0%D1%82%D0%B5%D0%B3%D0%BE%D1%80%D0%B8%D0%B8-AESPA-BABYMONSTER-BLACKPINK-BTS-ENHYPEN-ILLIT-ITZY-JIHYO-KAI-Kep1er-LISA-NAYEON+%28TWICE%29-NMIXX-RIIZE-SEVENTEEN-TREASURE-TWICE-TXT-ZEROBASEONE-xikers HTTP/2.0" 200 20034 "-" "Mozilla/5.0 AppleWebKit/537.36 (KHTML, like Gecko; compatible; bingbot/2.0; +http://www.bing.com/bingbot.htm) Chrome/116.0.1938.76 Safari/537.36"
52.167.144.186 - - [12/Oct/2025:02:26:41 +0200] "GET /bg/13-artisti?q=%D0%9A%D0%B0%D1%82%D0%B5%D0%B3%D0%BE%D1%80%D0%B8%D0%B8-ATEEZ-BABYMONSTER-BLACKPINK-BOYNEXTDOOR-ENHYPEN-GOT+THE+BEAT-ILLIT-IVE-JENNIE+%28BLACKPINK%29-NMIXX-ROSE+%28BLACKPINK%29-STRAYKIDS-TREASURE-TWICE-TXT-WayV-ZEROBASEONE HTTP/2.0" 200 21587 "-" "Mozilla/5.0 AppleWebKit/537.36 (KHTML, like Gecko; compatible; bingbot/2.0; +http://www.bing.com/bingbot.htm) Chrome/116.0.1938.76 Safari/537.36"
217.113.194.107 - - [12/Oct/2025:02:26:43 +0200] "GET /en/13-artist?q=Categories-LISA&order=product.reference.desc&page=11 HTTP/1.1" 200 19780 "-" "Mozilla/5.0 (compatible; Barkrowler/0.9; +https://babbar.tech/crawler)"
52.167.144.208 - - [12/Oct/2025:02:26:49 +0200] "GET /bg/13-artisti?q=%D0%9A%D0%B0%D1%82%D0%B5%D0%B3%D0%BE%D1%80%D0%B8%D0%B8-ATEEZ-BABYMONSTER-BLACKPINK-BOYNEXTDOOR-BTS-ENHYPEN-GOT+THE+BEAT-ILLIT-ITZY-IVE-JENNIE+%28BLACKPINK%29-LE+SSERAFIM-LISA+%28BLACKPINK%29-NMIXX-RIIZE-SEVENTEEN-TXT-WayV-ZEROBASEONE-ROSE+%28BLACKPINK%29 HTTP/2.0" 200 21644 "-" "Mozilla/5.0 AppleWebKit/537.36 (KHTML, like Gecko; compatible; bingbot/2.0; +http://www.bing.com/bingbot.htm) Chrome/116.0.1938.76 Safari/537.36"
52.167.144.208 - - [12/Oct/2025:02:26:50 +0200] "GET /bg/13-artisti?q=%D0%9A%D0%B0%D1%82%D0%B5%D0%B3%D0%BE%D1%80%D0%B8%D0%B8-ATEEZ-BABYMONSTER-BLACKPINK-BOYNEXTDOOR-Dreamcatcher-ENHYPEN-GOT+THE+BEAT-ILLIT-IVE-JENNIE+%28BLACKPINK%29-JIHYO-JISOO+%28BLACKPINK%29-NMIXX-RIIZE-SEVENTEEN-STAYC-STRAYKIDS-TREASURE-TWICE-WayV-ZEROBASEONE HTTP/2.0" 200 21657 "-" "Mozilla/5.0 AppleWebKit/537.36 (KHTML, like Gecko; compatible; bingbot/2.0; +http://www.bing.com/bingbot.htm) Chrome/116.0.1938.76 Safari/537.36"
114.119.131.105 - - [12/Oct/2025:02:26:57 +0200] "GET /en/nachalo/53-stray-kids-oddinary-standard-ver--8809755509934 HTTP/1.1" 200 16796 "https://kpopbg.com/en/nachalo/53-stray-kids-oddinary-standard-ver--8809755509934?SubmitCurrency=1&id_currency=2" "Mozilla/5.0 (Linux; Android 7.0;) AppleWebKit/537.36 (KHTML, like Gecko) Mobile Safari/537.36 (compatible; PetalBot;+https://webmaster.petalsearch.com/site/petalbot)"
217.113.194.106 - - [12/Oct/2025:02:27:01 +0200] "GET /en/13-artist?q=Categories-BTS&order=product.price.asc&page=7 HTTP/1.1" 200 19807 "-" "Mozilla/5.0 (compatible; Barkrowler/0.9; +https://babbar.tech/crawler)"
