40.77.167.74 - - [12/Oct/2025:02:50:53 +0200] "GET /bg/13-artisti?q=%D0%9A%D0%B0%D1%82%D0%B5%D0%B3%D0%BE%D1%80%D0%B8%D0%B8-ATEEZ-BABYMONSTER-BLACKPINK-BTS-ENHYPEN-ILLIT-ITZY-KAI-Kep1er-NMIXX-SEVENTEEN-TWICE-TXT-xikers-ZEROBASEONE-V+%28BTS%29 HTTP/2.0" 200 21476 "-" "Mozilla/5.0 AppleWebKit/537.36 (KHTML, like Gecko; compatible; bingbot/2.0; +http://www.bing.com/bingbot.htm) Chrome/116.0.1938.76 Safari/537.36"
40.77.167.74 - - [12/Oct/2025:02:50:54 +0200] "GET /bg/13-artisti?q=%D0%9A%D0%B0%D1%82%D0%B5%D0%B3%D0%BE%D1%80%D0%B8%D0%B8-AESPA-ASTRO-BLACKPINK-BTS-ENHYPEN-GOT+THE+BEAT-ITZY-KAI-LISA-NCT-NMIXX-STRAYKIDS-TREASURE-TWICE-V+%28BTS%29-TXT HTTP/2.0" 200 21474 "-" "Mozilla/5.0 AppleWebKit/537.36 (KHTML, like Gecko; compatible; bingbot/2.0; +http://www.bing.com/bingbot.htm) Chrome/116.0.1938.76 Safari/537.36"
52.167.144.170 - - [12/Oct/2025:02:50:58 +0200] "GET /bg/13-artisti?q=%D0%9A%D0%B0%D1%82%D0%B5%D0%B3%D0%BE%D1%80%D0%B8%D0%B8-AESPA-BABYMONSTER-BLACKPINK-BTS-ENHYPEN-ILLIT-KAI-LISA-NMIXX-P1Harmony-STRAYKIDS-TREASURE-ZEROBASEONE-BOYNEXTDOOR&page=3 HTTP/2.0" 200 21643 "-" "Mozilla/5.0 AppleWebKit/537.36 (KHTML, like Gecko; compatible; bingbot/2.0; +http://www.bing.com/bingbot.htm) Chrome/116.0.1938.76 Safari/537.36"
52.167.144.170 - - [12/Oct/2025:02:50:59 +0200] "GET /bg/13-artisti?q=%D0%9A%D0%B0%D1%82%D0%B5%D0%B3%D0%BE%D1%80%D0%B8%D0%B8-ATEEZ-BLACKPINK-BOYNEXTDOOR-ENHYPEN-ILLIT-IVE-JENNIE+%28BLACKPINK%29-JIHYO-Kep1er-LE+SSERAFIM-NMIXX-P1Harmony-RIIZE-SEVENTEEN-STRAYKIDS-V+%28BTS%29-ZEROBASEONE-XDINARY+HEROES HTTP/2.0" 200 21627 "-" "Mozilla/5.0 AppleWebKit/537.36 (KHTML, like Gecko; compatible; bingbot/2.0; +http://www.bing.com/bingbot.htm) Chrome/116.0.1938.76 Safari/537.36"
52.167.144.170 - - [12/Oct/2025:02:51:00 +0200] "GET /bg/13-artisti?q=%D0%9A%D0%B0%D1%82%D0%B5%D0%B3%D0%BE%D1%80%D0%B8%D0%B8-AESPA-ASTRO-BLACKPINK-ENHYPEN-IVE-JISOO-KAI-NMIXX-STAYC-STRAYKIDS-TREASURE-GOT+THE+BEAT HTTP/2.0" 200 21410 "-" "Mozilla/5.0 AppleWebKit/537.36 (KHTML, like Gecko; compatible; bingbot/2.0; +http://www.bing.com/bingbot.htm) Chrome/116.0.1938.76 Safari/537.36"
40.77.167.74 - - [12/Oct/2025:02:51:03 +0200] "GET /bg/13-artisti?q=%D0%9A%D0%B0%D1%82%D0%B5%D0%B3%D0%BE%D1%80%D0%B8%D0%B8-AESPA-BABYMONSTER-ENHYPEN-ILLIT-ITZY-KAI-LISA-NMIXX-SEVENTEEN-STRAYKIDS-TREASURE-ZEROBASEONE-GOT+THE+BEAT HTTP/2.0" 200 21456 "-" "Mozilla/5.0 AppleWebKit/537.36 (KHTML, like Gecko; compatible; bingbot/2.0; +http://www.bing.com/bingbot.htm) Chrome/116.0.1938.76 Safari/537.36"
40.77.167.3 - - [12/Oct/2025:02:51:04 +0200] "GET /bg/13-artisti?q=%D0%9A%D0%B0%D1%82%D0%B5%D0%B3%D0%BE%D1%80%D0%B8%D0%B8-ATEEZ-BABYMONSTER-BLACKPINK-BOYNEXTDOOR-ENHYPEN-GOT+THE+BEAT-ILLIT-IVE-JENNIE+%28BLACKPINK%29-LE+SSERAFIM-NMIXX-RIIZE-SEVENTEEN-STRAYKIDS-TWICE-TXT-WayV-ZEROBASEONE-P1Harmony HTTP/2.0" 200 21638 "-" "Mozilla/5.0 AppleWebKit/537.36 (KHTML, like Gecko; compatible; bingbot/2.0; +http://www.bing.com/bingbot.htm) Chrome/116.0.1938.76 Safari/537.36"
217.113.194.103 - - [12/Oct/2025:02:51:05 +0200] "GET /en/13-artist?q=Categories-STRAYKIDS-NMIXX&page=2 HTTP/1.1" 200 19749 "-" "Mozilla/5.0 (compatible; Barkrowler/0.9; +https://babbar.tech/crawler)"
40.77.167.3 - - [12/Oct/2025:02:51:05 +0200] "GET /bg/13-artisti?q=%D0%9A%D0%B0%D1%82%D0%B5%D0%B3%D0%BE%D1%80%D0%B8%D0%B8-AESPA-ATEEZ-BLACKPINK-BOYNEXTDOOR-ENHYPEN-ILLIT-IVE-JIHYO-LISA-NCT+DOYOUNG-NCT+WISH-NEW+JEANS-NMIXX-RIIZE-TWICE-TXT-WayV-ZEROBASEONE-XDINARY+HEROES HTTP/2.0" 200 21528 "-" "Mozilla/5.0 AppleWebKit/537.36 (KHTML, like Gecko; compatible; bingbot/2.0; +http://www.bing.com/bingbot.htm) Chrome/116.0.1938.76 Safari/537.36"
52.167.144.170 - - [12/Oct/2025:02:51:18 +0200] "GET /en/13-artist?q=Categories-AESPA-ASTRO-BTS-ENHYPEN-ILLIT-ITZY-LE+SSERAFIM-LISA-NMIXX-ZEROBASEONE-BABYMONSTER HTTP/2.0" 200 19850 "-" "Mozilla/5.0 AppleWebKit/537.36 (KHTML, like Gecko; compatible; bingbot/2.0; +http://www.bing.com/bingbot.htm) Chrome/116.0.1938.76 Safari/537.36"
217.113.194.223 - - [12/Oct/2025:02:51:22 +0200] "GET /en/13-artist?q=Categories-STRAYKIDS-TXT-Kep1er HTTP/1.1" 200 19708 "-" "Mozilla/5.0 (compatible; Barkrowler/0.9; +https://babbar.tech/crawler)"
40.77.167.3 - - [12/Oct/2025:02:51:24 +0200] "GET /bg/13-artisti?q=%D0%9A%D0%B0%D1%82%D0%B5%D0%B3%D0%BE%D1%80%D0%B8%D0%B8-ATEEZ-BABYMONSTER-BLACKPINK-BOYNEXTDOOR-ENHYPEN-GOT+THE+BEAT-ILLIT-IVE-JENNIE+%28BLACKPINK%29-Kep1er-LE+SSERAFIM-NEW+JEANS-NMIXX-RIIZE-SEVENTEEN-STRAYKIDS-TWICE-TXT-WayV-xikers-ZEROBASEONE HTTP/2.0" 200 21660 "-" "Mozilla/5.0 AppleWebKit/537.36 (KHTML, like Gecko; compatible; bingbot/2.0; +http://www.bing.com/bingbot.htm) Chrome/116.0.1938.76 Safari/537.36"
40.77.167.3 - - [12/Oct/2025:02:51:34 +0200] "GET /bg/12-albumi?q=%D0%9D%D0%B0%D0%BB%D0%B8%D1%87%D0%BD%D0%BE%D1%81%D1%82-%D0%92+%D0%BD%D0%B0%D0%BB%D0%B8%D1%87%D0%BD%D0%BE%D1%81%D1%82-%D0%9D%D0%B0%D0%BB%D0%B8%D1%87%D0%B5%D0%BD-%D0%9D%D1%8F%D0%BC%D0%B0+%D0%BD%D0%B0%D0%BB%D0%B8%D1%87%D0%BD%D0%BE%D1%81%D1%82/%D0%9C%D0%B0%D1%80%D0%BA%D0%B0-ADOR-CUBE+ENTERTAINMENT-FANTAGIO+MUSIC-KQ+Entertainment HTTP/2.0" 200 17950 "-" "Mozilla/5.0 AppleWebKit/537.36 (KHTML, like Gecko; compatible; bingbot/2.0; +http://www.bing.com/bingbot.htm) Chrome/116.0.1938.76 Safari/537.36"
40.77.167.3 - - [12/Oct/2025:02:51:34 +0200] "GET /en/13-artist?q=Categories-AESPA-BABYMONSTER-BLACKPINK-CHA+EUN+WOO+%28ASTRO%29-ILLIT-ITZY-JIHYO-JIMIN+%28BTS%29-NMIXX-SEVENTEEN-TWICE-WayV-XDINARY+HEROES-ZEROBASEONE-RIIZE&order=product.reference.desc HTTP/2.0" 200 20051 "-" "Mozilla/5.0 AppleWebKit/537.36 (KHTML, like Gecko; compatible; bingbot/2.0; +http://www.bing.com/bingbot.htm) Chrome/116.0.1938.76 Safari/537.36"
52.167.144.170 - - [12/Oct/2025:02:51:38 +0200] "GET /bg/13-artisti?q=%D0%9A%D0%B0%D1%82%D0%B5%D0%B3%D0%BE%D1%80%D0%B8%D0%B8-BABYMONSTER-BLACKPINK-BOYNEXTDOOR-Dreamcatcher-ENHYPEN-GOT+THE+BEAT-ILLIT-ITZY-IVE-JIHYO-Kep1er-LISA+%28BLACKPINK%29-NMIXX-P1Harmony-RIIZE-ROSE+%28BLACKPINK%29-SEVENTEEN-STRAYKIDS-TREASURE-TWICE-Tzuyu+%28TWICE%29-WayV-ZEROBASEONE HTTP/2.0" 200 21687 "-" "Mozilla/5.0 AppleWebKit/537.36 (KHTML, like Gecko; compatible; bingbot/2.0; +http://www.bing.com/bingbot.htm) Chrome/116.0.1938.76 Safari/537.36"
52.167.144.170 - - [12/Oct/2025:02:51:39 +0200] "GET /bg/13-artisti?q=%D0%9A%D0%B0%D1%82%D0%B5%D0%B3%D0%BE%D1%80%D0%B8%D0%B8-ATEEZ-BABYMONSTER-BOYNEXTDOOR-ENHYPEN-ILLIT-IVE-JIHYO-LISA-NMIXX-P1Harmony-RIIZE-SEVENTEEN-STRAYKIDS-TXT-Tzuyu+%28TWICE%29-WayV-XDINARY+HEROES-ZEROBASEONE HTTP/2.0" 200 21543 "-" "Mozilla/5.0 AppleWebKit/537.36 (KHTML, like Gecko; compatible; bingbot/2.0; +http://www.bing.com/bingbot.htm) Chrome/116.0.1938.76 Safari/537.36"
217.113.194.110 - - [12/Oct/2025:02:51:39 +0200] "GET /en/13-artist?q=Categories-STRAYKIDS-TWICE-IVE&page=4 HTTP/1.1" 200 19999 "-" "Mozilla/5.0 (compatible; Barkrowler/0.9; +https://babbar.tech/crawler)"
40.77.167.74 - - [12/Oct/2025:02:51:43 +0200] "GET /en/13-artist?q=Categories-BABYMONSTER-BTS-ENHYPEN-ILLIT-NCT-STAYC-ZEROBASEONE-KAI HTTP/2.0" 200 19743 "-" "Mozilla/5.0 AppleWebKit/537.36 (KHTML, like Gecko; compatible; bingbot/2.0; +http://www.bing.com/bingbot.htm) Chrome/116.0.1938.76 Safari/537.36"
40.77.167.74 - - [12/Oct/2025:02:51:44 +0200] "GET /bg/13-artisti?q=%D0%9A%D0%B0%D1%82%D0%B5%D0%B3%D0%BE%D1%80%D0%B8%D0%B8-AESPA-ASTRO-ENHYPEN-GOT+THE+BEAT-ITZY-IVE-KAI-LE+SSERAFIM-LISA-NCT-NCT+DREAM-STRAYKIDS-TREASURE-TWICE-V+%28BTS%29-BLACKPINK HTTP/2.0" 200 21496 "-" "Mozilla/5.0 AppleWebKit/537.36 (KHTML, like Gecko; compatible; bingbot/2.0; +http://www.bing.com/bingbot.htm) Chrome/116.0.1938.76 Safari/537.36"
217.113.194.106 - - [12/Oct/2025:02:51:57 +0200] "GET /en/13-artist?q=Categories-STRAYKIDS-ITZY&page=17 HTTP/1.1" 200 19613 "-" "Mozilla/5.0 (compatible; Barkrowler/0.9; +https://babbar.tech/crawler)"
114.119.153.232 - - [12/Oct/2025:02:52:03 +0200] "GET /en/best-sales?order=product.reference.desc&id_currency=1&SubmitCurrency=1&page=5 HTTP/1.1" 200 15891 "https://kpopbg.com/en/best-sales?order=product.reference.desc&id_currency=1&SubmitCurrency=1&page=4" "Mozilla/5.0 (Linux; Android 7.0;) AppleWebKit/537.36 (KHTML, like Gecko) Mobile Safari/537.36 (compatible; PetalBot;+https://webmaster.petalsearch.com/site/petalbot)"
217.113.194.108 - - [12/Oct/2025:02:52:13 +0200] "GET /en/13-artist?q=Categories-STRAYKIDS-P1Harmony&page=4 HTTP/1.1" 200 19980 "-" "Mozilla/5.0 (compatible; Barkrowler/0.9; +https://babbar.tech/crawler)"
52.167.144.170 - - [12/Oct/2025:02:52:28 +0200] "GET /bg/13-artisti?q=%D0%9A%D0%B0%D1%82%D0%B5%D0%B3%D0%BE%D1%80%D0%B8%D0%B8-AESPA-ATEEZ-BOYNEXTDOOR-BTS-ENHYPEN-ILLIT-ITZY-IVE-JENNIE+%28BLACKPINK%29-JIHYO-LISA-NCT+DOYOUNG-NMIXX-RIIZE-ROSE+%28BLACKPINK%29-SEVENTEEN-TWICE-TXT-WayV-ZEROBASEONE HTTP/2.0" 200 21549 "-" "Mozilla/5.0 AppleWebKit/537.36 (KHTML, like Gecko; compatible; bingbot/2.0; +http://www.bing.com/bingbot.htm) Chrome/116.0.1938.76 Safari/537.36"
52.167.144.170 - - [12/Oct/2025:02:52:29 +0200] "GET /bg/13-artisti?q=%D0%9A%D0%B0%D1%82%D0%B5%D0%B3%D0%BE%D1%80%D0%B8%D0%B8-AESPA-BLACKPINK-BTS-ENHYPEN-GOT+THE+BEAT-ITZY-IVE-JISOO-KAI-LISA-NCT-NCT+DREAM-NEW+JEANS-STRAYKIDS-TREASURE-TWICE-TXT-ATEEZ HTTP/2.0" 200 21492 "-" "Mozilla/5.0 AppleWebKit/537.36 (KHTML, like Gecko; compatible; bingbot/2.0; +http://www.bing.com/bingbot.htm) Chrome/116.0.1938.76 Safari/537.36"
217.113.194.102 - - [12/Oct/2025:02:52:31 +0200] "GET /en/13-artist?q=Categories-P1Harmony-TWICE-ILLIT HTTP/1.1" 200 19708 "-" "Mozilla/5.0 (compatible; Barkrowler/0.9; +https://babbar.tech/crawler)"
217.113.194.107 - - [12/Oct/2025:02:52:48 +0200] "GET /en/13-artist?q=Categories-NMIXX-ENHYPEN&page=2 HTTP/1.1" 200 19739 "-" "Mozilla/5.0 (compatible; Barkrowler/0.9; +https://babbar.tech/crawler)"
216.244.66.233 - - [12/Oct/2025:02:52:52 +0200] "GET /robots.txt HTTP/1.1" 404 80667 "-" "Mozilla/5.0 (compatible; DotBot/1.2; +https://opensiteexplorer.org/dotbot; help@moz.com)"
40.77.167.3 - - [12/Oct/2025:02:52:55 +0200] "GET /bg/13-artisti?q=%D0%9A%D0%B0%D1%82%D0%B5%D0%B3%D0%BE%D1%80%D0%B8%D0%B8-AESPA-ASTRO-BABYMONSTER-BLACKPINK-BTS-ENHYPEN-ILLIT-ITZY-JIHYO-KAI-LISA-NMIXX-P1Harmony-STRAYKIDS-TREASURE-ZEROBASEONE-GOT+THE+BEAT HTTP/2.0" 200 21496 "-" "Mozilla/5.0 AppleWebKit/537.36 (KHTML, like Gecko; compatible; bingbot/2.0; +http://www.bing.com/bingbot.htm) Chrome/116.0.1938.76 Safari/537.36"
217.113.194.103 - - [12/Oct/2025:02:53:04 +0200] "GET /en/13-artist?q=Categories-NMIXX-KAI&page=17 HTTP/1.1" 200 19610 "-" "Mozilla/5.0 (compatible; Barkrowler/0.9; +https://babbar.tech/crawler)"
52.167.144.170 - - [12/Oct/2025:02:53:09 +0200] "GET /bg/13-artisti?q=%D0%9A%D0%B0%D1%82%D0%B5%D0%B3%D0%BE%D1%80%D0%B8%D0%B8-AESPA-ASTRO-ATEEZ-ENHYPEN-ITZY-IVE-JIHYO-JISOO-KAI-LISA-NCT-NCT+DREAM-NEW+JEANS-STRAYKIDS-TREASURE-GOT+THE+BEAT HTTP/2.0" 200 21478 "-" "Mozilla/5.0 AppleWebKit/537.36 (KHTML, like Gecko; compatible; bingbot/2.0; +http://www.bing.com/bingbot.htm) Chrome/116.0.1938.76 Safari/537.36"
52.167.144.170 - - [12/Oct/2025:02:53:10 +0200] "GET /en/13-artist?q=Categories-AESPA-BABYMONSTER-BLACKPINK-BTS-ENHYPEN-ILLIT-ITZY-JIHYO-KAI-LISA-NEW+JEANS-P1Harmony-SEVENTEEN-TWICE-TXT-ZEROBASEONE-LE+SSERAFIM HTTP/2.0" 200 19928 "-" "Mozilla/5.0 AppleWebKit/537.36 (KHTML, like Gecko; compatible; bingbot/2.0; +http://www.bing.com/bingbot.htm) Chrome/116.0.1938.76 Safari/537.36"
40.77.167.3 - - [12/Oct/2025:02:53:14 +0200] "GET /bg/13-artisti?q=%D0%9A%D0%B0%D1%82%D0%B5%D0%B3%D0%BE%D1%80%D0%B8%D0%B8-AESPA-ATEEZ-BABYMONSTER-BLACKPINK-BOYNEXTDOOR-ENHYPEN-GOT+THE+BEAT-ILLIT-IVE-JIHYO-LISA-NMIXX-P1Harmony-RIIZE-TWICE-XDINARY+HEROES-ZEROBASEONE-ITZY&page=2 HTTP/2.0" 200 21641 "-" "Mozilla/5.0 AppleWebKit/537.36 (KHTML, like Gecko; compatible; bingbot/2.0; +http://www.bing.com/bingbot.htm) Chrome/116.0.1938.76 Safari/537.36"
217.113.194.224 - - [12/Oct/2025:02:53:21 +0200] "GET /en/13-artist?q=Categories-NMIXX-KAI&page=14 HTTP/1.1" 200 19806 "-" "Mozilla/5.0 (compatible; Barkrowler/0.9; +https://babbar.tech/crawler)"
40.77.167.74 - - [12/Oct/2025:02:53:23 +0200] "GET /en/13-artist?q=Categories-ATEEZ-BABYMONSTER-BLACKPINK-BOYNEXTDOOR-ENHYPEN-ILLIT-ITZY-JIHYO-KAI-LISA-NMIXX-P1Harmony-TREASURE-TWICE-ZEROBASEONE-NAYEON+%28TWICE%29 HTTP/2.0" 200 19923 "-" "Mozilla/5.0 AppleWebKit/537.36 (KHTML, like Gecko; compatible; bingbot/2.0; +http://www.bing.com/bingbot.htm) Chrome/116.0.1938.76 Safari/537.36"
40.77.167.74 - - [12/Oct/2025:02:53:23 +0200] "GET /bg/13-artisti?q=%D0%9A%D0%B0%D1%82%D0%B5%D0%B3%D0%BE%D1%80%D0%B8%D0%B8-AESPA-BLACKPINK-BTS-ENHYPEN-JIHYO-NCT-STRAYKIDS-TWICE/%D0%9D%D0%B0%D0%BB%D0%B8%D1%87%D0%BD%D0%BE%D1%81%D1%82-%D0%92+%D0%BD%D0%B0%D0%BB%D0%B8%D1%87%D0%BD%D0%BE%D1%81%D1%82 HTTP/2.0" 200 21494 "-" "Mozilla/5.0 AppleWebKit/537.36 (KHTML, like Gecko; compatible; bingbot/2.0; +http://www.bing.com/bingbot.htm) Chrome/116.0.1938.76 Safari/537.36"
114.119.131.105 - - [12/Oct/2025:02:53:28 +0200] "GET /en/best-sales?order=product.price.asc&page=7&id_currency=1 HTTP/1.1" 200 15907 "https://kpopbg.com/en/best-sales?order=product.price.asc&page=7&id_currency=1" "Mozilla/5.0 (Linux; Android 7.0;) AppleWebKit/537.36 (KHTML, like Gecko) Mobile Safari/537.36 (compatible; PetalBot;+https://webmaster.petalsearch.com/site/petalbot)"
40.77.167.3 - - [12/Oct/2025:02:53:34 +0200] "GET /en/13-artist?q=Categories-BABYMONSTER-BLACKPINK-BOYNEXTDOOR-ENHYPEN-ILLIT-NCT-NMIXX-SEVENTEEN-TXT-ZEROBASEONE-ASTRO HTTP/2.0" 200 19842 "-" "Mozilla/5.0 AppleWebKit/537.36 (KHTML, like Gecko; compatible; bingbot/2.0; +http://www.bing.com/bingbot.htm) Chrome/116.0.1938.76 Safari/537.36"
217.113.194.111 - - [12/Oct/2025:02:53:37 +0200] "GET /en/13-artist?q=Categories-NMIXX-TREASURE&page=15 HTTP/1.1" 200 19906 "-" "Mozilla/5.0 (compatible; Barkrowler/0.9; +https://babbar.tech/crawler)"
52.167.144.170 - - [12/Oct/2025:02:53:39 +0200] "GET /en/13-artist?q=%D0%9A%D0%B0%D1%82%D0%B5%D0%B3%D0%BE%D1%80%D0%B8%D0%B8-AESPA-BABYMONSTER-BLACKPINK-BOYNEXTDOOR-ILLIT-ITZY-JIHYO-KAI-LISA-NMIXX-RIIZE-SEVENTEEN-STAYC-TREASURE-WayV-ZEROBASEONE-THE+BOYZ HTTP/2.0" 200 20000 "-" "Mozilla/5.0 AppleWebKit/537.36 (KHTML, like Gecko; compatible; bingbot/2.0; +http://www.bing.com/bingbot.htm) Chrome/116.0.1938.76 Safari/537.36"
17.22.237.36 - - [12/Oct/2025:02:53:50 +0200] "GET /robots.txt HTTP/1.1" 404 11727 "-" "Mozilla/5.0 (Macintosh; Intel Mac OS X 10_15_7) AppleWebKit/605.1.15 (KHTML, like Gecko) Version/17.4 Safari/605.1.15 (Applebot/0.1; +http://www.apple.com/go/applebot)"
17.22.237.36 - - [12/Oct/2025:02:53:51 +0200] "GET /en/brand/4-hybe HTTP/1.1" 200 12655 "-" "Mozilla/5.0 (Macintosh; Intel Mac OS X 10_15_7) AppleWebKit/605.1.15 (KHTML, like Gecko) Version/17.4 Safari/605.1.15 (Applebot/0.1; +http://www.apple.com/go/applebot)"
217.113.194.111 - - [12/Oct/2025:02:53:54 +0200] "GET /en/13-artist?q=Categories-NMIXX&order=product.position.asc HTTP/1.1" 200 19553 "-" "Mozilla/5.0 (compatible; Barkrowler/0.9; +https://babbar.tech/crawler)"
85.208.96.212 - - [12/Oct/2025:02:53:57 +0200] "GET /robots.txt HTTP/1.1" 404 11732 "-" "Mozilla/5.0 (compatible; SemrushBot/7~bl; +http://www.semrush.com/bot.html)"
85.208.96.201 - - [12/Oct/2025:02:53:59 +0200] "GET /bg/%D0%BD%D0%B0%D0%B9-%D0%BF%D1%80%D0%BE%D0%B4%D0%B0%D0%B2%D0%B0%D0%BD%D0%B8?page=15 HTTP/1.1" 200 17560 "-" "Mozilla/5.0 (compatible; SemrushBot/7~bl; +http://www.semrush.com/bot.html)"
217.113.194.103 - - [12/Oct/2025:02:54:11 +0200] "GET /en/13-artist?q=Categories-NCT+127-TREASURE&page=16 HTTP/1.1" 200 19697 "-" "Mozilla/5.0 (compatible; Barkrowler/0.9; +https://babbar.tech/crawler)"
154.54.249.203 - - [12/Oct/2025:02:54:27 +0200] "GET /en/13-artist?q=Categories-NCT+WISH-STAYC&page=17 HTTP/1.1" 200 19621 "-" "Mozilla/5.0 (compatible; Barkrowler/0.9; +https://babbar.tech/crawler)"
217.113.194.224 - - [12/Oct/2025:02:54:44 +0200] "GET /en/13-artist?q=Categories-NCT+WISH-STAYC&page=14 HTTP/1.1" 200 19824 "-" "Mozilla/5.0 (compatible; Barkrowler/0.9; +https://babbar.tech/crawler)"
114.119.131.105 - - [12/Oct/2025:02:54:47 +0200] "GET /en/best-sales?order=product.position.asc&page=4&SubmitCurrency=1&id_currency=3 HTTP/1.1" 200 11914 "https://kpopbg.com/en/best-sales?order=product.position.asc&page=4&SubmitCurrency=1&id_currency=3" "Mozilla/5.0 (Linux; Android 7.0;) AppleWebKit/537.36 (KHTML, like Gecko) Mobile Safari/537.36 (compatible; PetalBot;+https://webmaster.petalsearch.com/site/petalbot)"
52.167.144.170 - - [12/Oct/2025:02:54:58 +0200] "GET /en/13-artist?q=%D0%9A%D0%B0%D1%82%D0%B5%D0%B3%D0%BE%D1%80%D0%B8%D0%B8-AESPA-BABYMONSTER-BLACKPINK-BOYNEXTDOOR-ENHYPEN-ILLIT-ITZY-KAI-LE+SSERAFIM-LISA-NAYEON+%28TWICE%29-NMIXX-SEVENTEEN-STAYC-TREASURE-TWICE-TXT-ZEROBASEONE-P1Harmony HTTP/2.0" 200 20113 "-" "Mozilla/5.0 AppleWebKit/537.36 (KHTML, like Gecko; compatible; bingbot/2.0; +http://www.bing.com/bingbot.htm) Chrome/116.0.1938.76 Safari/537.36"
52.167.144.170 - - [12/Oct/2025:02:54:59 +0200] "GET /bg/13-artisti?q=%D0%9A%D0%B0%D1%82%D0%B5%D0%B3%D0%BE%D1%80%D0%B8%D0%B8-AESPA-BABYMONSTER-BLACKPINK-BOYNEXTDOOR-BTS-ENHYPEN-ILLIT-ITZY-JIHYO-KAI-NAYEON+%28TWICE%29-NMIXX-SEVENTEEN-STAYC-TREASURE-TWICE-WayV-ZEROBASEONE-RIIZE HTTP/2.0" 200 21534 "-" "Mozilla/5.0 AppleWebKit/537.36 (KHTML, like Gecko; compatible; bingbot/2.0; +http://www.bing.com/bingbot.htm) Chrome/116.0.1938.76 Safari/537.36"
217.113.194.109 - - [12/Oct/2025:02:55:02 +0200] "GET /en/13-artist?q=Categories-NCT+DREAM-Dreamcatcher&page=2 HTTP/1.1" 200 19751 "-" "Mozilla/5.0 (compatible; Barkrowler/0.9; +https://babbar.tech/crawler)"
40.77.167.74 - - [12/Oct/2025:02:55:16 +0200] "GET /bg/13-artisti?q=%D0%9A%D0%B0%D1%82%D0%B5%D0%B3%D0%BE%D1%80%D0%B8%D0%B8-AESPA-BABYMONSTER-BLACKPINK-BOYNEXTDOOR-ENHYPEN-ILLIT-ITZY-JIHYO-JIMIN+%28BTS%29-KAI-LISA-NAYEON+%28TWICE%29-NMIXX-SEVENTEEN-STAYC-TWICE-TXT-Tzuyu+%28TWICE%29-ZEROBASEONE-LE+SSERAFIM&order=product.name.desc HTTP/2.0" 200 21898 "-" "Mozilla/5.0 AppleWebKit/537.36 (KHTML, like Gecko; compatible; bingbot/2.0; +http://www.bing.com/bingbot.htm) Chrome/116.0.1938.76 Safari/537.36"
217.113.194.103 - - [12/Oct/2025:02:55:18 +0200] "GET /en/13-artist?q=Categories-NCT+DREAM-xikers&page=16 HTTP/1.1" 200 19694 "-" "Mozilla/5.0 (compatible; Barkrowler/0.9; +https://babbar.tech/crawler)"
217.113.194.111 - - [12/Oct/2025:02:55:35 +0200] "GET /en/13-artist?q=Categories-TXT-WayV&order=product.name.asc HTTP/1.1" 200 19347 "-" "Mozilla/5.0 (compatible; Barkrowler/0.9; +https://babbar.tech/crawler)"
52.167.144.170 - - [12/Oct/2025:02:55:39 +0200] "GET /bg/13-artisti?q=%D0%9A%D0%B0%D1%82%D0%B5%D0%B3%D0%BE%D1%80%D0%B8%D0%B8-ATEEZ-BABYMONSTER-BLACKPINK-BOYNEXTDOOR-ENHYPEN-GOT+THE+BEAT-ILLIT-IVE-Kep1er-LISA+%28BLACKPINK%29-NMIXX-RIIZE-ROSE+%28BLACKPINK%29-STAYC-STRAYKIDS-TREASURE-TWICE-TXT-WayV-ZEROBASEONE-Tzuyu+%28TWICE%29 HTTP/2.0" 200 21660 "-" "Mozilla/5.0 AppleWebKit/537.36 (KHTML, like Gecko; compatible; bingbot/2.0; +http://www.bing.com/bingbot.htm) Chrome/116.0.1938.76 Safari/537.36"
217.113.194.223 - - [12/Oct/2025:02:55:51 +0200] "GET /en/13-artist?q=Categories-TXT&order=product.price.asc&page=16 HTTP/1.1" 200 19936 "-" "Mozilla/5.0 (compatible; Barkrowler/0.9; +https://babbar.tech/crawler)"
52.167.144.170 - - [12/Oct/2025:02:55:59 +0200] "GET /en/13-artist?q=Categories-AESPA-ATEEZ-BABYMONSTER-BLACKPINK-BTS-ENHYPEN-ILLIT-ITZY-JIHYO-LISA-NMIXX-P1Harmony-SEVENTEEN-TWICE-ZEROBASEONE-TREASURE HTTP/2.0" 200 19897 "-" "Mozilla/5.0 AppleWebKit/537.36 (KHTML, like Gecko; compatible; bingbot/2.0; +http://www.bing.com/bingbot.htm) Chrome/116.0.1938.76 Safari/537.36"
66.249.66.15 - - [12/Oct/2025:02:56:06 +0200] "GET /en/nachalo/35-297-enhypen-manifesto-day-1-8809704424424 HTTP/1.1" 200 17209 "-" "Mozilla/5.0 (Linux; Android 6.0.1; Nexus 5X Build/MMB29P) AppleWebKit/537.36 (KHTML, like Gecko) Chrome/140.0.7339.207 Mobile Safari/537.36 (compatible; Googlebot/2.1; +http://www.google.com/bot.html)"
217.113.194.224 - - [12/Oct/2025:02:56:08 +0200] "GET /en/13-artist?q=Categories-TXT&order=product.position.asc&page=2 HTTP/1.1" 200 19764 "-" "Mozilla/5.0 (compatible; Barkrowler/0.9; +https://babbar.tech/crawler)"
114.119.131.105 - - [12/Oct/2025:02:56:10 +0200] "GET /en/best-sales?order=product.name.desc&id_currency=2&page=9&=1 HTTP/1.1" 200 15863 "https://kpopbg.com/en/best-sales?order=product.name.desc&id_currency=2&page=9&=1" "Mozilla/5.0 (Linux; Android 7.0;) AppleWebKit/537.36 (KHTML, like Gecko) Mobile Safari/537.36 (compatible; PetalBot;+https://webmaster.petalsearch.com/site/petalbot)"
52.167.144.170 - - [12/Oct/2025:02:56:20 +0200] "GET /bg/13-artisti?q=%D0%9A%D0%B0%D1%82%D0%B5%D0%B3%D0%BE%D1%80%D0%B8%D0%B8-AESPA-ASTRO-BLACKPINK-BOYNEXTDOOR-ILLIT-ITZY-JIHYO-KAI-LISA-NMIXX-SEVENTEEN-STRAYKIDS-TXT-ZEROBASEONE HTTP/2.0" 200 21440 "-" "Mozilla/5.0 AppleWebKit/537.36 (KHTML, like Gecko; compatible; bingbot/2.0; +http://www.bing.com/bingbot.htm) Chrome/116.0.1938.76 Safari/537.36"
52.167.144.170 - - [12/Oct/2025:02:56:20 +0200] "GET /en/13-artist?q=Categories-AESPA-BABYMONSTER-BLACKPINK-BOYNEXTDOOR-CHA+EUN+WOO+%28ASTRO%29-ENHYPEN-ILLIT-ITZY-JIHYO-Jin+%28BTS%29-P1Harmony-RM+%28BTS%29-STAYC-TREASURE-TWICE-Tzuyu+%28TWICE%29-V+%28BTS%29-ZEROBASEONE-SEVENTEEN HTTP/2.0" 200 20025 "-" "Mozilla/5.0 AppleWebKit/537.36 (KHTML, like Gecko; compatible; bingbot/2.0; +http://www.bing.com/bingbot.htm) Chrome/116.0.1938.76 Safari/537.36"
52.167.144.216 - - [12/Oct/2025:02:56:25 +0200] "GET /en/13-artist?q=Categories-AESPA-BABYMONSTER-BLACKPINK-ENHYPEN-ILLIT-ITZY-JIHYO-KAI-LISA-SEVENTEEN-TWICE-TXT-WayV-ZEROBASEONE-RIIZE HTTP/2.0" 200 19870 "-" "Mozilla/5.0 AppleWebKit/537.36 (KHTML, like Gecko; compatible; bingbot/2.0; +http://www.bing.com/bingbot.htm) Chrome/116.0.1938.76 Safari/537.36"
217.113.194.111 - - [12/Oct/2025:02:56:25 +0200] "GET /en/13-artist?q=Categories-TXT&order=product.reference.asc&page=14 HTTP/1.1" 200 19576 "-" "Mozilla/5.0 (compatible; Barkrowler/0.9; +https://babbar.tech/crawler)"
40.77.167.74 - - [12/Oct/2025:02:56:34 +0200] "GET /bg/13-artisti?q=%D0%9A%D0%B0%D1%82%D0%B5%D0%B3%D0%BE%D1%80%D0%B8%D0%B8-ATEEZ-BABYMONSTER-BLACKPINK-BOYNEXTDOOR-ENHYPEN-ILLIT-ITZY-IVE-JIHYO-KAI-LISA-NAYEON+%28TWICE%29-NMIXX-SEVENTEEN-STAYC-TREASURE-TWICE-WayV-ZEROBASEONE-BTS HTTP/2.0" 200 21605 "-" "Mozilla/5.0 AppleWebKit/537.36 (KHTML, like Gecko; compatible; bingbot/2.0; +http://www.bing.com/bingbot.htm) Chrome/116.0.1938.76 Safari/537.36"
217.113.194.105 - - [12/Oct/2025:02:56:44 +0200] "GET /en/13-artist?q=Categories-TXT&order=product.reference.asc&page=4 HTTP/1.1" 200 19598 "-" "Mozilla/5.0 (compatible; Barkrowler/0.9; +https://babbar.tech/crawler)"
40.77.167.74 - - [12/Oct/2025:02:56:54 +0200] "GET /bg/13-artisti?q=%D0%9A%D0%B0%D1%82%D0%B5%D0%B3%D0%BE%D1%80%D0%B8%D0%B8-AESPA-ASTRO-ENHYPEN-GOT+THE+BEAT-ITZY-IVE-JISOO-KAI-LISA-NCT-NCT+DREAM-NEW+JEANS-STRAYKIDS/%D0%9C%D0%B0%D1%80%D0%BA%D0%B0-SM+Entertainment&page=2 HTTP/2.0" 200 21624 "-" "Mozilla/5.0 AppleWebKit/537.36 (KHTML, like Gecko; compatible; bingbot/2.0; +http://www.bing.com/bingbot.htm) Chrome/116.0.1938.76 Safari/537.36"
217.113.194.102 - - [12/Oct/2025:02:57:00 +0200] "GET /en/13-artist?q=Categories-TXT-NEW+JEANS&page=2 HTTP/1.1" 200 19745 "-" "Mozilla/5.0 (compatible; Barkrowler/0.9; +https://babbar.tech/crawler)"
52.167.144.170 - - [12/Oct/2025:02:57:08 +0200] "GET /bg/13-artisti?q=%D0%9A%D0%B0%D1%82%D0%B5%D0%B3%D0%BE%D1%80%D0%B8%D0%B8-AESPA-ATEEZ-BABYMONSTER-BLACKPINK-ILLIT-ITZY-KAI-LISA-NMIXX-TREASURE HTTP/2.0" 200 21376 "-" "Mozilla/5.0 AppleWebKit/537.36 (KHTML, like Gecko; compatible; bingbot/2.0; +http://www.bing.com/bingbot.htm) Chrome/116.0.1938.76 Safari/537.36"
47.128.23.194 - - [12/Oct/2025:02:57:14 +0200] "GET /bg/13-artisti?SubmitCurrency=1&id_currency=1&q=%D0%9A%D0%B0%D1%82%D0%B5%D0%B3%D0%BE%D1%80%D0%B8%D0%B8-ASTRO-CHA+EUN+WOO+%28ASTRO%29-JIHYO-TREASURE-TXT-JUNG+KOOK+%28BTS%29 HTTP/2.0" 200 21457 "-" "Mozilla/5.0 (compatible; Bytespider; spider-feedback@bytedance.com) AppleWebKit/537.36 (KHTML, like Gecko) Chrome/70.0.0.0 Safari/537.36"
52.167.144.216 - - [12/Oct/2025:02:57:14 +0200] "GET /bg/13-artisti?q=%D0%9A%D0%B0%D1%82%D0%B5%D0%B3%D0%BE%D1%80%D0%B8%D0%B8-BABYMONSTER-BLACKPINK-BOYNEXTDOOR-ENHYPEN-GOT+THE+BEAT-ILLIT-ITZY-IVE-NEW+JEANS-NMIXX-RIIZE-ROSE+%28BLACKPINK%29-SEVENTEEN-STAYC-STRAYKIDS-TXT-WayV-ZEROBASEONE-JIHYO HTTP/2.0" 200 21552 "-" "Mozilla/5.0 AppleWebKit/537.36 (KHTML, like Gecko; compatible; bingbot/2.0; +http://www.bing.com/bingbot.htm) Chrome/116.0.1938.76 Safari/537.36"
52.167.144.216 - - [12/Oct/2025:02:57:15 +0200] "GET /bg/13-artisti?q=%D0%9A%D0%B0%D1%82%D0%B5%D0%B3%D0%BE%D1%80%D0%B8%D0%B8-BOYNEXTDOOR-ENHYPEN-GOT+THE+BEAT-ILLIT-ITZY-JIHYO-LE+SSERAFIM-LISA-NCT+JAEHYUN-NMIXX-P1Harmony-RED+VELVET-RIIZE-RM+%28BTS%29-TWICE-WayV-ZEROBASEONE HTTP/2.0" 200 21552 "-" "Mozilla/5.0 AppleWebKit/537.36 (KHTML, like Gecko; compatible; bingbot/2.0; +http://www.bing.com/bingbot.htm) Chrome/116.0.1938.76 Safari/537.36"
217.113.194.111 - - [12/Oct/2025:02:57:17 +0200] "GET /en/13-artist?q=Categories-TXT-NCT+DREAM&page=14 HTTP/1.1" 200 19817 "-" "Mozilla/5.0 (compatible; Barkrowler/0.9; +https://babbar.tech/crawler)"
52.167.144.170 - - [12/Oct/2025:02:57:18 +0200] "GET /bg/13-artisti?q=%D0%9A%D0%B0%D1%82%D0%B5%D0%B3%D0%BE%D1%80%D0%B8%D0%B8-AESPA-BABYMONSTER-BLACKPINK-ENHYPEN-ILLIT-ITZY-KAI-LISA-NMIXX-RIIZE-TREASURE-WayV-ZEROBASEONE HTTP/2.0" 200 21434 "-" "Mozilla/5.0 AppleWebKit/537.36 (KHTML, like Gecko; compatible; bingbot/2.0; +http://www.bing.com/bingbot.htm) Chrome/116.0.1938.76 Safari/537.36"
217.113.194.105 - - [12/Oct/2025:02:57:34 +0200] "GET /en/13-artist?q=Categories-TWICE-RM+%28BTS%29&page=4 HTTP/1.1" 200 20003 "-" "Mozilla/5.0 (compatible; Barkrowler/0.9; +https://babbar.tech/crawler)"
114.119.151.63 - - [12/Oct/2025:02:57:35 +0200] "GET /en/best-sales?order=product.name.desc&id_currency=2&page=8 HTTP/1.1" 200 15750 "https://kpopbg.com/en/best-sales?order=product.name.desc&id_currency=2&page=7&=1" "Mozilla/5.0 (Linux; Android 7.0;) AppleWebKit/537.36 (KHTML, like Gecko) Mobile Safari/537.36 (compatible; PetalBot;+https://webmaster.petalsearch.com/site/petalbot)"
217.113.194.106 - - [12/Oct/2025:02:57:51 +0200] "GET /en/13-artist?q=Categories-TWICE-LISA&order=product.name.desc HTTP/1.1" 200 19947 "-" "Mozilla/5.0 (compatible; Barkrowler/0.9; +https://babbar.tech/crawler)"
47.128.44.255 - - [12/Oct/2025:02:58:03 +0200] "GET /bg/13-artisti?SubmitCurrency=1&id_currency=2&order=product.price.desc&q=%D0%9A%D0%B0%D1%82%D0%B5%D0%B3%D0%BE%D1%80%D0%B8%D0%B8-%28G%29I%5C-DLE-BLACKPINK-NCT-NCT+127-STAYC-JIMIN+%28BTS%29 HTTP/2.0" 200 21570 "-" "Mozilla/5.0 (compatible; Bytespider; spider-feedback@bytedance.com) AppleWebKit/537.36 (KHTML, like Gecko) Chrome/70.0.0.0 Safari/537.36"
217.113.194.105 - - [12/Oct/2025:02:58:08 +0200] "GET /en/13-artist?q=Categories-TWICE-LISA&order=product.name.asc HTTP/1.1" 200 19354 "-" "Mozilla/5.0 (compatible; Barkrowler/0.9; +https://babbar.tech/crawler)"
186.156.81.150 - - [12/Oct/2025:02:58:24 +0200] "GET /img/cms/BABYMONSTER/babymonster-2nd-mini-album-we-go-up-up-ver-wholesale-1.jpg HTTP/1.1" 200 1053740 "-" "Mozilla/5.0 (Android 4.4.4; Mobile; rv:44.0) Gecko/44.0 Firefox/44.0"
40.77.167.74 - - [12/Oct/2025:02:58:25 +0200] "GET /bg/13-artisti?q=%D0%9A%D0%B0%D1%82%D0%B5%D0%B3%D0%BE%D1%80%D0%B8%D0%B8-AESPA-ATEEZ-BABYMONSTER-BLACKPINK-BTS-ENHYPEN-ILLIT-ITZY-JIHYO-KAI-Kep1er-LE+SSERAFIM-LISA-NMIXX-SEVENTEEN-TWICE-TXT-ZEROBASEONE-P1Harmony HTTP/2.0" 200 21512 "-" "Mozilla/5.0 AppleWebKit/537.36 (KHTML, like Gecko; compatible; bingbot/2.0; +http://www.bing.com/bingbot.htm) Chrome/116.0.1938.76 Safari/537.36"
217.113.194.108 - - [12/Oct/2025:02:58:26 +0200] "GET /en/13-artist?q=Categories-TWICE&order=product.price.asc&page=4 HTTP/1.1" 200 19900 "-" "Mozilla/5.0 (compatible; Barkrowler/0.9; +https://babbar.tech/crawler)"
217.113.194.223 - - [12/Oct/2025:02:58:44 +0200] "GET /en/13-artist?q=Categories-STAYC&order=product.price.asc&page=3 HTTP/1.1" 200 19812 "-" "Mozilla/5.0 (compatible; Barkrowler/0.9; +https://babbar.tech/crawler)"
52.167.144.170 - - [12/Oct/2025:02:58:50 +0200] "GET /bg/13-artisti?q=%D0%9A%D0%B0%D1%82%D0%B5%D0%B3%D0%BE%D1%80%D0%B8%D0%B8-ATEEZ-BABYMONSTER-BLACKPINK-BOYNEXTDOOR-ENHYPEN-GOT+THE+BEAT-ILLIT-IVE-JENNIE+%28BLACKPINK%29-JIHYO-JISOO+%28BLACKPINK%29-NCT+JAEHYUN-NMIXX-RIIZE-ROSE+%28BLACKPINK%29-SEVENTEEN-STRAYKIDS-TREASURE-TWICE-TXT-WayV-ZEROBASEONE-XDINARY+HEROES&page=18 HTTP/2.0" 200 21843 "-" "Mozilla/5.0 AppleWebKit/537.36 (KHTML, like Gecko; compatible; bingbot/2.0; +http://www.bing.com/bingbot.htm) Chrome/116.0.1938.76 Safari/537.36"
47.128.32.195 - - [12/Oct/2025:02:58:51 +0200] "GET /bg/13-artisti?SubmitCurrency=1&id_currency=2&order=product.name.desc&q=%D0%9A%D0%B0%D1%82%D0%B5%D0%B3%D0%BE%D1%80%D0%B8%D0%B8-ASTRO-ITZY-NCT+127-NMIXX-CHA+EUN+WOO+%28ASTRO%29 HTTP/2.0" 200 21633 "-" "Mozilla/5.0 (compatible; Bytespider; spider-feedback@bytedance.com) AppleWebKit/537.36 (KHTML, like Gecko) Chrome/70.0.0.0 Safari/537.36"
114.119.153.232 - - [12/Oct/2025:02:58:58 +0200] "GET /en/best-sales?id_currency=3&order=product.reference.desc&page=5 HTTP/1.1" 200 15873 "https://kpopbg.com/en/best-sales?id_currency=3&=1&order=product.reference.desc&page=6" "Mozilla/5.0 (Linux; Android 7.0;) AppleWebKit/537.36 (KHTML, like Gecko) Mobile Safari/537.36 (compatible; PetalBot;+https://webmaster.petalsearch.com/site/petalbot)"
217.113.194.106 - - [12/Oct/2025:02:59:02 +0200] "GET /en/13-artist?q=Categories-STAYC&order=product.price.desc&page=15 HTTP/1.1" 200 19940 "-" "Mozilla/5.0 (compatible; Barkrowler/0.9; +https://babbar.tech/crawler)"
52.167.144.218 - - [12/Oct/2025:02:59:09 +0200] "GET /en/13-artist?q=Categories-AESPA-BABYMONSTER-BLACKPINK-ENHYPEN-GOT+THE+BEAT-ILLIT-ITZY-JIHYO-JIMIN+%28BTS%29-JUNG+KOOK+%28BTS%29-NMIXX-P1Harmony-STAYC-TWICE-TXT-V+%28BTS%29 HTTP/2.0" 200 19936 "-" "Mozilla/5.0 AppleWebKit/537.36 (KHTML, like Gecko; compatible; bingbot/2.0; +http://www.bing.com/bingbot.htm) Chrome/116.0.1938.76 Safari/537.36"
217.113.194.111 - - [12/Oct/2025:02:59:19 +0200] "GET /en/13-artist?q=Categories-STAYC-V+%28BTS%29&page=3 HTTP/1.1" 200 19814 "-" "Mozilla/5.0 (compatible; Barkrowler/0.9; +https://babbar.tech/crawler)"
40.77.167.74 - - [12/Oct/2025:02:59:24 +0200] "GET /bg/13-artisti?q=%D0%9A%D0%B0%D1%82%D0%B5%D0%B3%D0%BE%D1%80%D0%B8%D0%B8-ATEEZ-BLACKPINK-BOYNEXTDOOR-ENHYPEN-IVE-JENNIE+%28BLACKPINK%29-JIHYO-JIMIN+%28BTS%29-JISOO+%28BLACKPINK%29-Kep1er-NEW+JEANS-NMIXX-RIIZE-SEVENTEEN-STRAYKIDS-TXT-WayV-ZEROBASEONE HTTP/2.0" 200 21580 "-" "Mozilla/5.0 AppleWebKit/537.36 (KHTML, like Gecko; compatible; bingbot/2.0; +http://www.bing.com/bingbot.htm) Chrome/116.0.1938.76 Safari/537.36"
52.167.144.218 - - [12/Oct/2025:02:59:32 +0200] "GET /en/13-artist?q=Categories-%28G%29I%5C-DLE-AESPA-ATEEZ-BABYMONSTER-BOYNEXTDOOR-BTS-ENHYPEN-ILLIT-ITZY-JIHYO-JIMIN+%28BTS%29-Jin+%28BTS%29-KAI-NMIXX-P1Harmony-SEVENTEEN-TWICE-TXT-WayV-ZEROBASEONE-NCT+WISH HTTP/2.0" 200 19984 "-" "Mozilla/5.0 AppleWebKit/537.36 (KHTML, like Gecko; compatible; bingbot/2.0; +http://www.bing.com/bingbot.htm) Chrome/116.0.1938.76 Safari/537.36"
66.249.76.205 - - [12/Oct/2025:02:59:37 +0200] "GET /en/85-rescene HTTP/1.1" 200 13360 "-" "Mozilla/5.0 (Linux; Android 6.0.1; Nexus 5X Build/MMB29P) AppleWebKit/537.36 (KHTML, like Gecko) Chrome/140.0.7339.207 Mobile Safari/537.36 (compatible; Googlebot/2.1; +http://www.google.com/bot.html)"
217.113.194.110 - - [12/Oct/2025:02:59:38 +0200] "GET /en/13-artist?q=Categories-STAYC-TXT-Dreamcatcher&page=15 HTTP/1.1" 200 19926 "-" "Mozilla/5.0 (compatible; Barkrowler/0.9; +https://babbar.tech/crawler)"
52.167.144.218 - - [12/Oct/2025:02:59:39 +0200] "GET /bg/12-albumi?q=%D0%9C%D0%B0%D1%80%D0%BA%D0%B0-HIGHUP+ENTERTAINMENT-STARSHIP+ENTERAINMENT-SM+Entertainment HTTP/2.0" 200 17735 "-" "Mozilla/5.0 AppleWebKit/537.36 (KHTML, like Gecko; compatible; bingbot/2.0; +http://www.bing.com/bingbot.htm) Chrome/116.0.1938.76 Safari/537.36"
47.128.56.162 - - [12/Oct/2025:02:59:40 +0200] "GET /en/13-artist?q=Categories-BLACKPINK-IVE-KAI-NCT-TREASURE-JIHYO HTTP/2.0" 200 19718 "-" "Mozilla/5.0 (compatible; Bytespider; spider-feedback@bytedance.com) AppleWebKit/537.36 (KHTML, like Gecko) Chrome/70.0.0.0 Safari/537.36"
52.167.144.218 - - [12/Oct/2025:02:59:40 +0200] "GET /en/13-artist?q=Categories-BABYMONSTER-BTS-ENHYPEN-Jin+%28BTS%29-NMIXX-P1Harmony-STRAYKIDS-XDINARY+HEROES-ZEROBASEONE HTTP/2.0" 200 19860 "-" "Mozilla/5.0 AppleWebKit/537.36 (KHTML, like Gecko; compatible; bingbot/2.0; +http://www.bing.com/bingbot.htm) Chrome/116.0.1938.76 Safari/537.36"
52.167.144.216 - - [12/Oct/2025:02:59:44 +0200] "GET /bg/13-artisti?q=%D0%9A%D0%B0%D1%82%D0%B5%D0%B3%D0%BE%D1%80%D0%B8%D0%B8-AESPA-ATEEZ-BLACKPINK-BTS-ENHYPEN-GOT+THE+BEAT-ILLIT-ITZY-JIHYO-JUNG+KOOK+%28BTS%29-KAI-LE+SSERAFIM-LISA-NMIXX-STAYC-STRAYKIDS-V+%28BTS%29-SEVENTEEN&page=2 HTTP/2.0" 200 21637 "-" "Mozilla/5.0 AppleWebKit/537.36 (KHTML, like Gecko; compatible; bingbot/2.0; +http://www.bing.com/bingbot.htm) Chrome/116.0.1938.76 Safari/537.36"
52.167.144.216 - - [12/Oct/2025:02:59:44 +0200] "GET /bg/13-artisti?q=%D0%9A%D0%B0%D1%82%D0%B5%D0%B3%D0%BE%D1%80%D0%B8%D0%B8-AESPA-BABYMONSTER-BLACKPINK-BOYNEXTDOOR-ENHYPEN-ILLIT-ITZY-JIHYO-KAI-LISA-NMIXX-SEVENTEEN-STAYC-TREASURE-TWICE-WayV-ZEROBASEONE-RIIZE HTTP/2.0" 200 21573 "-" "Mozilla/5.0 AppleWebKit/537.36 (KHTML, like Gecko; compatible; bingbot/2.0; +http://www.bing.com/bingbot.htm) Chrome/116.0.1938.76 Safari/537.36"
52.167.144.216 - - [12/Oct/2025:02:59:45 +0200] "GET /bg/13-artisti?q=%D0%9A%D0%B0%D1%82%D0%B5%D0%B3%D0%BE%D1%80%D0%B8%D0%B8-ATEEZ-BABYMONSTER-BLACKPINK-BOYNEXTDOOR-GOT+THE+BEAT-ILLIT-ITZY-IVE-JENNIE+%28BLACKPINK%29-JIHYO-JISOO+%28BLACKPINK%29-Kep1er-LISA+%28BLACKPINK%29-NMIXX-P1Harmony-RIIZE-ROSE+%28BLACKPINK%29-SEVENTEEN-STAYC-STRAYKIDS-TREASURE-WayV-ZEROBASEONE-NCT+JAEHYUN HTTP/2.0" 200 21710 "-" "Mozilla/5.0 AppleWebKit/537.36 (KHTML, like Gecko; compatible; bingbot/2.0; +http://www.bing.com/bingbot.htm) Chrome/116.0.1938.76 Safari/537.36"
40.77.167.74 - - [12/Oct/2025:02:59:54 +0200] "GET /bg/13-artisti?q=%D0%9A%D0%B0%D1%82%D0%B5%D0%B3%D0%BE%D1%80%D0%B8%D0%B8-AESPA-ATEEZ-BABYMONSTER-BLACKPINK-BOYNEXTDOOR-ENHYPEN-ILLIT-ITZY-JIHYO-JUNG+KOOK+%28BTS%29-KISS+OF+LIFE-LE+SSERAFIM-LISA-NCT+DREAM-NEW+JEANS-NMIXX-P1Harmony-RIIZE-SEVENTEEN-STAYC-STRAYKIDS-WayV-ZEROBASEONE HTTP/2.0" 200 21714 "-" "Mozilla/5.0 AppleWebKit/537.36 (KHTML, like Gecko; compatible; bingbot/2.0; +http://www.bing.com/bingbot.htm) Chrome/116.0.1938.76 Safari/537.36"
217.113.194.109 - - [12/Oct/2025:02:59:54 +0200] "GET /robots.txt HTTP/1.1" 404 11737 "-" "Mozilla/5.0 (compatible; Barkrowler/0.9; +https://babbar.tech/crawler)"
40.77.167.74 - - [12/Oct/2025:02:59:55 +0200] "GET /bg/13-artisti?q=%D0%9A%D0%B0%D1%82%D0%B5%D0%B3%D0%BE%D1%80%D0%B8%D0%B8-AESPA-ATEEZ-BLACKPINK-ENHYPEN-NCT+127-NCT+DREAM-NMIXX-RED+VELVET-STAYC-STRAYKIDS-YEJI+%28ITZY%29&order=product.sales.desc HTTP/2.0" 200 17619 "-" "Mozilla/5.0 AppleWebKit/537.36 (KHTML, like Gecko; compatible; bingbot/2.0; +http://www.bing.com/bingbot.htm) Chrome/116.0.1938.76 Safari/537.36"
40.77.167.74 - - [12/Oct/2025:03:00:05 +0200] "GET /bg/13-artisti?q=%D0%9A%D0%B0%D1%82%D0%B5%D0%B3%D0%BE%D1%80%D0%B8%D0%B8-AESPA-ATEEZ-BABYMONSTER-BOYNEXTDOOR-BTS-ENHYPEN-GOT+THE+BEAT-ILLIT-IVE-JIHYO-KAI-Kep1er-NMIXX-RIIZE-SEVENTEEN-TWICE-TXT-WayV-ZEROBASEONE-Dreamcatcher HTTP/2.0" 200 21527 "-" "Mozilla/5.0 AppleWebKit/537.36 (KHTML, like Gecko; compatible; bingbot/2.0; +http://www.bing.com/bingbot.htm) Chrome/116.0.1938.76 Safari/537.36"
52.167.144.216 - - [12/Oct/2025:03:00:06 +0200] "GET /bg/13-artisti?q=Categories-AESPA-ASTRO-ATEEZ-BABYMONSTER-BLACKPINK-BOYNEXTDOOR-ENHYPEN-ILLIT-IVE-KAI-LISA-NCT-SEVENTEEN-STRAYKIDS-ZEROBASEONE-P1Harmony HTTP/2.0" 200 21440 "-" "Mozilla/5.0 AppleWebKit/537.36 (KHTML, like Gecko; compatible; bingbot/2.0; +http://www.bing.com/bingbot.htm) Chrome/116.0.1938.76 Safari/537.36"
52.167.144.216 - - [12/Oct/2025:03:00:07 +0200] "GET /bg/13-artisti?q=%D0%9A%D0%B0%D1%82%D0%B5%D0%B3%D0%BE%D1%80%D0%B8%D0%B8-ATEEZ-BLACKPINK-BOYNEXTDOOR-ENHYPEN-GOT+THE+BEAT-ILLIT-IVE-JIHYO-Kep1er-LISA+%28BLACKPINK%29-NMIXX-P1Harmony-RIIZE-ROSE+%28BLACKPINK%29-SEVENTEEN-STAYC-TWICE-WayV-ZEROBASEONE HTTP/2.0" 200 21598 "-" "Mozilla/5.0 AppleWebKit/537.36 (KHTML, like Gecko; compatible; bingbot/2.0; +http://www.bing.com/bingbot.htm) Chrome/116.0.1938.76 Safari/537.36"
217.113.194.224 - - [12/Oct/2025:03:00:12 +0200] "GET /en/13-artist?q=Categories-STAYC-TXT-ATEEZ&page=17 HTTP/1.1" 200 19616 "-" "Mozilla/5.0 (compatible; Barkrowler/0.9; +https://babbar.tech/crawler)"
114.119.136.175 - - [12/Oct/2025:03:00:23 +0200] "GET /en/best-sales?id_currency=2&order=product.name.asc&page=11 HTTP/1.1" 200 15930 "https://kpopbg.com/en/best-sales?id_currency=2&=1&order=product.name.asc&page=10" "Mozilla/5.0 (Linux; Android 7.0;) AppleWebKit/537.36 (KHTML, like Gecko) Mobile Safari/537.36 (compatible; PetalBot;+https://webmaster.petalsearch.com/site/petalbot)"
47.128.45.163 - - [12/Oct/2025:03:00:28 +0200] "GET /bg/13-artisti?SubmitCurrency=1&id_currency=2&q=%D0%9A%D0%B0%D1%82%D0%B5%D0%B3%D0%BE%D1%80%D0%B8%D0%B8-BTS-ENHYPEN-KAI-LE+SSERAFIM-TREASURE-TXT-NMIXX HTTP/2.0" 200 21416 "-" "Mozilla/5.0 (compatible; Bytespider; spider-feedback@bytedance.com) AppleWebKit/537.36 (KHTML, like Gecko) Chrome/70.0.0.0 Safari/537.36"
217.113.194.105 - - [12/Oct/2025:03:00:30 +0200] "GET /en/13-artist?q=Categories-WayV&order=product.reference.asc&page=16 HTTP/1.1" 200 19970 "-" "Mozilla/5.0 (compatible; Barkrowler/0.9; +https://babbar.tech/crawler)"
40.77.167.74 - - [12/Oct/2025:03:00:35 +0200] "GET /bg/13-artisti?q=%D0%9A%D0%B0%D1%82%D0%B5%D0%B3%D0%BE%D1%80%D0%B8%D0%B8-ATEEZ-BABYMONSTER-BTS-ENHYPEN-ILLIT-ITZY-IVE-KAI-Kep1er-NMIXX-SEVENTEEN-TWICE-TXT-xikers-ZEROBASEONE-STRAYKIDS HTTP/2.0" 200 21523 "-" "Mozilla/5.0 AppleWebKit/537.36 (KHTML, like Gecko; compatible; bingbot/2.0; +http://www.bing.com/bingbot.htm) Chrome/116.0.1938.76 Safari/537.36"
217.113.194.104 - - [12/Oct/2025:03:00:46 +0200] "GET /en/13-artist?q=Categories-WayV-TXT&order=product.price.asc HTTP/1.1" 200 19786 "-" "Mozilla/5.0 (compatible; Barkrowler/0.9; +https://babbar.tech/crawler)"
154.54.249.203 - - [12/Oct/2025:03:01:05 +0200] "GET /en/13-artist?q=Categories-IVE-AESPA&order=product.price.asc HTTP/1.1" 200 19782 "-" "Mozilla/5.0 (compatible; Barkrowler/0.9; +https://babbar.tech/crawler)"
40.77.167.74 - - [12/Oct/2025:03:01:05 +0200] "GET /bg/13-artisti?q=%D0%9A%D0%B0%D1%82%D0%B5%D0%B3%D0%BE%D1%80%D0%B8%D0%B8-AESPA-BLACKPINK-ENHYPEN-ITZY-IVE-JISOO-KAI-LE+SSERAFIM-LISA-NMIXX-STRAYKIDS-TREASURE-TXT-NCT/%D0%9D%D0%B0%D0%BB%D0%B8%D1%87%D0%BD%D0%BE%D1%81%D1%82-%D0%92+%D0%BD%D0%B0%D0%BB%D0%B8%D1%87%D0%BD%D0%BE%D1%81%D1%82 HTTP/2.0" 200 21634 "-" "Mozilla/5.0 AppleWebKit/537.36 (KHTML, like Gecko; compatible; bingbot/2.0; +http://www.bing.com/bingbot.htm) Chrome/116.0.1938.76 Safari/537.36"
40.77.167.74 - - [12/Oct/2025:03:01:06 +0200] "GET /en/13-artist?q=Categories-BTS-KAI-LISA-WayV-xikers-ZEROBASEONE-ENHYPEN&order=product.name.asc HTTP/2.0" 200 19405 "-" "Mozilla/5.0 AppleWebKit/537.36 (KHTML, like Gecko; compatible; bingbot/2.0; +http://www.bing.com/bingbot.htm) Chrome/116.0.1938.76 Safari/537.36"
216.244.66.233 - - [12/Oct/2025:03:01:13 +0200] "GET /bg/nachalo/156-txt-minisode-3-tomorrow-6th-mini-album-light-ver-8809985020773 HTTP/1.1" 301 5 "-" "Mozilla/5.0 (compatible; DotBot/1.2; +https://opensiteexplorer.org/dotbot; help@moz.com)"
52.167.144.216 - - [12/Oct/2025:03:01:15 +0200] "GET /bg/13-artisti?q=%D0%9A%D0%B0%D1%82%D0%B5%D0%B3%D0%BE%D1%80%D0%B8%D0%B8-AESPA-BABYMONSTER-BLACKPINK-BOYNEXTDOOR-ENHYPEN-ILLIT-IVE-JIHYO-JIMIN+%28BTS%29-KAI-KISS+OF+LIFE-LISA-NMIXX-SEVENTEEN-STRAYKIDS-TXT-XDINARY+HEROES-ZEROBASEONE-NCT+DREAM&page=7 HTTP/2.0" 200 21621 "-" "Mozilla/5.0 AppleWebKit/537.36 (KHTML, like Gecko; compatible; bingbot/2.0; +http://www.bing.com/bingbot.htm) Chrome/116.0.1938.76 Safari/537.36"
47.128.19.142 - - [12/Oct/2025:03:01:17 +0200] "GET /en/13-artist?order=product.reference.asc&q=Categories-NCT+DREAM-Kep1er HTTP/2.0" 200 19780 "-" "Mozilla/5.0 (compatible; Bytespider; spider-feedback@bytedance.com) AppleWebKit/537.36 (KHTML, like Gecko) Chrome/70.0.0.0 Safari/537.36"
216.244.66.233 - - [12/Oct/2025:03:01:17 +0200] "GET /en/nachalo/138-lisa-lalisa-1st-single-album--8809634387516 HTTP/1.1" 301 5 "-" "Mozilla/5.0 (compatible; DotBot/1.2; +https://opensiteexplorer.org/dotbot; help@moz.com)"
217.113.194.106 - - [12/Oct/2025:03:01:21 +0200] "GET /en/13-artist?q=Categories-IVE-RIIZE&order=product.price.asc HTTP/1.1" 200 19782 "-" "Mozilla/5.0 (compatible; Barkrowler/0.9; +https://babbar.tech/crawler)"
216.244.66.233 - - [12/Oct/2025:03:01:21 +0200] "GET /en/nachalo/209-stray-kids-ate-mini-album-first-press-8809954229602 HTTP/1.1" 301 5 "-" "Mozilla/5.0 (compatible; DotBot/1.2; +https://opensiteexplorer.org/dotbot; help@moz.com)"
52.167.144.147 - - [12/Oct/2025:03:01:24 +0200] "GET /bg/13-artisti?q=%D0%9A%D0%B0%D1%82%D0%B5%D0%B3%D0%BE%D1%80%D0%B8%D0%B8-AESPA-ASTRO-BLACKPINK-ITZY-IVE-JEON+SOMI-KAI-NCT+127-NMIXX-STAYC-TREASURE-TWICE-ENHYPEN/%D0%9D%D0%B0%D0%BB%D0%B8%D1%87%D0%BD%D0%BE%D1%81%D1%82-%D0%92+%D0%BD%D0%B0%D0%BB%D0%B8%D1%87%D0%BD%D0%BE%D1%81%D1%82 HTTP/2.0" 200 21613 "-" "Mozilla/5.0 AppleWebKit/537.36 (KHTML, like Gecko; compatible; bingbot/2.0; +http://www.bing.com/bingbot.htm) Chrome/116.0.1938.76 Safari/537.36"
52.167.144.218 - - [12/Oct/2025:03:01:24 +0200] "GET /bg/13-artisti?q=%D0%9A%D0%B0%D1%82%D0%B5%D0%B3%D0%BE%D1%80%D0%B8%D0%B8-AESPA-ASTRO-BABYMONSTER-ENHYPEN-ILLIT-ITZY-KAI-LISA-NMIXX-SEVENTEEN-STRAYKIDS-ZEROBASEONE-P1Harmony HTTP/2.0" 200 21429 "-" "Mozilla/5.0 AppleWebKit/537.36 (KHTML, like Gecko; compatible; bingbot/2.0; +http://www.bing.com/bingbot.htm) Chrome/116.0.1938.76 Safari/537.36"
216.244.66.233 - - [12/Oct/2025:03:01:25 +0200] "GET /bg/nachalo/107-v-bts-layover-8809929746745 HTTP/1.1" 301 5 "-" "Mozilla/5.0 (compatible; DotBot/1.2; +https://opensiteexplorer.org/dotbot; help@moz.com)"
52.167.144.216 - - [12/Oct/2025:03:01:25 +0200] "GET /bg/13-artisti?q=%D0%9A%D0%B0%D1%82%D0%B5%D0%B3%D0%BE%D1%80%D0%B8%D0%B8-ATEEZ-BABYMONSTER-BLACKPINK-BOYNEXTDOOR-ENHYPEN-GOT+THE+BEAT-ILLIT-IVE-JENNIE+%28BLACKPINK%29-JIHYO-Kep1er-NMIXX-P1Harmony-RIIZE-SEVENTEEN-STRAYKIDS-V+%28BTS%29-WayV-ZEROBASEONE-RM+%28BTS%29 HTTP/2.0" 200 21647 "-" "Mozilla/5.0 AppleWebKit/537.36 (KHTML, like Gecko; compatible; bingbot/2.0; +http://www.bing.com/bingbot.htm) Chrome/116.0.1938.76 Safari/537.36"
52.167.144.147 - - [12/Oct/2025:03:01:25 +0200] "GET /bg/13-artisti?q=%D0%9A%D0%B0%D1%82%D0%B5%D0%B3%D0%BE%D1%80%D0%B8%D0%B8-AESPA-ASTRO-BLACKPINK-BTS-ENHYPEN-JISOO-KAI-NCT-NCT+127-NCT+DREAM-NMIXX-STAYC-TREASURE-TWICE-V+%28BTS%29-IVE/%D0%9D%D0%B0%D0%BB%D0%B8%D1%87%D0%BD%D0%BE%D1%81%D1%82-%D0%92+%D0%BD%D0%B0%D0%BB%D0%B8%D1%87%D0%BD%D0%BE%D1%81%D1%82 HTTP/2.0" 200 21640 "-" "Mozilla/5.0 AppleWebKit/537.36 (KHTML, like Gecko; compatible; bingbot/2.0; +http://www.bing.com/bingbot.htm) Chrome/116.0.1938.76 Safari/537.36"
52.167.144.216 - - [12/Oct/2025:03:01:26 +0200] "GET /bg/13-artisti?q=%D0%9A%D0%B0%D1%82%D0%B5%D0%B3%D0%BE%D1%80%D0%B8%D0%B8-ATEEZ-BLACKPINK-BOYNEXTDOOR-ENHYPEN-ILLIT-IVE-Jin+%28BTS%29-Kep1er-NEW+JEANS-NMIXX-P1Harmony-RIIZE-SEVENTEEN-STAYC-STRAYKIDS-TXT-WayV-ZEROBASEONE-TREASURE HTTP/2.0" 200 21534 "-" "Mozilla/5.0 AppleWebKit/537.36 (KHTML, like Gecko; compatible; bingbot/2.0; +http://www.bing.com/bingbot.htm) Chrome/116.0.1938.76 Safari/537.36"
52.167.144.147 - - [12/Oct/2025:03:01:26 +0200] "GET /bg/13-artisti?q=%D0%9A%D0%B0%D1%82%D0%B5%D0%B3%D0%BE%D1%80%D0%B8%D0%B8-AESPA-ATEEZ-BLACKPINK-ENHYPEN-ITZY-IVE-KAI-LISA-NMIXX-STRAYKIDS/%D0%9D%D0%B0%D0%BB%D0%B8%D1%87%D0%BD%D0%BE%D1%81%D1%82-%D0%92+%D0%BD%D0%B0%D0%BB%D0%B8%D1%87%D0%BD%D0%BE%D1%81%D1%82 HTTP/2.0" 200 21533 "-" "Mozilla/5.0 AppleWebKit/537.36 (KHTML, like Gecko; compatible; bingbot/2.0; +http://www.bing.com/bingbot.htm) Chrome/116.0.1938.76 Safari/537.36"
52.167.144.216 - - [12/Oct/2025:03:01:27 +0200] "GET /en/13-artist?q=Categories-BTS-IVE-NCT+DREAM-LISA HTTP/2.0" 200 19702 "-" "Mozilla/5.0 AppleWebKit/537.36 (KHTML, like Gecko; compatible; bingbot/2.0; +http://www.bing.com/bingbot.htm) Chrome/116.0.1938.76 Safari/537.36"
52.167.144.147 - - [12/Oct/2025:03:01:27 +0200] "GET /bg/13-artisti?q=%D0%9A%D0%B0%D1%82%D0%B5%D0%B3%D0%BE%D1%80%D0%B8%D0%B8-ATEEZ-BABYMONSTER-BOYNEXTDOOR-ENHYPEN-ILLIT-IVE-Jin+%28BTS%29-Kep1er-NEW+JEANS-NMIXX-RIIZE-SEVENTEEN-STAYC-STRAYKIDS-TXT-WayV-ZEROBASEONE-P1Harmony HTTP/2.0" 200 21550 "-" "Mozilla/5.0 AppleWebKit/537.36 (KHTML, like Gecko; compatible; bingbot/2.0; +http://www.bing.com/bingbot.htm) Chrome/116.0.1938.76 Safari/537.36"
216.244.66.233 - - [12/Oct/2025:03:01:28 +0200] "GET /en/nachalo/247-twice-strategy-14th-mini-album--880995422827 HTTP/1.1" 301 5 "-" "Mozilla/5.0 (compatible; DotBot/1.2; +https://opensiteexplorer.org/dotbot; help@moz.com)"
52.167.144.216 - - [12/Oct/2025:03:01:28 +0200] "GET /en/13-artist?q=Categories-BABYMONSTER-BLACKPINK-BOYNEXTDOOR-ENHYPEN-ILLIT-ITZY-KAI-LISA-NMIXX-SEVENTEEN-STRAYKIDS-TXT-ZEROBASEONE-NAYEON+%28TWICE%29 HTTP/2.0" 200 19895 "-" "Mozilla/5.0 AppleWebKit/537.36 (KHTML, like Gecko; compatible; bingbot/2.0; +http://www.bing.com/bingbot.htm) Chrome/116.0.1938.76 Safari/537.36"
216.244.66.233 - - [12/Oct/2025:03:01:30 +0200] "GET /en/best-sales?order=product.price.asc HTTP/1.1" 301 5 "-" "Mozilla/5.0 (compatible; DotBot/1.2; +https://opensiteexplorer.org/dotbot; help@moz.com)"
52.167.144.218 - - [12/Oct/2025:03:01:31 +0200] "GET /bg/13-artisti?q=%D0%9A%D0%B0%D1%82%D0%B5%D0%B3%D0%BE%D1%80%D0%B8%D0%B8-AESPA-ATEEZ-BABYMONSTER-BLACKPINK-BOYNEXTDOOR-ENHYPEN-GOT+THE+BEAT-ILLIT-LE+SSERAFIM-LISA-STRAYKIDS-TWICE-xikers-ZEROBASEONE HTTP/2.0" 200 21470 "-" "Mozilla/5.0 AppleWebKit/537.36 (KHTML, like Gecko; compatible; bingbot/2.0; +http://www.bing.com/bingbot.htm) Chrome/116.0.1938.76 Safari/537.36"
52.167.144.218 - - [12/Oct/2025:03:01:32 +0200] "GET /bg/13-artisti?q=%D0%9A%D0%B0%D1%82%D0%B5%D0%B3%D0%BE%D1%80%D0%B8%D0%B8-ATEEZ-BABYMONSTER-BLACKPINK-BOYNEXTDOOR-Dreamcatcher-ENHYPEN-GOT+THE+BEAT-ILLIT-ITZY-IVE-JIHYO-Kep1er-LISA+%28BLACKPINK%29-NMIXX-RIIZE-SEVENTEEN-STRAYKIDS-TREASURE-TWICE-WayV-XDINARY+HEROES-ZEROBASEONE-JISOO+%28BLACKPINK%29 HTTP/2.0" 200 21701 "-" "Mozilla/5.0 AppleWebKit/537.36 (KHTML, like Gecko; compatible; bingbot/2.0; +http://www.bing.com/bingbot.htm) Chrome/116.0.1938.76 Safari/537.36"
52.167.144.218 - - [12/Oct/2025:03:01:33 +0200] "GET /en/13-artist?q=Categories-AESPA-ATEEZ-BABYMONSTER-BLACKPINK-CHA+EUN+WOO+%28ASTRO%29-ENHYPEN-ILLIT-ITZY-KAI-LISA-NMIXX-P1Harmony-SEVENTEEN-STAYC-STRAYKIDS-TXT-ZEROBASEONE HTTP/2.0" 200 19950 "-" "Mozilla/5.0 AppleWebKit/537.36 (KHTML, like Gecko; compatible; bingbot/2.0; +http://www.bing.com/bingbot.htm) Chrome/116.0.1938.76 Safari/537.36"
216.244.66.233 - - [12/Oct/2025:03:01:37 +0200] "GET /en/brand/32-blissoo?order=product.price.asc HTTP/1.1" 302 5 "-" "Mozilla/5.0 (compatible; DotBot/1.2; +https://opensiteexplorer.org/dotbot; help@moz.com)"
217.113.194.102 - - [12/Oct/2025:03:01:38 +0200] "GET /en/13-artist?q=Categories-IVE-RIIZE-TREASURE&page=4 HTTP/1.1" 200 20000 "-" "Mozilla/5.0 (compatible; Barkrowler/0.9; +https://babbar.tech/crawler)"
52.167.144.216 - - [12/Oct/2025:03:01:45 +0200] "GET /bg/13-artisti?q=%D0%9A%D0%B0%D1%82%D0%B5%D0%B3%D0%BE%D1%80%D0%B8%D0%B8-AESPA-ATEEZ-BABYMONSTER-BLACKPINK-BOYNEXTDOOR-ILLIT-IVE-JENNIE+%28BLACKPINK%29-JIHYO-JISOO+%28BLACKPINK%29-NMIXX-RIIZE-ROSE+%28BLACKPINK%29-SEVENTEEN-STAYC-STRAYKIDS-TREASURE-TWICE-WayV-ZEROBASEONE-Kep1er HTTP/2.0" 200 21631 "-" "Mozilla/5.0 AppleWebKit/537.36 (KHTML, like Gecko; compatible; bingbot/2.0; +http://www.bing.com/bingbot.htm) Chrome/116.0.1938.76 Safari/537.36"
114.119.153.232 - - [12/Oct/2025:03:01:46 +0200] "GET /en/best-sales?id_currency=1&order=product.name.desc&page=12&SubmitCurrency=1 HTTP/1.1" 200 15636 "https://kpopbg.com/en/best-sales?id_currency=1&order=product.name.desc&page=11&SubmitCurrency=1" "Mozilla/5.0 (Linux; Android 7.0;) AppleWebKit/537.36 (KHTML, like Gecko) Mobile Safari/537.36 (compatible; PetalBot;+https://webmaster.petalsearch.com/site/petalbot)"
52.167.144.218 - - [12/Oct/2025:03:01:53 +0200] "GET /bg/13-artisti?q=%D0%9A%D0%B0%D1%82%D0%B5%D0%B3%D0%BE%D1%80%D0%B8%D0%B8-AESPA-BABYMONSTER-BLACKPINK-BOYNEXTDOOR-ENHYPEN-ILLIT-JIHYO-Kep1er-LE+SSERAFIM-LISA-NMIXX-RIIZE-STRAYKIDS-TWICE-WayV-ZEROBASEONE-Tzuyu+%28TWICE%29 HTTP/2.0" 200 21598 "-" "Mozilla/5.0 AppleWebKit/537.36 (KHTML, like Gecko; compatible; bingbot/2.0; +http://www.bing.com/bingbot.htm) Chrome/116.0.1938.76 Safari/537.36"
52.167.144.218 - - [12/Oct/2025:03:01:54 +0200] "GET /bg/13-artisti?q=%D0%9A%D0%B0%D1%82%D0%B5%D0%B3%D0%BE%D1%80%D0%B8%D0%B8-ATEEZ-BABYMONSTER-BLACKPINK-BOYNEXTDOOR-ENHYPEN-GOT+THE+BEAT-ILLIT-ITZY-IVE-JENNIE+%28BLACKPINK%29-LISA+%28BLACKPINK%29-NMIXX-ROSE+%28BLACKPINK%29-STAYC-STRAYKIDS-TREASURE-TWICE-TXT-WayV-ZEROBASEONE HTTP/2.0" 200 21632 "-" "Mozilla/5.0 AppleWebKit/537.36 (KHTML, like Gecko; compatible; bingbot/2.0; +http://www.bing.com/bingbot.htm) Chrome/116.0.1938.76 Safari/537.36"
217.113.194.247 - - [12/Oct/2025:03:01:58 +0200] "GET /en/13-artist?q=Categories-IVE-RIIZE-TREASURE&page=13 HTTP/1.1" 200 19781 "-" "Mozilla/5.0 (compatible; Barkrowler/0.9; +https://babbar.tech/crawler)"
47.128.126.61 - - [12/Oct/2025:03:02:06 +0200] "GET /bg/13-artisti?SubmitCurrency=1&id_currency=2&order=product.name.desc&q=%D0%9A%D0%B0%D1%82%D0%B5%D0%B3%D0%BE%D1%80%D0%B8%D0%B8-BLACKPINK-CHA+EUN+WOO+%28ASTRO%29-ITZY-KAI-NCT+DREAM-STAYC-TREASURE-TXT-NCT+127 HTTP/2.0" 200 21730 "-" "Mozilla/5.0 (compatible; Bytespider; spider-feedback@bytedance.com) AppleWebKit/537.36 (KHTML, like Gecko) Chrome/70.0.0.0 Safari/537.36"
52.167.144.218 - - [12/Oct/2025:03:02:10 +0200] "GET /bg/13-artisti?q=%D0%9A%D0%B0%D1%82%D0%B5%D0%B3%D0%BE%D1%80%D0%B8%D0%B8-AESPA-BLACKPINK-BTS-ENHYPEN-ITZY-IVE-JISOO-NCT-NCT+DREAM-NMIXX-STAYC-TREASURE-TWICE-TXT/%D0%9D%D0%B0%D0%BB%D0%B8%D1%87%D0%BD%D0%BE%D1%81%D1%82-%D0%92+%D0%BD%D0%B0%D0%BB%D0%B8%D1%87%D0%BD%D0%BE%D1%81%D1%82 HTTP/2.0" 200 21625 "-" "Mozilla/5.0 AppleWebKit/537.36 (KHTML, like Gecko; compatible; bingbot/2.0; +http://www.bing.com/bingbot.htm) Chrome/116.0.1938.76 Safari/537.36"
