40.77.167.55 - - [12/Oct/2025:01:29:57 +0200] "GET /bg/13-artisti?q=%D0%9A%D0%B0%D1%82%D0%B5%D0%B3%D0%BE%D1%80%D0%B8%D0%B8-ATEEZ-BLACKPINK-BOYNEXTDOOR-ENHYPEN-ILLIT-IVE-JENNIE+%28BLACKPINK%29-JIHYO-JIMIN+%28BTS%29-Kep1er-LISA+%28BLACKPINK%29-NEW+JEANS-NMIXX-RIIZE-SEVENTEEN-STRAYKIDS-TXT-WayV-ZEROBASEONE-P1Harmony HTTP/2.0" 200 21627 "-" "Mozilla/5.0 AppleWebKit/537.36 (KHTML, like Gecko; compatible; bingbot/2.0; +http://www.bing.com/bingbot.htm) Chrome/116.0.1938.76 Safari/537.36"
40.77.167.55 - - [12/Oct/2025:01:29:58 +0200] "GET /bg/13-artisti?q=%D0%9A%D0%B0%D1%82%D0%B5%D0%B3%D0%BE%D1%80%D0%B8%D0%B8-AESPA-BLACKPINK-ENHYPEN-GOT+THE+BEAT-ITZY-IVE-JISOO-KAI-LISA-NCT-NCT+DREAM-NEW+JEANS-STRAYKIDS-TREASURE-TXT-LE+SSERAFIM HTTP/2.0" 200 21494 "-" "Mozilla/5.0 AppleWebKit/537.36 (KHTML, like Gecko; compatible; bingbot/2.0; +http://www.bing.com/bingbot.htm) Chrome/116.0.1938.76 Safari/537.36"
40.77.167.55 - - [12/Oct/2025:01:29:58 +0200] "GET /en/13-artist?q=Categories-AESPA-BABYMONSTER-ENHYPEN-ILLIT-ITZY-JIHYO-LISA-NMIXX-SEVENTEEN-STAYC-TWICE-TXT-xikers-ZEROBASEONE-CHA+EUN+WOO+%28ASTRO%29 HTTP/2.0" 200 19924 "-" "Mozilla/5.0 AppleWebKit/537.36 (KHTML, like Gecko; compatible; bingbot/2.0; +http://www.bing.com/bingbot.htm) Chrome/116.0.1938.76 Safari/537.36"
52.167.144.16 - - [12/Oct/2025:01:30:03 +0200] "GET /bg/13-artisti?q=%D0%9A%D0%B0%D1%82%D0%B5%D0%B3%D0%BE%D1%80%D0%B8%D0%B8-ATEEZ-BABYMONSTER-BOYNEXTDOOR-ENHYPEN-ILLIT-IVE-Jin+%28BTS%29-KISS+OF+LIFE-NEW+JEANS-NMIXX-P1Harmony-RIIZE-SEVENTEEN-STAYC-STRAYKIDS-TXT-WayV-ZEROBASEONE-Tzuyu+%28TWICE%29 HTTP/2.0" 200 21588 "-" "Mozilla/5.0 AppleWebKit/537.36 (KHTML, like Gecko; compatible; bingbot/2.0; +http://www.bing.com/bingbot.htm) Chrome/116.0.1938.76 Safari/537.36"
217.113.194.223 - - [12/Oct/2025:01:30:05 +0200] "GET /bg/brand/3-jyp-entertainment?order=product.reference.asc&page=2 HTTP/1.1" 200 15904 "-" "Mozilla/5.0 (compatible; Barkrowler/0.9; +https://babbar.tech/crawler)"
52.167.144.210 - - [12/Oct/2025:01:30:06 +0200] "GET /bg/13-artisti?q=%D0%9A%D0%B0%D1%82%D0%B5%D0%B3%D0%BE%D1%80%D0%B8%D0%B8-AESPA-ATEEZ-BABYMONSTER-BOYNEXTDOOR-ENHYPEN-GOT+THE+BEAT-ILLIT-IVE-JIHYO-KAI-Kep1er-LISA-NMIXX-RIIZE-SEVENTEEN-TWICE-TXT-WayV-ZEROBASEONE HTTP/2.0" 200 21506 "-" "Mozilla/5.0 AppleWebKit/537.36 (KHTML, like Gecko; compatible; bingbot/2.0; +http://www.bing.com/bingbot.htm) Chrome/116.0.1938.76 Safari/537.36"
40.77.167.55 - - [12/Oct/2025:01:30:15 +0200] "GET /bg/13-artisti?q=%D0%9A%D0%B0%D1%82%D0%B5%D0%B3%D0%BE%D1%80%D0%B8%D0%B8-ATEEZ-BABYMONSTER-BLACKPINK-BOYNEXTDOOR-ENHYPEN-GOT+THE+BEAT-ILLIT-IVE-JENNIE+%28BLACKPINK%29-JIHYO-JISOO+%28BLACKPINK%29-LISA+%28BLACKPINK%29-NMIXX-RIIZE-STAYC-STRAYKIDS-TREASURE-TWICE-WayV-ZEROBASEONE-ITZY HTTP/2.0" 200 21661 "-" "Mozilla/5.0 AppleWebKit/537.36 (KHTML, like Gecko; compatible; bingbot/2.0; +http://www.bing.com/bingbot.htm) Chrome/116.0.1938.76 Safari/537.36"
217.113.194.223 - - [12/Oct/2025:01:30:22 +0200] "GET /bg/brand/6-sm-entertainment?order=product.reference.asc&page=2 HTTP/1.1" 200 16082 "-" "Mozilla/5.0 (compatible; Barkrowler/0.9; +https://babbar.tech/crawler)"
217.113.194.247 - - [12/Oct/2025:01:30:39 +0200] "GET /bg/20-le-sserafim?SubmitCurrency=1&id_currency=3 HTTP/1.1" 200 16258 "-" "Mozilla/5.0 (compatible; Barkrowler/0.9; +https://babbar.tech/crawler)"
52.167.144.16 - - [12/Oct/2025:01:30:41 +0200] "GET /bg/13-artisti?q=%D0%9A%D0%B0%D1%82%D0%B5%D0%B3%D0%BE%D1%80%D0%B8%D0%B8-AESPA-BLACKPINK-BTS-ENHYPEN-GOT+THE+BEAT-ITZY-IVE-JISOO-KAI-NMIXX-STAYC-TWICE-TREASURE/%D0%9D%D0%B0%D0%BB%D0%B8%D1%87%D0%BD%D0%BE%D1%81%D1%82-%D0%92+%D0%BD%D0%B0%D0%BB%D0%B8%D1%87%D0%BD%D0%BE%D1%81%D1%82-%D0%9D%D1%8F%D0%BC%D0%B0+%D0%BD%D0%B0%D0%BB%D0%B8%D1%87%D0%BD%D0%BE%D1%81%D1%82 HTTP/2.0" 200 21692 "-" "Mozilla/5.0 AppleWebKit/537.36 (KHTML, like Gecko; compatible; bingbot/2.0; +http://www.bing.com/bingbot.htm) Chrome/116.0.1938.76 Safari/537.36"
52.167.144.16 - - [12/Oct/2025:01:30:42 +0200] "GET /bg/12-albumi?q=%D0%9D%D0%B0%D0%BB%D0%B8%D1%87%D0%BD%D0%BE%D1%81%D1%82-%D0%92+%D0%BD%D0%B0%D0%BB%D0%B8%D1%87%D0%BD%D0%BE%D1%81%D1%82/%D0%9C%D0%B0%D1%80%D0%BA%D0%B0-BigHit+Entertainment-HIGHUP+ENTERTAINMENT-JYP+Entertainment-SM+Entertainment-STARSHIP+ENTERAINMENT-FANTAGIO+MUSIC&order=product.position.asc HTTP/2.0" 200 17703 "-" "Mozilla/5.0 AppleWebKit/537.36 (KHTML, like Gecko; compatible; bingbot/2.0; +http://www.bing.com/bingbot.htm) Chrome/116.0.1938.76 Safari/537.36"
52.167.144.16 - - [12/Oct/2025:01:30:43 +0200] "GET /bg/13-artisti?q=%D0%9A%D0%B0%D1%82%D0%B5%D0%B3%D0%BE%D1%80%D0%B8%D0%B8-AESPA-ASTRO-BLACKPINK-ENHYPEN-GOT+THE+BEAT-ITZY-IVE-JISOO-JUNG+KOOK+%28BTS%29-NCT-NCT+127-NEW+JEANS-STAYC-STRAYKIDS-TREASURE-TWICE-TXT-LE+SSERAFIM HTTP/2.0" 200 21540 "-" "Mozilla/5.0 AppleWebKit/537.36 (KHTML, like Gecko; compatible; bingbot/2.0; +http://www.bing.com/bingbot.htm) Chrome/116.0.1938.76 Safari/537.36"
40.77.167.55 - - [12/Oct/2025:01:30:48 +0200] "GET /bg/13-artisti?q=%D0%9A%D0%B0%D1%82%D0%B5%D0%B3%D0%BE%D1%80%D0%B8%D0%B8-BLACKPINK-BTS-ENHYPEN-GOT+THE+BEAT-ITZY-JIHYO-KAI-LE+SSERAFIM-LISA-NCT-NCT+DREAM-NMIXX-STRAYKIDS-TREASURE-TWICE-V+%28BTS%29&page=19 HTTP/2.0" 200 21598 "-" "Mozilla/5.0 AppleWebKit/537.36 (KHTML, like Gecko; compatible; bingbot/2.0; +http://www.bing.com/bingbot.htm) Chrome/116.0.1938.76 Safari/537.36"
40.77.167.55 - - [12/Oct/2025:01:30:49 +0200] "GET /en/13-artist?q=Categories-BLACKPINK-JIHYO-SEVENTEEN-V+%28BTS%29-Dreamcatcher&order=product.name.asc HTTP/2.0" 200 19410 "-" "Mozilla/5.0 AppleWebKit/537.36 (KHTML, like Gecko; compatible; bingbot/2.0; +http://www.bing.com/bingbot.htm) Chrome/116.0.1938.76 Safari/537.36"
52.167.144.16 - - [12/Oct/2025:01:30:50 +0200] "GET /bg/13-artisti?q=%D0%9A%D0%B0%D1%82%D0%B5%D0%B3%D0%BE%D1%80%D0%B8%D0%B8-AESPA-ATEEZ-BTS-ENHYPEN-ITZY-IVE-JISOO-KAI-LISA-NCT-NMIXX/%D0%9D%D0%B0%D0%BB%D0%B8%D1%87%D0%BD%D0%BE%D1%81%D1%82-%D0%92+%D0%BD%D0%B0%D0%BB%D0%B8%D1%87%D0%BD%D0%BE%D1%81%D1%82 HTTP/2.0" 200 21528 "-" "Mozilla/5.0 AppleWebKit/537.36 (KHTML, like Gecko; compatible; bingbot/2.0; +http://www.bing.com/bingbot.htm) Chrome/116.0.1938.76 Safari/537.36"
217.113.194.103 - - [12/Oct/2025:01:30:55 +0200] "GET /bg/2-nachalo?q=Categories-ARTIST&order=product.position.asc HTTP/1.1" 200 16960 "-" "Mozilla/5.0 (compatible; Barkrowler/0.9; +https://babbar.tech/crawler)"
52.167.144.210 - - [12/Oct/2025:01:30:57 +0200] "GET /bg/13-artisti?q=%D0%9A%D0%B0%D1%82%D0%B5%D0%B3%D0%BE%D1%80%D0%B8%D0%B8-AESPA-ATEEZ-BLACKPINK-BOYNEXTDOOR-ENHYPEN-ILLIT-ITZY-JIHYO-KAI-LISA-NCT+DREAM-NMIXX-RIIZE-SEVENTEEN-TWICE-WayV-ZEROBASEONE-P1Harmony HTTP/2.0" 200 21499 "-" "Mozilla/5.0 AppleWebKit/537.36 (KHTML, like Gecko; compatible; bingbot/2.0; +http://www.bing.com/bingbot.htm) Chrome/116.0.1938.76 Safari/537.36"
52.167.144.210 - - [12/Oct/2025:01:30:57 +0200] "GET /bg/13-artisti?q=%D0%9A%D0%B0%D1%82%D0%B5%D0%B3%D0%BE%D1%80%D0%B8%D0%B8-AESPA-ATEEZ-BABYMONSTER-BLACKPINK-BOYNEXTDOOR-ENHYPEN-ILLIT-IVE-JIHYO-LISA-NMIXX-RIIZE-SEVENTEEN-STRAYKIDS-TREASURE-TXT-V+%28BTS%29-WayV-ZEROBASEONE-GOT+THE+BEAT&page=18 HTTP/2.0" 200 21714 "-" "Mozilla/5.0 AppleWebKit/537.36 (KHTML, like Gecko; compatible; bingbot/2.0; +http://www.bing.com/bingbot.htm) Chrome/116.0.1938.76 Safari/537.36"
217.113.194.106 - - [12/Oct/2025:01:31:12 +0200] "GET /bg/66-predvaritelna-porchka?order=product.name.desc HTTP/1.1" 200 14906 "-" "Mozilla/5.0 (compatible; Barkrowler/0.9; +https://babbar.tech/crawler)"
114.119.131.105 - - [12/Oct/2025:01:31:15 +0200] "GET /en/13-artist?q=Categories-ITZY-NMIXX-STRAYKIDS-TREASURE-TWICE-Agust%2BD%2B(BTS)/Availability-Available&order=product.sales.desc HTTP/1.1" 200 16118 "https://kpopbg.com/en/13-artist?q=Categories-NMIXX-STRAYKIDS-TREASURE-TWICE-ITZY/Availability-Available&order=product.sales.desc" "Mozilla/5.0 (Linux; Android 7.0;) AppleWebKit/537.36 (KHTML, like Gecko) Mobile Safari/537.36 (compatible; PetalBot;+https://webmaster.petalsearch.com/site/petalbot)"
40.77.167.55 - - [12/Oct/2025:01:31:20 +0200] "GET /bg/13-artisti?q=%D0%9A%D0%B0%D1%82%D0%B5%D0%B3%D0%BE%D1%80%D0%B8%D0%B8-AESPA-ATEEZ-BABYMONSTER-BLACKPINK-BTS-ENHYPEN-ILLIT-ITZY-JIHYO-KAI-Kep1er-LISA-NMIXX-STAYC-TREASURE-TXT-XDINARY+HEROES-xikers-ZEROBASEONE-RED+VELVET HTTP/2.0" 200 21526 "-" "Mozilla/5.0 AppleWebKit/537.36 (KHTML, like Gecko; compatible; bingbot/2.0; +http://www.bing.com/bingbot.htm) Chrome/116.0.1938.76 Safari/537.36"
40.77.167.55 - - [12/Oct/2025:01:31:20 +0200] "GET /en/13-artist?q=%D0%9A%D0%B0%D1%82%D0%B5%D0%B3%D0%BE%D1%80%D0%B8%D0%B8-AESPA-ATEEZ-BABYMONSTER-BOYNEXTDOOR-ENHYPEN-GOT+THE+BEAT-ILLIT-IVE-JIHYO-LISA-NCT+WISH-P1Harmony-RIIZE-SEVENTEEN-STRAYKIDS-TWICE-WayV-ZEROBASEONE-BLACKPINK HTTP/2.0" 200 20019 "-" "Mozilla/5.0 AppleWebKit/537.36 (KHTML, like Gecko; compatible; bingbot/2.0; +http://www.bing.com/bingbot.htm) Chrome/116.0.1938.76 Safari/537.36"
217.113.194.223 - - [12/Oct/2025:01:31:29 +0200] "GET /en/15-straykids?SubmitCurrency=1&id_currency=2&page=2 HTTP/1.1" 200 14418 "-" "Mozilla/5.0 (compatible; Barkrowler/0.9; +https://babbar.tech/crawler)"
217.113.194.224 - - [12/Oct/2025:01:31:46 +0200] "GET /en/brand/21-ist-entertainment?SubmitCurrency=1&id_currency=1 HTTP/1.1" 200 12463 "-" "Mozilla/5.0 (compatible; Barkrowler/0.9; +https://babbar.tech/crawler)"
217.113.194.223 - - [12/Oct/2025:01:32:04 +0200] "GET /en/13-artist?q=Categories-STRAYKIDS-RIIZE&page=14 HTTP/1.1" 200 19817 "-" "Mozilla/5.0 (compatible; Barkrowler/0.9; +https://babbar.tech/crawler)"
217.113.194.224 - - [12/Oct/2025:01:32:21 +0200] "GET /en/13-artist?q=Categories-STRAYKIDS-TXT-xikers HTTP/1.1" 200 19709 "-" "Mozilla/5.0 (compatible; Barkrowler/0.9; +https://babbar.tech/crawler)"
52.167.144.210 - - [12/Oct/2025:01:32:26 +0200] "GET /bg/13-artisti?q=%D0%9A%D0%B0%D1%82%D0%B5%D0%B3%D0%BE%D1%80%D0%B8%D0%B8-AESPA-ATEEZ-BABYMONSTER-BLACKPINK-BOYNEXTDOOR-BTS-CHA+EUN+WOO+%28ASTRO%29-ENHYPEN-ILLIT-ITZY-IVE-JIHYO-Jin+%28BTS%29-LISA-NCT+JAEHYUN-NMIXX-P1Harmony-RM+%28BTS%29-SEVENTEEN-STAYC-TWICE-TXT-XDINARY+HEROES-xikers-ZEROBASEONE-LE+SSERAFIM&page=2 HTTP/2.0" 200 21826 "-" "Mozilla/5.0 AppleWebKit/537.36 (KHTML, like Gecko; compatible; bingbot/2.0; +http://www.bing.com/bingbot.htm) Chrome/116.0.1938.76 Safari/537.36"
66.249.66.15 - - [12/Oct/2025:01:32:33 +0200] "GET /bg/13-artisti?q=Categories-TWICE&page=15 HTTP/1.1" 200 21384 "-" "Mozilla/5.0 (Linux; Android 6.0.1; Nexus 5X Build/MMB29P) AppleWebKit/537.36 (KHTML, like Gecko) Chrome/140.0.7339.207 Mobile Safari/537.36 (compatible; Googlebot/2.1; +http://www.google.com/bot.html)"
217.113.194.223 - - [12/Oct/2025:01:32:39 +0200] "GET /en/13-artist?q=Categories-STRAYKIDS-Dreamcatcher&page=5 HTTP/1.1" 200 19920 "-" "Mozilla/5.0 (compatible; Barkrowler/0.9; +https://babbar.tech/crawler)"
114.119.158.94 - - [12/Oct/2025:01:32:39 +0200] "GET /en/13-artist?q=Categories-ITZY-NMIXX-STRAYKIDS-TREASURE-Agust%2BD%2B(BTS)/Availability-Available&order=product.name.desc HTTP/1.1" 200 20126 "https://kpopbg.com/en/13-artist?q=Categories-NMIXX-STRAYKIDS-TREASURE-ITZY/Availability-Available&order=product.name.desc" "Mozilla/5.0 (Linux; Android 7.0;) AppleWebKit/537.36 (KHTML, like Gecko) Mobile Safari/537.36 (compatible; PetalBot;+https://webmaster.petalsearch.com/site/petalbot)"
40.77.167.121 - - [12/Oct/2025:01:32:42 +0200] "GET /en/13-artist?q=Categories-ATEEZ-BABYMONSTER-BLACKPINK-BOYNEXTDOOR-ENHYPEN-ILLIT-ITZY-JIHYO-LISA-NMIXX-P1Harmony-SEVENTEEN-STRAYKIDS-ZEROBASEONE-LE+SSERAFIM HTTP/2.0" 200 19905 "-" "Mozilla/5.0 AppleWebKit/537.36 (KHTML, like Gecko; compatible; bingbot/2.0; +http://www.bing.com/bingbot.htm) Chrome/116.0.1938.76 Safari/537.36"
154.54.249.203 - - [12/Oct/2025:01:32:56 +0200] "GET /en/13-artist?q=Categories-STRAYKIDS-Dreamcatcher&page=6 HTTP/1.1" 200 19849 "-" "Mozilla/5.0 (compatible; Barkrowler/0.9; +https://babbar.tech/crawler)"
217.113.194.104 - - [12/Oct/2025:01:33:15 +0200] "GET /en/13-artist?q=Categories-STRAYKIDS-IVE&page=4 HTTP/1.1" 200 19994 "-" "Mozilla/5.0 (compatible; Barkrowler/0.9; +https://babbar.tech/crawler)"
217.113.194.108 - - [12/Oct/2025:01:33:32 +0200] "GET /en/13-artist?q=Categories-STRAYKIDS-ILLIT&page=10 HTTP/1.1" 200 19863 "-" "Mozilla/5.0 (compatible; Barkrowler/0.9; +https://babbar.tech/crawler)"
216.244.66.233 - - [12/Oct/2025:01:33:35 +0200] "GET /en/nachalo/212-enhypen-dark-blood-engene-ver-8809704425919 HTTP/1.1" 200 100307 "-" "Mozilla/5.0 (compatible; DotBot/1.2; +https://opensiteexplorer.org/dotbot; help@moz.com)"
40.77.167.55 - - [12/Oct/2025:01:33:36 +0200] "GET /bg/13-artisti?q=%D0%9A%D0%B0%D1%82%D0%B5%D0%B3%D0%BE%D1%80%D0%B8%D0%B8-AESPA-ASTRO-ATEEZ-BTS-ENHYPEN-JISOO-KAI-LISA-NCT-NMIXX-STAYC-BLACKPINK/%D0%9D%D0%B0%D0%BB%D0%B8%D1%87%D0%BD%D0%BE%D1%81%D1%82-%D0%92+%D0%BD%D0%B0%D0%BB%D0%B8%D1%87%D0%BD%D0%BE%D1%81%D1%82 HTTP/2.0" 200 21566 "-" "Mozilla/5.0 AppleWebKit/537.36 (KHTML, like Gecko; compatible; bingbot/2.0; +http://www.bing.com/bingbot.htm) Chrome/116.0.1938.76 Safari/537.36"
40.77.167.55 - - [12/Oct/2025:01:33:36 +0200] "GET /bg/13-artisti?q=%D0%9A%D0%B0%D1%82%D0%B5%D0%B3%D0%BE%D1%80%D0%B8%D0%B8-AESPA-BABYMONSTER-BLACKPINK-BOYNEXTDOOR-ENHYPEN-ILLIT-ITZY-JIHYO-LISA-NMIXX-SEVENTEEN-STAYC-STRAYKIDS-TREASURE-TWICE-ZEROBASEONE-LE+SSERAFIM HTTP/2.0" 200 21582 "-" "Mozilla/5.0 AppleWebKit/537.36 (KHTML, like Gecko; compatible; bingbot/2.0; +http://www.bing.com/bingbot.htm) Chrome/116.0.1938.76 Safari/537.36"
40.77.167.74 - - [12/Oct/2025:01:33:37 +0200] "GET /en/13-artist?q=Categories-AESPA-ATEEZ-BABYMONSTER-BLACKPINK-BOYNEXTDOOR-ENHYPEN-ILLIT-ITZY-LISA-NMIXX-STAYC-TWICE-TXT-ZEROBASEONE-NEW+JEANS HTTP/2.0" 200 19888 "-" "Mozilla/5.0 AppleWebKit/537.36 (KHTML, like Gecko; compatible; bingbot/2.0; +http://www.bing.com/bingbot.htm) Chrome/116.0.1938.76 Safari/537.36"
217.113.194.109 - - [12/Oct/2025:01:33:50 +0200] "GET /en/13-artist?q=Categories-STRAYKIDS-WayV&page=11 HTTP/1.1" 200 19945 "-" "Mozilla/5.0 (compatible; Barkrowler/0.9; +https://babbar.tech/crawler)"
47.128.41.56 - - [12/Oct/2025:01:33:55 +0200] "GET /bg/2-nachalo?SubmitCurrency=1&id_currency=3&q=%D0%9C%D0%B0%D1%80%D0%BA%D0%B0-BigHit+Music%2F%D0%9A%D0%B0%D1%82%D0%B5%D0%B3%D0%BE%D1%80%D0%B8%D0%B8-%D0%90%D0%9B%D0%91%D0%A3%D0%9C%D0%98 HTTP/2.0" 200 17464 "-" "Mozilla/5.0 (compatible; Bytespider; spider-feedback@bytedance.com) AppleWebKit/537.36 (KHTML, like Gecko) Chrome/70.0.0.0 Safari/537.36"
40.77.167.55 - - [12/Oct/2025:01:33:55 +0200] "GET /bg/13-artisti?q=%D0%9A%D0%B0%D1%82%D0%B5%D0%B3%D0%BE%D1%80%D0%B8%D0%B8-ATEEZ-BABYMONSTER-BLACKPINK-BTS-ENHYPEN-GOT+THE+BEAT-ILLIT-IVE-JENNIE+%28BLACKPINK%29-LE+SSERAFIM-LISA+%28BLACKPINK%29-NMIXX-P1Harmony-RIIZE-SEVENTEEN-TXT-WayV-ZEROBASEONE-ITZY HTTP/2.0" 200 21616 "-" "Mozilla/5.0 AppleWebKit/537.36 (KHTML, like Gecko; compatible; bingbot/2.0; +http://www.bing.com/bingbot.htm) Chrome/116.0.1938.76 Safari/537.36"
47.128.41.56 - - [12/Oct/2025:01:33:56 +0200] "GET /1004-home_default/stray-kids-karma-accordion-ver-the-4th-full-album-.jpg HTTP/2.0" 206 500 "https://kpopbg.com/bg/2-nachalo?SubmitCurrency=1&id_currency=3&q=%D0%9C%D0%B0%D1%80%D0%BA%D0%B0-BigHit+Music%2F%D0%9A%D0%B0%D1%82%D0%B5%D0%B3%D0%BE%D1%80%D0%B8%D0%B8-%D0%90%D0%9B%D0%91%D0%A3%D0%9C%D0%98" "Mozilla/5.0 (compatible; Bytespider; spider-feedback@bytedance.com) AppleWebKit/537.36 (KHTML, like Gecko) Chrome/70.0.0.0 Safari/537.36"
47.128.41.56 - - [12/Oct/2025:01:33:56 +0200] "GET /1018-home_default/cortis-color-outside-the-lines-the-1st-ep-.jpg HTTP/2.0" 206 500 "https://kpopbg.com/bg/2-nachalo?SubmitCurrency=1&id_currency=3&q=%D0%9C%D0%B0%D1%80%D0%BA%D0%B0-BigHit+Music%2F%D0%9A%D0%B0%D1%82%D0%B5%D0%B3%D0%BE%D1%80%D0%B8%D0%B8-%D0%90%D0%9B%D0%91%D0%A3%D0%9C%D0%98" "Mozilla/5.0 (compatible; Bytespider; spider-feedback@bytedance.com) AppleWebKit/537.36 (KHTML, like Gecko) Chrome/70.0.0.0 Safari/537.36"
114.119.153.232 - - [12/Oct/2025:01:34:05 +0200] "GET /en/13-artist?q=Categories-ITZY-NMIXX-STAYC-TXT-(G)I%5C-DLE&order=product.price.asc HTTP/1.1" 200 19844 "https://kpopbg.com/en/13-artist?q=Categories-ITZY-NMIXX-STAYC-TXT-%28G%29I%5C-DLE&order=product.name.desc" "Mozilla/5.0 (Linux; Android 7.0;) AppleWebKit/537.36 (KHTML, like Gecko) Mobile Safari/537.36 (compatible; PetalBot;+https://webmaster.petalsearch.com/site/petalbot)"
217.113.194.224 - - [12/Oct/2025:01:34:06 +0200] "GET /en/13-artist?q=Categories-P1Harmony-TWICE&page=11 HTTP/1.1" 200 19941 "-" "Mozilla/5.0 (compatible; Barkrowler/0.9; +https://babbar.tech/crawler)"
217.113.194.104 - - [12/Oct/2025:01:34:23 +0200] "GET /en/13-artist?q=Categories-NMIXX-AESPA&page=4 HTTP/1.1" 200 19981 "-" "Mozilla/5.0 (compatible; Barkrowler/0.9; +https://babbar.tech/crawler)"
217.113.194.111 - - [12/Oct/2025:01:34:41 +0200] "GET /en/13-artist?q=Categories-NMIXX-SEVENTEEN&page=17 HTTP/1.1" 200 19613 "-" "Mozilla/5.0 (compatible; Barkrowler/0.9; +https://babbar.tech/crawler)"
47.128.54.222 - - [12/Oct/2025:01:34:44 +0200] "GET /bg/13-artisti?q=%D0%9A%D0%B0%D1%82%D0%B5%D0%B3%D0%BE%D1%80%D0%B8%D0%B8-ITZY-KAI-STAYC-AESPA HTTP/2.0" 200 21314 "-" "Mozilla/5.0 (compatible; Bytespider; spider-feedback@bytedance.com) AppleWebKit/537.36 (KHTML, like Gecko) Chrome/70.0.0.0 Safari/537.36"
217.113.194.102 - - [12/Oct/2025:01:34:59 +0200] "GET /en/13-artist?q=Categories-NCT+127-TXT&page=6 HTTP/1.1" 200 19799 "-" "Mozilla/5.0 (compatible; Barkrowler/0.9; +https://babbar.tech/crawler)"
57.141.4.26 - - [12/Oct/2025:01:35:02 +0200] "GET /en/13-artist?page=7 HTTP/2.0" 200 165967 "-" "meta-externalagent/1.1 (+https://developers.facebook.com/docs/sharing/webmasters/crawler)"
217.113.194.103 - - [12/Oct/2025:01:35:16 +0200] "GET /en/13-artist?q=Categories-TXT-JIHYO&page=4 HTTP/1.1" 200 19978 "-" "Mozilla/5.0 (compatible; Barkrowler/0.9; +https://babbar.tech/crawler)"
114.119.137.2 - - [12/Oct/2025:01:35:26 +0200] "GET /en/13-artist?q=Categories-ITZY-NMIXX-STAYC-TWICE-TXT-AESPA&order=product.name.asc HTTP/1.1" 200 19397 "https://kpopbg.com/en/13-artist?q=Categories-NMIXX-STAYC-TWICE-TXT-ITZY&order=product.name.asc&page=2" "Mozilla/5.0 (Linux; Android 7.0;) AppleWebKit/537.36 (KHTML, like Gecko) Mobile Safari/537.36 (compatible; PetalBot;+https://webmaster.petalsearch.com/site/petalbot)"
40.77.167.55 - - [12/Oct/2025:01:35:27 +0200] "GET /en/13-artist?q=Categories-AESPA-BTS-ENHYPEN-ILLIT-ITZY-LE+SSERAFIM-LISA-NMIXX-SEVENTEEN-ZEROBASEONE-P1Harmony HTTP/2.0" 200 19864 "-" "Mozilla/5.0 AppleWebKit/537.36 (KHTML, like Gecko; compatible; bingbot/2.0; +http://www.bing.com/bingbot.htm) Chrome/116.0.1938.76 Safari/537.36"
40.77.167.121 - - [12/Oct/2025:01:35:31 +0200] "GET /bg/13-artisti?q=%D0%9A%D0%B0%D1%82%D0%B5%D0%B3%D0%BE%D1%80%D0%B8%D0%B8-AESPA-BABYMONSTER-BLACKPINK-BOYNEXTDOOR-ENHYPEN-ILLIT-ITZY-LISA-NMIXX-RIIZE-SEVENTEEN-STRAYKIDS-TWICE-WayV-ZEROBASEONE HTTP/2.0" 200 21529 "-" "Mozilla/5.0 AppleWebKit/537.36 (KHTML, like Gecko; compatible; bingbot/2.0; +http://www.bing.com/bingbot.htm) Chrome/116.0.1938.76 Safari/537.36"
217.113.194.103 - - [12/Oct/2025:01:35:33 +0200] "GET /en/13-artist?q=Categories-TXT&order=product.name.desc&page=7 HTTP/1.1" 200 19848 "-" "Mozilla/5.0 (compatible; Barkrowler/0.9; +https://babbar.tech/crawler)"
47.128.42.108 - - [12/Oct/2025:01:35:33 +0200] "GET /en/13-artist?q=Categories-AESPA-BLACKPINK-BTS-KAI-NCT+127-NEW+JEANS-V+%28BTS%29-P1Harmony HTTP/2.0" 200 19776 "-" "Mozilla/5.0 (compatible; Bytespider; spider-feedback@bytedance.com) AppleWebKit/537.36 (KHTML, like Gecko) Chrome/70.0.0.0 Safari/537.36"
217.113.194.109 - - [12/Oct/2025:01:35:50 +0200] "GET /en/13-artist?q=Categories-TXT-ENHYPEN&page=10 HTTP/1.1" 200 19852 "-" "Mozilla/5.0 (compatible; Barkrowler/0.9; +https://babbar.tech/crawler)"
40.77.167.55 - - [12/Oct/2025:01:35:57 +0200] "GET /bg/13-artisti?q=%D0%9A%D0%B0%D1%82%D0%B5%D0%B3%D0%BE%D1%80%D0%B8%D0%B8-AESPA-ASTRO-ATEEZ-BLACKPINK-BTS-ENHYPEN-GOT+THE+BEAT-ITZY-JIHYO-JISOO-KAI-LISA-NCT-NCT+DREAM-STRAYKIDS-TREASURE-TWICE-V+%28BTS%29 HTTP/2.0" 200 21516 "-" "Mozilla/5.0 AppleWebKit/537.36 (KHTML, like Gecko; compatible; bingbot/2.0; +http://www.bing.com/bingbot.htm) Chrome/116.0.1938.76 Safari/537.36"
40.77.167.55 - - [12/Oct/2025:01:36:06 +0200] "GET /bg/13-artisti?q=%D0%9A%D0%B0%D1%82%D0%B5%D0%B3%D0%BE%D1%80%D0%B8%D0%B8-AESPA-BABYMONSTER-BLACKPINK-BOYNEXTDOOR-ENHYPEN-GOT+THE+BEAT-ILLIT-ITZY-IVE-KAI-LISA-ZEROBASEONE-BTS HTTP/2.0" 200 21501 "-" "Mozilla/5.0 AppleWebKit/537.36 (KHTML, like Gecko; compatible; bingbot/2.0; +http://www.bing.com/bingbot.htm) Chrome/116.0.1938.76 Safari/537.36"
217.113.194.108 - - [12/Oct/2025:01:36:06 +0200] "GET /en/13-artist?q=Categories-TWICE-RM+%28BTS%29 HTTP/1.1" 200 19719 "-" "Mozilla/5.0 (compatible; Barkrowler/0.9; +https://babbar.tech/crawler)"
47.128.60.247 - - [12/Oct/2025:01:36:22 +0200] "GET /bg/13-artisti?SubmitCurrency=1&id_currency=2&order=product.price.desc&q=%D0%9A%D0%B0%D1%82%D0%B5%D0%B3%D0%BE%D1%80%D0%B8%D0%B8-BTS-ITZY-NCT+127-NEW+JEANS-STRAYKIDS-TREASURE-TWICE-ENHYPEN HTTP/2.0" 200 21575 "-" "Mozilla/5.0 (compatible; Bytespider; spider-feedback@bytedance.com) AppleWebKit/537.36 (KHTML, like Gecko) Chrome/70.0.0.0 Safari/537.36"
217.113.194.102 - - [12/Oct/2025:01:36:23 +0200] "GET /en/13-artist?q=Categories-TWICE-Jin+%28BTS%29 HTTP/1.1" 200 19718 "-" "Mozilla/5.0 (compatible; Barkrowler/0.9; +https://babbar.tech/crawler)"
40.77.167.55 - - [12/Oct/2025:01:36:37 +0200] "GET /bg/13-artisti?q=%D0%9A%D0%B0%D1%82%D0%B5%D0%B3%D0%BE%D1%80%D0%B8%D0%B8-AESPA-ATEEZ-BABYMONSTER-BLACKPINK-BOYNEXTDOOR-ENHYPEN-ILLIT-ITZY-JIHYO-LISA-NMIXX-RIIZE-SEVENTEEN-STRAYKIDS-TWICE-WayV-ZEROBASEONE-ROSE+%28BLACKPINK%29 HTTP/2.0" 200 21510 "-" "Mozilla/5.0 AppleWebKit/537.36 (KHTML, like Gecko; compatible; bingbot/2.0; +http://www.bing.com/bingbot.htm) Chrome/116.0.1938.76 Safari/537.36"
40.77.167.55 - - [12/Oct/2025:01:36:38 +0200] "GET /bg/13-artisti?q=%D0%9A%D0%B0%D1%82%D0%B5%D0%B3%D0%BE%D1%80%D0%B8%D0%B8-AESPA-BABYMONSTER-BLACKPINK-BOYNEXTDOOR-ENHYPEN-ILLIT-ITZY-JIHYO-KAI-LE+SSERAFIM-NAYEON+%28TWICE%29-NCT+DREAM-NMIXX-P1Harmony-RIIZE-SEVENTEEN-TWICE-TXT-WayV-ZEROBASEONE HTTP/2.0" 200 21648 "-" "Mozilla/5.0 AppleWebKit/537.36 (KHTML, like Gecko; compatible; bingbot/2.0; +http://www.bing.com/bingbot.htm) Chrome/116.0.1938.76 Safari/537.36"
217.113.194.108 - - [12/Oct/2025:01:36:40 +0200] "GET /en/13-artist?q=Categories-TWICE&order=product.price.asc HTTP/1.1" 200 19775 "-" "Mozilla/5.0 (compatible; Barkrowler/0.9; +https://babbar.tech/crawler)"
114.119.158.94 - - [12/Oct/2025:01:36:50 +0200] "GET /en/13-artist?q=Categories-ITZY-NMIXX-STAYC-TREASURE-TXT/Brand-BigHit%2BMusic&order=product.position.asc HTTP/1.1" 200 19654 "https://kpopbg.com/en/13-artist?q=Categories-ITZY-NMIXX-STAYC-TREASURE-TXT/Brand-BigHit%2BMusic&order=product.name.desc" "Mozilla/5.0 (Linux; Android 7.0;) AppleWebKit/537.36 (KHTML, like Gecko) Mobile Safari/537.36 (compatible; PetalBot;+https://webmaster.petalsearch.com/site/petalbot)"
217.113.194.102 - - [12/Oct/2025:01:36:57 +0200] "GET /en/13-artist?q=Categories-STAYC-TXT-WayV&page=5 HTTP/1.1" 200 19912 "-" "Mozilla/5.0 (compatible; Barkrowler/0.9; +https://babbar.tech/crawler)"
47.128.54.211 - - [12/Oct/2025:01:37:10 +0200] "GET /bg/13-artisti?SubmitCurrency=1&id_currency=1&q=%D0%9A%D0%B0%D1%82%D0%B5%D0%B3%D0%BE%D1%80%D0%B8%D0%B8-AESPA-ENHYPEN-KAI-NMIXX-TXT-V+%28BTS%29-Agust+D+%28BTS%29 HTTP/2.0" 200 21418 "-" "Mozilla/5.0 (compatible; Bytespider; spider-feedback@bytedance.com) AppleWebKit/537.36 (KHTML, like Gecko) Chrome/70.0.0.0 Safari/537.36"
40.77.167.121 - - [12/Oct/2025:01:37:12 +0200] "GET /en/13-artist?q=%D0%9A%D0%B0%D1%82%D0%B5%D0%B3%D0%BE%D1%80%D0%B8%D0%B8-ATEEZ-BABYMONSTER-BLACKPINK-BTS-ENHYPEN-ILLIT-ITZY-JIHYO-KAI-LISA-NEW+JEANS-NMIXX-TXT-xikers-ZEROBASEONE-TREASURE HTTP/2.0" 200 19972 "-" "Mozilla/5.0 AppleWebKit/537.36 (KHTML, like Gecko; compatible; bingbot/2.0; +http://www.bing.com/bingbot.htm) Chrome/116.0.1938.76 Safari/537.36"
154.54.249.203 - - [12/Oct/2025:01:37:14 +0200] "GET /en/13-artist?q=Categories-STAYC-TXT-BTS&page=5 HTTP/1.1" 200 19904 "-" "Mozilla/5.0 (compatible; Barkrowler/0.9; +https://babbar.tech/crawler)"
40.77.167.74 - - [12/Oct/2025:01:37:16 +0200] "GET /bg/13-artisti?q=%D0%9A%D0%B0%D1%82%D0%B5%D0%B3%D0%BE%D1%80%D0%B8%D0%B8-AESPA-ATEEZ-BABYMONSTER-BLACKPINK-BOYNEXTDOOR-ENHYPEN-GOT+THE+BEAT-ILLIT-IVE-JENNIE+%28BLACKPINK%29-JIHYO-LISA+%28BLACKPINK%29-NEW+JEANS-NMIXX-RIIZE-ROSE+%28BLACKPINK%29-SEVENTEEN-STAYC-TWICE-WayV-ZEROBASEONE-STRAYKIDS&page=18 HTTP/2.0" 200 21820 "-" "Mozilla/5.0 AppleWebKit/537.36 (KHTML, like Gecko; compatible; bingbot/2.0; +http://www.bing.com/bingbot.htm) Chrome/116.0.1938.76 Safari/537.36"
217.113.194.102 - - [12/Oct/2025:01:37:31 +0200] "GET /en/13-artist?q=Categories-IVE-NCT+127-SEVENTEEN HTTP/1.1" 200 19713 "-" "Mozilla/5.0 (compatible; Barkrowler/0.9; +https://babbar.tech/crawler)"
40.77.167.121 - - [12/Oct/2025:01:37:42 +0200] "GET /bg/13-artisti?q=%D0%9A%D0%B0%D1%82%D0%B5%D0%B3%D0%BE%D1%80%D0%B8%D0%B8-AESPA-ATEEZ-BABYMONSTER-BLACKPINK-BOYNEXTDOOR-ENHYPEN-ITZY-IVE-JIHYO-LE+SSERAFIM-LISA-NMIXX-RIIZE-SEVENTEEN-STAYC-STRAYKIDS-TREASURE-TWICE-TXT-WayV-ZEROBASEONE-JISOO+%28BLACKPINK%29 HTTP/2.0" 200 21628 "-" "Mozilla/5.0 AppleWebKit/537.36 (KHTML, like Gecko; compatible; bingbot/2.0; +http://www.bing.com/bingbot.htm) Chrome/116.0.1938.76 Safari/537.36"
57.141.4.79 - - [12/Oct/2025:01:37:46 +0200] "GET /en/40-nct-127 HTTP/2.0" 200 97103 "-" "meta-externalagent/1.1 (+https://developers.facebook.com/docs/sharing/webmasters/crawler)"
217.113.194.104 - - [12/Oct/2025:01:37:48 +0200] "GET /en/13-artist?q=Categories-IVE-NCT+WISH&page=14 HTTP/1.1" 200 19815 "-" "Mozilla/5.0 (compatible; Barkrowler/0.9; +https://babbar.tech/crawler)"
40.77.167.121 - - [12/Oct/2025:01:37:51 +0200] "GET /bg/13-artisti?q=%D0%9A%D0%B0%D1%82%D0%B5%D0%B3%D0%BE%D1%80%D0%B8%D0%B8-ATEEZ-BABYMONSTER-BLACKPINK-BOYNEXTDOOR-ENHYPEN-GOT+THE+BEAT-ILLIT-ITZY-JENNIE+%28BLACKPINK%29-LISA+%28BLACKPINK%29-NMIXX-RIIZE-ROSE+%28BLACKPINK%29-SEVENTEEN-STAYC-TREASURE-TWICE-WayV-ZEROBASEONE-Kep1er HTTP/2.0" 200 21654 "-" "Mozilla/5.0 AppleWebKit/537.36 (KHTML, like Gecko; compatible; bingbot/2.0; +http://www.bing.com/bingbot.htm) Chrome/116.0.1938.76 Safari/537.36"
52.167.144.191 - - [12/Oct/2025:01:37:57 +0200] "GET /bg/13-artisti?q=%D0%9A%D0%B0%D1%82%D0%B5%D0%B3%D0%BE%D1%80%D0%B8%D0%B8-ATEEZ-BABYMONSTER-BLACKPINK-BOYNEXTDOOR-Dreamcatcher-ENHYPEN-GOT+THE+BEAT-ILLIT-ITZY-IVE-JIHYO-Kep1er-LISA+%28BLACKPINK%29-NMIXX-RIIZE-ROSE+%28BLACKPINK%29-SEVENTEEN-STAYC-STRAYKIDS-TREASURE-TWICE-WayV-KISS+OF+LIFE HTTP/2.0" 200 21697 "-" "Mozilla/5.0 AppleWebKit/537.36 (KHTML, like Gecko; compatible; bingbot/2.0; +http://www.bing.com/bingbot.htm) Chrome/116.0.1938.76 Safari/537.36"
52.167.144.191 - - [12/Oct/2025:01:37:57 +0200] "GET /bg/13-artisti?q=%D0%9A%D0%B0%D1%82%D0%B5%D0%B3%D0%BE%D1%80%D0%B8%D0%B8-AESPA-BABYMONSTER-BLACKPINK-BOYNEXTDOOR-ENHYPEN-GOT+THE+BEAT-ILLIT-LISA-RIIZE-STRAYKIDS-TWICE-WayV-ZEROBASEONE-KAI HTTP/2.0" 200 21536 "-" "Mozilla/5.0 AppleWebKit/537.36 (KHTML, like Gecko; compatible; bingbot/2.0; +http://www.bing.com/bingbot.htm) Chrome/116.0.1938.76 Safari/537.36"
52.167.144.191 - - [12/Oct/2025:01:37:57 +0200] "GET /en/13-artist?q=Categories-BTS-IVE-KAI-TWICE-TXT-ASTRO HTTP/2.0" 200 19702 "-" "Mozilla/5.0 AppleWebKit/537.36 (KHTML, like Gecko; compatible; bingbot/2.0; +http://www.bing.com/bingbot.htm) Chrome/116.0.1938.76 Safari/537.36"
47.128.115.232 - - [12/Oct/2025:01:37:58 +0200] "GET /bg/13-artisti?SubmitCurrency=1&id_currency=2&q=%D0%9A%D0%B0%D1%82%D0%B5%D0%B3%D0%BE%D1%80%D0%B8%D0%B8-BTS-ITZY-JUNG+KOOK+%28BTS%29-STAYC-STRAYKIDS HTTP/2.0" 200 21409 "-" "Mozilla/5.0 (Linux; Android 5.0) AppleWebKit/537.36 (KHTML, like Gecko) Mobile Safari/537.36 (compatible; Bytespider; spider-feedback@bytedance.com)"
40.77.167.121 - - [12/Oct/2025:01:38:00 +0200] "GET /bg/13-artisti?q=%D0%9A%D0%B0%D1%82%D0%B5%D0%B3%D0%BE%D1%80%D0%B8%D0%B8-AESPA-Agust+D+%28BTS%29-BABYMONSTER-BLACKPINK-BOYNEXTDOOR-BTS-ENHYPEN-GOT+THE+BEAT-ILLIT-ITZY-JIMIN+%28BTS%29-Jin+%28BTS%29-LISA-NMIXX-STAYC-TWICE-TXT-WayV-ZEROBASEONE-NCT+127&order=product.sales.desc HTTP/2.0" 200 17727 "-" "Mozilla/5.0 AppleWebKit/537.36 (KHTML, like Gecko; compatible; bingbot/2.0; +http://www.bing.com/bingbot.htm) Chrome/116.0.1938.76 Safari/537.36"
40.77.167.121 - - [12/Oct/2025:01:38:01 +0200] "GET /bg/13-artisti?q=%D0%9A%D0%B0%D1%82%D0%B5%D0%B3%D0%BE%D1%80%D0%B8%D0%B8-ATEEZ-BABYMONSTER-BLACKPINK-BOYNEXTDOOR-ENHYPEN-GOT+THE+BEAT-ILLIT-IVE-JIHYO-LISA-NCT+127-NMIXX-RIIZE-SEVENTEEN-TWICE-TXT-WayV-ZEROBASEONE-Kep1er HTTP/2.0" 200 21598 "-" "Mozilla/5.0 AppleWebKit/537.36 (KHTML, like Gecko; compatible; bingbot/2.0; +http://www.bing.com/bingbot.htm) Chrome/116.0.1938.76 Safari/537.36"
217.113.194.105 - - [12/Oct/2025:01:38:05 +0200] "GET /en/13-artist?q=Categories-IVE-RM+%28BTS%29&page=17 HTTP/1.1" 200 19629 "-" "Mozilla/5.0 (compatible; Barkrowler/0.9; +https://babbar.tech/crawler)"
114.119.133.146 - - [12/Oct/2025:01:38:14 +0200] "GET /en/13-artist?q=Categories-ITZY-NMIXX-STAYC-TREASURE-TXT-JIMIN%2B(BTS)&order=product.position.asc HTTP/1.1" 200 19654 "https://kpopbg.com/en/13-artist?q=Categories-NMIXX-STAYC-TREASURE-TXT-ITZY&order=product.position.asc&page=3" "Mozilla/5.0 (Linux; Android 7.0;) AppleWebKit/537.36 (KHTML, like Gecko) Mobile Safari/537.36 (compatible; PetalBot;+https://webmaster.petalsearch.com/site/petalbot)"
40.77.167.74 - - [12/Oct/2025:01:38:17 +0200] "GET /bg/13-artisti?q=%D0%9A%D0%B0%D1%82%D0%B5%D0%B3%D0%BE%D1%80%D0%B8%D0%B8-AESPA-BABYMONSTER-BLACKPINK-BOYNEXTDOOR-ENHYPEN-GOT+THE+BEAT-ILLIT-ITZY-JIHYO-LISA-NMIXX-RIIZE-STRAYKIDS-TREASURE-TWICE-WayV-ZEROBASEONE-CHA+EUN+WOO+%28ASTRO%29 HTTP/2.0" 200 21639 "-" "Mozilla/5.0 AppleWebKit/537.36 (KHTML, like Gecko; compatible; bingbot/2.0; +http://www.bing.com/bingbot.htm) Chrome/116.0.1938.76 Safari/537.36"
52.167.144.191 - - [12/Oct/2025:01:38:17 +0200] "GET /en/13-artist?q=Categories-AESPA-BABYMONSTER-BLACKPINK-BOYNEXTDOOR-BTS-ENHYPEN-ILLIT-ITZY-JIHYO-LISA-NAYEON+%28TWICE%29-NMIXX-P1Harmony-TXT-ZEROBASEONE-TWICE&order=product.price.desc HTTP/2.0" 200 20100 "-" "Mozilla/5.0 AppleWebKit/537.36 (KHTML, like Gecko; compatible; bingbot/2.0; +http://www.bing.com/bingbot.htm) Chrome/116.0.1938.76 Safari/537.36"
52.167.144.191 - - [12/Oct/2025:01:38:18 +0200] "GET /en/13-artist?q=Categories-AESPA-BABYMONSTER-BLACKPINK-BOYNEXTDOOR-ENHYPEN-ILLIT-ITZY-JIHYO-LISA-NMIXX-P1Harmony-STAYC-TWICE-TXT-ATEEZ HTTP/2.0" 200 19879 "-" "Mozilla/5.0 AppleWebKit/537.36 (KHTML, like Gecko; compatible; bingbot/2.0; +http://www.bing.com/bingbot.htm) Chrome/116.0.1938.76 Safari/537.36"
52.167.144.191 - - [12/Oct/2025:01:38:19 +0200] "GET /bg/13-artisti?q=%D0%9A%D0%B0%D1%82%D0%B5%D0%B3%D0%BE%D1%80%D0%B8%D0%B8-AESPA-ASTRO-ATEEZ-BLACKPINK-BTS-ENHYPEN-ITZY-IVE-JISOO-KAI-LE+SSERAFIM-LISA-NCT-NCT+DREAM-NEW+JEANS-STAYC-STRAYKIDS-V+%28BTS%29 HTTP/2.0" 200 21507 "-" "Mozilla/5.0 AppleWebKit/537.36 (KHTML, like Gecko; compatible; bingbot/2.0; +http://www.bing.com/bingbot.htm) Chrome/116.0.1938.76 Safari/537.36"
40.77.167.121 - - [12/Oct/2025:01:38:21 +0200] "GET /bg/13-artisti?q=%D0%9A%D0%B0%D1%82%D0%B5%D0%B3%D0%BE%D1%80%D0%B8%D0%B8-ASTRO-BLACKPINK-BTS-ENHYPEN-GOT+THE+BEAT-ITZY-IVE-JIHYO-LE+SSERAFIM-LISA-NCT-NCT+DREAM-NMIXX-STAYC-STRAYKIDS-TREASURE-TWICE HTTP/2.0" 200 21500 "-" "Mozilla/5.0 AppleWebKit/537.36 (KHTML, like Gecko; compatible; bingbot/2.0; +http://www.bing.com/bingbot.htm) Chrome/116.0.1938.76 Safari/537.36"
40.77.167.121 - - [12/Oct/2025:01:38:21 +0200] "GET /bg/13-artisti?q=%D0%9A%D0%B0%D1%82%D0%B5%D0%B3%D0%BE%D1%80%D0%B8%D0%B8-ATEEZ-BABYMONSTER-BLACKPINK-BOYNEXTDOOR-ENHYPEN-GOT+THE+BEAT-ILLIT-IVE-Kep1er-NAYEON+%28TWICE%29-NMIXX-RIIZE-ROSE+%28BLACKPINK%29-SEVENTEEN-STAYC-TWICE-WayV-ZEROBASEONE-AESPA HTTP/2.0" 200 21625 "-" "Mozilla/5.0 AppleWebKit/537.36 (KHTML, like Gecko; compatible; bingbot/2.0; +http://www.bing.com/bingbot.htm) Chrome/116.0.1938.76 Safari/537.36"
217.113.194.105 - - [12/Oct/2025:01:38:23 +0200] "GET /en/13-artist?q=Categories-ENHYPEN-IVE&page=12 HTTP/1.1" 200 19849 "-" "Mozilla/5.0 (compatible; Barkrowler/0.9; +https://babbar.tech/crawler)"
57.141.4.75 - - [12/Oct/2025:01:38:43 +0200] "GET /en/nachalo/88-enhypen-border-carnival-2nd-mini-album--8809704421003 HTTP/2.0" 200 107161 "-" "meta-externalagent/1.1 (+https://developers.facebook.com/docs/sharing/webmasters/crawler)"
47.128.125.46 - - [12/Oct/2025:01:38:47 +0200] "GET /bg/13-artisti?order=product.name.asc&q=%D0%9A%D0%B0%D1%82%D0%B5%D0%B3%D0%BE%D1%80%D0%B8%D0%B8-ASTRO-BLACKPINK-ITZY-NEW+JEANS-RED+VELVET-TWICE-TXT-CHA+EUN+WOO+%28ASTRO%29 HTTP/2.0" 200 21101 "-" "Mozilla/5.0 (Linux; Android 5.0) AppleWebKit/537.36 (KHTML, like Gecko) Mobile Safari/537.36 (compatible; Bytespider; spider-feedback@bytedance.com)"
217.113.194.103 - - [12/Oct/2025:01:38:50 +0200] "GET /en/13-artist?q=Categories-AESPA-Kep1er-ATEEZ HTTP/1.1" 200 19707 "-" "Mozilla/5.0 (compatible; Barkrowler/0.9; +https://babbar.tech/crawler)"
52.167.144.191 - - [12/Oct/2025:01:38:56 +0200] "GET /bg/13-artisti?q=%D0%9A%D0%B0%D1%82%D0%B5%D0%B3%D0%BE%D1%80%D0%B8%D0%B8-AESPA-ATEEZ-BABYMONSTER-BOYNEXTDOOR-ENHYPEN-GOT+THE+BEAT-ILLIT-IVE-JIHYO-LISA-NCT+DOYOUNG-NMIXX-RIIZE-SEVENTEEN-STRAYKIDS-TWICE-TXT-WayV-ZEROBASEONE-V+%28BTS%29 HTTP/2.0" 200 21552 "-" "Mozilla/5.0 AppleWebKit/537.36 (KHTML, like Gecko; compatible; bingbot/2.0; +http://www.bing.com/bingbot.htm) Chrome/116.0.1938.76 Safari/537.36"
217.113.194.110 - - [12/Oct/2025:01:39:07 +0200] "GET /en/13-artist?q=Categories-AESPA-BLACKPINK&page=13 HTTP/1.1" 200 19758 "-" "Mozilla/5.0 (compatible; Barkrowler/0.9; +https://babbar.tech/crawler)"
40.77.167.74 - - [12/Oct/2025:01:39:16 +0200] "GET /bg/13-artisti?q=%D0%9A%D0%B0%D1%82%D0%B5%D0%B3%D0%BE%D1%80%D0%B8%D0%B8-AESPA-ASTRO-BABYMONSTER-BTS-ENHYPEN-ILLIT-KAI-LE+SSERAFIM-LISA-NMIXX-SEVENTEEN-STRAYKIDS-TREASURE-BLACKPINK HTTP/2.0" 200 21448 "-" "Mozilla/5.0 AppleWebKit/537.36 (KHTML, like Gecko; compatible; bingbot/2.0; +http://www.bing.com/bingbot.htm) Chrome/116.0.1938.76 Safari/537.36"
40.77.167.121 - - [12/Oct/2025:01:39:21 +0200] "GET /bg/13-artisti?q=%D0%9A%D0%B0%D1%82%D0%B5%D0%B3%D0%BE%D1%80%D0%B8%D0%B8-AESPA-ASTRO-BLACKPINK-BTS-JISOO-NCT-NCT+127-NMIXX-STAYC-TREASURE-TWICE-JIHYO/%D0%9D%D0%B0%D0%BB%D0%B8%D1%87%D0%BD%D0%BE%D1%81%D1%82-%D0%92+%D0%BD%D0%B0%D0%BB%D0%B8%D1%87%D0%BD%D0%BE%D1%81%D1%82 HTTP/2.0" 200 21584 "-" "Mozilla/5.0 AppleWebKit/537.36 (KHTML, like Gecko; compatible; bingbot/2.0; +http://www.bing.com/bingbot.htm) Chrome/116.0.1938.76 Safari/537.36"
154.54.249.203 - - [12/Oct/2025:01:39:24 +0200] "GET /en/13-artist?q=Categories-BABYMONSTER-BTS&page=2 HTTP/1.1" 200 19747 "-" "Mozilla/5.0 (compatible; Barkrowler/0.9; +https://babbar.tech/crawler)"
40.77.167.121 - - [12/Oct/2025:01:39:31 +0200] "GET /bg/13-artisti?q=%D0%9A%D0%B0%D1%82%D0%B5%D0%B3%D0%BE%D1%80%D0%B8%D0%B8-AESPA-BABYMONSTER-BLACKPINK-BOYNEXTDOOR-BTS-ENHYPEN-ILLIT-ITZY-JIHYO-KAI-LISA-NMIXX-SEVENTEEN-TWICE-TXT-ZEROBASEONE-P1Harmony HTTP/2.0" 200 21505 "-" "Mozilla/5.0 AppleWebKit/537.36 (KHTML, like Gecko; compatible; bingbot/2.0; +http://www.bing.com/bingbot.htm) Chrome/116.0.1938.76 Safari/537.36"
47.128.120.5 - - [12/Oct/2025:01:39:36 +0200] "GET /bg/13-artisti?SubmitCurrency=1&id_currency=2&order=product.price.asc&page=3&q=%D0%9A%D0%B0%D1%82%D0%B5%D0%B3%D0%BE%D1%80%D0%B8%D0%B8-ATEEZ-ITZY-KAI-NMIXX-TWICE-TXT-STAYC HTTP/2.0" 200 21497 "-" "Mozilla/5.0 (Linux; Android 5.0) AppleWebKit/537.36 (KHTML, like Gecko) Mobile Safari/537.36 (compatible; Bytespider; spider-feedback@bytedance.com)"
40.77.167.74 - - [12/Oct/2025:01:39:36 +0200] "GET /en/13-artist?q=Categories-THE+BOYZ-TWICE HTTP/2.0" 200 19693 "-" "Mozilla/5.0 AppleWebKit/537.36 (KHTML, like Gecko; compatible; bingbot/2.0; +http://www.bing.com/bingbot.htm) Chrome/116.0.1938.76 Safari/537.36"
114.119.133.146 - - [12/Oct/2025:01:39:38 +0200] "GET /en/13-artist?q=Categories-ITZY-NMIXX-STAYC-TREASURE-TWICE-JEON%2BSOMI&order=product.position.asc HTTP/1.1" 200 19632 "https://kpopbg.com/en/13-artist?q=Categories-NMIXX-STAYC-TREASURE-TWICE-TXT-ITZY&order=product.position.asc&page=2" "Mozilla/5.0 (Linux; Android 7.0;) AppleWebKit/537.36 (KHTML, like Gecko) Mobile Safari/537.36 (compatible; PetalBot;+https://webmaster.petalsearch.com/site/petalbot)"
217.113.194.247 - - [12/Oct/2025:01:39:41 +0200] "GET /en/13-artist?q=Categories-BABYMONSTER-WayV&page=16 HTTP/1.1" 200 19698 "-" "Mozilla/5.0 (compatible; Barkrowler/0.9; +https://babbar.tech/crawler)"
52.167.144.191 - - [12/Oct/2025:01:39:42 +0200] "GET /bg/13-artisti?q=%D0%9A%D0%B0%D1%82%D0%B5%D0%B3%D0%BE%D1%80%D0%B8%D0%B8-AESPA-ATEEZ-BABYMONSTER-BTS-ENHYPEN-ILLIT-ITZY-IVE-JIHYO-NCT+127-NCT+WISH-NMIXX-P1Harmony-SEVENTEEN-STAYC-STRAYKIDS-TWICE-TXT-Tzuyu+%28TWICE%29-ZEROBASEONE HTTP/2.0" 200 21526 "-" "Mozilla/5.0 AppleWebKit/537.36 (KHTML, like Gecko; compatible; bingbot/2.0; +http://www.bing.com/bingbot.htm) Chrome/116.0.1938.76 Safari/537.36"
40.77.167.74 - - [12/Oct/2025:01:39:46 +0200] "GET /bg/13-artisti?q=%D0%9A%D0%B0%D1%82%D0%B5%D0%B3%D0%BE%D1%80%D0%B8%D0%B8-ATEEZ-BABYMONSTER-BLACKPINK-BOYNEXTDOOR-ENHYPEN-GOT+THE+BEAT-ILLIT-IVE-NAYEON+%28TWICE%29-NMIXX-RIIZE-ROSE+%28BLACKPINK%29-SEVENTEEN-STAYC-TWICE-WayV-ZEROBASEONE HTTP/2.0" 200 21629 "-" "Mozilla/5.0 AppleWebKit/537.36 (KHTML, like Gecko; compatible; bingbot/2.0; +http://www.bing.com/bingbot.htm) Chrome/116.0.1938.76 Safari/537.36"
40.77.167.74 - - [12/Oct/2025:01:39:47 +0200] "GET /bg/13-artisti?q=%D0%9A%D0%B0%D1%82%D0%B5%D0%B3%D0%BE%D1%80%D0%B8%D0%B8-ASTRO-BLACKPINK-GOT+THE+BEAT-ITZY-IVE-JISOO-KAI-LISA-NCT-NCT+DREAM-NEW+JEANS-NMIXX-STAYC-STRAYKIDS-TREASURE-TWICE HTTP/2.0" 200 21481 "-" "Mozilla/5.0 AppleWebKit/537.36 (KHTML, like Gecko; compatible; bingbot/2.0; +http://www.bing.com/bingbot.htm) Chrome/116.0.1938.76 Safari/537.36"
40.77.167.121 - - [12/Oct/2025:01:39:54 +0200] "GET /bg/13-artisti?q=%D0%9A%D0%B0%D1%82%D0%B5%D0%B3%D0%BE%D1%80%D0%B8%D0%B8-ATEEZ-BLACKPINK-BOYNEXTDOOR-ENHYPEN-ILLIT-IVE-JIHYO-LISA-NCT+DOYOUNG-NCT+WISH-NMIXX-SEVENTEEN-TWICE-WayV-ZEROBASEONE-JENNIE+%28BLACKPINK%29 HTTP/2.0" 200 21535 "-" "Mozilla/5.0 AppleWebKit/537.36 (KHTML, like Gecko; compatible; bingbot/2.0; +http://www.bing.com/bingbot.htm) Chrome/116.0.1938.76 Safari/537.36"
217.113.194.105 - - [12/Oct/2025:01:39:59 +0200] "GET /en/13-artist?q=Categories-RED+VELVET-TWICE HTTP/1.1" 200 19704 "-" "Mozilla/5.0 (compatible; Barkrowler/0.9; +https://babbar.tech/crawler)"
52.167.144.191 - - [12/Oct/2025:01:40:05 +0200] "GET /bg/13-artisti?q=%D0%9A%D0%B0%D1%82%D0%B5%D0%B3%D0%BE%D1%80%D0%B8%D0%B8-AESPA-BABYMONSTER-BOYNEXTDOOR-ENHYPEN-GOT+THE+BEAT-ITZY-JIHYO-NEW+JEANS-NMIXX-P1Harmony-RIIZE-ROSE+%28BLACKPINK%29-STRAYKIDS-TREASURE-TWICE-TXT-WayV-ZEROBASEONE-ILLIT HTTP/2.0" 200 21586 "-" "Mozilla/5.0 AppleWebKit/537.36 (KHTML, like Gecko; compatible; bingbot/2.0; +http://www.bing.com/bingbot.htm) Chrome/116.0.1938.76 Safari/537.36"
52.167.144.191 - - [12/Oct/2025:01:40:05 +0200] "GET /bg/13-artisti?q=%D0%9A%D0%B0%D1%82%D0%B5%D0%B3%D0%BE%D1%80%D0%B8%D0%B8-ATEEZ-BABYMONSTER-BOYNEXTDOOR-ENHYPEN-ILLIT-IVE-Jin+%28BTS%29-Kep1er-NEW+JEANS-NMIXX-P1Harmony-RIIZE-SEVENTEEN-STAYC-STRAYKIDS-TXT-Tzuyu+%28TWICE%29-WayV-ZEROBASEONE-AESPA HTTP/2.0" 200 21578 "-" "Mozilla/5.0 AppleWebKit/537.36 (KHTML, like Gecko; compatible; bingbot/2.0; +http://www.bing.com/bingbot.htm) Chrome/116.0.1938.76 Safari/537.36"
52.167.144.191 - - [12/Oct/2025:01:40:06 +0200] "GET /bg/13-artisti?q=%D0%9A%D0%B0%D1%82%D0%B5%D0%B3%D0%BE%D1%80%D0%B8%D0%B8-ATEEZ-BOYNEXTDOOR-ENHYPEN-ILLIT-IVE-JIHYO-Kep1er-LE+SSERAFIM-LISA-RIIZE-SEVENTEEN-STRAYKIDS-TREASURE-TWICE-TXT-WayV-ZEROBASEONE-V+%28BTS%29 HTTP/2.0" 200 21516 "-" "Mozilla/5.0 AppleWebKit/537.36 (KHTML, like Gecko; compatible; bingbot/2.0; +http://www.bing.com/bingbot.htm) Chrome/116.0.1938.76 Safari/537.36"
52.167.144.191 - - [12/Oct/2025:01:40:06 +0200] "GET /bg/13-artisti?q=%D0%9A%D0%B0%D1%82%D0%B5%D0%B3%D0%BE%D1%80%D0%B8%D0%B8-ATEEZ-BABYMONSTER-BTS-ENHYPEN-ILLIT-ITZY-JIHYO-KAI-Kep1er-LISA-NMIXX-TWICE-xikers-ZEROBASEONE HTTP/2.0" 200 21436 "-" "Mozilla/5.0 AppleWebKit/537.36 (KHTML, like Gecko; compatible; bingbot/2.0; +http://www.bing.com/bingbot.htm) Chrome/116.0.1938.76 Safari/537.36"
40.77.167.74 - - [12/Oct/2025:01:40:07 +0200] "GET /bg/13-artisti?q=%D0%9A%D0%B0%D1%82%D0%B5%D0%B3%D0%BE%D1%80%D0%B8%D0%B8-AESPA-ASTRO-ENHYPEN-GOT+THE+BEAT-ITZY-JIHYO-JISOO-KAI-LE+SSERAFIM-LISA-NCT-NMIXX-STAYC-STRAYKIDS-TREASURE-V+%28BTS%29 HTTP/2.0" 200 21497 "-" "Mozilla/5.0 AppleWebKit/537.36 (KHTML, like Gecko; compatible; bingbot/2.0; +http://www.bing.com/bingbot.htm) Chrome/116.0.1938.76 Safari/537.36"
40.77.167.74 - - [12/Oct/2025:01:40:07 +0200] "GET /bg/13-artisti?q=%D0%9A%D0%B0%D1%82%D0%B5%D0%B3%D0%BE%D1%80%D0%B8%D0%B8-AESPA-BABYMONSTER-BLACKPINK-BOYNEXTDOOR-ENHYPEN-ILLIT-ITZY-JIHYO-KAI-LISA-NMIXX-RIIZE-SEVENTEEN-STAYC-TREASURE-TXT-XDINARY+HEROES-ZEROBASEONE-TWICE HTTP/2.0" 200 21593 "-" "Mozilla/5.0 AppleWebKit/537.36 (KHTML, like Gecko; compatible; bingbot/2.0; +http://www.bing.com/bingbot.htm) Chrome/116.0.1938.76 Safari/537.36"
40.77.167.121 - - [12/Oct/2025:01:40:14 +0200] "GET /bg/13-artisti?q=%D0%9A%D0%B0%D1%82%D0%B5%D0%B3%D0%BE%D1%80%D0%B8%D0%B8-AESPA-ATEEZ-BABYMONSTER-BOYNEXTDOOR-BTS-ENHYPEN-ILLIT-ITZY-IVE-JIHYO-LISA-NCT+DOYOUNG-NCT+DREAM-NMIXX-RIIZE-ROSE+%28BLACKPINK%29-SEVENTEEN-TWICE-TXT-WayV-ZEROBASEONE-RM+%28BTS%29 HTTP/2.0" 200 21636 "-" "Mozilla/5.0 AppleWebKit/537.36 (KHTML, like Gecko; compatible; bingbot/2.0; +http://www.bing.com/bingbot.htm) Chrome/116.0.1938.76 Safari/537.36"
217.113.194.108 - - [12/Oct/2025:01:40:15 +0200] "GET /en/13-artist?q=Categories-Kep1er-NMIXX&page=6 HTTP/1.1" 200 19799 "-" "Mozilla/5.0 (compatible; Barkrowler/0.9; +https://babbar.tech/crawler)"
40.77.167.121 - - [12/Oct/2025:01:40:15 +0200] "GET /bg/13-artisti?q=%D0%9A%D0%B0%D1%82%D0%B5%D0%B3%D0%BE%D1%80%D0%B8%D0%B8-AESPA-BABYMONSTER-BLACKPINK-BOYNEXTDOOR-ENHYPEN-GOT+THE+BEAT-ILLIT-JIHYO-LISA-NCT+127-NMIXX-RIIZE-STRAYKIDS-TREASURE-TWICE-WayV-ZEROBASEONE-ATEEZ HTTP/2.0" 200 21599 "-" "Mozilla/5.0 AppleWebKit/537.36 (KHTML, like Gecko; compatible; bingbot/2.0; +http://www.bing.com/bingbot.htm) Chrome/116.0.1938.76 Safari/537.36"
40.77.167.121 - - [12/Oct/2025:01:40:16 +0200] "GET /bg/13-artisti?q=%D0%9A%D0%B0%D1%82%D0%B5%D0%B3%D0%BE%D1%80%D0%B8%D0%B8-AESPA-BTS-IVE-JIHYO-JISOO-KAI-NMIXX-STAYC-TREASURE-TWICE/%D0%9D%D0%B0%D0%BB%D0%B8%D1%87%D0%BD%D0%BE%D1%81%D1%82-%D0%92+%D0%BD%D0%B0%D0%BB%D0%B8%D1%87%D0%BD%D0%BE%D1%81%D1%82-%D0%9D%D1%8F%D0%BC%D0%B0+%D0%BD%D0%B0%D0%BB%D0%B8%D1%87%D0%BD%D0%BE%D1%81%D1%82/%D0%9C%D0%B0%D1%80%D0%BA%D0%B0-HIGHUP+ENTERTAINMENT HTTP/2.0" 200 21745 "-" "Mozilla/5.0 AppleWebKit/537.36 (KHTML, like Gecko; compatible; bingbot/2.0; +http://www.bing.com/bingbot.htm) Chrome/116.0.1938.76 Safari/537.36"
40.77.167.74 - - [12/Oct/2025:01:40:17 +0200] "GET /bg/13-artisti?q=%D0%9A%D0%B0%D1%82%D0%B5%D0%B3%D0%BE%D1%80%D0%B8%D0%B8-AESPA-BLACKPINK-ENHYPEN-IVE-JISOO-KAI-NCT+DREAM-NMIXX-STAYC-ATEEZ/%D0%9D%D0%B0%D0%BB%D0%B8%D1%87%D0%BD%D0%BE%D1%81%D1%82-%D0%92+%D0%BD%D0%B0%D0%BB%D0%B8%D1%87%D0%BD%D0%BE%D1%81%D1%82-%D0%9D%D1%8F%D0%BC%D0%B0+%D0%BD%D0%B0%D0%BB%D0%B8%D1%87%D0%BD%D0%BE%D1%81%D1%82 HTTP/2.0" 200 21621 "-" "Mozilla/5.0 AppleWebKit/537.36 (KHTML, like Gecko; compatible; bingbot/2.0; +http://www.bing.com/bingbot.htm) Chrome/116.0.1938.76 Safari/537.36"
40.77.167.121 - - [12/Oct/2025:01:40:17 +0200] "GET /en/13-artist?q=Categories-ATEEZ-BABYMONSTER-BLACKPINK-BOYNEXTDOOR-CHA+EUN+WOO+%28ASTRO%29-ENHYPEN-ILLIT-ITZY-IVE-JIHYO-JIMIN+%28BTS%29-KAI-LISA-NMIXX-P1Harmony-TWICE-xikers-ZEROBASEONE-GOT+THE+BEAT&order=product.reference.asc HTTP/2.0" 200 20129 "-" "Mozilla/5.0 AppleWebKit/537.36 (KHTML, like Gecko; compatible; bingbot/2.0; +http://www.bing.com/bingbot.htm) Chrome/116.0.1938.76 Safari/537.36"
52.167.144.191 - - [12/Oct/2025:01:40:19 +0200] "GET /bg/13-artisti?q=%D0%9A%D0%B0%D1%82%D0%B5%D0%B3%D0%BE%D1%80%D0%B8%D0%B8-AESPA-ASTRO-BLACKPINK-ENHYPEN-ITZY-JISOO-KAI-NEW+JEANS-NMIXX-STAYC-TREASURE-TWICE-JIHYO/%D0%9D%D0%B0%D0%BB%D0%B8%D1%87%D0%BD%D0%BE%D1%81%D1%82-%D0%92+%D0%BD%D0%B0%D0%BB%D0%B8%D1%87%D0%BD%D0%BE%D1%81%D1%82-%D0%9D%D1%8F%D0%BC%D0%B0+%D0%BD%D0%B0%D0%BB%D0%B8%D1%87%D0%BD%D0%BE%D1%81%D1%82 HTTP/2.0" 200 21699 "-" "Mozilla/5.0 AppleWebKit/537.36 (KHTML, like Gecko; compatible; bingbot/2.0; +http://www.bing.com/bingbot.htm) Chrome/116.0.1938.76 Safari/537.36"
47.128.30.158 - - [12/Oct/2025:01:40:24 +0200] "GET /bg/13-artisti?SubmitCurrency=1&id_currency=3&q=%D0%9A%D0%B0%D1%82%D0%B5%D0%B3%D0%BE%D1%80%D0%B8%D0%B8-ENHYPEN-RED+VELVET-TREASURE-TXT-NEW+JEANS HTTP/2.0" 200 21400 "-" "Mozilla/5.0 (Linux; Android 5.0) AppleWebKit/537.36 (KHTML, like Gecko) Mobile Safari/537.36 (compatible; Bytespider; spider-feedback@bytedance.com)"
40.77.167.74 - - [12/Oct/2025:01:40:26 +0200] "GET /bg/13-artisti?q=%D0%9A%D0%B0%D1%82%D0%B5%D0%B3%D0%BE%D1%80%D0%B8%D0%B8-AESPA-ASTRO-BLACKPINK-ENHYPEN-ITZY-IVE-JISOO-KAI-NCT-NCT+DREAM-NMIXX-STAYC-JIHYO/%D0%9D%D0%B0%D0%BB%D0%B8%D1%87%D0%BD%D0%BE%D1%81%D1%82-%D0%92+%D0%BD%D0%B0%D0%BB%D0%B8%D1%87%D0%BD%D0%BE%D1%81%D1%82&page=2 HTTP/2.0" 200 21620 "-" "Mozilla/5.0 AppleWebKit/537.36 (KHTML, like Gecko; compatible; bingbot/2.0; +http://www.bing.com/bingbot.htm) Chrome/116.0.1938.76 Safari/537.36"
40.77.167.74 - - [12/Oct/2025:01:40:27 +0200] "GET /bg/13-artisti?q=%D0%9A%D0%B0%D1%82%D0%B5%D0%B3%D0%BE%D1%80%D0%B8%D0%B8-AESPA-ASTRO-BLACKPINK-BTS-ENHYPEN-GOT+THE+BEAT-IVE-JISOO-KAI-LISA-NCT-NCT+DREAM-NEW+JEANS-STRAYKIDS-TREASURE-TWICE-TXT HTTP/2.0" 200 21479 "-" "Mozilla/5.0 AppleWebKit/537.36 (KHTML, like Gecko; compatible; bingbot/2.0; +http://www.bing.com/bingbot.htm) Chrome/116.0.1938.76 Safari/537.36"
40.77.167.74 - - [12/Oct/2025:01:40:27 +0200] "GET /bg/13-artisti?q=%D0%9A%D0%B0%D1%82%D0%B5%D0%B3%D0%BE%D1%80%D0%B8%D0%B8-ATEEZ-BTS-ENHYPEN-GOT+THE+BEAT-ITZY-IVE-JISOO-KAI-NMIXX-STAYC-BLACKPINK/%D0%9D%D0%B0%D0%BB%D0%B8%D1%87%D0%BD%D0%BE%D1%81%D1%82-%D0%92+%D0%BD%D0%B0%D0%BB%D0%B8%D1%87%D0%BD%D0%BE%D1%81%D1%82 HTTP/2.0" 200 21591 "-" "Mozilla/5.0 AppleWebKit/537.36 (KHTML, like Gecko; compatible; bingbot/2.0; +http://www.bing.com/bingbot.htm) Chrome/116.0.1938.76 Safari/537.36"
40.77.167.121 - - [12/Oct/2025:01:40:32 +0200] "GET /bg/13-artisti?q=%D0%9A%D0%B0%D1%82%D0%B5%D0%B3%D0%BE%D1%80%D0%B8%D0%B8-ATEEZ-BABYMONSTER-BOYNEXTDOOR-ENHYPEN-GOT+THE+BEAT-ILLIT-IVE-JIHYO-NCT+127-NMIXX-RIIZE-SEVENTEEN-STRAYKIDS-TXT-WayV-ZEROBASEONE-YEJI+%28ITZY%29 HTTP/2.0" 200 21536 "-" "Mozilla/5.0 AppleWebKit/537.36 (KHTML, like Gecko; compatible; bingbot/2.0; +http://www.bing.com/bingbot.htm) Chrome/116.0.1938.76 Safari/537.36"
40.77.167.121 - - [12/Oct/2025:01:40:32 +0200] "GET /bg/13-artisti?q=%D0%9A%D0%B0%D1%82%D0%B5%D0%B3%D0%BE%D1%80%D0%B8%D0%B8-ATEEZ-BLACKPINK-ENHYPEN-JISOO-KAI-LE+SSERAFIM-LISA-NMIXX-STAYC-STRAYKIDS/%D0%9D%D0%B0%D0%BB%D0%B8%D1%87%D0%BD%D0%BE%D1%81%D1%82-%D0%92+%D0%BD%D0%B0%D0%BB%D0%B8%D1%87%D0%BD%D0%BE%D1%81%D1%82 HTTP/2.0" 200 21567 "-" "Mozilla/5.0 AppleWebKit/537.36 (KHTML, like Gecko; compatible; bingbot/2.0; +http://www.bing.com/bingbot.htm) Chrome/116.0.1938.76 Safari/537.36"
40.77.167.121 - - [12/Oct/2025:01:40:33 +0200] "GET /bg/13-artisti?q=%D0%9A%D0%B0%D1%82%D0%B5%D0%B3%D0%BE%D1%80%D0%B8%D0%B8-AESPA-ATEEZ-BABYMONSTER-BTS-ENHYPEN-GOT+THE+BEAT-IVE-KAI-LE+SSERAFIM-LISA-NMIXX-STRAYKIDS-TREASURE-TWICE-RED+VELVET HTTP/2.0" 200 21466 "-" "Mozilla/5.0 AppleWebKit/537.36 (KHTML, like Gecko; compatible; bingbot/2.0; +http://www.bing.com/bingbot.htm) Chrome/116.0.1938.76 Safari/537.36"
217.113.194.108 - - [12/Oct/2025:01:40:33 +0200] "GET /en/13-artist?q=Categories-JIHYO-SEVENTEEN&page=17 HTTP/1.1" 200 19613 "-" "Mozilla/5.0 (compatible; Barkrowler/0.9; +https://babbar.tech/crawler)"
40.77.167.121 - - [12/Oct/2025:01:40:34 +0200] "GET /bg/13-artisti?q=%D0%9A%D0%B0%D1%82%D0%B5%D0%B3%D0%BE%D1%80%D0%B8%D0%B8-AESPA-BABYMONSTER-BLACKPINK-BOYNEXTDOOR-ENHYPEN-ILLIT-ITZY-JIHYO-LISA-NMIXX-STAYC-TREASURE-TWICE-TXT-ZEROBASEONE-V+%28BTS%29 HTTP/2.0" 200 21563 "-" "Mozilla/5.0 AppleWebKit/537.36 (KHTML, like Gecko; compatible; bingbot/2.0; +http://www.bing.com/bingbot.htm) Chrome/116.0.1938.76 Safari/537.36"
66.249.66.14 - - [12/Oct/2025:01:40:34 +0200] "GET /bg/nachalo/67-123-jimin-bts-face-8809929740415 HTTP/1.1" 200 18017 "-" "Mozilla/5.0 (Linux; Android 6.0.1; Nexus 5X Build/MMB29P) AppleWebKit/537.36 (KHTML, like Gecko) Chrome/140.0.7339.207 Mobile Safari/537.36 (compatible; Googlebot/2.1; +http://www.google.com/bot.html)"
52.167.144.191 - - [12/Oct/2025:01:40:37 +0200] "GET /bg/13-artisti?q=%D0%9A%D0%B0%D1%82%D0%B5%D0%B3%D0%BE%D1%80%D0%B8%D0%B8-AESPA-ASTRO-BLACKPINK-ENHYPEN-IVE-JIHYO-JISOO-KAI-NMIXX-STAYC-TWICE-BTS/%D0%9D%D0%B0%D0%BB%D0%B8%D1%87%D0%BD%D0%BE%D1%81%D1%82-%D0%92+%D0%BD%D0%B0%D0%BB%D0%B8%D1%87%D0%BD%D0%BE%D1%81%D1%82-%D0%9D%D1%8F%D0%BC%D0%B0+%D0%BD%D0%B0%D0%BB%D0%B8%D1%87%D0%BD%D0%BE%D1%81%D1%82 HTTP/2.0" 200 21623 "-" "Mozilla/5.0 AppleWebKit/537.36 (KHTML, like Gecko; compatible; bingbot/2.0; +http://www.bing.com/bingbot.htm) Chrome/116.0.1938.76 Safari/537.36"
40.77.167.74 - - [12/Oct/2025:01:40:47 +0200] "GET /bg/13-artisti?q=%D0%9A%D0%B0%D1%82%D0%B5%D0%B3%D0%BE%D1%80%D0%B8%D0%B8-ATEEZ-BABYMONSTER-BLACKPINK-BTS-ENHYPEN-ILLIT-ITZY-JIHYO-Kep1er-LISA-NMIXX-SEVENTEEN-STAYC-TWICE-TXT-xikers-ZEROBASEONE-TREASURE HTTP/2.0" 200 21496 "-" "Mozilla/5.0 AppleWebKit/537.36 (KHTML, like Gecko; compatible; bingbot/2.0; +http://www.bing.com/bingbot.htm) Chrome/116.0.1938.76 Safari/537.36"
40.77.167.74 - - [12/Oct/2025:01:40:47 +0200] "GET /bg/13-artisti?q=%D0%9A%D0%B0%D1%82%D0%B5%D0%B3%D0%BE%D1%80%D0%B8%D0%B8-AESPA-ASTRO-ATEEZ-ENHYPEN-GOT+THE+BEAT-ITZY-IVE-KAI-LISA-NCT+DREAM-NMIXX-STRAYKIDS-TREASURE-TWICE&page=20 HTTP/2.0" 200 19881 "-" "Mozilla/5.0 AppleWebKit/537.36 (KHTML, like Gecko; compatible; bingbot/2.0; +http://www.bing.com/bingbot.htm) Chrome/116.0.1938.76 Safari/537.36"
40.77.167.74 - - [12/Oct/2025:01:40:48 +0200] "GET /bg/13-artisti?q=%D0%9A%D0%B0%D1%82%D0%B5%D0%B3%D0%BE%D1%80%D0%B8%D0%B8-ATEEZ-BABYMONSTER-BLACKPINK-BOYNEXTDOOR-ENHYPEN-GOT+THE+BEAT-ILLIT-ITZY-IVE-JENNIE+%28BLACKPINK%29-JIHYO-JISOO+%28BLACKPINK%29-LISA+%28BLACKPINK%29-NMIXX-RIIZE-ROSE+%28BLACKPINK%29-STRAYKIDS-TREASURE-TWICE-WayV HTTP/2.0" 200 21644 "-" "Mozilla/5.0 AppleWebKit/537.36 (KHTML, like Gecko; compatible; bingbot/2.0; +http://www.bing.com/bingbot.htm) Chrome/116.0.1938.76 Safari/537.36"
