40.77.167.7 - - [12/Oct/2025:04:13:07 +0200] "GET /bg/13-artisti?q=%D0%9A%D0%B0%D1%82%D0%B5%D0%B3%D0%BE%D1%80%D0%B8%D0%B8-ATEEZ-BABYMONSTER-BLACKPINK-BOYNEXTDOOR-ENHYPEN-ILLIT-IVE-JIHYO-Kep1er-LISA-NMIXX-RIIZE-ROSE+%28BLACKPINK%29-SEVENTEEN-STRAYKIDS-TXT-WayV-ZEROBASEONE HTTP/2.0" 200 21576 "-" "Mozilla/5.0 AppleWebKit/537.36 (KHTML, like Gecko; compatible; bingbot/2.0; +http://www.bing.com/bingbot.htm) Chrome/116.0.1938.76 Safari/537.36"
40.77.167.7 - - [12/Oct/2025:04:13:09 +0200] "GET /bg/13-artisti?q=%D0%9A%D0%B0%D1%82%D0%B5%D0%B3%D0%BE%D1%80%D0%B8%D0%B8-AESPA-BABYMONSTER-BLACKPINK-BOYNEXTDOOR-BTS-ENHYPEN-ILLIT-KAI-LE+SSERAFIM-LISA-NEW+JEANS-NMIXX-STRAYKIDS-TREASURE-TWICE-THE+BOYZ HTTP/2.0" 200 21522 "-" "Mozilla/5.0 AppleWebKit/537.36 (KHTML, like Gecko; compatible; bingbot/2.0; +http://www.bing.com/bingbot.htm) Chrome/116.0.1938.76 Safari/537.36"
40.77.167.78 - - [12/Oct/2025:04:13:12 +0200] "GET /bg/13-artisti?q=%D0%9A%D0%B0%D1%82%D0%B5%D0%B3%D0%BE%D1%80%D0%B8%D0%B8-ATEEZ-BABYMONSTER-BOYNEXTDOOR-ENHYPEN-GOT+THE+BEAT-ILLIT-IVE-JIHYO-LE+SSERAFIM-LISA-NEW+JEANS-NMIXX-RIIZE-SEVENTEEN-STRAYKIDS-TREASURE-TWICE-TXT-V+%28BTS%29-WayV-ZEROBASEONE-Jin+%28BTS%29 HTTP/2.0" 200 21678 "-" "Mozilla/5.0 AppleWebKit/537.36 (KHTML, like Gecko; compatible; bingbot/2.0; +http://www.bing.com/bingbot.htm) Chrome/116.0.1938.76 Safari/537.36"
40.77.167.78 - - [12/Oct/2025:04:13:13 +0200] "GET /bg/13-artisti?q=%D0%9A%D0%B0%D1%82%D0%B5%D0%B3%D0%BE%D1%80%D0%B8%D0%B8-AESPA-ASTRO-BLACKPINK-ITZY-JISOO-KAI-NCT-NCT+DREAM-NMIXX-STAYC-TWICE-NEW+JEANS/%D0%9D%D0%B0%D0%BB%D0%B8%D1%87%D0%BD%D0%BE%D1%81%D1%82-%D0%92+%D0%BD%D0%B0%D0%BB%D0%B8%D1%87%D0%BD%D0%BE%D1%81%D1%82-%D0%9D%D1%8F%D0%BC%D0%B0+%D0%BD%D0%B0%D0%BB%D0%B8%D1%87%D0%BD%D0%BE%D1%81%D1%82 HTTP/2.0" 200 21670 "-" "Mozilla/5.0 AppleWebKit/537.36 (KHTML, like Gecko; compatible; bingbot/2.0; +http://www.bing.com/bingbot.htm) Chrome/116.0.1938.76 Safari/537.36"
40.77.167.78 - - [12/Oct/2025:04:13:14 +0200] "GET /en/13-artist?q=Categories-ATEEZ-BABYMONSTER-BLACKPINK-BOYNEXTDOOR-ILLIT-ITZY-JIHYO-KAI-LISA-NMIXX-SEVENTEEN-TXT-ZEROBASEONE-TREASURE HTTP/2.0" 200 19892 "-" "Mozilla/5.0 AppleWebKit/537.36 (KHTML, like Gecko; compatible; bingbot/2.0; +http://www.bing.com/bingbot.htm) Chrome/116.0.1938.76 Safari/537.36"
40.77.167.78 - - [12/Oct/2025:04:13:15 +0200] "GET /bg/13-artisti?q=%D0%9A%D0%B0%D1%82%D0%B5%D0%B3%D0%BE%D1%80%D0%B8%D0%B8-AESPA-BLACKPINK-ENHYPEN-GOT+THE+BEAT-ILLIT-ITZY-IVE-JIHYO-NCT+DREAM-P1Harmony-RED+VELVET-STRAYKIDS-V+%28BTS%29-WayV HTTP/2.0" 200 21481 "-" "Mozilla/5.0 AppleWebKit/537.36 (KHTML, like Gecko; compatible; bingbot/2.0; +http://www.bing.com/bingbot.htm) Chrome/116.0.1938.76 Safari/537.36"
217.113.194.110 - - [12/Oct/2025:04:13:17 +0200] "GET /en/13-artist?q=Categories-IVE-Kep1er-NCT+127&page=16 HTTP/1.1" 200 19729 "-" "Mozilla/5.0 (compatible; Barkrowler/0.9; +https://babbar.tech/crawler)"
40.77.167.7 - - [12/Oct/2025:04:13:21 +0200] "GET /bg/13-artisti?q=%D0%9A%D0%B0%D1%82%D0%B5%D0%B3%D0%BE%D1%80%D0%B8%D0%B8-ATEEZ-BABYMONSTER-BLACKPINK-BTS-ENHYPEN-GOT+THE+BEAT-ILLIT-IVE-JENNIE+%28BLACKPINK%29-KISS+OF+LIFE-LE+SSERAFIM-NMIXX-P1Harmony-RIIZE-SEVENTEEN-STRAYKIDS-TWICE-WayV-ZEROBASEONE HTTP/2.0" 200 21639 "-" "Mozilla/5.0 AppleWebKit/537.36 (KHTML, like Gecko; compatible; bingbot/2.0; +http://www.bing.com/bingbot.htm) Chrome/116.0.1938.76 Safari/537.36"
40.77.167.7 - - [12/Oct/2025:04:13:22 +0200] "GET /bg/nachalo/292-young-posse-ate-that-3rd-ep--8804775451355?SubmitCurrency=1&id_currency=2 HTTP/2.0" 404 11973 "-" "Mozilla/5.0 AppleWebKit/537.36 (KHTML, like Gecko; compatible; bingbot/2.0; +http://www.bing.com/bingbot.htm) Chrome/116.0.1938.76 Safari/537.36"
217.113.194.247 - - [12/Oct/2025:04:13:35 +0200] "GET /en/13-artist?q=Categories-IVE-NMIXX-SEVENTEEN&page=17 HTTP/1.1" 200 19632 "-" "Mozilla/5.0 (compatible; Barkrowler/0.9; +https://babbar.tech/crawler)"
40.77.167.23 - - [12/Oct/2025:04:13:36 +0200] "GET /bg/13-artisti?q=%D0%9A%D0%B0%D1%82%D0%B5%D0%B3%D0%BE%D1%80%D0%B8%D0%B8-AESPA-BABYMONSTER-BOYNEXTDOOR-ILLIT-IVE-JIHYO-LISA-NMIXX-P1Harmony-SEVENTEEN-STAYC-STRAYKIDS-TWICE-TXT-Tzuyu+%28TWICE%29-ZEROBASEONE-Agust+D+%28BTS%29 HTTP/2.0" 200 21544 "-" "Mozilla/5.0 AppleWebKit/537.36 (KHTML, like Gecko; compatible; bingbot/2.0; +http://www.bing.com/bingbot.htm) Chrome/116.0.1938.76 Safari/537.36"
40.77.167.23 - - [12/Oct/2025:04:13:37 +0200] "GET /bg/13-artisti?q=%D0%9A%D0%B0%D1%82%D0%B5%D0%B3%D0%BE%D1%80%D0%B8%D0%B8-ATEEZ-BOYNEXTDOOR-ENHYPEN-ILLIT-IVE-JIHYO-KAI-Kep1er-LISA-NMIXX-P1Harmony-RIIZE-SEVENTEEN-STRAYKIDS-TXT-WayV-ZEROBASEONE-Tzuyu+%28TWICE%29 HTTP/2.0" 200 21509 "-" "Mozilla/5.0 AppleWebKit/537.36 (KHTML, like Gecko; compatible; bingbot/2.0; +http://www.bing.com/bingbot.htm) Chrome/116.0.1938.76 Safari/537.36"
47.128.50.182 - - [12/Oct/2025:04:13:37 +0200] "GET /bg/13-artisti?SubmitCurrency=1&id_currency=2&order=product.reference.asc&page=4&q=%D0%9A%D0%B0%D1%82%D0%B5%D0%B3%D0%BE%D1%80%D0%B8%D0%B8-%28G%29I%5C-DLE-ATEEZ-BTS-ITZY-KAI-STAYC-STRAYKIDS-JUNG+KOOK+%28BTS%29 HTTP/2.0" 200 21543 "-" "Mozilla/5.0 (Linux; Android 5.0) AppleWebKit/537.36 (KHTML, like Gecko) Mobile Safari/537.36 (compatible; Bytespider; spider-feedback@bytedance.com)"
40.77.167.23 - - [12/Oct/2025:04:13:38 +0200] "GET /bg/13-artisti?q=%D0%9A%D0%B0%D1%82%D0%B5%D0%B3%D0%BE%D1%80%D0%B8%D0%B8-BABYMONSTER-BLACKPINK-BOYNEXTDOOR-ENHYPEN-GOT+THE+BEAT-ILLIT-IVE-JENNIE+%28BLACKPINK%29-JIHYO-JIMIN+%28BTS%29-LE+SSERAFIM-NMIXX-P1Harmony-SEVENTEEN-TXT-WayV-ZEROBASEONE-RIIZE&order=product.position.asc HTTP/2.0" 200 21373 "-" "Mozilla/5.0 AppleWebKit/537.36 (KHTML, like Gecko; compatible; bingbot/2.0; +http://www.bing.com/bingbot.htm) Chrome/116.0.1938.76 Safari/537.36"
40.77.167.7 - - [12/Oct/2025:04:13:41 +0200] "GET /bg/13-artisti?q=%D0%9A%D0%B0%D1%82%D0%B5%D0%B3%D0%BE%D1%80%D0%B8%D0%B8-AESPA-Agust+D+%28BTS%29-BABYMONSTER-BLACKPINK-BTS-ENHYPEN-ITZY-JIHYO-KAI-LISA-NCT+WISH-NMIXX-P1Harmony-RIIZE-SEVENTEEN-STAYC-TWICE-Tzuyu+%28TWICE%29-WayV-ZEROBASEONE-ATEEZ&page=8 HTTP/2.0" 200 21675 "-" "Mozilla/5.0 AppleWebKit/537.36 (KHTML, like Gecko; compatible; bingbot/2.0; +http://www.bing.com/bingbot.htm) Chrome/116.0.1938.76 Safari/537.36"
40.77.167.7 - - [12/Oct/2025:04:13:42 +0200] "GET /bg/13-artisti?q=%D0%9A%D0%B0%D1%82%D0%B5%D0%B3%D0%BE%D1%80%D0%B8%D0%B8-AESPA-BABYMONSTER-BLACKPINK-BOYNEXTDOOR-CHA+EUN+WOO+%28ASTRO%29-ENHYPEN-GOT+THE+BEAT-ILLIT-Kep1er-LE+SSERAFIM-RIIZE-SEVENTEEN-TWICE-Tzuyu+%28TWICE%29-WayV-ZEROBASEONE-Jin+%28BTS%29 HTTP/2.0" 200 21664 "-" "Mozilla/5.0 AppleWebKit/537.36 (KHTML, like Gecko; compatible; bingbot/2.0; +http://www.bing.com/bingbot.htm) Chrome/116.0.1938.76 Safari/537.36"
40.77.167.7 - - [12/Oct/2025:04:13:43 +0200] "GET /bg/13-artisti?q=%D0%9A%D0%B0%D1%82%D0%B5%D0%B3%D0%BE%D1%80%D0%B8%D0%B8-ENHYPEN-GOT+THE+BEAT-JIHYO-JISOO-STRAYKIDS-TREASURE-TWICE/%D0%9C%D0%B0%D1%80%D0%BA%D0%B0-JYP+Entertainment HTTP/2.0" 200 21452 "-" "Mozilla/5.0 AppleWebKit/537.36 (KHTML, like Gecko; compatible; bingbot/2.0; +http://www.bing.com/bingbot.htm) Chrome/116.0.1938.76 Safari/537.36"
40.77.167.78 - - [12/Oct/2025:04:13:51 +0200] "GET /bg/13-artisti?q=%D0%9A%D0%B0%D1%82%D0%B5%D0%B3%D0%BE%D1%80%D0%B8%D0%B8-AESPA-BTS-ENHYPEN-IVE-KAI-NCT+127-NCT+DREAM-NMIXX-STAYC-TREASURE-TWICE/%D0%9D%D0%B0%D0%BB%D0%B8%D1%87%D0%BD%D0%BE%D1%81%D1%82-%D0%92+%D0%BD%D0%B0%D0%BB%D0%B8%D1%87%D0%BD%D0%BE%D1%81%D1%82 HTTP/2.0" 200 21593 "-" "Mozilla/5.0 AppleWebKit/537.36 (KHTML, like Gecko; compatible; bingbot/2.0; +http://www.bing.com/bingbot.htm) Chrome/116.0.1938.76 Safari/537.36"
40.77.167.78 - - [12/Oct/2025:04:13:54 +0200] "GET /en/13-artist?q=Categories-AESPA-ATEEZ-BABYMONSTER-BLACKPINK-BOYNEXTDOOR-BTS-ENHYPEN-ILLIT-ITZY-IVE-JIHYO-NCT+DREAM-NEW+JEANS-NMIXX-P1Harmony-STAYC-STRAYKIDS-TWICE-YUQI+%28%28G%29I%5C-DLE%29-ZEROBASEONE-NAYEON+%28TWICE%29 HTTP/2.0" 200 20053 "-" "Mozilla/5.0 AppleWebKit/537.36 (KHTML, like Gecko; compatible; bingbot/2.0; +http://www.bing.com/bingbot.htm) Chrome/116.0.1938.76 Safari/537.36"
217.113.194.111 - - [12/Oct/2025:04:13:54 +0200] "GET /en/13-artist?q=Categories-IVE-BOYNEXTDOOR&page=17 HTTP/1.1" 200 19624 "-" "Mozilla/5.0 (compatible; Barkrowler/0.9; +https://babbar.tech/crawler)"
40.77.167.7 - - [12/Oct/2025:04:14:05 +0200] "GET /en/13-artist?q=Categories-Agust+D+%28BTS%29-ASTRO-ATEEZ-BABYMONSTER-BLACKPINK-BOYNEXTDOOR-ENHYPEN-ILLIT-ITZY-JIHYO-LISA-NMIXX-P1Harmony-TREASURE-TWICE-TXT-ZEROBASEONE-BTS HTTP/2.0" 200 19945 "-" "Mozilla/5.0 AppleWebKit/537.36 (KHTML, like Gecko; compatible; bingbot/2.0; +http://www.bing.com/bingbot.htm) Chrome/116.0.1938.76 Safari/537.36"
40.77.167.7 - - [12/Oct/2025:04:14:05 +0200] "GET /en/13-artist?q=Categories-BLACKPINK-IVE-Kep1er-ZEROBASEONE-JISOO+%28BLACKPINK%29&order=product.sales.desc HTTP/2.0" 200 16034 "-" "Mozilla/5.0 AppleWebKit/537.36 (KHTML, like Gecko; compatible; bingbot/2.0; +http://www.bing.com/bingbot.htm) Chrome/116.0.1938.76 Safari/537.36"
40.77.167.23 - - [12/Oct/2025:04:14:06 +0200] "GET /bg/13-artisti?q=%D0%9A%D0%B0%D1%82%D0%B5%D0%B3%D0%BE%D1%80%D0%B8%D0%B8-AESPA-ATEEZ-BABYMONSTER-BLACKPINK-BOYNEXTDOOR-ENHYPEN-ILLIT-ITZY-JIHYO-LISA-NMIXX-P1Harmony-SEVENTEEN-STAYC-TREASURE-TXT-ZEROBASEONE-JIMIN+%28BTS%29 HTTP/2.0" 200 21517 "-" "Mozilla/5.0 AppleWebKit/537.36 (KHTML, like Gecko; compatible; bingbot/2.0; +http://www.bing.com/bingbot.htm) Chrome/116.0.1938.76 Safari/537.36"
217.113.194.224 - - [12/Oct/2025:04:14:11 +0200] "GET /en/13-artist?q=Categories-IVE-BTS&order=product.name.desc&page=2 HTTP/1.1" 200 19807 "-" "Mozilla/5.0 (compatible; Barkrowler/0.9; +https://babbar.tech/crawler)"
114.119.131.105 - - [12/Oct/2025:04:14:11 +0200] "GET /en/2-nachalo?SubmitCurrency=1&id_currency=2&order=product.price.asc&q=Brand-FANTAGIO%2BMUSIC HTTP/1.1" 200 16024 "https://kpopbg.com/en/2-nachalo?SubmitCurrency=1&id_currency=2&order=product.price.asc&q=Brand-FANTAGIO%2BMUSIC" "Mozilla/5.0 (Linux; Android 7.0;) AppleWebKit/537.36 (KHTML, like Gecko) Mobile Safari/537.36 (compatible; PetalBot;+https://webmaster.petalsearch.com/site/petalbot)"
47.128.111.66 - - [12/Oct/2025:04:14:26 +0200] "GET /bg/13-artisti?SubmitCurrency=1&id_currency=2&q=%D0%9A%D0%B0%D1%82%D0%B5%D0%B3%D0%BE%D1%80%D0%B8%D0%B8-ATEEZ-ENHYPEN-ITZY-KAI-TXT-KISS+OF+LIFE HTTP/2.0" 200 21398 "-" "Mozilla/5.0 (Linux; Android 5.0) AppleWebKit/537.36 (KHTML, like Gecko) Mobile Safari/537.36 (compatible; Bytespider; spider-feedback@bytedance.com)"
217.113.194.109 - - [12/Oct/2025:04:14:28 +0200] "GET /en/13-artist?q=Categories-IVE-ITZY&order=product.price.asc HTTP/1.1" 200 19779 "-" "Mozilla/5.0 (compatible; Barkrowler/0.9; +https://babbar.tech/crawler)"
40.77.167.7 - - [12/Oct/2025:04:14:42 +0200] "GET /en/13-artist?q=%D0%9A%D0%B0%D1%82%D0%B5%D0%B3%D0%BE%D1%80%D0%B8%D0%B8-BABYMONSTER-BLACKPINK-BOYNEXTDOOR-ENHYPEN-ILLIT-ITZY-JIHYO-KAI-Kep1er-LISA-NCT+JAEHYUN-NMIXX-TREASURE-TXT-ZEROBASEONE-BTS HTTP/2.0" 200 19953 "-" "Mozilla/5.0 AppleWebKit/537.36 (KHTML, like Gecko; compatible; bingbot/2.0; +http://www.bing.com/bingbot.htm) Chrome/116.0.1938.76 Safari/537.36"
40.77.167.7 - - [12/Oct/2025:04:14:42 +0200] "GET /bg/13-artisti?q=%D0%9A%D0%B0%D1%82%D0%B5%D0%B3%D0%BE%D1%80%D0%B8%D0%B8-AESPA-ASTRO-BLACKPINK-ENHYPEN-JISOO-KAI-NCT-NMIXX-TXT-STRAYKIDS/%D0%9D%D0%B0%D0%BB%D0%B8%D1%87%D0%BD%D0%BE%D1%81%D1%82-%D0%92+%D0%BD%D0%B0%D0%BB%D0%B8%D1%87%D0%BD%D0%BE%D1%81%D1%82 HTTP/2.0" 200 21541 "-" "Mozilla/5.0 AppleWebKit/537.36 (KHTML, like Gecko; compatible; bingbot/2.0; +http://www.bing.com/bingbot.htm) Chrome/116.0.1938.76 Safari/537.36"
217.113.194.110 - - [12/Oct/2025:04:14:44 +0200] "GET /en/13-artist?q=Categories-IVE-SEVENTEEN-TWICE&page=12 HTTP/1.1" 200 19871 "-" "Mozilla/5.0 (compatible; Barkrowler/0.9; +https://babbar.tech/crawler)"
217.113.194.109 - - [12/Oct/2025:04:15:02 +0200] "GET /en/13-artist?q=Categories-IVE-STRAYKIDS-SEVENTEEN&page=13 HTTP/1.1" 200 19796 "-" "Mozilla/5.0 (compatible; Barkrowler/0.9; +https://babbar.tech/crawler)"
40.77.167.7 - - [12/Oct/2025:04:15:02 +0200] "GET /bg/13-artisti?q=%D0%9A%D0%B0%D1%82%D0%B5%D0%B3%D0%BE%D1%80%D0%B8%D0%B8-ATEEZ-BABYMONSTER-BOYNEXTDOOR-BTS-ENHYPEN-GOT+THE+BEAT-ILLIT-JIHYO-Kep1er-LE+SSERAFIM-NMIXX-RIIZE-SEVENTEEN-STRAYKIDS-TREASURE-TXT-WayV-ZEROBASEONE-xikers HTTP/2.0" 200 21548 "-" "Mozilla/5.0 AppleWebKit/537.36 (KHTML, like Gecko; compatible; bingbot/2.0; +http://www.bing.com/bingbot.htm) Chrome/116.0.1938.76 Safari/537.36"
40.77.167.7 - - [12/Oct/2025:04:15:04 +0200] "GET /bg/13-artisti?q=%D0%9A%D0%B0%D1%82%D0%B5%D0%B3%D0%BE%D1%80%D0%B8%D0%B8-AESPA-NMIXX/%D0%9D%D0%B0%D0%BB%D0%B8%D1%87%D0%BD%D0%BE%D1%81%D1%82-%D0%92+%D0%BD%D0%B0%D0%BB%D0%B8%D1%87%D0%BD%D0%BE%D1%81%D1%82 HTTP/2.0" 200 21420 "-" "Mozilla/5.0 AppleWebKit/537.36 (KHTML, like Gecko; compatible; bingbot/2.0; +http://www.bing.com/bingbot.htm) Chrome/116.0.1938.76 Safari/537.36"
40.77.167.23 - - [12/Oct/2025:04:15:06 +0200] "GET /bg/13-artisti?q=%D0%9A%D0%B0%D1%82%D0%B5%D0%B3%D0%BE%D1%80%D0%B8%D0%B8-AESPA-BABYMONSTER-BLACKPINK-BOYNEXTDOOR-BTS-ENHYPEN-ILLIT-ITZY-KAI-LISA-NMIXX-RIIZE-STRAYKIDS-TREASURE-TWICE-WayV-ZEROBASEONE-SEVENTEEN HTTP/2.0" 200 21506 "-" "Mozilla/5.0 AppleWebKit/537.36 (KHTML, like Gecko; compatible; bingbot/2.0; +http://www.bing.com/bingbot.htm) Chrome/116.0.1938.76 Safari/537.36"
40.77.167.7 - - [12/Oct/2025:04:15:06 +0200] "GET /bg/13-artisti?q=%D0%9A%D0%B0%D1%82%D0%B5%D0%B3%D0%BE%D1%80%D0%B8%D0%B8-ATEEZ-BABYMONSTER-BOYNEXTDOOR-ENHYPEN-ILLIT-IVE-JENNIE+%28BLACKPINK%29-Jin+%28BTS%29-Kep1er-NAYEON+%28TWICE%29-NEW+JEANS-NMIXX-RIIZE-SEVENTEEN-STAYC-STRAYKIDS-TREASURE-TXT-WayV-ZEROBASEONE HTTP/2.0" 200 21652 "-" "Mozilla/5.0 AppleWebKit/537.36 (KHTML, like Gecko; compatible; bingbot/2.0; +http://www.bing.com/bingbot.htm) Chrome/116.0.1938.76 Safari/537.36"
47.128.44.154 - - [12/Oct/2025:04:15:15 +0200] "GET /bg/13-artisti?q=%D0%9A%D0%B0%D1%82%D0%B5%D0%B3%D0%BE%D1%80%D0%B8%D0%B8-AESPA-BTS-GOT+THE+BEAT-JIMIN+%28BTS%29-NCT+127-NEW+JEANS-NMIXX-TXT-IVE HTTP/2.0" 200 21409 "-" "Mozilla/5.0 (Linux; Android 5.0) AppleWebKit/537.36 (KHTML, like Gecko) Mobile Safari/537.36 (compatible; Bytespider; spider-feedback@bytedance.com)"
217.113.194.110 - - [12/Oct/2025:04:15:18 +0200] "GET /en/13-artist?q=Categories-IVE-STRAYKIDS-Dreamcatcher&page=2 HTTP/1.1" 200 19754 "-" "Mozilla/5.0 (compatible; Barkrowler/0.9; +https://babbar.tech/crawler)"
114.119.131.105 - - [12/Oct/2025:04:15:32 +0200] "GET /en/2-nachalo?SubmitCurrency=1&id_currency=2&order=product.name.desc&q=Categories-ALBUM-ARTIST/Brand-ADOR/Availability-Not%2Bavailable HTTP/1.1" 200 16327 "https://kpopbg.com/en/2-nachalo?SubmitCurrency=1&id_currency=2&order=product.price.desc&q=Categories-ALBUM-ARTIST/Brand-ADOR/Availability-Not%2Bavailable" "Mozilla/5.0 (Linux; Android 7.0;) AppleWebKit/537.36 (KHTML, like Gecko) Mobile Safari/537.36 (compatible; PetalBot;+https://webmaster.petalsearch.com/site/petalbot)"
217.113.194.105 - - [12/Oct/2025:04:15:35 +0200] "GET /en/13-artist?q=Categories-IVE-WayV&order=product.name.asc&page=4 HTTP/1.1" 200 19712 "-" "Mozilla/5.0 (compatible; Barkrowler/0.9; +https://babbar.tech/crawler)"
217.113.194.103 - - [12/Oct/2025:04:15:51 +0200] "GET /en/13-artist?q=Categories-IVE-LISA&order=product.position.asc&page=3 HTTP/1.1" 200 19781 "-" "Mozilla/5.0 (compatible; Barkrowler/0.9; +https://babbar.tech/crawler)"
217.113.194.109 - - [12/Oct/2025:04:16:08 +0200] "GET /en/13-artist?q=Categories-IVE-LISA&order=product.price.asc&page=15 HTTP/1.1" 200 19574 "-" "Mozilla/5.0 (compatible; Barkrowler/0.9; +https://babbar.tech/crawler)"
154.54.249.203 - - [12/Oct/2025:04:16:26 +0200] "GET /en/13-artist?q=Categories-IVE-LISA+%28BLACKPINK%29&page=19 HTTP/1.1" 200 19831 "-" "Mozilla/5.0 (compatible; Barkrowler/0.9; +https://babbar.tech/crawler)"
217.113.194.103 - - [12/Oct/2025:04:16:43 +0200] "GET /en/13-artist?q=Categories-IVE-STAYC-TREASURE&page=2 HTTP/1.1" 200 19738 "-" "Mozilla/5.0 (compatible; Barkrowler/0.9; +https://babbar.tech/crawler)"
104.199.32.134 - - [12/Oct/2025:04:16:48 +0200] "GET /index.php?fc=module&module=ps_eventbus&controller=apiHealthCheck&job_id=repeat%3Ashop-content-synchronization-57ba67c7-a7c0-4110-b070-0d784f58b908%3A1760223600000&call_id=ccsjs1tir-0 HTTP/1.1" 200 341 "-" "prestashop-cloudsync/1.0"
104.199.32.134 - - [12/Oct/2025:04:16:49 +0200] "GET /index.php?fc=module&module=ps_eventbus&controller=apiDeletedObjects&job_id=repeat%3Ashop-content-synchronization-57ba67c7-a7c0-4110-b070-0d784f58b908%3A1760223600000&call_id=p5vbh9ip2-0 HTTP/1.1" 200 45 "-" "prestashop-cloudsync/1.0"
104.199.32.134 - - [12/Oct/2025:04:16:49 +0200] "POST /index.php?fc=module&module=ps_eventbus&controller=apiInfo&job_id=repeat%3Ashop-content-synchronization-57ba67c7-a7c0-4110-b070-0d784f58b908%3A1760223600000&limit=1&full=1&call_id=q0l6yfx1m-0 HTTP/1.1" 201 258 "-" "prestashop-cloudsync/1.0"
104.199.32.134 - - [12/Oct/2025:04:16:49 +0200] "POST /index.php?fc=module&module=ps_eventbus&controller=apiInfo&job_id=repeat%3Ashop-content-synchronization-57ba67c7-a7c0-4110-b070-0d784f58b908%3A1760223600000&limit=1&call_id=2ter6hojw-0 HTTP/1.1" 201 258 "-" "prestashop-cloudsync/1.0"
104.199.32.134 - - [12/Oct/2025:04:16:49 +0200] "POST /index.php?fc=module&module=ps_eventbus&controller=apiModules&job_id=repeat%3Ashop-content-synchronization-57ba67c7-a7c0-4110-b070-0d784f58b908%3A1760223600000&limit=1&full=1&call_id=mx5ixcsbh-0 HTTP/1.1" 201 471 "-" "prestashop-cloudsync/1.0"
114.119.158.94 - - [12/Oct/2025:04:16:55 +0200] "GET /en/2-nachalo?SubmitCurrency=1&id_currency=1&q=Categories-ALBUM/Brand-SM%2BEntertainment&page=9 HTTP/1.1" 200 16193 "https://kpopbg.com/en/2-nachalo?SubmitCurrency=1&id_currency=1&q=Categories-ALBUM/Brand-SM%2BEntertainment&page=9" "Mozilla/5.0 (Linux; Android 7.0;) AppleWebKit/537.36 (KHTML, like Gecko) Mobile Safari/537.36 (compatible; PetalBot;+https://webmaster.petalsearch.com/site/petalbot)"
217.113.194.104 - - [12/Oct/2025:04:17:00 +0200] "GET /en/13-artist?q=Categories-IVE-RED+VELVET-xikers&page=13 HTTP/1.1" 200 19795 "-" "Mozilla/5.0 (compatible; Barkrowler/0.9; +https://babbar.tech/crawler)"
66.249.66.15 - - [12/Oct/2025:04:17:01 +0200] "GET /en/nachalo/360-zerobaseone-never-say-never-photobook-ver-icon-ordinary-the-1st-full-album--8809704433549 HTTP/1.1" 200 17916 "-" "Mozilla/5.0 (Linux; Android 6.0.1; Nexus 5X Build/MMB29P) AppleWebKit/537.36 (KHTML, like Gecko) Chrome/140.0.7339.207 Mobile Safari/537.36 (compatible; Googlebot/2.1; +http://www.google.com/bot.html)"
104.199.32.134 - - [12/Oct/2025:04:17:15 +0200] "POST /index.php?fc=module&module=ps_eventbus&controller=apiModules&job_id=repeat%3Ashop-content-synchronization-57ba67c7-a7c0-4110-b070-0d784f58b908%3A1760223600000&limit=100&call_id=k3e7zuyvv-0 HTTP/1.1" 201 472 "-" "prestashop-cloudsync/1.0"
104.199.32.134 - - [12/Oct/2025:04:17:16 +0200] "POST /index.php?fc=module&module=ps_eventbus&controller=apiModules&job_id=repeat%3Ashop-content-synchronization-57ba67c7-a7c0-4110-b070-0d784f58b908%3A1760223600000&limit=100&call_id=q19orp0f2-0 HTTP/1.1" 201 471 "-" "prestashop-cloudsync/1.0"
104.199.32.134 - - [12/Oct/2025:04:17:17 +0200] "POST /index.php?fc=module&module=ps_eventbus&controller=apiThemes&job_id=repeat%3Ashop-content-synchronization-57ba67c7-a7c0-4110-b070-0d784f58b908%3A1760223600000&limit=1&full=1&call_id=2jceyek4e-0 HTTP/1.1" 201 258 "-" "prestashop-cloudsync/1.0"
104.199.32.134 - - [12/Oct/2025:04:17:17 +0200] "POST /index.php?fc=module&module=ps_eventbus&controller=apiThemes&job_id=repeat%3Ashop-content-synchronization-57ba67c7-a7c0-4110-b070-0d784f58b908%3A1760223600000&limit=10&call_id=q8i9vmqx8-0 HTTP/1.1" 201 258 "-" "prestashop-cloudsync/1.0"
217.113.194.247 - - [12/Oct/2025:04:17:17 +0200] "GET /en/13-artist?q=Categories-IVE-RED+VELVET-xikers&page=12 HTTP/1.1" 200 19888 "-" "Mozilla/5.0 (compatible; Barkrowler/0.9; +https://babbar.tech/crawler)"
104.199.32.134 - - [12/Oct/2025:04:17:17 +0200] "POST /index.php?fc=module&module=ps_eventbus&controller=apiOrders&job_id=repeat%3Ashop-content-synchronization-57ba67c7-a7c0-4110-b070-0d784f58b908%3A1760223600000&limit=10&call_id=lztyozjb7-0 HTTP/1.1" 200 243 "-" "prestashop-cloudsync/1.0"
104.199.32.134 - - [12/Oct/2025:04:17:17 +0200] "POST /index.php?fc=module&module=ps_eventbus&controller=apiCarriers&job_id=repeat%3Ashop-content-synchronization-57ba67c7-a7c0-4110-b070-0d784f58b908%3A1760223600000&limit=10&lang_iso=bg&call_id=gk2e7atq1-0 HTTP/1.1" 200 245 "-" "prestashop-cloudsync/1.0"
104.199.32.134 - - [12/Oct/2025:04:17:17 +0200] "POST /index.php?fc=module&module=ps_eventbus&controller=apiCarriers&job_id=repeat%3Ashop-content-synchronization-57ba67c7-a7c0-4110-b070-0d784f58b908%3A1760223600000&limit=10&lang_iso=en&call_id=zbvim1jiz-0 HTTP/1.1" 200 245 "-" "prestashop-cloudsync/1.0"
104.199.32.134 - - [12/Oct/2025:04:17:17 +0200] "POST /index.php?fc=module&module=ps_eventbus&controller=apiProducts&job_id=repeat%3Ashop-content-synchronization-57ba67c7-a7c0-4110-b070-0d784f58b908%3A1760223600000&limit=10&lang_iso=bg&call_id=0cvpd82es-0 HTTP/1.1" 200 245 "-" "prestashop-cloudsync/1.0"
104.199.32.134 - - [12/Oct/2025:04:17:17 +0200] "POST /index.php?fc=module&module=ps_eventbus&controller=apiProducts&job_id=repeat%3Ashop-content-synchronization-57ba67c7-a7c0-4110-b070-0d784f58b908%3A1760223600000&limit=10&lang_iso=en&call_id=hfk8enlsi-0 HTTP/1.1" 200 245 "-" "prestashop-cloudsync/1.0"
104.199.32.134 - - [12/Oct/2025:04:17:17 +0200] "POST /index.php?fc=module&module=ps_eventbus&controller=apiCategories&job_id=repeat%3Ashop-content-synchronization-57ba67c7-a7c0-4110-b070-0d784f58b908%3A1760223600000&limit=10&call_id=wwx78zt4z-0 HTTP/1.1" 200 247 "-" "prestashop-cloudsync/1.0"
104.199.32.134 - - [12/Oct/2025:04:17:17 +0200] "POST /index.php?fc=module&module=ps_eventbus&controller=apiGoogleTaxonomies&job_id=repeat%3Ashop-content-synchronization-57ba67c7-a7c0-4110-b070-0d784f58b908%3A1760223600000&limit=10&call_id=asm6avw7v-0 HTTP/1.1" 200 247 "-" "prestashop-cloudsync/1.0"
104.199.32.134 - - [12/Oct/2025:04:17:17 +0200] "POST /index.php?fc=module&module=ps_eventbus&controller=apiSpecificPrices&job_id=repeat%3Ashop-content-synchronization-57ba67c7-a7c0-4110-b070-0d784f58b908%3A1760223600000&limit=10&call_id=iekyh984i-0 HTTP/1.1" 200 252 "-" "prestashop-cloudsync/1.0"
104.199.32.134 - - [12/Oct/2025:04:17:18 +0200] "POST /index.php?fc=module&module=ps_eventbus&job_id=repeat%3Ashop-content-synchronization-57ba67c7-a7c0-4110-b070-0d784f58b908%3A1760223600000&limit=10&lang_iso=bg&call_id=9inlz1ki3-0 HTTP/1.1" 404 218 "-" "prestashop-cloudsync/1.0"
104.199.32.134 - - [12/Oct/2025:04:17:19 +0200] "POST /index.php?fc=module&module=ps_eventbus&job_id=repeat%3Ashop-content-synchronization-57ba67c7-a7c0-4110-b070-0d784f58b908%3A1760223600000&limit=1&lang_iso=bg&call_id=lcv9wn2ow-0 HTTP/1.1" 404 218 "-" "prestashop-cloudsync/1.0"
104.199.32.134 - - [12/Oct/2025:04:17:19 +0200] "POST /index.php?fc=module&module=ps_eventbus&job_id=repeat%3Ashop-content-synchronization-57ba67c7-a7c0-4110-b070-0d784f58b908%3A1760223600000&limit=10&lang_iso=en&call_id=2wej9hw9n-0 HTTP/1.1" 404 218 "-" "prestashop-cloudsync/1.0"
104.199.32.134 - - [12/Oct/2025:04:17:20 +0200] "POST /index.php?fc=module&module=ps_eventbus&job_id=repeat%3Ashop-content-synchronization-57ba67c7-a7c0-4110-b070-0d784f58b908%3A1760223600000&limit=1&lang_iso=en&call_id=ldgo8kt90-0 HTTP/1.1" 404 218 "-" "prestashop-cloudsync/1.0"
104.199.32.134 - - [12/Oct/2025:04:17:20 +0200] "POST /index.php?fc=module&module=ps_eventbus&job_id=repeat%3Ashop-content-synchronization-57ba67c7-a7c0-4110-b070-0d784f58b908%3A1760223600000&limit=10&lang_iso=bg&call_id=d1so6kowj-0 HTTP/1.1" 404 218 "-" "prestashop-cloudsync/1.0"
104.199.32.134 - - [12/Oct/2025:04:17:21 +0200] "POST /index.php?fc=module&module=ps_eventbus&job_id=repeat%3Ashop-content-synchronization-57ba67c7-a7c0-4110-b070-0d784f58b908%3A1760223600000&limit=1&lang_iso=bg&call_id=2vffhjurt-0 HTTP/1.1" 404 218 "-" "prestashop-cloudsync/1.0"
104.199.32.134 - - [12/Oct/2025:04:17:21 +0200] "POST /index.php?fc=module&module=ps_eventbus&job_id=repeat%3Ashop-content-synchronization-57ba67c7-a7c0-4110-b070-0d784f58b908%3A1760223600000&limit=10&lang_iso=en&call_id=qdao11jmy-0 HTTP/1.1" 404 218 "-" "prestashop-cloudsync/1.0"
104.199.32.134 - - [12/Oct/2025:04:17:22 +0200] "POST /index.php?fc=module&module=ps_eventbus&job_id=repeat%3Ashop-content-synchronization-57ba67c7-a7c0-4110-b070-0d784f58b908%3A1760223600000&limit=1&lang_iso=en&call_id=bvids4tsd-0 HTTP/1.1" 404 218 "-" "prestashop-cloudsync/1.0"
104.199.32.134 - - [12/Oct/2025:04:17:22 +0200] "POST /index.php?fc=module&module=ps_eventbus&controller=apiCustomProductCarriers&job_id=repeat%3Ashop-content-synchronization-57ba67c7-a7c0-4110-b070-0d784f58b908%3A1760223600000&limit=10&call_id=xz64u1nri-0 HTTP/1.1" 200 260 "-" "prestashop-cloudsync/1.0"
104.199.32.134 - - [12/Oct/2025:04:17:22 +0200] "POST /index.php?fc=module&module=ps_eventbus&job_id=repeat%3Ashop-content-synchronization-57ba67c7-a7c0-4110-b070-0d784f58b908%3A1760223600000&limit=10&lang_iso=bg&call_id=n0kaueuu9-0 HTTP/1.1" 404 218 "-" "prestashop-cloudsync/1.0"
104.199.32.134 - - [12/Oct/2025:04:17:23 +0200] "POST /index.php?fc=module&module=ps_eventbus&job_id=repeat%3Ashop-content-synchronization-57ba67c7-a7c0-4110-b070-0d784f58b908%3A1760223600000&limit=1&lang_iso=bg&call_id=3x79qcmag-0 HTTP/1.1" 404 218 "-" "prestashop-cloudsync/1.0"
104.199.32.134 - - [12/Oct/2025:04:17:23 +0200] "POST /index.php?fc=module&module=ps_eventbus&job_id=repeat%3Ashop-content-synchronization-57ba67c7-a7c0-4110-b070-0d784f58b908%3A1760223600000&limit=10&lang_iso=en&call_id=9j6zzigog-0 HTTP/1.1" 404 218 "-" "prestashop-cloudsync/1.0"
104.199.32.134 - - [12/Oct/2025:04:17:24 +0200] "POST /index.php?fc=module&module=ps_eventbus&job_id=repeat%3Ashop-content-synchronization-57ba67c7-a7c0-4110-b070-0d784f58b908%3A1760223600000&limit=1&lang_iso=en&call_id=h1bijgpqc-0 HTTP/1.1" 404 218 "-" "prestashop-cloudsync/1.0"
104.199.32.134 - - [12/Oct/2025:04:17:24 +0200] "POST /index.php?fc=module&module=ps_eventbus&job_id=repeat%3Ashop-content-synchronization-57ba67c7-a7c0-4110-b070-0d784f58b908%3A1760223600000&limit=10&lang_iso=bg&call_id=6piohnuon-0 HTTP/1.1" 404 218 "-" "prestashop-cloudsync/1.0"
104.199.32.134 - - [12/Oct/2025:04:17:25 +0200] "POST /index.php?fc=module&module=ps_eventbus&job_id=repeat%3Ashop-content-synchronization-57ba67c7-a7c0-4110-b070-0d784f58b908%3A1760223600000&limit=1&lang_iso=bg&call_id=ug08k8ifg-0 HTTP/1.1" 404 218 "-" "prestashop-cloudsync/1.0"
104.199.32.134 - - [12/Oct/2025:04:17:26 +0200] "POST /index.php?fc=module&module=ps_eventbus&job_id=repeat%3Ashop-content-synchronization-57ba67c7-a7c0-4110-b070-0d784f58b908%3A1760223600000&limit=10&lang_iso=en&call_id=mv02tphhk-0 HTTP/1.1" 404 218 "-" "prestashop-cloudsync/1.0"
104.199.32.134 - - [12/Oct/2025:04:17:26 +0200] "POST /index.php?fc=module&module=ps_eventbus&job_id=repeat%3Ashop-content-synchronization-57ba67c7-a7c0-4110-b070-0d784f58b908%3A1760223600000&limit=1&lang_iso=en&call_id=78rfeu3rz-0 HTTP/1.1" 404 218 "-" "prestashop-cloudsync/1.0"
104.199.32.134 - - [12/Oct/2025:04:17:27 +0200] "POST /index.php?fc=module&module=ps_eventbus&job_id=repeat%3Ashop-content-synchronization-57ba67c7-a7c0-4110-b070-0d784f58b908%3A1760223600000&limit=10&call_id=m2b363w34-0 HTTP/1.1" 404 218 "-" "prestashop-cloudsync/1.0"
104.199.32.134 - - [12/Oct/2025:04:17:27 +0200] "POST /index.php?fc=module&module=ps_eventbus&job_id=repeat%3Ashop-content-synchronization-57ba67c7-a7c0-4110-b070-0d784f58b908%3A1760223600000&limit=1&call_id=giz0xovdr-0 HTTP/1.1" 404 218 "-" "prestashop-cloudsync/1.0"
104.199.32.134 - - [12/Oct/2025:04:17:28 +0200] "POST /index.php?fc=module&module=ps_eventbus&job_id=repeat%3Ashop-content-synchronization-57ba67c7-a7c0-4110-b070-0d784f58b908%3A1760223600000&limit=10&call_id=b4j40458d-0 HTTP/1.1" 404 218 "-" "prestashop-cloudsync/1.0"
104.199.32.134 - - [12/Oct/2025:04:17:29 +0200] "POST /index.php?fc=module&module=ps_eventbus&job_id=repeat%3Ashop-content-synchronization-57ba67c7-a7c0-4110-b070-0d784f58b908%3A1760223600000&limit=1&call_id=5vnz8734c-0 HTTP/1.1" 404 218 "-" "prestashop-cloudsync/1.0"
104.199.32.134 - - [12/Oct/2025:04:17:29 +0200] "POST /index.php?fc=module&module=ps_eventbus&job_id=repeat%3Ashop-content-synchronization-57ba67c7-a7c0-4110-b070-0d784f58b908%3A1760223600000&limit=10&call_id=ks6bth0ky-0 HTTP/1.1" 404 218 "-" "prestashop-cloudsync/1.0"
104.199.32.134 - - [12/Oct/2025:04:17:30 +0200] "POST /index.php?fc=module&module=ps_eventbus&job_id=repeat%3Ashop-content-synchronization-57ba67c7-a7c0-4110-b070-0d784f58b908%3A1760223600000&limit=1&call_id=qgpn1thgu-0 HTTP/1.1" 404 218 "-" "prestashop-cloudsync/1.0"
104.199.32.134 - - [12/Oct/2025:04:17:30 +0200] "POST /index.php?fc=module&module=ps_eventbus&job_id=repeat%3Ashop-content-synchronization-57ba67c7-a7c0-4110-b070-0d784f58b908%3A1760223600000&limit=10&call_id=0g1fm1zj2-0 HTTP/1.1" 404 218 "-" "prestashop-cloudsync/1.0"
104.199.32.134 - - [12/Oct/2025:04:17:31 +0200] "POST /index.php?fc=module&module=ps_eventbus&job_id=repeat%3Ashop-content-synchronization-57ba67c7-a7c0-4110-b070-0d784f58b908%3A1760223600000&limit=1&call_id=z8l2qspgz-0 HTTP/1.1" 404 218 "-" "prestashop-cloudsync/1.0"
104.199.32.134 - - [12/Oct/2025:04:17:31 +0200] "POST /index.php?fc=module&module=ps_eventbus&controller=apiCurrencies&job_id=repeat%3Ashop-content-synchronization-57ba67c7-a7c0-4110-b070-0d784f58b908%3A1760223600000&limit=10&call_id=8rjyo6m6e-0 HTTP/1.1" 200 247 "-" "prestashop-cloudsync/1.0"
104.199.32.134 - - [12/Oct/2025:04:17:31 +0200] "POST /index.php?fc=module&module=ps_eventbus&controller=apiCarts&job_id=repeat%3Ashop-content-synchronization-57ba67c7-a7c0-4110-b070-0d784f58b908%3A1760223600000&limit=10&call_id=n0hk10iq8-0 HTTP/1.1" 201 477 "-" "prestashop-cloudsync/1.0"
104.199.32.134 - - [12/Oct/2025:04:17:32 +0200] "POST /index.php?fc=module&module=ps_eventbus&controller=apiCartRules&job_id=repeat%3Ashop-content-synchronization-57ba67c7-a7c0-4110-b070-0d784f58b908%3A1760223600000&limit=10&call_id=38fi8nn1u-0 HTTP/1.1" 404 218 "-" "prestashop-cloudsync/1.0"
104.199.32.134 - - [12/Oct/2025:04:17:33 +0200] "POST /index.php?fc=module&module=ps_eventbus&controller=apiCartRules&job_id=repeat%3Ashop-content-synchronization-57ba67c7-a7c0-4110-b070-0d784f58b908%3A1760223600000&limit=1&call_id=ytyvjtbu6-0 HTTP/1.1" 404 218 "-" "prestashop-cloudsync/1.0"
104.199.32.134 - - [12/Oct/2025:04:17:33 +0200] "POST /index.php?fc=module&module=ps_eventbus&job_id=repeat%3Ashop-content-synchronization-57ba67c7-a7c0-4110-b070-0d784f58b908%3A1760223600000&limit=10&call_id=eifg0g0zx-0 HTTP/1.1" 404 218 "-" "prestashop-cloudsync/1.0"
217.113.194.104 - - [12/Oct/2025:04:17:34 +0200] "GET /en/13-artist?q=Categories-IVE-RED+VELVET-xikers&page=19 HTTP/1.1" 200 19827 "-" "Mozilla/5.0 (compatible; Barkrowler/0.9; +https://babbar.tech/crawler)"
104.199.32.134 - - [12/Oct/2025:04:17:34 +0200] "POST /index.php?fc=module&module=ps_eventbus&job_id=repeat%3Ashop-content-synchronization-57ba67c7-a7c0-4110-b070-0d784f58b908%3A1760223600000&limit=1&call_id=9sgu9qg42-0 HTTP/1.1" 404 218 "-" "prestashop-cloudsync/1.0"
40.77.167.7 - - [12/Oct/2025:04:17:45 +0200] "GET /bg/13-artisti?q=%D0%9A%D0%B0%D1%82%D0%B5%D0%B3%D0%BE%D1%80%D0%B8%D0%B8-AESPA-ATEEZ-BABYMONSTER-BLACKPINK-BOYNEXTDOOR-ENHYPEN-GOT+THE+BEAT-ILLIT-IVE-JENNIE+%28BLACKPINK%29-Kep1er-RIIZE-STAYC-STRAYKIDS-TREASURE-TWICE-TXT-WayV-ZEROBASEONE-ROSE+%28BLACKPINK%29 HTTP/2.0" 200 21603 "-" "Mozilla/5.0 AppleWebKit/537.36 (KHTML, like Gecko; compatible; bingbot/2.0; +http://www.bing.com/bingbot.htm) Chrome/116.0.1938.76 Safari/537.36"
217.113.194.106 - - [12/Oct/2025:04:17:51 +0200] "GET /en/13-artist?q=Categories-IVE-RED+VELVET-WayV&page=5 HTTP/1.1" 200 19933 "-" "Mozilla/5.0 (compatible; Barkrowler/0.9; +https://babbar.tech/crawler)"
47.128.126.231 - - [12/Oct/2025:04:17:59 +0200] "GET /bg/13-artisti?SubmitCurrency=1&id_currency=2&order=product.reference.desc&q=%D0%9A%D0%B0%D1%82%D0%B5%D0%B3%D0%BE%D1%80%D0%B8%D0%B8-BLACKPINK-ITZY-TXT HTTP/2.0" 200 21425 "-" "Mozilla/5.0 (compatible; Bytespider; spider-feedback@bytedance.com) AppleWebKit/537.36 (KHTML, like Gecko) Chrome/70.0.0.0 Safari/537.36"
66.249.66.14 - - [12/Oct/2025:04:18:03 +0200] "GET /en/nachalo/361-642-aespa-rich-man-energy-ver-6th-mini-album--8804775457463 HTTP/1.1" 200 16986 "-" "Mozilla/5.0 (Linux; Android 6.0.1; Nexus 5X Build/MMB29P) AppleWebKit/537.36 (KHTML, like Gecko) Chrome/140.0.7339.207 Mobile Safari/537.36 (compatible; Googlebot/2.1; +http://www.google.com/bot.html)"
40.77.167.30 - - [12/Oct/2025:04:18:06 +0200] "GET /bg/13-artisti?q=%D0%9A%D0%B0%D1%82%D0%B5%D0%B3%D0%BE%D1%80%D0%B8%D0%B8-ATEEZ-BABYMONSTER-BOYNEXTDOOR-ENHYPEN-ILLIT-IVE-Jin+%28BTS%29-Kep1er-LISA+%28BLACKPINK%29-NCT+127-NEW+JEANS-NMIXX-P1Harmony-RIIZE-SEVENTEEN-STAYC-STRAYKIDS-TREASURE-TXT-WayV-ZEROBASEONE-NCT+JAEHYUN HTTP/2.0" 200 21665 "-" "Mozilla/5.0 AppleWebKit/537.36 (KHTML, like Gecko; compatible; bingbot/2.0; +http://www.bing.com/bingbot.htm) Chrome/116.0.1938.76 Safari/537.36"
217.113.194.247 - - [12/Oct/2025:04:18:09 +0200] "GET /en/13-artist?q=Categories-ENHYPEN-xikers-IVE&page=12 HTTP/1.1" 200 19861 "-" "Mozilla/5.0 (compatible; Barkrowler/0.9; +https://babbar.tech/crawler)"
114.119.137.2 - - [12/Oct/2025:04:18:19 +0200] "GET /en/2-nachalo?SubmitCurrency=1&id_currency=1&q=Categories-ALBUM/Brand-BELIFT%2BLAB&order=product.name.asc HTTP/1.1" 200 15715 "https://kpopbg.com/en/2-nachalo?SubmitCurrency=1&id_currency=1&q=Categories-ALBUM/Brand-BELIFT%2BLAB&order=product.name.asc" "Mozilla/5.0 (Linux; Android 7.0;) AppleWebKit/537.36 (KHTML, like Gecko) Mobile Safari/537.36 (compatible; PetalBot;+https://webmaster.petalsearch.com/site/petalbot)"
52.167.144.172 - - [12/Oct/2025:04:18:23 +0200] "GET /bg/13-artisti?q=%D0%9A%D0%B0%D1%82%D0%B5%D0%B3%D0%BE%D1%80%D0%B8%D0%B8-AESPA-ATEEZ-BLACKPINK-BOYNEXTDOOR-ENHYPEN-ILLIT-IVE-JENNIE+%28BLACKPINK%29-JIHYO-LE+SSERAFIM-LISA-NCT+DOYOUNG-NMIXX-P1Harmony-RIIZE-SEVENTEEN-TWICE-WayV-ZEROBASEONE-XDINARY+HEROES HTTP/2.0" 200 21650 "-" "Mozilla/5.0 AppleWebKit/537.36 (KHTML, like Gecko; compatible; bingbot/2.0; +http://www.bing.com/bingbot.htm) Chrome/116.0.1938.76 Safari/537.36"
217.113.194.108 - - [12/Oct/2025:04:18:26 +0200] "GET /en/13-artist?q=Categories-ENHYPEN-WayV-IVE&page=3 HTTP/1.1" 200 19788 "-" "Mozilla/5.0 (compatible; Barkrowler/0.9; +https://babbar.tech/crawler)"
40.77.167.30 - - [12/Oct/2025:04:18:39 +0200] "GET /bg/13-artisti?q=%D0%9A%D0%B0%D1%82%D0%B5%D0%B3%D0%BE%D1%80%D0%B8%D0%B8-ATEEZ-BABYMONSTER-BLACKPINK-BOYNEXTDOOR-ENHYPEN-ILLIT-IVE-JENNIE+%28BLACKPINK%29-JIHYO-LISA+%28BLACKPINK%29-NMIXX-RIIZE-ROSE+%28BLACKPINK%29-STAYC-STRAYKIDS-TREASURE-TWICE-TXT-WayV-ZEROBASEONE-JISOO+%28BLACKPINK%29 HTTP/2.0" 200 21638 "-" "Mozilla/5.0 AppleWebKit/537.36 (KHTML, like Gecko; compatible; bingbot/2.0; +http://www.bing.com/bingbot.htm) Chrome/116.0.1938.76 Safari/537.36"
66.249.76.204 - - [12/Oct/2025:04:18:42 +0200] "GET /bg/nachalo/148-304-gi-dle-2-jewel-ver-8804775368257 HTTP/1.1" 200 19094 "-" "Mozilla/5.0 (Linux; Android 6.0.1; Nexus 5X Build/MMB29P) AppleWebKit/537.36 (KHTML, like Gecko) Chrome/140.0.7339.207 Mobile Safari/537.36 (compatible; Googlebot/2.1; +http://www.google.com/bot.html)"
40.77.167.7 - - [12/Oct/2025:04:18:43 +0200] "GET /bg/13-artisti?q=%D0%9A%D0%B0%D1%82%D0%B5%D0%B3%D0%BE%D1%80%D0%B8%D0%B8-ATEEZ-BABYMONSTER-BLACKPINK-BOYNEXTDOOR-ENHYPEN-ILLIT-IVE-JENNIE+%28BLACKPINK%29-JIHYO-JIMIN+%28BTS%29-Kep1er-NEW+JEANS-NMIXX-RIIZE-SEVENTEEN-STRAYKIDS-WayV-ZEROBASEONE HTTP/2.0" 200 21661 "-" "Mozilla/5.0 AppleWebKit/537.36 (KHTML, like Gecko; compatible; bingbot/2.0; +http://www.bing.com/bingbot.htm) Chrome/116.0.1938.76 Safari/537.36"
217.113.194.110 - - [12/Oct/2025:04:18:44 +0200] "GET /en/13-artist?q=Categories-ENHYPEN-WayV-IVE&page=17 HTTP/1.1" 200 19620 "-" "Mozilla/5.0 (compatible; Barkrowler/0.9; +https://babbar.tech/crawler)"
47.128.46.207 - - [12/Oct/2025:04:18:48 +0200] "GET /bg/13-artisti?q=%D0%9A%D0%B0%D1%82%D0%B5%D0%B3%D0%BE%D1%80%D0%B8%D0%B8-%28G%29I%5C-DLE-AESPA-ASTRO-CHA+EUN+WOO+%28ASTRO%29-ENHYPEN-NMIXX HTTP/2.0" 200 21374 "-" "Mozilla/5.0 (compatible; Bytespider; spider-feedback@bytedance.com) AppleWebKit/537.36 (KHTML, like Gecko) Chrome/70.0.0.0 Safari/537.36"
217.113.194.107 - - [12/Oct/2025:04:19:00 +0200] "GET /en/13-artist?q=Categories-ENHYPEN-WayV-IVE&page=13 HTTP/1.1" 200 19772 "-" "Mozilla/5.0 (compatible; Barkrowler/0.9; +https://babbar.tech/crawler)"
217.113.194.104 - - [12/Oct/2025:04:19:18 +0200] "GET /en/13-artist?q=Categories-ENHYPEN-KAI&page=3 HTTP/1.1" 200 19781 "-" "Mozilla/5.0 (compatible; Barkrowler/0.9; +https://babbar.tech/crawler)"
217.113.194.103 - - [12/Oct/2025:04:19:35 +0200] "GET /en/13-artist?q=Categories-AESPA-Kep1er-xikers&page=16 HTTP/1.1" 200 19730 "-" "Mozilla/5.0 (compatible; Barkrowler/0.9; +https://babbar.tech/crawler)"
47.128.46.240 - - [12/Oct/2025:04:19:37 +0200] "GET /bg/13-artisti?SubmitCurrency=1&id_currency=2&order=product.name.desc&q=%D0%9A%D0%B0%D1%82%D0%B5%D0%B3%D0%BE%D1%80%D0%B8%D0%B8-NCT-SEVENTEEN-TWICE HTTP/2.0" 200 21562 "-" "Mozilla/5.0 (compatible; Bytespider; spider-feedback@bytedance.com) AppleWebKit/537.36 (KHTML, like Gecko) Chrome/70.0.0.0 Safari/537.36"
114.119.151.63 - - [12/Oct/2025:04:19:42 +0200] "GET /en/2-nachalo?SubmitCurrency=1&id_currency=1&q=Categories-ALBUM-ARTIST/Brand-ADOR-BigHit%2BMusic&page=3 HTTP/1.1" 200 16206 "https://kpopbg.com/en/2-nachalo?SubmitCurrency=1&id_currency=1&q=Categories-ALBUM-ARTIST/Brand-ADOR-BigHit%2BMusic&page=3" "Mozilla/5.0 (Linux; Android 7.0;) AppleWebKit/537.36 (KHTML, like Gecko) Mobile Safari/537.36 (compatible; PetalBot;+https://webmaster.petalsearch.com/site/petalbot)"
217.113.194.105 - - [12/Oct/2025:04:19:52 +0200] "GET /en/13-artist?q=Categories-AESPA-Kep1er-STAYC&page=2 HTTP/1.1" 200 19748 "-" "Mozilla/5.0 (compatible; Barkrowler/0.9; +https://babbar.tech/crawler)"
217.113.194.110 - - [12/Oct/2025:04:20:09 +0200] "GET /en/13-artist?q=Categories-AESPA-Kep1er-STAYC&page=4 HTTP/1.1" 200 19999 "-" "Mozilla/5.0 (compatible; Barkrowler/0.9; +https://babbar.tech/crawler)"
217.113.194.108 - - [12/Oct/2025:04:20:25 +0200] "GET /en/13-artist?q=Categories-AESPA-Kep1er-ILLIT&page=6 HTTP/1.1" 200 19837 "-" "Mozilla/5.0 (compatible; Barkrowler/0.9; +https://babbar.tech/crawler)"
47.128.43.69 - - [12/Oct/2025:04:20:25 +0200] "GET /bg/13-artisti?q=%D0%9A%D0%B0%D1%82%D0%B5%D0%B3%D0%BE%D1%80%D0%B8%D0%B8-%28G%29I%5C-DLE-AESPA-Agust+D+%28BTS%29-ATEEZ-BTS-GOT+THE+BEAT-NCT+DREAM-STRAYKIDS-TXT HTTP/2.0" 200 21412 "-" "Mozilla/5.0 (compatible; Bytespider; spider-feedback@bytedance.com) AppleWebKit/537.36 (KHTML, like Gecko) Chrome/70.0.0.0 Safari/537.36"
217.113.194.111 - - [12/Oct/2025:04:20:42 +0200] "GET /en/13-artist?q=Categories-AESPA-ZEROBASEONE-IVE&page=13 HTTP/1.1" 200 19771 "-" "Mozilla/5.0 (compatible; Barkrowler/0.9; +https://babbar.tech/crawler)"
217.113.194.106 - - [12/Oct/2025:04:20:59 +0200] "GET /en/13-artist?q=Categories-AESPA-TREASURE-BTS&page=16 HTTP/1.1" 200 19736 "-" "Mozilla/5.0 (compatible; Barkrowler/0.9; +https://babbar.tech/crawler)"
40.77.167.7 - - [12/Oct/2025:04:21:04 +0200] "GET /bg/13-artisti?q=%D0%9A%D0%B0%D1%82%D0%B5%D0%B3%D0%BE%D1%80%D0%B8%D0%B8-ATEEZ-BABYMONSTER-BLACKPINK-BOYNEXTDOOR-ENHYPEN-GOT+THE+BEAT-ILLIT-IVE-JENNIE+%28BLACKPINK%29-Kep1er-LE+SSERAFIM-LISA+%28BLACKPINK%29-NEW+JEANS-NMIXX-SEVENTEEN-STRAYKIDS-TREASURE-TWICE-TXT-WayV-ZEROBASEONE-JIHYO&page=20 HTTP/2.0" 200 20072 "-" "Mozilla/5.0 AppleWebKit/537.36 (KHTML, like Gecko; compatible; bingbot/2.0; +http://www.bing.com/bingbot.htm) Chrome/116.0.1938.76 Safari/537.36"
114.119.158.94 - - [12/Oct/2025:04:21:08 +0200] "GET /en/2-nachalo?SubmitCurrency=1&id_currency=1&q=Brand-HIGHUP%2BENTERTAINMENT&order=product.position.asc HTTP/1.1" 200 15741 "https://kpopbg.com/en/2-nachalo?SubmitCurrency=1&id_currency=1&q=Brand-HIGHUP%2BENTERTAINMENT&order=product.name.asc" "Mozilla/5.0 (Linux; Android 7.0;) AppleWebKit/537.36 (KHTML, like Gecko) Mobile Safari/537.36 (compatible; PetalBot;+https://webmaster.petalsearch.com/site/petalbot)"
47.128.33.216 - - [12/Oct/2025:04:21:14 +0200] "GET /en/13-artist?SubmitCurrency=1&id_currency=2&q=Categories-Agust+D+%28BTS%29-LISA-TREASURE HTTP/2.0" 200 19774 "-" "Mozilla/5.0 (compatible; Bytespider; spider-feedback@bytedance.com) AppleWebKit/537.36 (KHTML, like Gecko) Chrome/70.0.0.0 Safari/537.36"
217.113.194.102 - - [12/Oct/2025:04:21:16 +0200] "GET /en/13-artist?q=Categories-AESPA-THE+BOYZ&page=3 HTTP/1.1" 200 19805 "-" "Mozilla/5.0 (compatible; Barkrowler/0.9; +https://babbar.tech/crawler)"
217.113.194.111 - - [12/Oct/2025:04:21:33 +0200] "GET /en/13-artist?q=Categories-AESPA-THE+BOYZ&page=6 HTTP/1.1" 200 19799 "-" "Mozilla/5.0 (compatible; Barkrowler/0.9; +https://babbar.tech/crawler)"
40.77.167.30 - - [12/Oct/2025:04:21:37 +0200] "GET /bg/12-albumi?q=%D0%9D%D0%B0%D0%BB%D0%B8%D1%87%D0%BD%D0%BE%D1%81%D1%82-%D0%92+%D0%BD%D0%B0%D0%BB%D0%B8%D1%87%D0%BD%D0%BE%D1%81%D1%82-%D0%9D%D0%B0%D0%BB%D0%B8%D1%87%D0%B5%D0%BD-%D0%9D%D1%8F%D0%BC%D0%B0+%D0%BD%D0%B0%D0%BB%D0%B8%D1%87%D0%BD%D0%BE%D1%81%D1%82/%D0%9C%D0%B0%D1%80%D0%BA%D0%B0-ADOR-BigHit+Entertainment-BigHit+Music-CUBE+ENTERTAINMENT-FANTAGIO+MUSIC-HIGHUP+ENTERTAINMENT-KQ+Entertainment-SM+Entertainment-STARSHIP+ENTERAINMENT-BELIFT+LAB HTTP/2.0" 200 18123 "-" "Mozilla/5.0 AppleWebKit/537.36 (KHTML, like Gecko; compatible; bingbot/2.0; +http://www.bing.com/bingbot.htm) Chrome/116.0.1938.76 Safari/537.36"
40.77.167.30 - - [12/Oct/2025:04:21:38 +0200] "GET /en/13-artist?q=Categories-ATEEZ-BABYMONSTER-BLACKPINK-BOYNEXTDOOR-ENHYPEN-ILLIT-ITZY-JIHYO-LISA-NAYEON+%28TWICE%29-NMIXX-STAYC-TWICE-TXT-YUQI+%28%28G%29I%5C-DLE%29-ZEROBASEONE-ROSE+%28BLACKPINK%29 HTTP/2.0" 200 19959 "-" "Mozilla/5.0 AppleWebKit/537.36 (KHTML, like Gecko; compatible; bingbot/2.0; +http://www.bing.com/bingbot.htm) Chrome/116.0.1938.76 Safari/537.36"
40.77.167.30 - - [12/Oct/2025:04:21:39 +0200] "GET /bg/13-artisti?q=%D0%9A%D0%B0%D1%82%D0%B5%D0%B3%D0%BE%D1%80%D0%B8%D0%B8-ATEEZ-BABYMONSTER-BLACKPINK-BOYNEXTDOOR-ENHYPEN-GOT+THE+BEAT-ILLIT-IVE-JENNIE+%28BLACKPINK%29-JIHYO-JISOO+%28BLACKPINK%29-NCT+JAEHYUN-NMIXX-RIIZE-ROSE+%28BLACKPINK%29-SEVENTEEN-STAYC-STRAYKIDS-TWICE-TXT-WayV-ZEROBASEONE-Jin+%28BTS%29 HTTP/2.0" 200 21703 "-" "Mozilla/5.0 AppleWebKit/537.36 (KHTML, like Gecko; compatible; bingbot/2.0; +http://www.bing.com/bingbot.htm) Chrome/116.0.1938.76 Safari/537.36"
52.167.144.172 - - [12/Oct/2025:04:21:42 +0200] "GET /bg/13-artisti?q=%D0%9A%D0%B0%D1%82%D0%B5%D0%B3%D0%BE%D1%80%D0%B8%D0%B8-AESPA-ATEEZ-BABYMONSTER-BLACKPINK-BTS-ENHYPEN-ILLIT-ITZY-JIHYO-Jin+%28BTS%29-KAI-LISA-NAYEON+%28TWICE%29-NMIXX-RIIZE-TWICE-TXT-XDINARY+HEROES-ZEROBASEONE-SEVENTEEN HTTP/2.0" 200 21540 "-" "Mozilla/5.0 AppleWebKit/537.36 (KHTML, like Gecko; compatible; bingbot/2.0; +http://www.bing.com/bingbot.htm) Chrome/116.0.1938.76 Safari/537.36"
52.167.144.172 - - [12/Oct/2025:04:21:43 +0200] "GET /bg/13-artisti?q=%D0%9A%D0%B0%D1%82%D0%B5%D0%B3%D0%BE%D1%80%D0%B8%D0%B8-ATEEZ-BLACKPINK-BOYNEXTDOOR-ENHYPEN-GOT+THE+BEAT-ITZY-JIHYO-LISA+%28BLACKPINK%29-NCT+DOYOUNG-NMIXX-P1Harmony-RIIZE-STRAYKIDS-TREASURE-TWICE-WayV-ZEROBASEONE HTTP/2.0" 200 21536 "-" "Mozilla/5.0 AppleWebKit/537.36 (KHTML, like Gecko; compatible; bingbot/2.0; +http://www.bing.com/bingbot.htm) Chrome/116.0.1938.76 Safari/537.36"
52.167.144.172 - - [12/Oct/2025:04:21:44 +0200] "GET /bg/13-artisti?q=%D0%9A%D0%B0%D1%82%D0%B5%D0%B3%D0%BE%D1%80%D0%B8%D0%B8-AESPA-ATEEZ-BABYMONSTER-BLACKPINK-BOYNEXTDOOR-ENHYPEN-GOT+THE+BEAT-ILLIT-LISA-NCT+JAEHYUN-NMIXX-RIIZE-STRAYKIDS-TWICE-WayV-ZEROBASEONE-IVE HTTP/2.0" 200 21500 "-" "Mozilla/5.0 AppleWebKit/537.36 (KHTML, like Gecko; compatible; bingbot/2.0; +http://www.bing.com/bingbot.htm) Chrome/116.0.1938.76 Safari/537.36"
52.167.144.172 - - [12/Oct/2025:04:21:45 +0200] "GET /bg/13-artisti?q=%D0%9A%D0%B0%D1%82%D0%B5%D0%B3%D0%BE%D1%80%D0%B8%D0%B8-AESPA-Agust+D+%28BTS%29-ATEEZ-BABYMONSTER-BTS-ENHYPEN-ILLIT-ITZY-JIHYO-Kep1er-LISA-NAYEON+%28TWICE%29-NCT+DREAM-NCT+WISH-NMIXX-RM+%28BTS%29-SEVENTEEN-TWICE-TXT-ZEROBASEONE-JUNG+KOOK+%28BTS%29 HTTP/2.0" 200 21648 "-" "Mozilla/5.0 AppleWebKit/537.36 (KHTML, like Gecko; compatible; bingbot/2.0; +http://www.bing.com/bingbot.htm) Chrome/116.0.1938.76 Safari/537.36"
52.167.144.172 - - [12/Oct/2025:04:21:45 +0200] "GET /bg/13-artisti?q=%D0%9A%D0%B0%D1%82%D0%B5%D0%B3%D0%BE%D1%80%D0%B8%D0%B8-AESPA-ASTRO-ATEEZ-ENHYPEN-GOT+THE+BEAT-ITZY-IVE-JUNG+KOOK+%28BTS%29-KAI-LISA-NCT-STRAYKIDS-TREASURE-BTS HTTP/2.0" 200 21456 "-" "Mozilla/5.0 AppleWebKit/537.36 (KHTML, like Gecko; compatible; bingbot/2.0; +http://www.bing.com/bingbot.htm) Chrome/116.0.1938.76 Safari/537.36"
217.113.194.103 - - [12/Oct/2025:04:21:49 +0200] "GET /en/13-artist?q=Categories-AESPA-TXT&order=product.name.asc HTTP/1.1" 200 19346 "-" "Mozilla/5.0 (compatible; Barkrowler/0.9; +https://babbar.tech/crawler)"
40.77.167.7 - - [12/Oct/2025:04:21:53 +0200] "GET /bg/13-artisti?q=%D0%9A%D0%B0%D1%82%D0%B5%D0%B3%D0%BE%D1%80%D0%B8%D0%B8-ATEEZ-BTS-GOT+THE+BEAT-ILLIT-ITZY-JIHYO-KAI-LISA-NMIXX-STAYC-STRAYKIDS-V+%28BTS%29 HTTP/2.0" 200 21433 "-" "Mozilla/5.0 AppleWebKit/537.36 (KHTML, like Gecko; compatible; bingbot/2.0; +http://www.bing.com/bingbot.htm) Chrome/116.0.1938.76 Safari/537.36"
40.77.167.30 - - [12/Oct/2025:04:21:57 +0200] "GET /bg/13-artisti?q=%D0%9A%D0%B0%D1%82%D0%B5%D0%B3%D0%BE%D1%80%D0%B8%D0%B8-AESPA-ASTRO-BLACKPINK-BTS-ENHYPEN-GOT+THE+BEAT-ITZY-KAI-LISA-NCT-NCT+DREAM-NMIXX-STAYC-STRAYKIDS-TREASURE-TWICE-TXT-ATEEZ HTTP/2.0" 200 21487 "-" "Mozilla/5.0 AppleWebKit/537.36 (KHTML, like Gecko; compatible; bingbot/2.0; +http://www.bing.com/bingbot.htm) Chrome/116.0.1938.76 Safari/537.36"
47.128.42.229 - - [12/Oct/2025:04:22:02 +0200] "GET /bg/13-artisti?SubmitCurrency=1&id_currency=2&order=product.price.desc&q=%D0%9A%D0%B0%D1%82%D0%B5%D0%B3%D0%BE%D1%80%D0%B8%D0%B8-ASTRO-CHA+EUN+WOO+%28ASTRO%29-ITZY-KAI-TXT-BTS HTTP/2.0" 200 21558 "-" "Mozilla/5.0 (compatible; Bytespider; spider-feedback@bytedance.com) AppleWebKit/537.36 (KHTML, like Gecko) Chrome/70.0.0.0 Safari/537.36"
217.113.194.111 - - [12/Oct/2025:04:22:07 +0200] "GET /en/13-artist?q=Categories-AESPA-NEW+JEANS&page=2 HTTP/1.1" 200 19751 "-" "Mozilla/5.0 (compatible; Barkrowler/0.9; +https://babbar.tech/crawler)"
40.77.167.30 - - [12/Oct/2025:04:22:07 +0200] "GET /bg/13-artisti?q=%D0%9A%D0%B0%D1%82%D0%B5%D0%B3%D0%BE%D1%80%D0%B8%D0%B8-ATEEZ-BABYMONSTER-BLACKPINK-BOYNEXTDOOR-ENHYPEN-ILLIT-IVE-JIHYO-JIMIN+%28BTS%29-Kep1er-LE+SSERAFIM-LISA-NEW+JEANS-NMIXX-RIIZE-SEVENTEEN-TXT-WayV-ZEROBASEONE-STRAYKIDS HTTP/2.0" 200 21636 "-" "Mozilla/5.0 AppleWebKit/537.36 (KHTML, like Gecko; compatible; bingbot/2.0; +http://www.bing.com/bingbot.htm) Chrome/116.0.1938.76 Safari/537.36"
40.77.167.30 - - [12/Oct/2025:04:22:08 +0200] "GET /bg/13-artisti?q=%D0%9A%D0%B0%D1%82%D0%B5%D0%B3%D0%BE%D1%80%D0%B8%D0%B8-AESPA-ATEEZ-BABYMONSTER-BOYNEXTDOOR-ENHYPEN-GOT+THE+BEAT-ILLIT-IVE-JENNIE+%28BLACKPINK%29-JIHYO-JISOO+%28BLACKPINK%29-LISA+%28BLACKPINK%29-NMIXX-P1Harmony-RIIZE-ROSE+%28BLACKPINK%29-SEVENTEEN-STAYC-STRAYKIDS-TREASURE-WayV-ZEROBASEONE HTTP/2.0" 200 21666 "-" "Mozilla/5.0 AppleWebKit/537.36 (KHTML, like Gecko; compatible; bingbot/2.0; +http://www.bing.com/bingbot.htm) Chrome/116.0.1938.76 Safari/537.36"
52.167.144.172 - - [12/Oct/2025:04:22:12 +0200] "GET /bg/13-artisti?q=%D0%9A%D0%B0%D1%82%D0%B5%D0%B3%D0%BE%D1%80%D0%B8%D0%B8-AESPA-ASTRO-ENHYPEN-IVE-JEON+SOMI-JIHYO-JISOO-NMIXX-STAYC-TREASURE-TWICE-V+%28BTS%29-NCT+DREAM/%D0%9D%D0%B0%D0%BB%D0%B8%D1%87%D0%BD%D0%BE%D1%81%D1%82-%D0%92+%D0%BD%D0%B0%D0%BB%D0%B8%D1%87%D0%BD%D0%BE%D1%81%D1%82 HTTP/2.0" 200 21642 "-" "Mozilla/5.0 AppleWebKit/537.36 (KHTML, like Gecko; compatible; bingbot/2.0; +http://www.bing.com/bingbot.htm) Chrome/116.0.1938.76 Safari/537.36"
40.77.167.7 - - [12/Oct/2025:04:22:12 +0200] "GET /en/13-artist?q=Categories-AESPA-BABYMONSTER-BLACKPINK-ENHYPEN-ILLIT-ITZY-JIHYO-KAI-NMIXX-SEVENTEEN-STAYC-TWICE-WayV-ZEROBASEONE-ATEEZ HTTP/2.0" 200 19876 "-" "Mozilla/5.0 AppleWebKit/537.36 (KHTML, like Gecko; compatible; bingbot/2.0; +http://www.bing.com/bingbot.htm) Chrome/116.0.1938.76 Safari/537.36"
40.77.167.7 - - [12/Oct/2025:04:22:13 +0200] "GET /bg/13-artisti?q=%D0%9A%D0%B0%D1%82%D0%B5%D0%B3%D0%BE%D1%80%D0%B8%D0%B8-AESPA-ATEEZ-BTS-ENHYPEN-GOT+THE+BEAT-ITZY-IVE-KAI-LISA-NCT-NCT+DREAM-NEW+JEANS-STRAYKIDS-TREASURE-TWICE-TXT-JIHYO HTTP/2.0" 200 21475 "-" "Mozilla/5.0 AppleWebKit/537.36 (KHTML, like Gecko; compatible; bingbot/2.0; +http://www.bing.com/bingbot.htm) Chrome/116.0.1938.76 Safari/537.36"
40.77.167.7 - - [12/Oct/2025:04:22:13 +0200] "GET /bg/13-artisti?q=%D0%9A%D0%B0%D1%82%D0%B5%D0%B3%D0%BE%D1%80%D0%B8%D0%B8-JISOO-NMIXX-STRAYKIDS-ITZY HTTP/2.0" 200 21322 "-" "Mozilla/5.0 AppleWebKit/537.36 (KHTML, like Gecko; compatible; bingbot/2.0; +http://www.bing.com/bingbot.htm) Chrome/116.0.1938.76 Safari/537.36"
217.113.194.102 - - [12/Oct/2025:04:22:24 +0200] "GET /en/13-artist?q=Categories-AESPA-NCT+DREAM&page=3 HTTP/1.1" 200 19810 "-" "Mozilla/5.0 (compatible; Barkrowler/0.9; +https://babbar.tech/crawler)"
114.119.137.2 - - [12/Oct/2025:04:22:29 +0200] "GET /en/2-nachalo?SubmitCurrency=1&id_currency=1&q=Brand-HIGHUP%2BENTERTAINMENT&order=product.name.asc HTTP/1.1" 200 15695 "https://kpopbg.com/en/2-nachalo?SubmitCurrency=1&id_currency=1&q=Brand-HIGHUP%2BENTERTAINMENT&order=product.name.asc" "Mozilla/5.0 (Linux; Android 7.0;) AppleWebKit/537.36 (KHTML, like Gecko) Mobile Safari/537.36 (compatible; PetalBot;+https://webmaster.petalsearch.com/site/petalbot)"
52.167.144.172 - - [12/Oct/2025:04:22:32 +0200] "GET /bg/13-artisti?q=%D0%9A%D0%B0%D1%82%D0%B5%D0%B3%D0%BE%D1%80%D0%B8%D0%B8-AESPA-BLACKPINK-BTS-ENHYPEN-ITZY-JIHYO-JUNG+KOOK+%28BTS%29-LISA-NMIXX-STRAYKIDS-TWICE-NCT+127 HTTP/2.0" 200 21458 "-" "Mozilla/5.0 AppleWebKit/537.36 (KHTML, like Gecko; compatible; bingbot/2.0; +http://www.bing.com/bingbot.htm) Chrome/116.0.1938.76 Safari/537.36"
