40.77.167.25 - - [12/Oct/2025:05:04:12 +0200] "GET /en/13-artist?q=Categories-BABYMONSTER-BLACKPINK-BOYNEXTDOOR-BTS-ENHYPEN-LISA-NCT-STAYC-ZEROBASEONE-ASTRO HTTP/2.0" 200 19829 "-" "Mozilla/5.0 AppleWebKit/537.36 (KHTML, like Gecko; compatible; bingbot/2.0; +http://www.bing.com/bingbot.htm) Chrome/116.0.1938.76 Safari/537.36"
114.119.136.175 - - [12/Oct/2025:05:04:16 +0200] "GET /en/13-artist?q=Categories-STAYC-TXT/Brand-YG%2BEntertainment&order=product.position.asc HTTP/1.1" 200 19630 "https://kpopbg.com/en/13-artist?q=Categories-STAYC-TXT/Brand-YG%2BEntertainment&order=product.price.asc&page=6" "Mozilla/5.0 (Linux; Android 7.0;) AppleWebKit/537.36 (KHTML, like Gecko) Mobile Safari/537.36 (compatible; PetalBot;+https://webmaster.petalsearch.com/site/petalbot)"
40.77.167.151 - - [12/Oct/2025:05:04:20 +0200] "GET /bg/13-artisti?q=%D0%9A%D0%B0%D1%82%D0%B5%D0%B3%D0%BE%D1%80%D0%B8%D0%B8-AESPA-ATEEZ-BABYMONSTER-BOYNEXTDOOR-BTS-ENHYPEN-GOT+THE+BEAT-ILLIT-JIHYO-LE+SSERAFIM-NMIXX-RIIZE-SEVENTEEN-STAYC-STRAYKIDS-TREASURE-TXT-WayV-ZEROBASEONE-Dreamcatcher HTTP/2.0" 200 21560 "-" "Mozilla/5.0 AppleWebKit/537.36 (KHTML, like Gecko; compatible; bingbot/2.0; +http://www.bing.com/bingbot.htm) Chrome/116.0.1938.76 Safari/537.36"
217.113.194.108 - - [12/Oct/2025:05:04:27 +0200] "GET /en/13-artist?q=Categories-TWICE-V+%28BTS%29-ITZY HTTP/1.1" 200 19715 "-" "Mozilla/5.0 (compatible; Barkrowler/0.9; +https://babbar.tech/crawler)"
40.77.167.25 - - [12/Oct/2025:05:04:40 +0200] "GET /bg/13-artisti?q=%D0%9A%D0%B0%D1%82%D0%B5%D0%B3%D0%BE%D1%80%D0%B8%D0%B8-AESPA-ATEEZ-BABYMONSTER-BOYNEXTDOOR-BTS-ENHYPEN-ILLIT-ITZY-IVE-JIHYO-LISA-NMIXX-RIIZE-ROSE+%28BLACKPINK%29-STAYC-TXT-WayV-ZEROBASEONE-Tzuyu+%28TWICE%29 HTTP/2.0" 200 21530 "-" "Mozilla/5.0 AppleWebKit/537.36 (KHTML, like Gecko; compatible; bingbot/2.0; +http://www.bing.com/bingbot.htm) Chrome/116.0.1938.76 Safari/537.36"
40.77.167.25 - - [12/Oct/2025:05:04:41 +0200] "GET /bg/13-artisti?q=%D0%9A%D0%B0%D1%82%D0%B5%D0%B3%D0%BE%D1%80%D0%B8%D0%B8-ATEEZ-BABYMONSTER-BLACKPINK-BOYNEXTDOOR-ENHYPEN-GOT+THE+BEAT-ILLIT-IVE-JENNIE+%28BLACKPINK%29-JIHYO-KISS+OF+LIFE-RIIZE-SEVENTEEN-STRAYKIDS-TXT-WayV-ZEROBASEONE-NCT+WISH HTTP/2.0" 200 21625 "-" "Mozilla/5.0 AppleWebKit/537.36 (KHTML, like Gecko; compatible; bingbot/2.0; +http://www.bing.com/bingbot.htm) Chrome/116.0.1938.76 Safari/537.36"
40.77.167.255 - - [12/Oct/2025:05:04:41 +0200] "GET /en/13-artist?q=%D0%9A%D0%B0%D1%82%D0%B5%D0%B3%D0%BE%D1%80%D0%B8%D0%B8-ATEEZ-BOYNEXTDOOR-ENHYPEN-ILLIT-IVE-JIHYO-LISA-NMIXX-RIIZE-SEVENTEEN-STRAYKIDS-TWICE-TXT-WayV-ZEROBASEONE-Kep1er HTTP/2.0" 200 19948 "-" "Mozilla/5.0 AppleWebKit/537.36 (KHTML, like Gecko; compatible; bingbot/2.0; +http://www.bing.com/bingbot.htm) Chrome/116.0.1938.76 Safari/537.36"
217.113.194.108 - - [12/Oct/2025:05:04:51 +0200] "GET /en/13-artist?q=Categories-IVE-Dreamcatcher&order=product.name.asc&page=3 HTTP/1.1" 200 19617 "-" "Mozilla/5.0 (compatible; Barkrowler/0.9; +https://babbar.tech/crawler)"
40.77.167.255 - - [12/Oct/2025:05:04:52 +0200] "GET /bg/13-artisti?q=%D0%9A%D0%B0%D1%82%D0%B5%D0%B3%D0%BE%D1%80%D0%B8%D0%B8-ATEEZ-BABYMONSTER-BOYNEXTDOOR-ENHYPEN-ILLIT-IVE-Jin+%28BTS%29-Kep1er-NEW+JEANS-NMIXX-P1Harmony-RIIZE-SEVENTEEN-STAYC-STRAYKIDS-TREASURE-TXT-WayV-ZEROBASEONE-BTS HTTP/2.0" 200 21559 "-" "Mozilla/5.0 AppleWebKit/537.36 (KHTML, like Gecko; compatible; bingbot/2.0; +http://www.bing.com/bingbot.htm) Chrome/116.0.1938.76 Safari/537.36"
40.77.167.255 - - [12/Oct/2025:05:04:53 +0200] "GET /bg/13-artisti?q=%D0%9A%D0%B0%D1%82%D0%B5%D0%B3%D0%BE%D1%80%D0%B8%D0%B8-ATEEZ-BABYMONSTER-BLACKPINK-BOYNEXTDOOR-ENHYPEN-GOT+THE+BEAT-ILLIT-IVE-JENNIE+%28BLACKPINK%29-JIHYO-JISOO+%28BLACKPINK%29-Kep1er-RIIZE-ROSE+%28BLACKPINK%29-STAYC-STRAYKIDS-TREASURE-TWICE-WayV-xikers-ZEROBASEONE-Jin+%28BTS%29 HTTP/2.0" 200 21678 "-" "Mozilla/5.0 AppleWebKit/537.36 (KHTML, like Gecko; compatible; bingbot/2.0; +http://www.bing.com/bingbot.htm) Chrome/116.0.1938.76 Safari/537.36"
40.77.167.151 - - [12/Oct/2025:05:04:57 +0200] "GET /bg/13-artisti?q=%D0%9A%D0%B0%D1%82%D0%B5%D0%B3%D0%BE%D1%80%D0%B8%D0%B8-AESPA-ATEEZ-BABYMONSTER-BLACKPINK-BOYNEXTDOOR-ENHYPEN-ILLIT-ITZY-JIHYO-JUNG+KOOK+%28BTS%29-KAI-Kep1er-LISA-NMIXX-P1Harmony-TREASURE-TXT-WayV-xikers-ZEROBASEONE-BTS HTTP/2.0" 200 21549 "-" "Mozilla/5.0 AppleWebKit/537.36 (KHTML, like Gecko; compatible; bingbot/2.0; +http://www.bing.com/bingbot.htm) Chrome/116.0.1938.76 Safari/537.36"
40.77.167.151 - - [12/Oct/2025:05:04:58 +0200] "GET /bg/13-artisti?q=%D0%9A%D0%B0%D1%82%D0%B5%D0%B3%D0%BE%D1%80%D0%B8%D0%B8-AESPA-ATEEZ-BABYMONSTER-BOYNEXTDOOR-ENHYPEN-ILLIT-ITZY-IVE-JIHYO-Kep1er-LISA-RIIZE-TWICE-WayV-ZEROBASEONE-NCT+WISH HTTP/2.0" 200 21466 "-" "Mozilla/5.0 AppleWebKit/537.36 (KHTML, like Gecko; compatible; bingbot/2.0; +http://www.bing.com/bingbot.htm) Chrome/116.0.1938.76 Safari/537.36"
162.62.213.187 - - [12/Oct/2025:05:04:58 +0200] "GET /bg/nachalo/250-494-illit-ill-like-you-2nd-mini-album-gllit-ver-8809704428873 HTTP/1.1" 200 18992 "-" "Mozilla/5.0 (iPhone; CPU iPhone OS 13_2_3 like Mac OS X) AppleWebKit/605.1.15 (KHTML, like Gecko) Version/13.0.3 Mobile/15E148 Safari/604.1"
40.77.167.25 - - [12/Oct/2025:05:05:00 +0200] "GET /bg/13-artisti?q=%D0%9A%D0%B0%D1%82%D0%B5%D0%B3%D0%BE%D1%80%D0%B8%D0%B8-ATEEZ-BABYMONSTER-BLACKPINK-BOYNEXTDOOR-Dreamcatcher-ENHYPEN-GOT+THE+BEAT-ILLIT-ITZY-IVE-JIHYO-Kep1er-LISA+%28BLACKPINK%29-NMIXX-P1Harmony-RIIZE-ROSE+%28BLACKPINK%29-SEVENTEEN-STRAYKIDS-TREASURE-TWICE-Tzuyu+%28TWICE%29-WayV-ZEROBASEONE-XDINARY+HEROES HTTP/2.0" 200 21732 "-" "Mozilla/5.0 AppleWebKit/537.36 (KHTML, like Gecko; compatible; bingbot/2.0; +http://www.bing.com/bingbot.htm) Chrome/116.0.1938.76 Safari/537.36"
40.77.167.25 - - [12/Oct/2025:05:05:01 +0200] "GET /en/13-artist?q=Categories-ASTRO-BABYMONSTER-BTS-ENHYPEN-ILLIT-NCT-SEVENTEEN-STRAYKIDS-TXT-ZEROBASEONE-LE+SSERAFIM HTTP/2.0" 200 19843 "-" "Mozilla/5.0 AppleWebKit/537.36 (KHTML, like Gecko; compatible; bingbot/2.0; +http://www.bing.com/bingbot.htm) Chrome/116.0.1938.76 Safari/537.36"
40.77.167.25 - - [12/Oct/2025:05:05:03 +0200] "GET /bg/13-artisti?q=%D0%9A%D0%B0%D1%82%D0%B5%D0%B3%D0%BE%D1%80%D0%B8%D0%B8-AESPA-ATEEZ-BABYMONSTER-BLACKPINK-BOYNEXTDOOR-ENHYPEN-ITZY-IVE-JIHYO-LE+SSERAFIM-LISA-NMIXX-RIIZE-SEVENTEEN-STAYC-STRAYKIDS-TREASURE-TWICE-TXT-WayV-ZEROBASEONE-JENNIE+%28BLACKPINK%29 HTTP/2.0" 200 21629 "-" "Mozilla/5.0 AppleWebKit/537.36 (KHTML, like Gecko; compatible; bingbot/2.0; +http://www.bing.com/bingbot.htm) Chrome/116.0.1938.76 Safari/537.36"
40.77.167.151 - - [12/Oct/2025:05:05:06 +0200] "GET /bg/13-artisti?q=%D0%9A%D0%B0%D1%82%D0%B5%D0%B3%D0%BE%D1%80%D0%B8%D0%B8-AESPA-BLACKPINK-BTS-ENHYPEN-ITZY-JIHYO-KAI-NMIXX-STAYC-TWICE-STRAYKIDS/%D0%9D%D0%B0%D0%BB%D0%B8%D1%87%D0%BD%D0%BE%D1%81%D1%82-%D0%92+%D0%BD%D0%B0%D0%BB%D0%B8%D1%87%D0%BD%D0%BE%D1%81%D1%82-%D0%9D%D1%8F%D0%BC%D0%B0+%D0%BD%D0%B0%D0%BB%D0%B8%D1%87%D0%BD%D0%BE%D1%81%D1%82 HTTP/2.0" 200 21621 "-" "Mozilla/5.0 AppleWebKit/537.36 (KHTML, like Gecko; compatible; bingbot/2.0; +http://www.bing.com/bingbot.htm) Chrome/116.0.1938.76 Safari/537.36"
40.77.167.151 - - [12/Oct/2025:05:05:06 +0200] "GET /bg/13-artisti?q=%D0%9A%D0%B0%D1%82%D0%B5%D0%B3%D0%BE%D1%80%D0%B8%D0%B8-AESPA-ATEEZ-BABYMONSTER-BLACKPINK-BOYNEXTDOOR-ENHYPEN-ILLIT-IVE-JIHYO-LISA-NMIXX-SEVENTEEN-STAYC-TREASURE-TWICE-TXT-ZEROBASEONE-P1Harmony HTTP/2.0" 200 21492 "-" "Mozilla/5.0 AppleWebKit/537.36 (KHTML, like Gecko; compatible; bingbot/2.0; +http://www.bing.com/bingbot.htm) Chrome/116.0.1938.76 Safari/537.36"
40.77.167.255 - - [12/Oct/2025:05:05:07 +0200] "GET /bg/13-artisti?q=%D0%9A%D0%B0%D1%82%D0%B5%D0%B3%D0%BE%D1%80%D0%B8%D0%B8-AESPA-ATEEZ-BABYMONSTER-BLACKPINK-BOYNEXTDOOR-ENHYPEN-ILLIT-ITZY-JIHYO-KAI-Kep1er-LISA-NMIXX-STAYC-TXT-ZEROBASEONE-STRAYKIDS HTTP/2.0" 200 21476 "-" "Mozilla/5.0 AppleWebKit/537.36 (KHTML, like Gecko; compatible; bingbot/2.0; +http://www.bing.com/bingbot.htm) Chrome/116.0.1938.76 Safari/537.36"
40.77.167.255 - - [12/Oct/2025:05:05:07 +0200] "GET /bg/13-artisti?q=%D0%9A%D0%B0%D1%82%D0%B5%D0%B3%D0%BE%D1%80%D0%B8%D0%B8-AESPA-ATEEZ-BABYMONSTER-BLACKPINK-BOYNEXTDOOR-ENHYPEN-GOT+THE+BEAT-ITZY-IVE-JIHYO-LISA-NMIXX-P1Harmony-RIIZE-SEVENTEEN-STAYC-STRAYKIDS-TWICE-WayV-ZEROBASEONE-Dreamcatcher&page=18 HTTP/2.0" 200 21719 "-" "Mozilla/5.0 AppleWebKit/537.36 (KHTML, like Gecko; compatible; bingbot/2.0; +http://www.bing.com/bingbot.htm) Chrome/116.0.1938.76 Safari/537.36"
40.77.167.255 - - [12/Oct/2025:05:05:07 +0200] "GET /bg/13-artisti?q=%D0%9A%D0%B0%D1%82%D0%B5%D0%B3%D0%BE%D1%80%D0%B8%D0%B8-AESPA-BABYMONSTER-BLACKPINK-BTS-ENHYPEN-GOT+THE+BEAT-ILLIT-ITZY-KAI-LISA-NMIXX-SEVENTEEN-STRAYKIDS-TREASURE-ZEROBASEONE-IVE HTTP/2.0" 200 21481 "-" "Mozilla/5.0 AppleWebKit/537.36 (KHTML, like Gecko; compatible; bingbot/2.0; +http://www.bing.com/bingbot.htm) Chrome/116.0.1938.76 Safari/537.36"
40.77.167.255 - - [12/Oct/2025:05:05:07 +0200] "GET /bg/13-artisti?q=%D0%9A%D0%B0%D1%82%D0%B5%D0%B3%D0%BE%D1%80%D0%B8%D0%B8-ATEEZ-BABYMONSTER-BLACKPINK-BOYNEXTDOOR-ENHYPEN-GOT+THE+BEAT-ILLIT-IVE-JENNIE+%28BLACKPINK%29-JIHYO-JISOO+%28BLACKPINK%29-LISA+%28BLACKPINK%29-NMIXX-RIIZE-RM+%28BTS%29-SEVENTEEN-STAYC-STRAYKIDS-TREASURE-TWICE-WayV-ZEROBASEONE-JUNG+KOOK+%28BTS%29 HTTP/2.0" 200 21709 "-" "Mozilla/5.0 AppleWebKit/537.36 (KHTML, like Gecko; compatible; bingbot/2.0; +http://www.bing.com/bingbot.htm) Chrome/116.0.1938.76 Safari/537.36"
40.77.167.255 - - [12/Oct/2025:05:05:08 +0200] "GET /bg/13-artisti?q=%D0%9A%D0%B0%D1%82%D0%B5%D0%B3%D0%BE%D1%80%D0%B8%D0%B8-ATEEZ-BABYMONSTER-BLACKPINK-BOYNEXTDOOR-ENHYPEN-GOT+THE+BEAT-ILLIT-IVE-JENNIE+%28BLACKPINK%29-JIHYO-JISOO+%28BLACKPINK%29-Kep1er-RIIZE-ROSE+%28BLACKPINK%29-STAYC-STRAYKIDS-TREASURE-TWICE-WayV-ZEROBASEONE-NAYEON+%28TWICE%29 HTTP/2.0" 200 21667 "-" "Mozilla/5.0 AppleWebKit/537.36 (KHTML, like Gecko; compatible; bingbot/2.0; +http://www.bing.com/bingbot.htm) Chrome/116.0.1938.76 Safari/537.36"
40.77.167.255 - - [12/Oct/2025:05:05:08 +0200] "GET /bg/13-artisti?q=%D0%9A%D0%B0%D1%82%D0%B5%D0%B3%D0%BE%D1%80%D0%B8%D0%B8-AESPA-ATEEZ-BABYMONSTER-BLACKPINK-BOYNEXTDOOR-ENHYPEN-GOT+THE+BEAT-ILLIT-IVE-JIHYO-LISA-NMIXX-P1Harmony-RIIZE-STAYC-TWICE-XDINARY+HEROES-ZEROBASEONE-ITZY HTTP/2.0" 200 21522 "-" "Mozilla/5.0 AppleWebKit/537.36 (KHTML, like Gecko; compatible; bingbot/2.0; +http://www.bing.com/bingbot.htm) Chrome/116.0.1938.76 Safari/537.36"
217.113.194.103 - - [12/Oct/2025:05:05:10 +0200] "GET /en/13-artist?q=Categories-AESPA-ITZY&order=product.name.desc HTTP/1.1" 200 19944 "-" "Mozilla/5.0 (compatible; Barkrowler/0.9; +https://babbar.tech/crawler)"
40.77.167.255 - - [12/Oct/2025:05:05:16 +0200] "GET /bg/13-artisti?q=%D0%9A%D0%B0%D1%82%D0%B5%D0%B3%D0%BE%D1%80%D0%B8%D0%B8-AESPA-BLACKPINK-BTS-ENHYPEN-GOT+THE+BEAT-ITZY-IVE-JUNG+KOOK+%28BTS%29-KAI-LE+SSERAFIM-LISA-NCT-STAYC-STRAYKIDS-TREASURE-TWICE-TXT HTTP/2.0" 200 21511 "-" "Mozilla/5.0 AppleWebKit/537.36 (KHTML, like Gecko; compatible; bingbot/2.0; +http://www.bing.com/bingbot.htm) Chrome/116.0.1938.76 Safari/537.36"
217.113.194.109 - - [12/Oct/2025:05:05:26 +0200] "GET /en/13-artist?q=Categories-BABYMONSTER-TXT-WayV&page=17 HTTP/1.1" 200 19631 "-" "Mozilla/5.0 (compatible; Barkrowler/0.9; +https://babbar.tech/crawler)"
40.77.167.151 - - [12/Oct/2025:05:05:26 +0200] "GET /bg/13-artisti?q=%D0%9A%D0%B0%D1%82%D0%B5%D0%B3%D0%BE%D1%80%D0%B8%D0%B8-AESPA-BLACKPINK-ENHYPEN-ITZY-IVE-JISOO-KAI-LE+SSERAFIM-LISA-NMIXX-TREASURE-TWICE-TXT/%D0%9D%D0%B0%D0%BB%D0%B8%D1%87%D0%BD%D0%BE%D1%81%D1%82-%D0%92+%D0%BD%D0%B0%D0%BB%D0%B8%D1%87%D0%BD%D0%BE%D1%81%D1%82/%D0%9C%D0%B0%D1%80%D0%BA%D0%B0-SM+Entertainment&page=19 HTTP/2.0" 200 21727 "-" "Mozilla/5.0 AppleWebKit/537.36 (KHTML, like Gecko; compatible; bingbot/2.0; +http://www.bing.com/bingbot.htm) Chrome/116.0.1938.76 Safari/537.36"
40.77.167.151 - - [12/Oct/2025:05:05:26 +0200] "GET /en/13-artist?q=Categories-AESPA-BABYMONSTER-BLACKPINK-ENHYPEN-ILLIT-ITZY-JIHYO-KAI-LISA-NMIXX-P1Harmony-RM+%28BTS%29-SEVENTEEN-TWICE-TXT-ZEROBASEONE HTTP/2.0" 200 19902 "-" "Mozilla/5.0 AppleWebKit/537.36 (KHTML, like Gecko; compatible; bingbot/2.0; +http://www.bing.com/bingbot.htm) Chrome/116.0.1938.76 Safari/537.36"
40.77.167.255 - - [12/Oct/2025:05:05:27 +0200] "GET /bg/13-artisti?q=%D0%9A%D0%B0%D1%82%D0%B5%D0%B3%D0%BE%D1%80%D0%B8%D0%B8-AESPA-ASTRO-ATEEZ-BTS-ENHYPEN-JISOO-KAI-NMIXX-STAYC-TWICE/%D0%9D%D0%B0%D0%BB%D0%B8%D1%87%D0%BD%D0%BE%D1%81%D1%82-%D0%92+%D0%BD%D0%B0%D0%BB%D0%B8%D1%87%D0%BD%D0%BE%D1%81%D1%82-%D0%9D%D1%8F%D0%BC%D0%B0+%D0%BD%D0%B0%D0%BB%D0%B8%D1%87%D0%BD%D0%BE%D1%81%D1%82 HTTP/2.0" 200 21605 "-" "Mozilla/5.0 AppleWebKit/537.36 (KHTML, like Gecko; compatible; bingbot/2.0; +http://www.bing.com/bingbot.htm) Chrome/116.0.1938.76 Safari/537.36"
40.77.167.151 - - [12/Oct/2025:05:05:27 +0200] "GET /bg/13-artisti?q=%D0%9A%D0%B0%D1%82%D0%B5%D0%B3%D0%BE%D1%80%D0%B8%D0%B8-AESPA-BABYMONSTER-BLACKPINK-BOYNEXTDOOR-BTS-ENHYPEN-ILLIT-IVE-JIHYO-KAI-LISA-NMIXX-P1Harmony-RIIZE-STRAYKIDS-TWICE-WayV-xikers-ZEROBASEONE&page=3 HTTP/2.0" 200 21711 "-" "Mozilla/5.0 AppleWebKit/537.36 (KHTML, like Gecko; compatible; bingbot/2.0; +http://www.bing.com/bingbot.htm) Chrome/116.0.1938.76 Safari/537.36"
40.77.167.151 - - [12/Oct/2025:05:05:27 +0200] "GET /en/13-artist?q=Categories-ATEEZ-BABYMONSTER-BLACKPINK-BOYNEXTDOOR-ENHYPEN-ILLIT-ITZY-KAI-LISA-NMIXX-P1Harmony-STAYC-TREASURE-TWICE-ZEROBASEONE-SEVENTEEN HTTP/2.0" 200 19893 "-" "Mozilla/5.0 AppleWebKit/537.36 (KHTML, like Gecko; compatible; bingbot/2.0; +http://www.bing.com/bingbot.htm) Chrome/116.0.1938.76 Safari/537.36"
40.77.167.255 - - [12/Oct/2025:05:05:27 +0200] "GET /en/13-artist?q=Categories-AESPA-ASTRO-ATEEZ-BABYMONSTER-ENHYPEN-ILLIT-ITZY-JIHYO-KAI-LISA-NMIXX-P1Harmony-STRAYKIDS-TXT-ZEROBASEONE-SEVENTEEN HTTP/2.0" 200 19885 "-" "Mozilla/5.0 AppleWebKit/537.36 (KHTML, like Gecko; compatible; bingbot/2.0; +http://www.bing.com/bingbot.htm) Chrome/116.0.1938.76 Safari/537.36"
40.77.167.151 - - [12/Oct/2025:05:05:29 +0200] "GET /bg/13-artisti?q=%D0%9A%D0%B0%D1%82%D0%B5%D0%B3%D0%BE%D1%80%D0%B8%D0%B8-ATEEZ-BABYMONSTER-BLACKPINK-BOYNEXTDOOR-BTS-ENHYPEN-GOT+THE+BEAT-ILLIT-IVE-JENNIE+%28BLACKPINK%29-LISA+%28BLACKPINK%29-NMIXX-RIIZE-ROSE+%28BLACKPINK%29-SEVENTEEN-STRAYKIDS-TREASURE-TWICE-WayV-ZEROBASEONE-xikers HTTP/2.0" 200 21648 "-" "Mozilla/5.0 AppleWebKit/537.36 (KHTML, like Gecko; compatible; bingbot/2.0; +http://www.bing.com/bingbot.htm) Chrome/116.0.1938.76 Safari/537.36"
40.77.167.151 - - [12/Oct/2025:05:05:36 +0200] "GET /bg/13-artisti?q=%D0%9A%D0%B0%D1%82%D0%B5%D0%B3%D0%BE%D1%80%D0%B8%D0%B8-AESPA-ATEEZ-BABYMONSTER-BLACKPINK-BTS-ENHYPEN-ILLIT-ITZY-JIHYO-KAI-Kep1er-LISA-NAYEON+%28TWICE%29-NMIXX-RIIZE-TREASURE-TWICE-TXT-xikers-ZEROBASEONE-GOT+THE+BEAT&page=18 HTTP/2.0" 200 21716 "-" "Mozilla/5.0 AppleWebKit/537.36 (KHTML, like Gecko; compatible; bingbot/2.0; +http://www.bing.com/bingbot.htm) Chrome/116.0.1938.76 Safari/537.36"
40.77.167.151 - - [12/Oct/2025:05:05:37 +0200] "GET /bg/13-artisti?q=%D0%9A%D0%B0%D1%82%D0%B5%D0%B3%D0%BE%D1%80%D0%B8%D0%B8-AESPA-ATEEZ-BABYMONSTER-BLACKPINK-BOYNEXTDOOR-Dreamcatcher-ENHYPEN-GOT+THE+BEAT-ILLIT-IVE-JIHYO-LISA-NCT+DOYOUNG-NEW+JEANS-NMIXX-P1Harmony-RIIZE-ROSE+%28BLACKPINK%29-STAYC-TWICE-WayV-ZEROBASEONE-STRAYKIDS HTTP/2.0" 200 21680 "-" "Mozilla/5.0 AppleWebKit/537.36 (KHTML, like Gecko; compatible; bingbot/2.0; +http://www.bing.com/bingbot.htm) Chrome/116.0.1938.76 Safari/537.36"
40.77.167.151 - - [12/Oct/2025:05:05:37 +0200] "GET /bg/13-artisti?q=%D0%9A%D0%B0%D1%82%D0%B5%D0%B3%D0%BE%D1%80%D0%B8%D0%B8-ATEEZ-BABYMONSTER-BLACKPINK-BOYNEXTDOOR-BTS-ENHYPEN-ILLIT-ITZY-IVE-JIHYO-LISA-NCT+127-NMIXX-SEVENTEEN-STAYC-TREASURE-TWICE-ZEROBASEONE-NCT+WISH HTTP/2.0" 200 21523 "-" "Mozilla/5.0 AppleWebKit/537.36 (KHTML, like Gecko; compatible; bingbot/2.0; +http://www.bing.com/bingbot.htm) Chrome/116.0.1938.76 Safari/537.36"
114.119.128.20 - - [12/Oct/2025:05:05:40 +0200] "GET /en/13-artist?q=Categories-STAYC-TWICE-TXT/Availability-In%2Bstock&order=product.reference.asc HTTP/1.1" 200 19890 "https://kpopbg.com/en/13-artist?q=Categories-STAYC-TWICE-TXT/Availability-In%2Bstock&order=product.reference.asc" "Mozilla/5.0 (Linux; Android 7.0;) AppleWebKit/537.36 (KHTML, like Gecko) Mobile Safari/537.36 (compatible; PetalBot;+https://webmaster.petalsearch.com/site/petalbot)"
217.113.194.107 - - [12/Oct/2025:05:05:43 +0200] "GET /en/13-artist?q=Categories-NEW+JEANS-TREASURE&page=2 HTTP/1.1" 200 19749 "-" "Mozilla/5.0 (compatible; Barkrowler/0.9; +https://babbar.tech/crawler)"
40.77.167.255 - - [12/Oct/2025:05:05:47 +0200] "GET /bg/13-artisti?q=%D0%9A%D0%B0%D1%82%D0%B5%D0%B3%D0%BE%D1%80%D0%B8%D0%B8-AESPA-BABYMONSTER-BLACKPINK-BOYNEXTDOOR-ENHYPEN-GOT+THE+BEAT-ILLIT-JIHYO-Kep1er-LE+SSERAFIM-LISA-NMIXX-RIIZE-STRAYKIDS-TWICE-WayV-ZEROBASEONE-SEVENTEEN HTTP/2.0" 200 21605 "-" "Mozilla/5.0 AppleWebKit/537.36 (KHTML, like Gecko; compatible; bingbot/2.0; +http://www.bing.com/bingbot.htm) Chrome/116.0.1938.76 Safari/537.36"
40.77.167.255 - - [12/Oct/2025:05:05:47 +0200] "GET /bg/13-artisti?q=%D0%9A%D0%B0%D1%82%D0%B5%D0%B3%D0%BE%D1%80%D0%B8%D0%B8-AESPA-ASTRO-BABYMONSTER-BLACKPINK-BOYNEXTDOOR-BTS-ENHYPEN-GOT+THE+BEAT-ILLIT-ITZY-KAI-LISA-NEW+JEANS-NMIXX-SEVENTEEN-TREASURE-TWICE-ZEROBASEONE-NCT+DREAM HTTP/2.0" 200 21541 "-" "Mozilla/5.0 AppleWebKit/537.36 (KHTML, like Gecko; compatible; bingbot/2.0; +http://www.bing.com/bingbot.htm) Chrome/116.0.1938.76 Safari/537.36"
217.113.194.105 - - [12/Oct/2025:05:05:59 +0200] "GET /en/13-artist?q=Categories-Kep1er&order=product.reference.asc&page=19 HTTP/1.1" 200 19739 "-" "Mozilla/5.0 (compatible; Barkrowler/0.9; +https://babbar.tech/crawler)"
40.77.167.25 - - [12/Oct/2025:05:06:01 +0200] "GET /bg/13-artisti?q=%D0%9A%D0%B0%D1%82%D0%B5%D0%B3%D0%BE%D1%80%D0%B8%D0%B8-AESPA-BABYMONSTER-BLACKPINK-BOYNEXTDOOR-ENHYPEN-GOT+THE+BEAT-ILLIT-JIHYO-KAI-LISA-RIIZE-TWICE-WayV-ZEROBASEONE-LE+SSERAFIM HTTP/2.0" 200 21571 "-" "Mozilla/5.0 AppleWebKit/537.36 (KHTML, like Gecko; compatible; bingbot/2.0; +http://www.bing.com/bingbot.htm) Chrome/116.0.1938.76 Safari/537.36"
40.77.167.25 - - [12/Oct/2025:05:06:02 +0200] "GET /bg/13-artisti?q=%D0%9A%D0%B0%D1%82%D0%B5%D0%B3%D0%BE%D1%80%D0%B8%D0%B8-AESPA-ATEEZ-BABYMONSTER-BOYNEXTDOOR-ENHYPEN-GOT+THE+BEAT-ILLIT-JIHYO-LISA-NCT+JAEHYUN-NMIXX-STRAYKIDS-TWICE-WayV-ZEROBASEONE-Tzuyu+%28TWICE%29&page=3 HTTP/2.0" 200 21727 "-" "Mozilla/5.0 AppleWebKit/537.36 (KHTML, like Gecko; compatible; bingbot/2.0; +http://www.bing.com/bingbot.htm) Chrome/116.0.1938.76 Safari/537.36"
40.77.167.25 - - [12/Oct/2025:05:06:02 +0200] "GET /en/13-artist?q=Categories-BABYMONSTER-BTS-CHA+EUN+WOO+%28ASTRO%29-ENHYPEN-GOT+THE+BEAT-ILLIT-ITZY-JIMIN+%28BTS%29-TWICE-TXT-xikers-ZEROBASEONE-THE+BOYZ HTTP/2.0" 200 19917 "-" "Mozilla/5.0 AppleWebKit/537.36 (KHTML, like Gecko; compatible; bingbot/2.0; +http://www.bing.com/bingbot.htm) Chrome/116.0.1938.76 Safari/537.36"
40.77.167.25 - - [12/Oct/2025:05:06:02 +0200] "GET /bg/13-artisti?q=%D0%9A%D0%B0%D1%82%D0%B5%D0%B3%D0%BE%D1%80%D0%B8%D0%B8-AESPA-ATEEZ-BLACKPINK-ENHYPEN-GOT+THE+BEAT-ITZY-JIHYO-KAI-LISA-NCT-NEW+JEANS-NMIXX-STAYC-STRAYKIDS-TREASURE-TWICE-TXT HTTP/2.0" 200 21483 "-" "Mozilla/5.0 AppleWebKit/537.36 (KHTML, like Gecko; compatible; bingbot/2.0; +http://www.bing.com/bingbot.htm) Chrome/116.0.1938.76 Safari/537.36"
40.77.167.25 - - [12/Oct/2025:05:06:03 +0200] "GET /en/13-artist?q=Categories-AESPA-ASTRO-BABYMONSTER-BTS-ENHYPEN-ILLIT-NCT-NMIXX-P1Harmony-STRAYKIDS-TXT-ZEROBASEONE-IVE HTTP/2.0" 200 19852 "-" "Mozilla/5.0 AppleWebKit/537.36 (KHTML, like Gecko; compatible; bingbot/2.0; +http://www.bing.com/bingbot.htm) Chrome/116.0.1938.76 Safari/537.36"
217.113.194.108 - - [12/Oct/2025:05:06:15 +0200] "GET /en/13-artist?q=Categories-ATEEZ-ILLIT-TWICE&page=18 HTTP/1.1" 200 19854 "-" "Mozilla/5.0 (compatible; Barkrowler/0.9; +https://babbar.tech/crawler)"
217.113.194.104 - - [12/Oct/2025:05:06:32 +0200] "GET /en/13-artist?q=Categories-ITZY-NEW+JEANS&page=16 HTTP/1.1" 200 19697 "-" "Mozilla/5.0 (compatible; Barkrowler/0.9; +https://babbar.tech/crawler)"
40.77.167.16 - - [12/Oct/2025:05:06:37 +0200] "GET /bg/13-artisti?q=%D0%9A%D0%B0%D1%82%D0%B5%D0%B3%D0%BE%D1%80%D0%B8%D0%B8-AESPA-ATEEZ-BABYMONSTER-BOYNEXTDOOR-Dreamcatcher-ENHYPEN-GOT+THE+BEAT-ILLIT-JIHYO-LISA-NMIXX-STRAYKIDS-TWICE-WayV-ZEROBASEONE-JUNG+KOOK+%28BTS%29 HTTP/2.0" 200 21523 "-" "Mozilla/5.0 AppleWebKit/537.36 (KHTML, like Gecko; compatible; bingbot/2.0; +http://www.bing.com/bingbot.htm) Chrome/116.0.1938.76 Safari/537.36"
217.113.194.223 - - [12/Oct/2025:05:06:49 +0200] "GET /en/13-artist?q=Categories-Dreamcatcher-LE+SSERAFIM&page=3 HTTP/1.1" 200 19819 "-" "Mozilla/5.0 (compatible; Barkrowler/0.9; +https://babbar.tech/crawler)"
40.77.167.25 - - [12/Oct/2025:05:06:56 +0200] "GET /bg/13-artisti?q=%D0%9A%D0%B0%D1%82%D0%B5%D0%B3%D0%BE%D1%80%D0%B8%D0%B8-AESPA-ATEEZ-BOYNEXTDOOR-ENHYPEN-IVE-JIHYO-LISA-NMIXX-RIIZE-SEVENTEEN-TWICE-TXT-WayV-ZEROBASEONE HTTP/2.0" 200 21432 "-" "Mozilla/5.0 AppleWebKit/537.36 (KHTML, like Gecko; compatible; bingbot/2.0; +http://www.bing.com/bingbot.htm) Chrome/116.0.1938.76 Safari/537.36"
217.113.194.107 - - [12/Oct/2025:05:07:06 +0200] "GET /en/13-artist?q=Categories-TREASURE-TWICE-ILLIT&page=17 HTTP/1.1" 200 19628 "-" "Mozilla/5.0 (compatible; Barkrowler/0.9; +https://babbar.tech/crawler)"
114.119.151.63 - - [12/Oct/2025:05:07:11 +0200] "GET /en/13-artist?q=Categories-STAYC-TREASURE-TXT-j%5C-hope%2B(BTS)&order=product.sales.desc HTTP/1.1" 200 16039 "https://kpopbg.com/en/13-artist?q=Categories-KAI-STAYC-TREASURE-TXT/Brand-SM%2BEntertainment&order=product.sales.desc" "Mozilla/5.0 (Linux; Android 7.0;) AppleWebKit/537.36 (KHTML, like Gecko) Mobile Safari/537.36 (compatible; PetalBot;+https://webmaster.petalsearch.com/site/petalbot)"
47.128.116.7 - - [12/Oct/2025:05:07:19 +0200] "GET /bg/13-artisti?SubmitCurrency=1&id_currency=1&order=product.reference.desc&q=%D0%9A%D0%B0%D1%82%D0%B5%D0%B3%D0%BE%D1%80%D0%B8%D0%B8-AESPA-BLACKPINK-IVE-NEW+JEANS-STAYC-TREASURE-NCT+WISH HTTP/2.0" 200 21487 "-" "Mozilla/5.0 (Linux; Android 5.0) AppleWebKit/537.36 (KHTML, like Gecko) Mobile Safari/537.36 (compatible; Bytespider; spider-feedback@bytedance.com)"
217.113.194.247 - - [12/Oct/2025:05:07:24 +0200] "GET /en/13-artist?q=Categories-BTS-TWICE&order=product.position.asc HTTP/1.1" 200 19556 "-" "Mozilla/5.0 (compatible; Barkrowler/0.9; +https://babbar.tech/crawler)"
40.77.167.25 - - [12/Oct/2025:05:07:26 +0200] "GET /bg/13-artisti?q=%D0%9A%D0%B0%D1%82%D0%B5%D0%B3%D0%BE%D1%80%D0%B8%D0%B8-ATEEZ-BABYMONSTER-BLACKPINK-BTS-Dreamcatcher-ENHYPEN-ILLIT-ITZY-JIHYO-KAI-LISA-NMIXX-TXT-xikers-ZEROBASEONE HTTP/2.0" 200 21456 "-" "Mozilla/5.0 AppleWebKit/537.36 (KHTML, like Gecko; compatible; bingbot/2.0; +http://www.bing.com/bingbot.htm) Chrome/116.0.1938.76 Safari/537.36"
40.77.167.25 - - [12/Oct/2025:05:07:27 +0200] "GET /bg/13-artisti?q=%D0%9A%D0%B0%D1%82%D0%B5%D0%B3%D0%BE%D1%80%D0%B8%D0%B8-AESPA-BABYMONSTER-BLACKPINK-BOYNEXTDOOR-ENHYPEN-ILLIT-ITZY-JIHYO-KAI-LISA-NAYEON+%28TWICE%29-NMIXX-SEVENTEEN-STAYC-TREASURE-TWICE-V+%28BTS%29-WayV-ZEROBASEONE-P1Harmony HTTP/2.0" 200 21641 "-" "Mozilla/5.0 AppleWebKit/537.36 (KHTML, like Gecko; compatible; bingbot/2.0; +http://www.bing.com/bingbot.htm) Chrome/116.0.1938.76 Safari/537.36"
40.77.167.151 - - [12/Oct/2025:05:07:28 +0200] "GET /bg/13-artisti?q=%D0%9A%D0%B0%D1%82%D0%B5%D0%B3%D0%BE%D1%80%D0%B8%D0%B8-AESPA-BLACKPINK-BTS-ENHYPEN-JISOO-KAI-NMIXX-STAYC-STRAYKIDS-TWICE-ITZY/%D0%9D%D0%B0%D0%BB%D0%B8%D1%87%D0%BD%D0%BE%D1%81%D1%82-%D0%92+%D0%BD%D0%B0%D0%BB%D0%B8%D1%87%D0%BD%D0%BE%D1%81%D1%82-%D0%9D%D1%8F%D0%BC%D0%B0+%D0%BD%D0%B0%D0%BB%D0%B8%D1%87%D0%BD%D0%BE%D1%81%D1%82&order=product.position.asc HTTP/2.0" 200 21438 "-" "Mozilla/5.0 AppleWebKit/537.36 (KHTML, like Gecko; compatible; bingbot/2.0; +http://www.bing.com/bingbot.htm) Chrome/116.0.1938.76 Safari/537.36"
217.113.194.108 - - [12/Oct/2025:05:07:39 +0200] "GET /en/13-artist?q=Categories-BTS-AESPA&order=product.position.asc HTTP/1.1" 200 19562 "-" "Mozilla/5.0 (compatible; Barkrowler/0.9; +https://babbar.tech/crawler)"
66.249.66.13 - - [12/Oct/2025:05:07:48 +0200] "GET /bg/12-albumi?SubmitCurrency=1&id_currency=2&order=product.price.desc&page=15 HTTP/1.1" 200 17788 "-" "Mozilla/5.0 (Linux; Android 6.0.1; Nexus 5X Build/MMB29P) AppleWebKit/537.36 (KHTML, like Gecko) Chrome/140.0.7339.207 Mobile Safari/537.36 (compatible; Googlebot/2.1; +http://www.google.com/bot.html)"
40.77.167.16 - - [12/Oct/2025:05:07:57 +0200] "GET /bg/13-artisti?q=%D0%9A%D0%B0%D1%82%D0%B5%D0%B3%D0%BE%D1%80%D0%B8%D0%B8-ATEEZ-BABYMONSTER-BLACKPINK-BOYNEXTDOOR-ENHYPEN-ILLIT-ITZY-KAI-LISA-NMIXX-SEVENTEEN-STAYC-STRAYKIDS-ZEROBASEONE-AESPA HTTP/2.0" 200 21528 "-" "Mozilla/5.0 AppleWebKit/537.36 (KHTML, like Gecko; compatible; bingbot/2.0; +http://www.bing.com/bingbot.htm) Chrome/116.0.1938.76 Safari/537.36"
217.113.194.110 - - [12/Oct/2025:05:07:57 +0200] "GET /en/13-artist?q=Categories-BTS-LISA&order=product.price.asc&page=18 HTTP/1.1" 200 19946 "-" "Mozilla/5.0 (compatible; Barkrowler/0.9; +https://babbar.tech/crawler)"
47.128.120.241 - - [12/Oct/2025:05:08:08 +0200] "GET /bg/13-artisti?SubmitCurrency=1&id_currency=2&order=product.sales.desc&q=%D0%9A%D0%B0%D1%82%D0%B5%D0%B3%D0%BE%D1%80%D0%B8%D0%B8-%28G%29I%5C-DLE-ASTRO-BLACKPINK-BTS-GOT+THE+BEAT-IVE-JUNG+KOOK+%28BTS%29-NCT-NMIXX-TWICE HTTP/2.0" 200 17658 "-" "Mozilla/5.0 (Linux; Android 5.0) AppleWebKit/537.36 (KHTML, like Gecko) Mobile Safari/537.36 (compatible; Bytespider; spider-feedback@bytedance.com)"
217.113.194.107 - - [12/Oct/2025:05:08:15 +0200] "GET /en/13-artist?order=product.position.asc&q=Categories-WayV-TXT HTTP/1.1" 200 19553 "-" "Mozilla/5.0 (compatible; Barkrowler/0.9; +https://babbar.tech/crawler)"
40.77.167.151 - - [12/Oct/2025:05:08:17 +0200] "GET /bg/13-artisti?q=%D0%9A%D0%B0%D1%82%D0%B5%D0%B3%D0%BE%D1%80%D0%B8%D0%B8-ATEEZ-BABYMONSTER-BLACKPINK-BOYNEXTDOOR-ENHYPEN-GOT+THE+BEAT-ILLIT-JENNIE+%28BLACKPINK%29-JIHYO-LISA+%28BLACKPINK%29-NMIXX-RIIZE-ROSE+%28BLACKPINK%29-STRAYKIDS-TWICE-WayV-ZEROBASEONE&page=18 HTTP/2.0" 200 21732 "-" "Mozilla/5.0 AppleWebKit/537.36 (KHTML, like Gecko; compatible; bingbot/2.0; +http://www.bing.com/bingbot.htm) Chrome/116.0.1938.76 Safari/537.36"
51.75.119.112 - - [12/Oct/2025:05:08:20 +0200] "GET /robots.txt HTTP/1.1" 404 80695 "-" "Mozilla/5.0 (compatible; MJ12bot/v1.4.8; http://mj12bot.com/)"
51.75.119.112 - - [12/Oct/2025:05:08:22 +0200] "GET /bg/nachalo/219-jaehyun-nct-j-money-clip-ver-the-1st-album--8804775450679 HTTP/1.1" 404 11990 "-" "Mozilla/5.0 (compatible; MJ12bot/v1.4.8; http://mj12bot.com/)"
51.75.119.112 - - [12/Oct/2025:05:08:23 +0200] "GET /bg/nachalo/219-nct-jaehyun-j-money-clip-ver-the-1st-album--8804775450679 HTTP/1.1" 302 5 "-" "Mozilla/5.0 (compatible; MJ12bot/v1.4.8; http://mj12bot.com/)"
51.75.119.112 - - [12/Oct/2025:05:08:25 +0200] "GET /bg/nachalo/219-jaehyun-nct-j-money-clip-ver-the-1st-album--8804775450679 HTTP/1.1" 404 11990 "-" "Mozilla/5.0 (compatible; MJ12bot/v1.4.8; http://mj12bot.com/)"
114.119.133.146 - - [12/Oct/2025:05:08:26 +0200] "GET /en/13-artist?q=Categories-STAYC-TREASURE-TWICE-TXT-V%2B(BTS)/Availability-Available&order=product.price.desc HTTP/1.1" 200 19962 "https://kpopbg.com/en/13-artist?q=Categories-STAYC-TREASURE-TWICE-TXT-V%2B%28BTS%29/Availability-Available&order=product.price.desc&page=2" "Mozilla/5.0 (Linux; Android 7.0;) AppleWebKit/537.36 (KHTML, like Gecko) Mobile Safari/537.36 (compatible; PetalBot;+https://webmaster.petalsearch.com/site/petalbot)"
40.77.167.16 - - [12/Oct/2025:05:08:30 +0200] "GET /en/13-artist?q=%D0%9A%D0%B0%D1%82%D0%B5%D0%B3%D0%BE%D1%80%D0%B8%D0%B8-AESPA-ATEEZ-BABYMONSTER-BLACKPINK-ENHYPEN-ILLIT-ITZY-JIHYO-KAI-Kep1er-LISA-NMIXX-RIIZE-SEVENTEEN-STRAYKIDS-TREASURE-TWICE-WayV-ZEROBASEONE-NAYEON+%28TWICE%29 HTTP/2.0" 200 20023 "-" "Mozilla/5.0 AppleWebKit/537.36 (KHTML, like Gecko; compatible; bingbot/2.0; +http://www.bing.com/bingbot.htm) Chrome/116.0.1938.76 Safari/537.36"
217.113.194.103 - - [12/Oct/2025:05:08:33 +0200] "GET /en/13-artist?order=product.reference.asc&q=Categories-xikers&page=16 HTTP/1.1" 200 19942 "-" "Mozilla/5.0 (compatible; Barkrowler/0.9; +https://babbar.tech/crawler)"
217.113.194.110 - - [12/Oct/2025:05:08:51 +0200] "GET /en/13-artist?order=product.reference.asc&q=Categories-STRAYKIDS HTTP/1.1" 200 19776 "-" "Mozilla/5.0 (compatible; Barkrowler/0.9; +https://babbar.tech/crawler)"
40.77.167.16 - - [12/Oct/2025:05:08:51 +0200] "GET /bg/13-artisti?q=%D0%9A%D0%B0%D1%82%D0%B5%D0%B3%D0%BE%D1%80%D0%B8%D0%B8-AESPA-BABYMONSTER-BLACKPINK-BOYNEXTDOOR-BTS-ENHYPEN-ILLIT-ITZY-JIHYO-LISA-NMIXX-SEVENTEEN-STAYC-TREASURE-ZEROBASEONE-NAYEON+%28TWICE%29 HTTP/2.0" 200 21532 "-" "Mozilla/5.0 AppleWebKit/537.36 (KHTML, like Gecko; compatible; bingbot/2.0; +http://www.bing.com/bingbot.htm) Chrome/116.0.1938.76 Safari/537.36"
47.128.117.150 - - [12/Oct/2025:05:08:57 +0200] "GET /en/13-artist?SubmitCurrency=1&id_currency=3&q=Categories-j%5C-hope+%28BTS%29-THE+BOYZ-V+%28BTS%29-SEVENTEEN HTTP/2.0" 200 19853 "-" "Mozilla/5.0 (compatible; Bytespider; spider-feedback@bytedance.com) AppleWebKit/537.36 (KHTML, like Gecko) Chrome/70.0.0.0 Safari/537.36"
217.113.194.103 - - [12/Oct/2025:05:09:08 +0200] "GET /en/13-artist?order=product.reference.asc&q=Categories-TWICE&page=16 HTTP/1.1" 200 19942 "-" "Mozilla/5.0 (compatible; Barkrowler/0.9; +https://babbar.tech/crawler)"
40.77.167.151 - - [12/Oct/2025:05:09:17 +0200] "GET /bg/13-artisti?q=%D0%9A%D0%B0%D1%82%D0%B5%D0%B3%D0%BE%D1%80%D0%B8%D0%B8-AESPA-ATEEZ-BABYMONSTER-BOYNEXTDOOR-ENHYPEN-GOT+THE+BEAT-ILLIT-IVE-NMIXX-RIIZE-ROSE+%28BLACKPINK%29-SEVENTEEN-STAYC-STRAYKIDS-TREASURE-TWICE-WayV HTTP/2.0" 200 21513 "-" "Mozilla/5.0 AppleWebKit/537.36 (KHTML, like Gecko; compatible; bingbot/2.0; +http://www.bing.com/bingbot.htm) Chrome/116.0.1938.76 Safari/537.36"
217.113.194.224 - - [12/Oct/2025:05:09:24 +0200] "GET /en/13-artist?order=product.reference.asc&q=Categories-Dreamcatcher&page=2 HTTP/1.1" 200 19760 "-" "Mozilla/5.0 (compatible; Barkrowler/0.9; +https://babbar.tech/crawler)"
217.113.194.107 - - [12/Oct/2025:05:09:41 +0200] "GET /en/13-artist?order=product.reference.desc&q=Categories-ENHYPEN HTTP/1.1" 200 19763 "-" "Mozilla/5.0 (compatible; Barkrowler/0.9; +https://babbar.tech/crawler)"
47.128.40.93 - - [12/Oct/2025:05:09:45 +0200] "GET /bg/13-artisti?order=product.name.asc&q=%D0%9A%D0%B0%D1%82%D0%B5%D0%B3%D0%BE%D1%80%D0%B8%D0%B8-ASTRO-BLACKPINK-BTS-IVE-TXT-TREASURE HTTP/2.0" 200 21038 "-" "Mozilla/5.0 (compatible; Bytespider; spider-feedback@bytedance.com) AppleWebKit/537.36 (KHTML, like Gecko) Chrome/70.0.0.0 Safari/537.36"
40.77.167.151 - - [12/Oct/2025:05:09:47 +0200] "GET /bg/13-artisti?q=%D0%9A%D0%B0%D1%82%D0%B5%D0%B3%D0%BE%D1%80%D0%B8%D0%B8-AESPA-BLACKPINK-ENHYPEN-IVE-JIHYO-JISOO-NCT+DREAM-STRAYKIDS-TWICE/%D0%9D%D0%B0%D0%BB%D0%B8%D1%87%D0%BD%D0%BE%D1%81%D1%82-%D0%92+%D0%BD%D0%B0%D0%BB%D0%B8%D1%87%D0%BD%D0%BE%D1%81%D1%82 HTTP/2.0" 200 21545 "-" "Mozilla/5.0 AppleWebKit/537.36 (KHTML, like Gecko; compatible; bingbot/2.0; +http://www.bing.com/bingbot.htm) Chrome/116.0.1938.76 Safari/537.36"
40.77.167.151 - - [12/Oct/2025:05:09:48 +0200] "GET /bg/13-artisti?q=%D0%9A%D0%B0%D1%82%D0%B5%D0%B3%D0%BE%D1%80%D0%B8%D0%B8-AESPA-ASTRO-BLACKPINK-ENHYPEN-JISOO-LE+SSERAFIM-LISA-NEW+JEANS-NMIXX-TREASURE/%D0%9D%D0%B0%D0%BB%D0%B8%D1%87%D0%BD%D0%BE%D1%81%D1%82-%D0%92+%D0%BD%D0%B0%D0%BB%D0%B8%D1%87%D0%BD%D0%BE%D1%81%D1%82 HTTP/2.0" 200 21590 "-" "Mozilla/5.0 AppleWebKit/537.36 (KHTML, like Gecko; compatible; bingbot/2.0; +http://www.bing.com/bingbot.htm) Chrome/116.0.1938.76 Safari/537.36"
40.77.167.151 - - [12/Oct/2025:05:09:48 +0200] "GET /bg/13-artisti?q=%D0%9A%D0%B0%D1%82%D0%B5%D0%B3%D0%BE%D1%80%D0%B8%D0%B8-BABYMONSTER-BLACKPINK-BOYNEXTDOOR-BTS-ENHYPEN-ILLIT-ITZY-IVE-JIHYO-LE+SSERAFIM-NAYEON+%28TWICE%29-NCT+127-NMIXX-RIIZE-SEVENTEEN-STAYC-STRAYKIDS-THE+BOYZ-TWICE-WayV-ZEROBASEONE-YEJI+%28ITZY%29 HTTP/2.0" 200 21652 "-" "Mozilla/5.0 AppleWebKit/537.36 (KHTML, like Gecko; compatible; bingbot/2.0; +http://www.bing.com/bingbot.htm) Chrome/116.0.1938.76 Safari/537.36"
40.77.167.25 - - [12/Oct/2025:05:09:51 +0200] "GET /en/13-artist?q=Categories-AESPA-ATEEZ-BABYMONSTER-BTS-ENHYPEN-ILLIT-KAI-NCT-SEVENTEEN-STAYC-STRAYKIDS-TWICE-ZEROBASEONE-ASTRO HTTP/2.0" 200 19866 "-" "Mozilla/5.0 AppleWebKit/537.36 (KHTML, like Gecko; compatible; bingbot/2.0; +http://www.bing.com/bingbot.htm) Chrome/116.0.1938.76 Safari/537.36"
114.119.128.20 - - [12/Oct/2025:05:09:52 +0200] "GET /en/13-artist?q=Categories-STAYC-TREASURE-TWICE-Agust%2BD%2B(BTS)&page=2 HTTP/1.1" 200 19847 "https://kpopbg.com/en/13-artist?q=Categories-STAYC-TREASURE-TWICE-Agust%2BD%2B(BTS)&page=2" "Mozilla/5.0 (Linux; Android 7.0;) AppleWebKit/537.36 (KHTML, like Gecko) Mobile Safari/537.36 (compatible; PetalBot;+https://webmaster.petalsearch.com/site/petalbot)"
40.77.167.25 - - [12/Oct/2025:05:09:52 +0200] "GET /bg/13-artisti?q=%D0%9A%D0%B0%D1%82%D0%B5%D0%B3%D0%BE%D1%80%D0%B8%D0%B8-AESPA-ATEEZ-BABYMONSTER-BLACKPINK-BTS-ENHYPEN-ILLIT-ITZY-JIHYO-KAI-LISA-NMIXX-RIIZE-TREASURE-ZEROBASEONE-JIMIN+%28BTS%29 HTTP/2.0" 200 21471 "-" "Mozilla/5.0 AppleWebKit/537.36 (KHTML, like Gecko; compatible; bingbot/2.0; +http://www.bing.com/bingbot.htm) Chrome/116.0.1938.76 Safari/537.36"
40.77.167.25 - - [12/Oct/2025:05:09:53 +0200] "GET /bg/13-artisti?q=%D0%9A%D0%B0%D1%82%D0%B5%D0%B3%D0%BE%D1%80%D0%B8%D0%B8-AESPA-BLACKPINK-BOYNEXTDOOR-ENHYPEN-ILLIT-JIHYO-JIMIN+%28BTS%29-Kep1er-KISS+OF+LIFE-LISA-NMIXX-RIIZE-TWICE-WayV-ZEROBASEONE-LE+SSERAFIM HTTP/2.0" 200 21528 "-" "Mozilla/5.0 AppleWebKit/537.36 (KHTML, like Gecko; compatible; bingbot/2.0; +http://www.bing.com/bingbot.htm) Chrome/116.0.1938.76 Safari/537.36"
40.77.167.151 - - [12/Oct/2025:05:09:57 +0200] "GET /bg/13-artisti?q=%D0%9A%D0%B0%D1%82%D0%B5%D0%B3%D0%BE%D1%80%D0%B8%D0%B8-AESPA-ASTRO-BLACKPINK-ENHYPEN-ITZY-IVE-JUNG+KOOK+%28BTS%29-KAI-NCT-NCT+DREAM-STAYC-STRAYKIDS-TREASURE-TWICE-JIHYO HTTP/2.0" 200 21470 "-" "Mozilla/5.0 AppleWebKit/537.36 (KHTML, like Gecko; compatible; bingbot/2.0; +http://www.bing.com/bingbot.htm) Chrome/116.0.1938.76 Safari/537.36"
40.77.167.16 - - [12/Oct/2025:05:09:57 +0200] "GET /bg/13-artisti?q=%D0%9A%D0%B0%D1%82%D0%B5%D0%B3%D0%BE%D1%80%D0%B8%D0%B8-AESPA-BABYMONSTER-BOYNEXTDOOR-ILLIT-ITZY-KAI-LISA-NMIXX-TREASURE-TWICE HTTP/2.0" 200 21407 "-" "Mozilla/5.0 AppleWebKit/537.36 (KHTML, like Gecko; compatible; bingbot/2.0; +http://www.bing.com/bingbot.htm) Chrome/116.0.1938.76 Safari/537.36"
40.77.167.16 - - [12/Oct/2025:05:09:58 +0200] "GET /bg/13-artisti?q=%D0%9A%D0%B0%D1%82%D0%B5%D0%B3%D0%BE%D1%80%D0%B8%D0%B8-AESPA-ATEEZ-BABYMONSTER-BLACKPINK-BOYNEXTDOOR-BTS-ILLIT-ITZY-JIHYO-LISA-NAYEON+%28TWICE%29-NCT+JAEHYUN-NMIXX-P1Harmony-SEVENTEEN-STAYC-TREASURE-WayV-ZEROBASEONE&page=5 HTTP/2.0" 200 21764 "-" "Mozilla/5.0 AppleWebKit/537.36 (KHTML, like Gecko; compatible; bingbot/2.0; +http://www.bing.com/bingbot.htm) Chrome/116.0.1938.76 Safari/537.36"
154.54.249.203 - - [12/Oct/2025:05:09:58 +0200] "GET /en/13-artist?order=product.name.asc&q=Categories-STAYC-BTS HTTP/1.1" 200 19338 "-" "Mozilla/5.0 (compatible; Barkrowler/0.9; +https://babbar.tech/crawler)"
40.77.167.151 - - [12/Oct/2025:05:09:58 +0200] "GET /bg/13-artisti?q=%D0%9A%D0%B0%D1%82%D0%B5%D0%B3%D0%BE%D1%80%D0%B8%D0%B8-ATEEZ-BABYMONSTER-BLACKPINK-BOYNEXTDOOR-ENHYPEN-GOT+THE+BEAT-ILLIT-IVE-JIHYO-Kep1er-LISA+%28BLACKPINK%29-NMIXX-P1Harmony-RIIZE-ROSE+%28BLACKPINK%29-SEVENTEEN-STAYC-TWICE-WayV-ZEROBASEONE-YEJI+%28ITZY%29 HTTP/2.0" 200 21663 "-" "Mozilla/5.0 AppleWebKit/537.36 (KHTML, like Gecko; compatible; bingbot/2.0; +http://www.bing.com/bingbot.htm) Chrome/116.0.1938.76 Safari/537.36"
40.77.167.16 - - [12/Oct/2025:05:09:58 +0200] "GET /bg/13-artisti?q=%D0%9A%D0%B0%D1%82%D0%B5%D0%B3%D0%BE%D1%80%D0%B8%D0%B8-BLACKPINK-TREASURE-GOT+THE+BEAT/%D0%9D%D0%B0%D0%BB%D0%B8%D1%87%D0%BD%D0%BE%D1%81%D1%82-%D0%92+%D0%BD%D0%B0%D0%BB%D0%B8%D1%87%D0%BD%D0%BE%D1%81%D1%82/%D0%9C%D0%B0%D1%80%D0%BA%D0%B0-YG+Entertainment HTTP/2.0" 200 21559 "-" "Mozilla/5.0 AppleWebKit/537.36 (KHTML, like Gecko; compatible; bingbot/2.0; +http://www.bing.com/bingbot.htm) Chrome/116.0.1938.76 Safari/537.36"
217.113.194.106 - - [12/Oct/2025:05:10:16 +0200] "GET /en/13-artist?order=product.name.asc&q=Categories-KAI-Dreamcatcher HTTP/1.1" 200 19360 "-" "Mozilla/5.0 (compatible; Barkrowler/0.9; +https://babbar.tech/crawler)"
40.77.167.151 - - [12/Oct/2025:05:10:20 +0200] "GET /bg/13-artisti?q=%D0%9A%D0%B0%D1%82%D0%B5%D0%B3%D0%BE%D1%80%D0%B8%D0%B8-AESPA-BABYMONSTER-BLACKPINK-BOYNEXTDOOR-ENHYPEN-GOT+THE+BEAT-ILLIT-LISA-NMIXX-RIIZE-STRAYKIDS-TREASURE-TWICE-TXT-WayV-ZEROBASEONE&order=product.price.desc HTTP/2.0" 200 21659 "-" "Mozilla/5.0 AppleWebKit/537.36 (KHTML, like Gecko; compatible; bingbot/2.0; +http://www.bing.com/bingbot.htm) Chrome/116.0.1938.76 Safari/537.36"
40.77.167.151 - - [12/Oct/2025:05:10:21 +0200] "GET /en/13-artist?q=Categories-AESPA-Agust+D+%28BTS%29-BABYMONSTER-BLACKPINK-BOYNEXTDOOR-BTS-ENHYPEN-ILLIT-ITZY-JIHYO-KAI-NAYEON+%28TWICE%29-NCT+DREAM-NMIXX-ROSE+%28BLACKPINK%29-SEVENTEEN-TWICE-TXT-WayV-ZEROBASEONE-LE+SSERAFIM&page=7 HTTP/2.0" 200 20032 "-" "Mozilla/5.0 AppleWebKit/537.36 (KHTML, like Gecko; compatible; bingbot/2.0; +http://www.bing.com/bingbot.htm) Chrome/116.0.1938.76 Safari/537.36"
40.77.167.151 - - [12/Oct/2025:05:10:22 +0200] "GET /bg/13-artisti?q=%D0%9A%D0%B0%D1%82%D0%B5%D0%B3%D0%BE%D1%80%D0%B8%D0%B8-AESPA-BLACKPINK-BTS-GOT+THE+BEAT-ITZY-JIHYO-NCT-NCT+127-NMIXX-STAYC-TREASURE-TWICE-JEON+SOMI/%D0%9D%D0%B0%D0%BB%D0%B8%D1%87%D0%BD%D0%BE%D1%81%D1%82-%D0%92+%D0%BD%D0%B0%D0%BB%D0%B8%D1%87%D0%BD%D0%BE%D1%81%D1%82 HTTP/2.0" 200 21644 "-" "Mozilla/5.0 AppleWebKit/537.36 (KHTML, like Gecko; compatible; bingbot/2.0; +http://www.bing.com/bingbot.htm) Chrome/116.0.1938.76 Safari/537.36"
40.77.167.151 - - [12/Oct/2025:05:10:23 +0200] "GET /en/13-artist?q=Categories-AESPA-BABYMONSTER-BOYNEXTDOOR-BTS-Dreamcatcher-ENHYPEN-ILLIT-ITZY-IVE-JIHYO-LE+SSERAFIM-NCT+DREAM-SEVENTEEN-STRAYKIDS-TXT-xikers-ZEROBASEONE-NCT+WISH&page=3 HTTP/2.0" 200 20070 "-" "Mozilla/5.0 AppleWebKit/537.36 (KHTML, like Gecko; compatible; bingbot/2.0; +http://www.bing.com/bingbot.htm) Chrome/116.0.1938.76 Safari/537.36"
40.77.167.25 - - [12/Oct/2025:05:10:23 +0200] "GET /bg/13-artisti?q=%D0%9A%D0%B0%D1%82%D0%B5%D0%B3%D0%BE%D1%80%D0%B8%D0%B8-AESPA-ATEEZ-BLACKPINK-BTS-ENHYPEN-ITZY-IVE-JIHYO-JISOO-KAI-NCT-NMIXX-STRAYKIDS/%D0%9D%D0%B0%D0%BB%D0%B8%D1%87%D0%BD%D0%BE%D1%81%D1%82-%D0%92+%D0%BD%D0%B0%D0%BB%D0%B8%D1%87%D0%BD%D0%BE%D1%81%D1%82 HTTP/2.0" 200 21581 "-" "Mozilla/5.0 AppleWebKit/537.36 (KHTML, like Gecko; compatible; bingbot/2.0; +http://www.bing.com/bingbot.htm) Chrome/116.0.1938.76 Safari/537.36"
40.77.167.16 - - [12/Oct/2025:05:10:27 +0200] "GET /bg/13-artisti?q=%D0%9A%D0%B0%D1%82%D0%B5%D0%B3%D0%BE%D1%80%D0%B8%D0%B8-AESPA-BABYMONSTER-BLACKPINK-ENHYPEN-ILLIT-ITZY-JIHYO-Kep1er-LE+SSERAFIM-LISA-NAYEON+%28TWICE%29-NEW+JEANS-NMIXX-RIIZE-SEVENTEEN-STAYC-STRAYKIDS-TREASURE-WayV HTTP/2.0" 200 21561 "-" "Mozilla/5.0 AppleWebKit/537.36 (KHTML, like Gecko; compatible; bingbot/2.0; +http://www.bing.com/bingbot.htm) Chrome/116.0.1938.76 Safari/537.36"
40.77.167.16 - - [12/Oct/2025:05:10:28 +0200] "GET /bg/13-artisti?q=%D0%9A%D0%B0%D1%82%D0%B5%D0%B3%D0%BE%D1%80%D0%B8%D0%B8-AESPA-ASTRO-ATEEZ-BLACKPINK-BTS-ENHYPEN-ITZY-IVE-JISOO-KAI-LISA-NCT-NCT+DREAM-NEW+JEANS-STRAYKIDS-TXT-JUNG+KOOK+%28BTS%29 HTTP/2.0" 200 21494 "-" "Mozilla/5.0 AppleWebKit/537.36 (KHTML, like Gecko; compatible; bingbot/2.0; +http://www.bing.com/bingbot.htm) Chrome/116.0.1938.76 Safari/537.36"
40.77.167.25 - - [12/Oct/2025:05:10:31 +0200] "GET /en/13-artist?q=Categories-BTS-ENHYPEN-ILLIT-IVE-JIMIN+%28BTS%29-KAI-NMIXX-ZEROBASEONE-RM+%28BTS%29 HTTP/2.0" 200 19831 "-" "Mozilla/5.0 AppleWebKit/537.36 (KHTML, like Gecko; compatible; bingbot/2.0; +http://www.bing.com/bingbot.htm) Chrome/116.0.1938.76 Safari/537.36"
217.113.194.108 - - [12/Oct/2025:05:10:32 +0200] "GET /en/13-artist?order=product.name.asc&q=Categories-Dreamcatcher-IVE HTTP/1.1" 200 19351 "-" "Mozilla/5.0 (compatible; Barkrowler/0.9; +https://babbar.tech/crawler)"
47.128.59.5 - - [12/Oct/2025:05:10:34 +0200] "GET /en/13-artist?SubmitCurrency=1&id_currency=2&q=Categories-STAYC-XDINARY+HEROES-BOYNEXTDOOR HTTP/2.0" 200 19823 "-" "Mozilla/5.0 (compatible; Bytespider; spider-feedback@bytedance.com) AppleWebKit/537.36 (KHTML, like Gecko) Chrome/70.0.0.0 Safari/537.36"
40.77.167.151 - - [12/Oct/2025:05:10:37 +0200] "GET /bg/13-artisti?q=%D0%9A%D0%B0%D1%82%D0%B5%D0%B3%D0%BE%D1%80%D0%B8%D0%B8-ATEEZ-BABYMONSTER-BLACKPINK-BOYNEXTDOOR-ENHYPEN-GOT+THE+BEAT-ILLIT-IVE-JENNIE+%28BLACKPINK%29-JIHYO-Kep1er-NMIXX-P1Harmony-RIIZE-SEVENTEEN-STRAYKIDS-V+%28BTS%29-WayV-ZEROBASEONE-xikers HTTP/2.0" 200 21640 "-" "Mozilla/5.0 AppleWebKit/537.36 (KHTML, like Gecko; compatible; bingbot/2.0; +http://www.bing.com/bingbot.htm) Chrome/116.0.1938.76 Safari/537.36"
57.141.4.39 - - [12/Oct/2025:05:10:37 +0200] "GET /en/brand/5-yg-entertainment HTTP/2.0" 200 111811 "-" "meta-externalagent/1.1 (+https://developers.facebook.com/docs/sharing/webmasters/crawler)"
217.113.194.224 - - [12/Oct/2025:05:10:49 +0200] "GET /en/13-artist?order=product.name.asc&q=Categories-Dreamcatcher-xikers HTTP/1.1" 200 19347 "-" "Mozilla/5.0 (compatible; Barkrowler/0.9; +https://babbar.tech/crawler)"
40.77.167.25 - - [12/Oct/2025:05:10:52 +0200] "GET /bg/13-artisti?q=%D0%9A%D0%B0%D1%82%D0%B5%D0%B3%D0%BE%D1%80%D0%B8%D0%B8-ATEEZ-BABYMONSTER-BOYNEXTDOOR-BTS-ENHYPEN-GOT+THE+BEAT-ILLIT-IVE-JENNIE+%28BLACKPINK%29-LISA+%28BLACKPINK%29-NMIXX-SEVENTEEN-STRAYKIDS-TWICE-TXT-WayV-ZEROBASEONE-Kep1er HTTP/2.0" 200 21547 "-" "Mozilla/5.0 AppleWebKit/537.36 (KHTML, like Gecko; compatible; bingbot/2.0; +http://www.bing.com/bingbot.htm) Chrome/116.0.1938.76 Safari/537.36"
179.51.102.25 - - [12/Oct/2025:05:10:53 +0200] "GET /283-large_default/stray-kids-christmas-evel-holiday-special-single-standard-ver.jpg HTTP/2.0" 200 111562 "https://www.google.com/" "Mozilla/5.0 (Linux; Android 10; SNE-LX3 Build/HUAWEISNE-L23; wv) AppleWebKit/537.36 (KHTML, like Gecko) Version/4.0 Chrome/140.0.7339.207 Mobile Safari/537.36 GoogleApp/16.40.18.ve.arm64"
40.77.167.151 - - [12/Oct/2025:05:10:56 +0200] "GET /bg/13-artisti?q=%D0%9A%D0%B0%D1%82%D0%B5%D0%B3%D0%BE%D1%80%D0%B8%D0%B8-AESPA-ATEEZ-BLACKPINK-BTS-ENHYPEN-IVE-KAI-NMIXX-STAYC-TWICE-NCT/%D0%9D%D0%B0%D0%BB%D0%B8%D1%87%D0%BD%D0%BE%D1%81%D1%82-%D0%92+%D0%BD%D0%B0%D0%BB%D0%B8%D1%87%D0%BD%D0%BE%D1%81%D1%82-%D0%9D%D1%8F%D0%BC%D0%B0+%D0%BD%D0%B0%D0%BB%D0%B8%D1%87%D0%BD%D0%BE%D1%81%D1%82 HTTP/2.0" 200 21611 "-" "Mozilla/5.0 AppleWebKit/537.36 (KHTML, like Gecko; compatible; bingbot/2.0; +http://www.bing.com/bingbot.htm) Chrome/116.0.1938.76 Safari/537.36"
217.113.194.104 - - [12/Oct/2025:05:11:07 +0200] "GET /en/13-artist?order=product.name.asc&q=Categories-SEVENTEEN&page=15 HTTP/1.1" 200 19560 "-" "Mozilla/5.0 (compatible; Barkrowler/0.9; +https://babbar.tech/crawler)"
114.119.158.94 - - [12/Oct/2025:05:11:14 +0200] "GET /en/13-artist?q=Categories-STAYC-TREASURE-Agust%2BD%2B(BTS)/Availability-Available&order=product.price.asc HTTP/1.1" 200 19892 "https://kpopbg.com/en/13-artist?q=Categories-STAYC-TREASURE-Agust%2BD%2B%28BTS%29/Availability-Available&order=product.price.asc" "Mozilla/5.0 (Linux; Android 7.0;) AppleWebKit/537.36 (KHTML, like Gecko) Mobile Safari/537.36 (compatible; PetalBot;+https://webmaster.petalsearch.com/site/petalbot)"
47.128.116.57 - - [12/Oct/2025:05:11:22 +0200] "GET /bg/13-artisti?q=%D0%9A%D0%B0%D1%82%D0%B5%D0%B3%D0%BE%D1%80%D0%B8%D0%B8-BTS-ITZY-JIMIN+%28BTS%29-KAI-NCT-STAYC-TREASURE-TXT-ASTRO HTTP/2.0" 200 21392 "-" "Mozilla/5.0 (compatible; Bytespider; spider-feedback@bytedance.com) AppleWebKit/537.36 (KHTML, like Gecko) Chrome/70.0.0.0 Safari/537.36"
217.113.194.111 - - [12/Oct/2025:05:11:24 +0200] "GET /en/13-artist?order=product.name.desc&q=Categories-RIIZE-xikers HTTP/1.1" 200 19925 "-" "Mozilla/5.0 (compatible; Barkrowler/0.9; +https://babbar.tech/crawler)"
40.77.167.116 - - [12/Oct/2025:05:11:24 +0200] "GET /bg/13-artisti?q=%D0%9A%D0%B0%D1%82%D0%B5%D0%B3%D0%BE%D1%80%D0%B8%D0%B8-ATEEZ-BLACKPINK-BOYNEXTDOOR-ENHYPEN-ILLIT-IVE-JIHYO-LE+SSERAFIM-LISA-NMIXX-P1Harmony-RIIZE-SEVENTEEN-STRAYKIDS-TWICE-TXT-V+%28BTS%29-WayV-ZEROBASEONE-Kep1er HTTP/2.0" 200 21547 "-" "Mozilla/5.0 AppleWebKit/537.36 (KHTML, like Gecko; compatible; bingbot/2.0; +http://www.bing.com/bingbot.htm) Chrome/116.0.1938.76 Safari/537.36"
40.77.167.16 - - [12/Oct/2025:05:11:31 +0200] "GET /bg/13-artisti?q=%D0%9A%D0%B0%D1%82%D0%B5%D0%B3%D0%BE%D1%80%D0%B8%D0%B8-AESPA-ATEEZ-BLACKPINK-BOYNEXTDOOR-ENHYPEN-ILLIT-IVE-JIHYO-LISA-NCT+DOYOUNG-NCT+JAEHYUN-NMIXX-RIIZE-ROSE+%28BLACKPINK%29-STAYC-STRAYKIDS-TWICE-WayV-ZEROBASEONE HTTP/2.0" 200 21535 "-" "Mozilla/5.0 AppleWebKit/537.36 (KHTML, like Gecko; compatible; bingbot/2.0; +http://www.bing.com/bingbot.htm) Chrome/116.0.1938.76 Safari/537.36"
34.96.41.202 - - [12/Oct/2025:05:11:33 +0200] "GET / HTTP/2.0" 302 0 "-" "Mozilla/5.0 (Macintosh; Intel Mac OS X 10_15_7) AppleWebKit/537.36 (KHTML, like Gecko) Chrome/114.0.0.0 Safari/537.36"
34.96.41.202 - - [12/Oct/2025:05:11:34 +0200] "GET /bg/ HTTP/2.0" 200 15943 "https://kpopbg.com" "Mozilla/5.0 (Macintosh; Intel Mac OS X 10_15_7) AppleWebKit/537.36 (KHTML, like Gecko) Chrome/114.0.0.0 Safari/537.36"
217.113.194.223 - - [12/Oct/2025:05:11:42 +0200] "GET /en/13-artist?order=product.name.desc&q=Categories-BTS-IVE&page=3 HTTP/1.1" 200 19386 "-" "Mozilla/5.0 (compatible; Barkrowler/0.9; +https://babbar.tech/crawler)"
40.77.167.151 - - [12/Oct/2025:05:11:47 +0200] "GET /bg/13-artisti?q=%D0%9A%D0%B0%D1%82%D0%B5%D0%B3%D0%BE%D1%80%D0%B8%D0%B8-AESPA-ATEEZ-BLACKPINK-BOYNEXTDOOR-ENHYPEN-ILLIT-IVE-JIHYO-JUNG+KOOK+%28BTS%29-KAI-Kep1er-LISA-NCT+DOYOUNG-NMIXX-RIIZE-SEVENTEEN-TWICE-WayV-ZEROBASEONE-ITZY HTTP/2.0" 200 21545 "-" "Mozilla/5.0 AppleWebKit/537.36 (KHTML, like Gecko; compatible; bingbot/2.0; +http://www.bing.com/bingbot.htm) Chrome/116.0.1938.76 Safari/537.36"
40.77.167.151 - - [12/Oct/2025:05:11:48 +0200] "GET /bg/13-artisti?q=%D0%9A%D0%B0%D1%82%D0%B5%D0%B3%D0%BE%D1%80%D0%B8%D0%B8-AESPA-BABYMONSTER-BLACKPINK-BOYNEXTDOOR-ENHYPEN-GOT+THE+BEAT-ILLIT-JIHYO-Kep1er-LISA-NCT+DREAM-NMIXX-RIIZE-STRAYKIDS-TWICE-WayV-ZEROBASEONE-ATEEZ HTTP/2.0" 200 21600 "-" "Mozilla/5.0 AppleWebKit/537.36 (KHTML, like Gecko; compatible; bingbot/2.0; +http://www.bing.com/bingbot.htm) Chrome/116.0.1938.76 Safari/537.36"
40.77.167.16 - - [12/Oct/2025:05:11:48 +0200] "GET /bg/13-artisti?q=%D0%9A%D0%B0%D1%82%D0%B5%D0%B3%D0%BE%D1%80%D0%B8%D0%B8-AESPA-ATEEZ-BABYMONSTER-BLACKPINK-BOYNEXTDOOR-ENHYPEN-GOT+THE+BEAT-ILLIT-IVE-JIHYO-LISA-NMIXX-P1Harmony-RIIZE-TWICE-XDINARY+HEROES-ZEROBASEONE-Kep1er HTTP/2.0" 200 21514 "-" "Mozilla/5.0 AppleWebKit/537.36 (KHTML, like Gecko; compatible; bingbot/2.0; +http://www.bing.com/bingbot.htm) Chrome/116.0.1938.76 Safari/537.36"
40.77.167.151 - - [12/Oct/2025:05:11:48 +0200] "GET /en/13-artist?q=Categories-AESPA-ATEEZ-BABYMONSTER-BLACKPINK-BTS-ILLIT-ITZY-JIHYO-LISA-NCT+JAEHYUN-NCT+WISH-NMIXX-P1Harmony-STAYC-TXT-V+%28BTS%29-ZEROBASEONE-KAI HTTP/2.0" 200 19932 "-" "Mozilla/5.0 AppleWebKit/537.36 (KHTML, like Gecko; compatible; bingbot/2.0; +http://www.bing.com/bingbot.htm) Chrome/116.0.1938.76 Safari/537.36"
190.2.148.230 - - [12/Oct/2025:05:11:49 +0200] "GET /.env HTTP/1.1" 403 134 "-" "python-requests/2.32.5"
40.77.167.116 - - [12/Oct/2025:05:11:51 +0200] "GET /bg/13-artisti?q=%D0%9A%D0%B0%D1%82%D0%B5%D0%B3%D0%BE%D1%80%D0%B8%D0%B8-AESPA-ATEEZ-BTS-ENHYPEN-IVE-JIHYO-JISOO-KAI-NMIXX-STRAYKIDS-TREASURE/%D0%9D%D0%B0%D0%BB%D0%B8%D1%87%D0%BD%D0%BE%D1%81%D1%82-%D0%92+%D0%BD%D0%B0%D0%BB%D0%B8%D1%87%D0%BD%D0%BE%D1%81%D1%82/%D0%9C%D0%B0%D1%80%D0%BA%D0%B0-SM+Entertainment HTTP/2.0" 200 21645 "-" "Mozilla/5.0 AppleWebKit/537.36 (KHTML, like Gecko; compatible; bingbot/2.0; +http://www.bing.com/bingbot.htm) Chrome/116.0.1938.76 Safari/537.36"
40.77.167.116 - - [12/Oct/2025:05:11:52 +0200] "GET /bg/13-artisti?q=%D0%9A%D0%B0%D1%82%D0%B5%D0%B3%D0%BE%D1%80%D0%B8%D0%B8-AESPA-ATEEZ-BLACKPINK-BTS-ENHYPEN-JISOO-KAI-NCT-NCT+DREAM-NMIXX-STAYC-JIHYO/%D0%9D%D0%B0%D0%BB%D0%B8%D1%87%D0%BD%D0%BE%D1%81%D1%82-%D0%92+%D0%BD%D0%B0%D0%BB%D0%B8%D1%87%D0%BD%D0%BE%D1%81%D1%82 HTTP/2.0" 200 21573 "-" "Mozilla/5.0 AppleWebKit/537.36 (KHTML, like Gecko; compatible; bingbot/2.0; +http://www.bing.com/bingbot.htm) Chrome/116.0.1938.76 Safari/537.36"
40.77.167.116 - - [12/Oct/2025:05:11:53 +0200] "GET /bg/12-albumi?q=%D0%9D%D0%B0%D0%BB%D0%B8%D1%87%D0%BD%D0%BE%D1%81%D1%82-%D0%92+%D0%BD%D0%B0%D0%BB%D0%B8%D1%87%D0%BD%D0%BE%D1%81%D1%82-%D0%9D%D0%B0%D0%BB%D0%B8%D1%87%D0%B5%D0%BD-%D0%9D%D1%8F%D0%BC%D0%B0+%D0%BD%D0%B0%D0%BB%D0%B8%D1%87%D0%BD%D0%BE%D1%81%D1%82/%D0%9C%D0%B0%D1%80%D0%BA%D0%B0-ADOR-CUBE+ENTERTAINMENT-FANTAGIO+MUSIC-HIGHUP+ENTERTAINMENT-SM+Entertainment-KQ+Entertainment HTTP/2.0" 200 17993 "-" "Mozilla/5.0 AppleWebKit/537.36 (KHTML, like Gecko; compatible; bingbot/2.0; +http://www.bing.com/bingbot.htm) Chrome/116.0.1938.76 Safari/537.36"
40.77.167.116 - - [12/Oct/2025:05:11:53 +0200] "GET /bg/13-artisti?q=%D0%9A%D0%B0%D1%82%D0%B5%D0%B3%D0%BE%D1%80%D0%B8%D0%B8-AESPA-ATEEZ-BABYMONSTER-BOYNEXTDOOR-ENHYPEN-GOT+THE+BEAT-ILLIT-KAI-NMIXX-RIIZE-STRAYKIDS-TWICE-WayV-ZEROBASEONE-BLACKPINK HTTP/2.0" 200 21463 "-" "Mozilla/5.0 AppleWebKit/537.36 (KHTML, like Gecko; compatible; bingbot/2.0; +http://www.bing.com/bingbot.htm) Chrome/116.0.1938.76 Safari/537.36"
217.113.194.104 - - [12/Oct/2025:05:11:58 +0200] "GET /en/13-artist?order=product.name.desc&q=Categories-BTS-LISA&page=2 HTTP/1.1" 200 19789 "-" "Mozilla/5.0 (compatible; Barkrowler/0.9; +https://babbar.tech/crawler)"
40.77.167.151 - - [12/Oct/2025:05:12:07 +0200] "GET /bg/13-artisti?q=%D0%9A%D0%B0%D1%82%D0%B5%D0%B3%D0%BE%D1%80%D0%B8%D0%B8-AESPA-ATEEZ-BABYMONSTER-BLACKPINK-BOYNEXTDOOR-ENHYPEN-GOT+THE+BEAT-ILLIT-ITZY-JIHYO-LISA-NAYEON+%28TWICE%29-NMIXX-RIIZE-STRAYKIDS-TWICE-WayV-ZEROBASEONE-P1Harmony&order=product.position.asc HTTP/2.0" 200 21355 "-" "Mozilla/5.0 AppleWebKit/537.36 (KHTML, like Gecko; compatible; bingbot/2.0; +http://www.bing.com/bingbot.htm) Chrome/116.0.1938.76 Safari/537.36"
217.113.194.223 - - [12/Oct/2025:05:12:14 +0200] "GET /en/13-artist?order=product.name.desc&q=Categories-ATEEZ-IVE HTTP/1.1" 200 19922 "-" "Mozilla/5.0 (compatible; Barkrowler/0.9; +https://babbar.tech/crawler)"
