130.204.49.174 - - [12/Oct/2025:00:03:52 +0200] "GET /128-home_default/twice-ready-to-be-12th-mini-album-.jpg HTTP/2.0" 200 14165 "https://kpopbg.com/bg/%D1%82%D1%8A%D1%80%D1%81%D0%B5%D0%BD%D0%B5?controller=search&s=Twice" "Mozilla/5.0 (Linux; Android 10; K) AppleWebKit/537.36 (KHTML, like Gecko) Chrome/141.0.0.0 Mobile Safari/537.36"
130.204.49.174 - - [12/Oct/2025:00:03:52 +0200] "GET /112-home_default/twice-fancy-you-7th-mini-album-.jpg HTTP/2.0" 200 27675 "https://kpopbg.com/bg/%D1%82%D1%8A%D1%80%D1%81%D0%B5%D0%BD%D0%B5?controller=search&s=Twice" "Mozilla/5.0 (Linux; Android 10; K) AppleWebKit/537.36 (KHTML, like Gecko) Chrome/141.0.0.0 Mobile Safari/537.36"
130.204.49.174 - - [12/Oct/2025:00:03:52 +0200] "GET /864-home_default/twice-eyes-wide-open-the-2nd-full-album-.jpg HTTP/2.0" 200 20280 "https://kpopbg.com/bg/%D1%82%D1%8A%D1%80%D1%81%D0%B5%D0%BD%D0%B5?controller=search&s=Twice" "Mozilla/5.0 (Linux; Android 10; K) AppleWebKit/537.36 (KHTML, like Gecko) Chrome/141.0.0.0 Mobile Safari/537.36"
130.204.49.174 - - [12/Oct/2025:00:03:52 +0200] "GET /422-home_default/twice-signal-4th-mini-album-.jpg HTTP/2.0" 200 13032 "https://kpopbg.com/bg/%D1%82%D1%8A%D1%80%D1%81%D0%B5%D0%BD%D0%B5?controller=search&s=Twice" "Mozilla/5.0 (Linux; Android 10; K) AppleWebKit/537.36 (KHTML, like Gecko) Chrome/141.0.0.0 Mobile Safari/537.36"
130.204.49.174 - - [12/Oct/2025:00:03:52 +0200] "GET /425-home_default/twice-with-you-th-13th-mini-album-.jpg HTTP/2.0" 200 23992 "https://kpopbg.com/bg/%D1%82%D1%8A%D1%80%D1%81%D0%B5%D0%BD%D0%B5?controller=search&s=Twice" "Mozilla/5.0 (Linux; Android 10; K) AppleWebKit/537.36 (KHTML, like Gecko) Chrome/141.0.0.0 Mobile Safari/537.36"
130.204.49.174 - - [12/Oct/2025:00:03:52 +0200] "GET /500-home_default/twice-formula-of-loveot3-the-3rd-full-album-.jpg HTTP/2.0" 200 13178 "https://kpopbg.com/bg/%D1%82%D1%8A%D1%80%D1%81%D0%B5%D0%BD%D0%B5?controller=search&s=Twice" "Mozilla/5.0 (Linux; Android 10; K) AppleWebKit/537.36 (KHTML, like Gecko) Chrome/141.0.0.0 Mobile Safari/537.36"
130.204.49.174 - - [12/Oct/2025:00:03:52 +0200] "GET /524-home_default/nayeon-twice-na-the-2nd-mini-album-first-press.jpg HTTP/2.0" 200 26272 "https://kpopbg.com/bg/%D1%82%D1%8A%D1%80%D1%81%D0%B5%D0%BD%D0%B5?controller=search&s=Twice" "Mozilla/5.0 (Linux; Android 10; K) AppleWebKit/537.36 (KHTML, like Gecko) Chrome/141.0.0.0 Mobile Safari/537.36"
130.204.49.174 - - [12/Oct/2025:00:03:52 +0200] "GET /726-home_default/twice-strategy-14th-mini-album-.jpg HTTP/2.0" 200 20147 "https://kpopbg.com/bg/%D1%82%D1%8A%D1%80%D1%81%D0%B5%D0%BD%D0%B5?controller=search&s=Twice" "Mozilla/5.0 (Linux; Android 10; K) AppleWebKit/537.36 (KHTML, like Gecko) Chrome/141.0.0.0 Mobile Safari/537.36"
130.204.49.174 - - [12/Oct/2025:00:03:52 +0200] "GET /730-home_default/twice-strategy-14th-mini-album-highlight-ver.jpg HTTP/2.0" 200 20098 "https://kpopbg.com/bg/%D1%82%D1%8A%D1%80%D1%81%D0%B5%D0%BD%D0%B5?controller=search&s=Twice" "Mozilla/5.0 (Linux; Android 10; K) AppleWebKit/537.36 (KHTML, like Gecko) Chrome/141.0.0.0 Mobile Safari/537.36"
130.204.49.174 - - [12/Oct/2025:00:03:52 +0200] "GET /940-home_default/twice-this-is-for-confetti-ver-4th-album-.jpg HTTP/2.0" 200 16870 "https://kpopbg.com/bg/%D1%82%D1%8A%D1%80%D1%81%D0%B5%D0%BD%D0%B5?controller=search&s=Twice" "Mozilla/5.0 (Linux; Android 10; K) AppleWebKit/537.36 (KHTML, like Gecko) Chrome/141.0.0.0 Mobile Safari/537.36"
130.204.49.174 - - [12/Oct/2025:00:03:52 +0200] "GET /958-home_default/twice-this-is-for-4th-album-.jpg HTTP/2.0" 200 26383 "https://kpopbg.com/bg/%D1%82%D1%8A%D1%80%D1%81%D0%B5%D0%BD%D0%B5?controller=search&s=Twice" "Mozilla/5.0 (Linux; Android 10; K) AppleWebKit/537.36 (KHTML, like Gecko) Chrome/141.0.0.0 Mobile Safari/537.36"
217.113.194.110 - - [12/Oct/2025:00:03:55 +0200] "GET /bg/79-chuu?order=product.price.desc HTTP/1.1" 200 14906 "-" "Mozilla/5.0 (compatible; Barkrowler/0.9; +https://babbar.tech/crawler)"
40.77.167.136 - - [12/Oct/2025:00:03:57 +0200] "GET /en/13-artist?q=Categories-ATEEZ-BABYMONSTER-BLACKPINK-BOYNEXTDOOR-ENHYPEN-ILLIT-ITZY-JIHYO-LE+SSERAFIM-LISA-NMIXX-SEVENTEEN-STAYC-STRAYKIDS-TREASURE-TXT-ZEROBASEONE-BTS HTTP/2.0" 200 19930 "-" "Mozilla/5.0 AppleWebKit/537.36 (KHTML, like Gecko; compatible; bingbot/2.0; +http://www.bing.com/bingbot.htm) Chrome/116.0.1938.76 Safari/537.36"
47.128.60.216 - - [12/Oct/2025:00:04:00 +0200] "GET /bg/13-artisti?q=%D0%9A%D0%B0%D1%82%D0%B5%D0%B3%D0%BE%D1%80%D0%B8%D0%B8-AESPA-Agust+D+%28BTS%29-BTS-ITZY-KAI-STAYC-TXT-NCT+127 HTTP/2.0" 200 21383 "-" "Mozilla/5.0 (compatible; Bytespider; spider-feedback@bytedance.com) AppleWebKit/537.36 (KHTML, like Gecko) Chrome/70.0.0.0 Safari/537.36"
217.113.194.111 - - [12/Oct/2025:00:04:13 +0200] "GET /bg/17-aespa?order=product.position.asc HTTP/1.1" 200 16255 "-" "Mozilla/5.0 (compatible; Barkrowler/0.9; +https://babbar.tech/crawler)"
130.204.49.174 - - [12/Oct/2025:00:04:21 +0200] "GET /bg/nachalo/313-619-twice-this-is-for-4th-album--8809954227462 HTTP/2.0" 200 20172 "https://kpopbg.com/bg/%D1%82%D1%8A%D1%80%D1%81%D0%B5%D0%BD%D0%B5?controller=search&s=Twice" "Mozilla/5.0 (Linux; Android 10; K) AppleWebKit/537.36 (KHTML, like Gecko) Chrome/141.0.0.0 Mobile Safari/537.36"
130.204.49.174 - - [12/Oct/2025:00:04:21 +0200] "GET /955-medium_default/twice-this-is-for-4th-album-.jpg HTTP/2.0" 200 43597 "https://kpopbg.com/bg/nachalo/313-619-twice-this-is-for-4th-album--8809954227462" "Mozilla/5.0 (Linux; Android 10; K) AppleWebKit/537.36 (KHTML, like Gecko) Chrome/141.0.0.0 Mobile Safari/537.36"
130.204.49.174 - - [12/Oct/2025:00:04:21 +0200] "GET /img/cms/TWICE/twice-4th-album-this-is-for-wholesale-1.jpg HTTP/2.0" 200 355041 "https://kpopbg.com/bg/nachalo/313-619-twice-this-is-for-4th-album--8809954227462" "Mozilla/5.0 (Linux; Android 10; K) AppleWebKit/537.36 (KHTML, like Gecko) Chrome/141.0.0.0 Mobile Safari/537.36"
130.204.49.174 - - [12/Oct/2025:00:04:21 +0200] "GET /955-large_default/twice-this-is-for-4th-album-.jpg HTTP/2.0" 200 109749 "https://kpopbg.com/bg/nachalo/313-619-twice-this-is-for-4th-album--8809954227462" "Mozilla/5.0 (Linux; Android 10; K) AppleWebKit/537.36 (KHTML, like Gecko) Chrome/141.0.0.0 Mobile Safari/537.36"
130.204.49.174 - - [12/Oct/2025:00:04:21 +0200] "GET /955-home_default/twice-this-is-for-4th-album-.jpg HTTP/2.0" 200 17902 "https://kpopbg.com/bg/nachalo/313-619-twice-this-is-for-4th-album--8809954227462" "Mozilla/5.0 (Linux; Android 10; K) AppleWebKit/537.36 (KHTML, like Gecko) Chrome/141.0.0.0 Mobile Safari/537.36"
130.204.49.174 - - [12/Oct/2025:00:04:21 +0200] "GET /939-home_default/twice-this-is-for-4th-album-.jpg HTTP/2.0" 200 26383 "https://kpopbg.com/bg/nachalo/313-619-twice-this-is-for-4th-album--8809954227462" "Mozilla/5.0 (Linux; Android 10; K) AppleWebKit/537.36 (KHTML, like Gecko) Chrome/141.0.0.0 Mobile Safari/537.36"
130.204.49.174 - - [12/Oct/2025:00:04:21 +0200] "GET /955-small_default/twice-this-is-for-4th-album-.jpg HTTP/2.0" 200 4676 "https://kpopbg.com/bg/nachalo/313-619-twice-this-is-for-4th-album--8809954227462" "Mozilla/5.0 (Linux; Android 10; K) AppleWebKit/537.36 (KHTML, like Gecko) Chrome/141.0.0.0 Mobile Safari/537.36"
130.204.49.174 - - [12/Oct/2025:00:04:21 +0200] "GET /939-small_default/twice-this-is-for-4th-album-.jpg HTTP/2.0" 200 5768 "https://kpopbg.com/bg/nachalo/313-619-twice-this-is-for-4th-album--8809954227462" "Mozilla/5.0 (Linux; Android 10; K) AppleWebKit/537.36 (KHTML, like Gecko) Chrome/141.0.0.0 Mobile Safari/537.36"
130.204.49.174 - - [12/Oct/2025:00:04:22 +0200] "GET /939-large_default/twice-this-is-for-4th-album-.jpg HTTP/2.0" 200 87444 "https://kpopbg.com/bg/nachalo/313-619-twice-this-is-for-4th-album--8809954227462" "Mozilla/5.0 (Linux; Android 10; K) AppleWebKit/537.36 (KHTML, like Gecko) Chrome/141.0.0.0 Mobile Safari/537.36"
130.204.49.174 - - [12/Oct/2025:00:04:22 +0200] "GET /939-medium_default/twice-this-is-for-4th-album-.jpg HTTP/2.0" 200 61235 "https://kpopbg.com/bg/nachalo/313-619-twice-this-is-for-4th-album--8809954227462" "Mozilla/5.0 (Linux; Android 10; K) AppleWebKit/537.36 (KHTML, like Gecko) Chrome/141.0.0.0 Mobile Safari/537.36"
217.113.194.105 - - [12/Oct/2025:00:04:31 +0200] "GET /bg/19-twice?order=product.reference.asc HTTP/1.1" 200 16755 "-" "Mozilla/5.0 (compatible; Barkrowler/0.9; +https://babbar.tech/crawler)"
130.204.49.174 - - [12/Oct/2025:00:04:38 +0200] "GET /bg/%D1%82%D1%8A%D1%80%D1%81%D0%B5%D0%BD%D0%B5?controller=search&s=Twice HTTP/2.0" 200 15652 "https://kpopbg.com/bg/%D1%82%D1%8A%D1%80%D1%81%D0%B5%D0%BD%D0%B5?controller=search&s=Illit" "Mozilla/5.0 (Linux; Android 10; K) AppleWebKit/537.36 (KHTML, like Gecko) Chrome/141.0.0.0 Mobile Safari/537.36"
130.204.49.174 - - [12/Oct/2025:00:04:44 +0200] "GET /bg/%D1%82%D1%8A%D1%80%D1%81%D0%B5%D0%BD%D0%B5?controller=search&s=Illit HTTP/2.0" 200 13798 "https://kpopbg.com/bg/12-albumi" "Mozilla/5.0 (Linux; Android 10; K) AppleWebKit/537.36 (KHTML, like Gecko) Chrome/141.0.0.0 Mobile Safari/537.36"
130.204.49.174 - - [12/Oct/2025:00:04:45 +0200] "GET /bg/12-albumi HTTP/2.0" 200 17491 "https://www.google.com/" "Mozilla/5.0 (Linux; Android 10; K) AppleWebKit/537.36 (KHTML, like Gecko) Chrome/141.0.0.0 Mobile Safari/537.36"
47.128.57.83 - - [12/Oct/2025:00:04:48 +0200] "GET /bg/13-artisti?q=%D0%9A%D0%B0%D1%82%D0%B5%D0%B3%D0%BE%D1%80%D0%B8%D0%B8-AESPA-BLACKPINK-ITZY-LE+SSERAFIM-STAYC-NMIXX HTTP/2.0" 200 21360 "-" "Mozilla/5.0 (compatible; Bytespider; spider-feedback@bytedance.com) AppleWebKit/537.36 (KHTML, like Gecko) Chrome/70.0.0.0 Safari/537.36"
154.54.249.203 - - [12/Oct/2025:00:04:49 +0200] "GET /bg/13-artisti?q=Categories-ATEEZ HTTP/1.1" 200 21201 "-" "Mozilla/5.0 (compatible; Barkrowler/0.9; +https://babbar.tech/crawler)"
114.119.136.175 - - [12/Oct/2025:00:04:55 +0200] "GET /en/13-artist?q=Categories-IVE-TREASURE-TXT/Availability-In%2Bstock&order=product.price.desc HTTP/1.1" 200 19928 "https://kpopbg.com/en/13-artist?q=Categories-TREASURE-TXT-IVE/Availability-Available&order=product.price.desc" "Mozilla/5.0 (Linux; Android 7.0;) AppleWebKit/537.36 (KHTML, like Gecko) Mobile Safari/537.36 (compatible; PetalBot;+https://webmaster.petalsearch.com/site/petalbot)"
217.113.194.102 - - [12/Oct/2025:00:05:06 +0200] "GET /bg/13-artisti?q=Categories-STAYC HTTP/1.1" 200 21199 "-" "Mozilla/5.0 (compatible; Barkrowler/0.9; +https://babbar.tech/crawler)"
52.167.144.221 - - [12/Oct/2025:00:05:12 +0200] "GET /bg/13-artisti?q=%D0%9A%D0%B0%D1%82%D0%B5%D0%B3%D0%BE%D1%80%D0%B8%D0%B8-BABYMONSTER-BLACKPINK-BOYNEXTDOOR-ENHYPEN-GOT+THE+BEAT-ILLIT-IVE-JENNIE+%28BLACKPINK%29-JIHYO-JIMIN+%28BTS%29-LE+SSERAFIM-LISA+%28BLACKPINK%29-NMIXX-P1Harmony-SEVENTEEN-TXT-WayV-ZEROBASEONE-TREASURE&page=2 HTTP/2.0" 200 21705 "-" "Mozilla/5.0 AppleWebKit/537.36 (KHTML, like Gecko; compatible; bingbot/2.0; +http://www.bing.com/bingbot.htm) Chrome/116.0.1938.76 Safari/537.36"
52.167.144.221 - - [12/Oct/2025:00:05:21 +0200] "GET /en/13-artist?q=Categories-%28G%29I%5C-DLE-Agust+D+%28BTS%29-BABYMONSTER-ENHYPEN-ILLIT-ITZY-JIHYO-JIMIN+%28BTS%29-NCT+127-NMIXX-P1Harmony-SEVENTEEN-STRAYKIDS-THE+BOYZ-TWICE-TXT-WayV-ZEROBASEONE-STAYC HTTP/2.0" 200 19983 "-" "Mozilla/5.0 AppleWebKit/537.36 (KHTML, like Gecko; compatible; bingbot/2.0; +http://www.bing.com/bingbot.htm) Chrome/116.0.1938.76 Safari/537.36"
154.54.249.203 - - [12/Oct/2025:00:05:24 +0200] "GET /bg/brand/11-ador?order=product.price.desc HTTP/1.1" 200 14530 "-" "Mozilla/5.0 (compatible; Barkrowler/0.9; +https://babbar.tech/crawler)"
47.128.119.99 - - [12/Oct/2025:00:05:36 +0200] "GET /bg/13-artisti?SubmitCurrency=1&id_currency=2&order=product.name.desc&q=%D0%9A%D0%B0%D1%82%D0%B5%D0%B3%D0%BE%D1%80%D0%B8%D0%B8-ASTRO-BTS-IVE-KAI-LISA-STAYC-TREASURE-TXT-NCT+DREAM HTTP/2.0" 200 21635 "-" "Mozilla/5.0 (compatible; Bytespider; spider-feedback@bytedance.com) AppleWebKit/537.36 (KHTML, like Gecko) Chrome/70.0.0.0 Safari/537.36"
40.77.167.241 - - [12/Oct/2025:00:05:38 +0200] "GET /bg/13-artisti?q=%D0%9A%D0%B0%D1%82%D0%B5%D0%B3%D0%BE%D1%80%D0%B8%D0%B8-ATEEZ-BABYMONSTER-BLACKPINK-BOYNEXTDOOR-ENHYPEN-GOT+THE+BEAT-ILLIT-IVE-JENNIE+%28BLACKPINK%29-JIHYO-JISOO+%28BLACKPINK%29-LISA+%28BLACKPINK%29-NMIXX-RIIZE-ROSE+%28BLACKPINK%29-STAYC-STRAYKIDS-TREASURE-TWICE-WayV-ZEROBASEONE-LE+SSERAFIM HTTP/2.0" 200 21696 "-" "Mozilla/5.0 AppleWebKit/537.36 (KHTML, like Gecko; compatible; bingbot/2.0; +http://www.bing.com/bingbot.htm) Chrome/116.0.1938.76 Safari/537.36"
217.113.194.108 - - [12/Oct/2025:00:05:42 +0200] "GET /en/14-itzy?order=product.name.asc&page=2 HTTP/1.1" 200 12007 "-" "Mozilla/5.0 (compatible; Barkrowler/0.9; +https://babbar.tech/crawler)"
40.77.167.241 - - [12/Oct/2025:00:05:48 +0200] "GET /bg/13-artisti?q=%D0%9A%D0%B0%D1%82%D0%B5%D0%B3%D0%BE%D1%80%D0%B8%D0%B8-AESPA-ATEEZ-BLACKPINK-BOYNEXTDOOR-ENHYPEN-ILLIT-ITZY-JIHYO-KAI-LISA-NCT+DREAM-NMIXX-RIIZE-SEVENTEEN-TWICE-WayV-ZEROBASEONE-XDINARY+HEROES HTTP/2.0" 200 21507 "-" "Mozilla/5.0 AppleWebKit/537.36 (KHTML, like Gecko; compatible; bingbot/2.0; +http://www.bing.com/bingbot.htm) Chrome/116.0.1938.76 Safari/537.36"
217.113.194.104 - - [12/Oct/2025:00:06:00 +0200] "GET /en/brand/11-ador?order=product.reference.asc HTTP/1.1" 200 13224 "-" "Mozilla/5.0 (compatible; Barkrowler/0.9; +https://babbar.tech/crawler)"
52.167.144.160 - - [12/Oct/2025:00:06:07 +0200] "GET /bg/13-artisti?q=%D0%9A%D0%B0%D1%82%D0%B5%D0%B3%D0%BE%D1%80%D0%B8%D0%B8-ATEEZ-BABYMONSTER-BLACKPINK-BOYNEXTDOOR-ENHYPEN-ILLIT-ITZY-JIHYO-LISA-NMIXX-STAYC-TXT-ZEROBASEONE HTTP/2.0" 200 21485 "-" "Mozilla/5.0 AppleWebKit/537.36 (KHTML, like Gecko; compatible; bingbot/2.0; +http://www.bing.com/bingbot.htm) Chrome/116.0.1938.76 Safari/537.36"
217.113.194.247 - - [12/Oct/2025:00:06:18 +0200] "GET /en/12-album?order=product.name.asc&page=16 HTTP/1.1" 200 16013 "-" "Mozilla/5.0 (compatible; Barkrowler/0.9; +https://babbar.tech/crawler)"
114.119.153.232 - - [12/Oct/2025:00:06:21 +0200] "GET /en/13-artist?q=Categories-IVE-TREASURE-TWICE-JISOO&order=product.price.asc HTTP/1.1" 200 19808 "https://kpopbg.com/en/13-artist?q=Categories-IVE-TREASURE-TWICE-JISOO&order=product.price.asc" "Mozilla/5.0 (Linux; Android 7.0;) AppleWebKit/537.36 (KHTML, like Gecko) Mobile Safari/537.36 (compatible; PetalBot;+https://webmaster.petalsearch.com/site/petalbot)"
47.128.56.162 - - [12/Oct/2025:00:06:25 +0200] "GET /bg/13-artisti?SubmitCurrency=1&id_currency=2&q=%D0%9A%D0%B0%D1%82%D0%B5%D0%B3%D0%BE%D1%80%D0%B8%D0%B8-AESPA-BTS-ENHYPEN-JIMIN+%28BTS%29-KAI-RED+VELVET-TWICE-TXT-JUNG+KOOK+%28BTS%29 HTTP/2.0" 200 21467 "-" "Mozilla/5.0 (compatible; Bytespider; spider-feedback@bytedance.com) AppleWebKit/537.36 (KHTML, like Gecko) Chrome/70.0.0.0 Safari/537.36"
217.113.194.111 - - [12/Oct/2025:00:06:36 +0200] "GET /en/24-red-velvet?order=product.price.desc HTTP/1.1" 200 13418 "-" "Mozilla/5.0 (compatible; Barkrowler/0.9; +https://babbar.tech/crawler)"
217.113.194.109 - - [12/Oct/2025:00:06:54 +0200] "GET /en/13-artist?q=Categories-TWICE-IVE HTTP/1.1" 200 19688 "-" "Mozilla/5.0 (compatible; Barkrowler/0.9; +https://babbar.tech/crawler)"
217.113.194.106 - - [12/Oct/2025:00:07:12 +0200] "GET /en/13-artist?q=Categories-TWICE&page=3 HTTP/1.1" 200 19772 "-" "Mozilla/5.0 (compatible; Barkrowler/0.9; +https://babbar.tech/crawler)"
47.128.123.220 - - [12/Oct/2025:00:07:14 +0200] "GET /bg/13-artisti?order=product.sales.desc&q=%D0%9A%D0%B0%D1%82%D0%B5%D0%B3%D0%BE%D1%80%D0%B8%D0%B8-ITZY-IVE-NCT+127-SEVENTEEN-TWICE-TXT-STAYC HTTP/2.0" 200 17530 "-" "Mozilla/5.0 (compatible; Bytespider; spider-feedback@bytedance.com) AppleWebKit/537.36 (KHTML, like Gecko) Chrome/70.0.0.0 Safari/537.36"
154.54.249.203 - - [12/Oct/2025:00:07:30 +0200] "GET /en/13-artist?q=Categories-TWICE&page=14 HTTP/1.1" 200 19797 "-" "Mozilla/5.0 (compatible; Barkrowler/0.9; +https://babbar.tech/crawler)"
114.119.133.146 - - [12/Oct/2025:00:07:45 +0200] "GET /en/13-artist?q=Categories-IVE-STAYC-STRAYKIDS-TWICE-TXT/Availability-In%2Bstock&order=product.price.desc HTTP/1.1" 200 19933 "https://kpopbg.com/en/13-artist?q=Categories-STAYC-STRAYKIDS-TWICE-TXT-IVE&order=product.price.desc&page=2" "Mozilla/5.0 (Linux; Android 7.0;) AppleWebKit/537.36 (KHTML, like Gecko) Mobile Safari/537.36 (compatible; PetalBot;+https://webmaster.petalsearch.com/site/petalbot)"
217.113.194.102 - - [12/Oct/2025:00:07:48 +0200] "GET /en/13-artist?order=product.name.asc&page=12 HTTP/1.1" 200 19563 "-" "Mozilla/5.0 (compatible; Barkrowler/0.9; +https://babbar.tech/crawler)"
66.249.76.205 - - [12/Oct/2025:00:08:04 +0200] "GET /383-large_default/bts-be-essential-edition.jpg HTTP/1.1" 200 23175 "-" "Googlebot-Image/1.0"
217.113.194.102 - - [12/Oct/2025:00:08:05 +0200] "GET /en/13-artist?order=product.name.asc&page=3 HTTP/1.1" 200 19556 "-" "Mozilla/5.0 (compatible; Barkrowler/0.9; +https://babbar.tech/crawler)"
40.77.167.241 - - [12/Oct/2025:00:08:09 +0200] "GET /bg/13-artisti?q=%D0%9A%D0%B0%D1%82%D0%B5%D0%B3%D0%BE%D1%80%D0%B8%D0%B8-AESPA-ATEEZ-BABYMONSTER-BLACKPINK-ENHYPEN-ILLIT-ITZY-JIHYO-KAI-LISA-NMIXX-TREASURE-TWICE-TXT-xikers-ZEROBASEONE-BTS HTTP/2.0" 200 21456 "-" "Mozilla/5.0 AppleWebKit/537.36 (KHTML, like Gecko; compatible; bingbot/2.0; +http://www.bing.com/bingbot.htm) Chrome/116.0.1938.76 Safari/537.36"
66.249.66.13 - - [12/Oct/2025:00:08:18 +0200] "GET /926-home_default/xiumin-exo-interview-x-photobook-ver.jpg HTTP/1.1" 200 18003 "-" "Googlebot-Image/1.0"
217.113.194.107 - - [12/Oct/2025:00:08:23 +0200] "GET /en/13-artist?order=product.name.asc&page=15 HTTP/1.1" 200 19511 "-" "Mozilla/5.0 (compatible; Barkrowler/0.9; +https://babbar.tech/crawler)"
40.77.167.241 - - [12/Oct/2025:00:08:28 +0200] "GET /bg/13-artisti?q=%D0%9A%D0%B0%D1%82%D0%B5%D0%B3%D0%BE%D1%80%D0%B8%D0%B8-ASTRO-BLACKPINK-ENHYPEN-IVE-JIHYO-KAI-NCT-STRAYKIDS-TREASURE-TWICE-TXT-V+%28BTS%29/%D0%9D%D0%B0%D0%BB%D0%B8%D1%87%D0%BD%D0%BE%D1%81%D1%82-%D0%92+%D0%BD%D0%B0%D0%BB%D0%B8%D1%87%D0%BD%D0%BE%D1%81%D1%82-%D0%9D%D1%8F%D0%BC%D0%B0+%D0%BD%D0%B0%D0%BB%D0%B8%D1%87%D0%BD%D0%BE%D1%81%D1%82&page=19 HTTP/2.0" 200 21753 "-" "Mozilla/5.0 AppleWebKit/537.36 (KHTML, like Gecko; compatible; bingbot/2.0; +http://www.bing.com/bingbot.htm) Chrome/116.0.1938.76 Safari/537.36"
66.249.66.13 - - [12/Oct/2025:00:08:31 +0200] "GET /bg/12-albumi HTTP/1.1" 200 17504 "-" "Mozilla/5.0 (Linux; Android 6.0.1; Nexus 5X Build/MMB29P) AppleWebKit/537.36 (KHTML, like Gecko) Chrome/140.0.7339.207 Mobile Safari/537.36 (compatible; Googlebot/2.1; +http://www.google.com/bot.html)"
57.141.4.20 - - [12/Oct/2025:00:08:33 +0200] "GET /en/39-agust-d-bts HTTP/2.0" 200 92294 "-" "meta-externalagent/1.1 (+https://developers.facebook.com/docs/sharing/webmasters/crawler)"
217.113.194.109 - - [12/Oct/2025:00:08:41 +0200] "GET /en/13-artist?order=product.price.desc&page=14 HTTP/1.1" 200 19795 "-" "Mozilla/5.0 (compatible; Barkrowler/0.9; +https://babbar.tech/crawler)"
52.167.144.221 - - [12/Oct/2025:00:08:52 +0200] "GET /en/13-artist?q=Categories-AESPA-BABYMONSTER-BLACKPINK-ENHYPEN-ILLIT-ITZY-JIHYO-LISA-NMIXX-SEVENTEEN-TWICE-TXT-WayV-xikers-ZEROBASEONE-Tzuyu+%28TWICE%29&page=3 HTTP/2.0" 200 19982 "-" "Mozilla/5.0 AppleWebKit/537.36 (KHTML, like Gecko; compatible; bingbot/2.0; +http://www.bing.com/bingbot.htm) Chrome/116.0.1938.76 Safari/537.36"
212.39.89.30 - - [12/Oct/2025:00:08:57 +0200] "GET /bg/nachalo/253-507-aespa-whiplash-5th-mini-album-beat-ver-8804775451874 HTTP/2.0" 200 19693 "https://kpopbg.com/bg/%D1%82%D1%8A%D1%80%D1%81%D0%B5%D0%BD%D0%B5?controller=search&s=Whiplash" "Mozilla/5.0 (Macintosh; Intel Mac OS X 10_15_7) AppleWebKit/605.1.15 (KHTML, like Gecko) Version/26.0.1 Safari/605.1.15"
217.113.194.103 - - [12/Oct/2025:00:09:00 +0200] "GET /en/2-nachalo?order=product.name.asc&page=15 HTTP/1.1" 200 15702 "-" "Mozilla/5.0 (compatible; Barkrowler/0.9; +https://babbar.tech/crawler)"
212.39.89.30 - - [12/Oct/2025:00:09:02 +0200] "POST /bg/%D1%82%D1%8A%D1%80%D1%81%D0%B5%D0%BD%D0%B5 HTTP/2.0" 200 66776 "https://kpopbg.com/bg/nachalo/253-507-aespa-whiplash-5th-mini-album-beat-ver-8804775451874" "Mozilla/5.0 (Macintosh; Intel Mac OS X 10_15_7) AppleWebKit/605.1.15 (KHTML, like Gecko) Version/26.0.1 Safari/605.1.15"
212.39.89.30 - - [12/Oct/2025:00:09:02 +0200] "POST /bg/%D1%82%D1%8A%D1%80%D1%81%D0%B5%D0%BD%D0%B5 HTTP/2.0" 200 2650 "https://kpopbg.com/bg/nachalo/253-507-aespa-whiplash-5th-mini-album-beat-ver-8804775451874" "Mozilla/5.0 (Macintosh; Intel Mac OS X 10_15_7) AppleWebKit/605.1.15 (KHTML, like Gecko) Version/26.0.1 Safari/605.1.15"
212.39.89.30 - - [12/Oct/2025:00:09:03 +0200] "POST /bg/%D1%82%D1%8A%D1%80%D1%81%D0%B5%D0%BD%D0%B5 HTTP/2.0" 499 0 "https://kpopbg.com/bg/nachalo/253-507-aespa-whiplash-5th-mini-album-beat-ver-8804775451874" "Mozilla/5.0 (Macintosh; Intel Mac OS X 10_15_7) AppleWebKit/605.1.15 (KHTML, like Gecko) Version/26.0.1 Safari/605.1.15"
212.39.89.30 - - [12/Oct/2025:00:09:04 +0200] "GET /bg/%D1%82%D1%8A%D1%80%D1%81%D0%B5%D0%BD%D0%B5?controller=search&s=Itzy HTTP/2.0" 200 15595 "https://kpopbg.com/bg/nachalo/253-507-aespa-whiplash-5th-mini-album-beat-ver-8804775451874" "Mozilla/5.0 (Macintosh; Intel Mac OS X 10_15_7) AppleWebKit/605.1.15 (KHTML, like Gecko) Version/26.0.1 Safari/605.1.15"
212.39.89.30 - - [12/Oct/2025:00:09:04 +0200] "GET /themes/classic/assets/cache/theme-cdcaaa131.css HTTP/2.0" 304 0 "https://kpopbg.com/bg/%D1%82%D1%8A%D1%80%D1%81%D0%B5%D0%BD%D0%B5?controller=search&s=Itzy" "Mozilla/5.0 (Macintosh; Intel Mac OS X 10_15_7) AppleWebKit/605.1.15 (KHTML, like Gecko) Version/26.0.1 Safari/605.1.15"
212.39.89.30 - - [12/Oct/2025:00:09:04 +0200] "GET /img/logo-1663262496.jpg HTTP/2.0" 304 0 "https://kpopbg.com/bg/%D1%82%D1%8A%D1%80%D1%81%D0%B5%D0%BD%D0%B5?controller=search&s=Itzy" "Mozilla/5.0 (Macintosh; Intel Mac OS X 10_15_7) AppleWebKit/605.1.15 (KHTML, like Gecko) Version/26.0.1 Safari/605.1.15"
212.39.89.30 - - [12/Oct/2025:00:09:04 +0200] "GET /themes/classic/assets/cache/bottom-9263dd130.js HTTP/2.0" 304 0 "https://kpopbg.com/bg/%D1%82%D1%8A%D1%80%D1%81%D0%B5%D0%BD%D0%B5?controller=search&s=Itzy" "Mozilla/5.0 (Macintosh; Intel Mac OS X 10_15_7) AppleWebKit/605.1.15 (KHTML, like Gecko) Version/26.0.1 Safari/605.1.15"
212.39.89.30 - - [12/Oct/2025:00:09:04 +0200] "GET /themes/classic/assets/css/52260854eea2d38939bf40e9e9687830.woff2 HTTP/2.0" 304 0 "https://kpopbg.com/bg/%D1%82%D1%8A%D1%80%D1%81%D0%B5%D0%BD%D0%B5?controller=search&s=Itzy" "Mozilla/5.0 (Macintosh; Intel Mac OS X 10_15_7) AppleWebKit/605.1.15 (KHTML, like Gecko) Version/26.0.1 Safari/605.1.15"
212.39.89.30 - - [12/Oct/2025:00:09:04 +0200] "GET /themes/classic/assets/css/12a47ed5fd5585f0f4227fa035a1a607.woff2 HTTP/2.0" 304 0 "https://kpopbg.com/bg/%D1%82%D1%8A%D1%80%D1%81%D0%B5%D0%BD%D0%B5?controller=search&s=Itzy" "Mozilla/5.0 (Macintosh; Intel Mac OS X 10_15_7) AppleWebKit/605.1.15 (KHTML, like Gecko) Version/26.0.1 Safari/605.1.15"
212.39.89.30 - - [12/Oct/2025:00:09:04 +0200] "GET /218-home_default/itzy-kill-my-doubt-limited-edition.jpg HTTP/2.0" 200 22274 "https://kpopbg.com/bg/%D1%82%D1%8A%D1%80%D1%81%D0%B5%D0%BD%D0%B5?controller=search&s=Itzy" "Mozilla/5.0 (Macintosh; Intel Mac OS X 10_15_7) AppleWebKit/605.1.15 (KHTML, like Gecko) Version/26.0.1 Safari/605.1.15"
212.39.89.30 - - [12/Oct/2025:00:09:04 +0200] "GET /358-home_default/itzy-cheshire-standard-ver.jpg HTTP/2.0" 304 0 "https://kpopbg.com/bg/%D1%82%D1%8A%D1%80%D1%81%D0%B5%D0%BD%D0%B5?controller=search&s=Itzy" "Mozilla/5.0 (Macintosh; Intel Mac OS X 10_15_7) AppleWebKit/605.1.15 (KHTML, like Gecko) Version/26.0.1 Safari/605.1.15"
212.39.89.30 - - [12/Oct/2025:00:09:04 +0200] "GET /179-home_default/itzy-it-z-me-2nd-mini-album-.jpg HTTP/2.0" 200 12384 "https://kpopbg.com/bg/%D1%82%D1%8A%D1%80%D1%81%D0%B5%D0%BD%D0%B5?controller=search&s=Itzy" "Mozilla/5.0 (Macintosh; Intel Mac OS X 10_15_7) AppleWebKit/605.1.15 (KHTML, like Gecko) Version/26.0.1 Safari/605.1.15"
212.39.89.30 - - [12/Oct/2025:00:09:04 +0200] "GET /225-home_default/itzy-kill-my-doubt-digipack-pre-order-.jpg HTTP/2.0" 200 29646 "https://kpopbg.com/bg/%D1%82%D1%8A%D1%80%D1%81%D0%B5%D0%BD%D0%B5?controller=search&s=Itzy" "Mozilla/5.0 (Macintosh; Intel Mac OS X 10_15_7) AppleWebKit/605.1.15 (KHTML, like Gecko) Version/26.0.1 Safari/605.1.15"
212.39.89.30 - - [12/Oct/2025:00:09:04 +0200] "GET /251-home_default/itzy-not-shy-3rd-mini-album-.jpg HTTP/2.0" 200 37178 "https://kpopbg.com/bg/%D1%82%D1%8A%D1%80%D1%81%D0%B5%D0%BD%D0%B5?controller=search&s=Itzy" "Mozilla/5.0 (Macintosh; Intel Mac OS X 10_15_7) AppleWebKit/605.1.15 (KHTML, like Gecko) Version/26.0.1 Safari/605.1.15"
212.39.89.30 - - [12/Oct/2025:00:09:05 +0200] "GET /365-home_default/itzy-kill-my-doubt-standard.jpg HTTP/2.0" 200 32200 "https://kpopbg.com/bg/%D1%82%D1%8A%D1%80%D1%81%D0%B5%D0%BD%D0%B5?controller=search&s=Itzy" "Mozilla/5.0 (Macintosh; Intel Mac OS X 10_15_7) AppleWebKit/605.1.15 (KHTML, like Gecko) Version/26.0.1 Safari/605.1.15"
212.39.89.30 - - [12/Oct/2025:00:09:05 +0200] "GET /661-home_default/itzy-gold-phone-box-ver-special-ver.jpg HTTP/2.0" 200 13748 "https://kpopbg.com/bg/%D1%82%D1%8A%D1%80%D1%81%D0%B5%D0%BD%D0%B5?controller=search&s=Itzy" "Mozilla/5.0 (Macintosh; Intel Mac OS X 10_15_7) AppleWebKit/605.1.15 (KHTML, like Gecko) Version/26.0.1 Safari/605.1.15"
212.39.89.30 - - [12/Oct/2025:00:09:06 +0200] "GET /662-home_default/itzy-gold-standard-ver.jpg HTTP/2.0" 200 18714 "https://kpopbg.com/bg/%D1%82%D1%8A%D1%80%D1%81%D0%B5%D0%BD%D0%B5?controller=search&s=Itzy" "Mozilla/5.0 (Macintosh; Intel Mac OS X 10_15_7) AppleWebKit/605.1.15 (KHTML, like Gecko) Version/26.0.1 Safari/605.1.15"
212.39.89.30 - - [12/Oct/2025:00:09:06 +0200] "GET /796-home_default/pre-order-yeji-itzy-air-photobook-ver.jpg HTTP/2.0" 200 13194 "https://kpopbg.com/bg/%D1%82%D1%8A%D1%80%D1%81%D0%B5%D0%BD%D0%B5?controller=search&s=Itzy" "Mozilla/5.0 (Macintosh; Intel Mac OS X 10_15_7) AppleWebKit/605.1.15 (KHTML, like Gecko) Version/26.0.1 Safari/605.1.15"
212.39.89.30 - - [12/Oct/2025:00:09:07 +0200] "GET /900-home_default/itzy-girls-will-be-girls-photobook-ver.jpg HTTP/2.0" 200 22435 "https://kpopbg.com/bg/%D1%82%D1%8A%D1%80%D1%81%D0%B5%D0%BD%D0%B5?controller=search&s=Itzy" "Mozilla/5.0 (Macintosh; Intel Mac OS X 10_15_7) AppleWebKit/605.1.15 (KHTML, like Gecko) Version/26.0.1 Safari/605.1.15"
212.39.89.30 - - [12/Oct/2025:00:09:07 +0200] "GET /898-home_default/itzy-girls-will-be-girls-binder-ver.jpg HTTP/2.0" 200 29299 "https://kpopbg.com/bg/%D1%82%D1%8A%D1%80%D1%81%D0%B5%D0%BD%D0%B5?controller=search&s=Itzy" "Mozilla/5.0 (Macintosh; Intel Mac OS X 10_15_7) AppleWebKit/605.1.15 (KHTML, like Gecko) Version/26.0.1 Safari/605.1.15"
114.119.137.2 - - [12/Oct/2025:00:09:10 +0200] "GET /en/13-artist?q=Categories-IVE-NMIXX-TREASURE-TWICE-Agust%2BD%2B(BTS)&order=product.price.desc HTTP/1.1" 200 19942 "https://kpopbg.com/en/13-artist?q=Categories-IVE-NMIXX-TREASURE-TWICE-Agust%2BD%2B%28BTS%29&order=product.price.desc" "Mozilla/5.0 (Linux; Android 7.0;) AppleWebKit/537.36 (KHTML, like Gecko) Mobile Safari/537.36 (compatible; PetalBot;+https://webmaster.petalsearch.com/site/petalbot)"
212.39.89.30 - - [12/Oct/2025:00:09:10 +0200] "POST /bg/index.php?controller=product HTTP/2.0" 200 29193 "https://kpopbg.com/bg/%D1%82%D1%8A%D1%80%D1%81%D0%B5%D0%BD%D0%B5?controller=search&s=Itzy" "Mozilla/5.0 (Macintosh; Intel Mac OS X 10_15_7) AppleWebKit/605.1.15 (KHTML, like Gecko) Version/26.0.1 Safari/605.1.15"
212.39.89.30 - - [12/Oct/2025:00:09:11 +0200] "GET /themes/classic/assets/css/740f1557cae714dc4b180b4d5de69375.svg HTTP/2.0" 304 0 "https://kpopbg.com/bg/%D1%82%D1%8A%D1%80%D1%81%D0%B5%D0%BD%D0%B5?controller=search&s=Itzy" "Mozilla/5.0 (Macintosh; Intel Mac OS X 10_15_7) AppleWebKit/605.1.15 (KHTML, like Gecko) Version/26.0.1 Safari/605.1.15"
212.39.89.30 - - [12/Oct/2025:00:09:11 +0200] "GET /796-medium_default/pre-order-yeji-itzy-air-photobook-ver.jpg HTTP/2.0" 200 29720 "https://kpopbg.com/bg/%D1%82%D1%8A%D1%80%D1%81%D0%B5%D0%BD%D0%B5?controller=search&s=Itzy" "Mozilla/5.0 (Macintosh; Intel Mac OS X 10_15_7) AppleWebKit/605.1.15 (KHTML, like Gecko) Version/26.0.1 Safari/605.1.15"
212.39.89.30 - - [12/Oct/2025:00:09:11 +0200] "GET /796-small_default/pre-order-yeji-itzy-air-photobook-ver.jpg HTTP/2.0" 200 3605 "https://kpopbg.com/bg/%D1%82%D1%8A%D1%80%D1%81%D0%B5%D0%BD%D0%B5?controller=search&s=Itzy" "Mozilla/5.0 (Macintosh; Intel Mac OS X 10_15_7) AppleWebKit/605.1.15 (KHTML, like Gecko) Version/26.0.1 Safari/605.1.15"
212.39.89.30 - - [12/Oct/2025:00:09:17 +0200] "GET /bg/nachalo/279-543-pre-order-yeji-itzy-air-photobook-ver-8809954227080 HTTP/2.0" 200 20703 "https://kpopbg.com/bg/%D1%82%D1%8A%D1%80%D1%81%D0%B5%D0%BD%D0%B5?controller=search&s=Itzy" "Mozilla/5.0 (Macintosh; Intel Mac OS X 10_15_7) AppleWebKit/605.1.15 (KHTML, like Gecko) Version/26.0.1 Safari/605.1.15"
212.39.89.30 - - [12/Oct/2025:00:09:18 +0200] "GET /796-large_default/pre-order-yeji-itzy-air-photobook-ver.jpg HTTP/2.0" 200 46917 "https://kpopbg.com/bg/nachalo/279-543-pre-order-yeji-itzy-air-photobook-ver-8809954227080" "Mozilla/5.0 (Macintosh; Intel Mac OS X 10_15_7) AppleWebKit/605.1.15 (KHTML, like Gecko) Version/26.0.1 Safari/605.1.15"
212.39.89.30 - - [12/Oct/2025:00:09:18 +0200] "GET /img/cms/YEJI/yeji-itzy-air-photobook-ver-wholesale-1.jpg HTTP/2.0" 200 197540 "https://kpopbg.com/bg/nachalo/279-543-pre-order-yeji-itzy-air-photobook-ver-8809954227080" "Mozilla/5.0 (Macintosh; Intel Mac OS X 10_15_7) AppleWebKit/605.1.15 (KHTML, like Gecko) Version/26.0.1 Safari/605.1.15"
217.113.194.247 - - [12/Oct/2025:00:09:18 +0200] "GET /en/68-dreamcatcher?order=product.position.asc HTTP/1.1" 200 13405 "-" "Mozilla/5.0 (compatible; Barkrowler/0.9; +https://babbar.tech/crawler)"
212.39.89.30 - - [12/Oct/2025:00:09:28 +0200] "GET /bg/%D1%82%D1%8A%D1%80%D1%81%D0%B5%D0%BD%D0%B5?controller=search&s=Itzy HTTP/2.0" 200 15597 "https://kpopbg.com/bg/nachalo/253-507-aespa-whiplash-5th-mini-album-beat-ver-8804775451874" "Mozilla/5.0 (Macintosh; Intel Mac OS X 10_15_7) AppleWebKit/605.1.15 (KHTML, like Gecko) Version/26.0.1 Safari/605.1.15"
52.167.144.221 - - [12/Oct/2025:00:09:34 +0200] "GET /bg/13-artisti?q=%D0%9A%D0%B0%D1%82%D0%B5%D0%B3%D0%BE%D1%80%D0%B8%D0%B8-AESPA-ATEEZ-BABYMONSTER-BLACKPINK-BOYNEXTDOOR-BTS-ENHYPEN-GOT+THE+BEAT-ILLIT-IVE-JIHYO-LISA-NCT+DREAM-NCT+JAEHYUN-NMIXX-RIIZE-TWICE-WayV-Jin+%28BTS%29&order=product.position.asc HTTP/2.0" 200 21354 "-" "Mozilla/5.0 AppleWebKit/537.36 (KHTML, like Gecko; compatible; bingbot/2.0; +http://www.bing.com/bingbot.htm) Chrome/116.0.1938.76 Safari/537.36"
212.39.89.30 - - [12/Oct/2025:00:09:34 +0200] "GET /bg/nachalo/48-270-itzy-cheshire-standard-ver-8809755507428 HTTP/2.0" 200 19975 "https://kpopbg.com/bg/%D1%82%D1%8A%D1%80%D1%81%D0%B5%D0%BD%D0%B5?controller=search&s=Itzy" "Mozilla/5.0 (Macintosh; Intel Mac OS X 10_15_7) AppleWebKit/605.1.15 (KHTML, like Gecko) Version/26.0.1 Safari/605.1.15"
212.39.89.30 - - [12/Oct/2025:00:09:34 +0200] "GET /446-home_default/itzy-cheshire-standard-ver.jpg HTTP/2.0" 304 0 "https://kpopbg.com/bg/nachalo/48-270-itzy-cheshire-standard-ver-8809755507428" "Mozilla/5.0 (Macintosh; Intel Mac OS X 10_15_7) AppleWebKit/605.1.15 (KHTML, like Gecko) Version/26.0.1 Safari/605.1.15"
212.39.89.30 - - [12/Oct/2025:00:09:34 +0200] "GET /446-small_default/itzy-cheshire-standard-ver.jpg HTTP/2.0" 304 0 "https://kpopbg.com/bg/nachalo/48-270-itzy-cheshire-standard-ver-8809755507428" "Mozilla/5.0 (Macintosh; Intel Mac OS X 10_15_7) AppleWebKit/605.1.15 (KHTML, like Gecko) Version/26.0.1 Safari/605.1.15"
212.39.89.30 - - [12/Oct/2025:00:09:35 +0200] "GET /446-medium_default/itzy-cheshire-standard-ver.jpg HTTP/2.0" 200 40837 "https://kpopbg.com/bg/nachalo/48-270-itzy-cheshire-standard-ver-8809755507428" "Mozilla/5.0 (Macintosh; Intel Mac OS X 10_15_7) AppleWebKit/605.1.15 (KHTML, like Gecko) Version/26.0.1 Safari/605.1.15"
212.39.89.30 - - [12/Oct/2025:00:09:35 +0200] "GET /446-large_default/itzy-cheshire-standard-ver.jpg HTTP/2.0" 200 90796 "https://kpopbg.com/bg/nachalo/48-270-itzy-cheshire-standard-ver-8809755507428" "Mozilla/5.0 (Macintosh; Intel Mac OS X 10_15_7) AppleWebKit/605.1.15 (KHTML, like Gecko) Version/26.0.1 Safari/605.1.15"
212.39.89.30 - - [12/Oct/2025:00:09:35 +0200] "GET /img/cms/ITZY/product-34190-166857648490449.jpg HTTP/2.0" 200 464027 "https://kpopbg.com/bg/nachalo/48-270-itzy-cheshire-standard-ver-8809755507428" "Mozilla/5.0 (Macintosh; Intel Mac OS X 10_15_7) AppleWebKit/605.1.15 (KHTML, like Gecko) Version/26.0.1 Safari/605.1.15"
212.39.89.30 - - [12/Oct/2025:00:09:35 +0200] "GET /447-home_default/itzy-cheshire-standard-ver.jpg HTTP/2.0" 200 17474 "https://kpopbg.com/bg/nachalo/48-270-itzy-cheshire-standard-ver-8809755507428" "Mozilla/5.0 (Macintosh; Intel Mac OS X 10_15_7) AppleWebKit/605.1.15 (KHTML, like Gecko) Version/26.0.1 Safari/605.1.15"
212.39.89.30 - - [12/Oct/2025:00:09:35 +0200] "GET /447-small_default/itzy-cheshire-standard-ver.jpg HTTP/2.0" 200 4664 "https://kpopbg.com/bg/nachalo/48-270-itzy-cheshire-standard-ver-8809755507428" "Mozilla/5.0 (Macintosh; Intel Mac OS X 10_15_7) AppleWebKit/605.1.15 (KHTML, like Gecko) Version/26.0.1 Safari/605.1.15"
217.113.194.224 - - [12/Oct/2025:00:09:36 +0200] "GET /bg/30-seventeen?order=product.reference.asc HTTP/1.1" 200 15774 "-" "Mozilla/5.0 (compatible; Barkrowler/0.9; +https://babbar.tech/crawler)"
212.39.89.30 - - [12/Oct/2025:00:09:39 +0200] "POST /bg/module/ps_facebook/Ajax HTTP/2.0" 200 20 "https://kpopbg.com/bg/nachalo/48-270-itzy-cheshire-standard-ver-8809755507428" "Mozilla/5.0 (Macintosh; Intel Mac OS X 10_15_7) AppleWebKit/605.1.15 (KHTML, like Gecko) Version/26.0.1 Safari/605.1.15"
212.39.89.30 - - [12/Oct/2025:00:09:39 +0200] "POST /bg/module/ps_facebook/Ajax HTTP/2.0" 200 20 "https://kpopbg.com/bg/nachalo/48-270-itzy-cheshire-standard-ver-8809755507428" "Mozilla/5.0 (Macintosh; Intel Mac OS X 10_15_7) AppleWebKit/605.1.15 (KHTML, like Gecko) Version/26.0.1 Safari/605.1.15"
212.39.89.30 - - [12/Oct/2025:00:09:40 +0200] "POST /bg/index.php?controller=product&token=cc931d60bd7d9392ca22625436865d96&id_product=48&id_customization=0&group%5B5%5D=33&qty=1 HTTP/2.0" 200 25877 "https://kpopbg.com/bg/nachalo/48-270-itzy-cheshire-standard-ver-8809755507428" "Mozilla/5.0 (Macintosh; Intel Mac OS X 10_15_7) AppleWebKit/605.1.15 (KHTML, like Gecko) Version/26.0.1 Safari/605.1.15"
212.39.89.30 - - [12/Oct/2025:00:09:40 +0200] "GET /444-large_default/itzy-cheshire-standard-ver.jpg HTTP/2.0" 200 77393 "https://kpopbg.com/bg/nachalo/48-268-itzy-cheshire-standard-ver-8809755507428" "Mozilla/5.0 (Macintosh; Intel Mac OS X 10_15_7) AppleWebKit/605.1.15 (KHTML, like Gecko) Version/26.0.1 Safari/605.1.15"
212.39.89.30 - - [12/Oct/2025:00:09:40 +0200] "GET /444-home_default/itzy-cheshire-standard-ver.jpg HTTP/2.0" 200 15223 "https://kpopbg.com/bg/nachalo/48-268-itzy-cheshire-standard-ver-8809755507428" "Mozilla/5.0 (Macintosh; Intel Mac OS X 10_15_7) AppleWebKit/605.1.15 (KHTML, like Gecko) Version/26.0.1 Safari/605.1.15"
212.39.89.30 - - [12/Oct/2025:00:09:40 +0200] "GET /444-medium_default/itzy-cheshire-standard-ver.jpg HTTP/2.0" 200 36552 "https://kpopbg.com/bg/nachalo/48-270-itzy-cheshire-standard-ver-8809755507428" "Mozilla/5.0 (Macintosh; Intel Mac OS X 10_15_7) AppleWebKit/605.1.15 (KHTML, like Gecko) Version/26.0.1 Safari/605.1.15"
212.39.89.30 - - [12/Oct/2025:00:09:40 +0200] "GET /444-small_default/itzy-cheshire-standard-ver.jpg HTTP/2.0" 200 3957 "https://kpopbg.com/bg/nachalo/48-270-itzy-cheshire-standard-ver-8809755507428" "Mozilla/5.0 (Macintosh; Intel Mac OS X 10_15_7) AppleWebKit/605.1.15 (KHTML, like Gecko) Version/26.0.1 Safari/605.1.15"
212.39.89.30 - - [12/Oct/2025:00:09:42 +0200] "GET /447-large_default/itzy-cheshire-standard-ver.jpg HTTP/2.0" 200 62634 "https://kpopbg.com/bg/nachalo/48-268-itzy-cheshire-standard-ver-8809755507428" "Mozilla/5.0 (Macintosh; Intel Mac OS X 10_15_7) AppleWebKit/605.1.15 (KHTML, like Gecko) Version/26.0.1 Safari/605.1.15"
212.39.89.30 - - [12/Oct/2025:00:09:42 +0200] "GET /447-medium_default/itzy-cheshire-standard-ver.jpg HTTP/2.0" 200 39991 "https://kpopbg.com/bg/nachalo/48-268-itzy-cheshire-standard-ver-8809755507428" "Mozilla/5.0 (Macintosh; Intel Mac OS X 10_15_7) AppleWebKit/605.1.15 (KHTML, like Gecko) Version/26.0.1 Safari/605.1.15"
47.128.56.101 - - [12/Oct/2025:00:09:45 +0200] "GET /bg/13-artisti?SubmitCurrency=1&id_currency=2&order=product.reference.asc&q=%D0%9A%D0%B0%D1%82%D0%B5%D0%B3%D0%BE%D1%80%D0%B8%D0%B8-%28G%29I%5C-DLE-ASTRO-BTS-ITZY-IVE-NCT-TXT-LISA HTTP/2.0" 200 21488 "-" "Mozilla/5.0 (compatible; Bytespider; spider-feedback@bytedance.com) AppleWebKit/537.36 (KHTML, like Gecko) Chrome/70.0.0.0 Safari/537.36"
212.39.89.30 - - [12/Oct/2025:00:09:48 +0200] "POST /bg/module/ps_facebook/Ajax HTTP/2.0" 200 20 "https://kpopbg.com/bg/nachalo/48-268-itzy-cheshire-standard-ver-8809755507428" "Mozilla/5.0 (Macintosh; Intel Mac OS X 10_15_7) AppleWebKit/605.1.15 (KHTML, like Gecko) Version/26.0.1 Safari/605.1.15"
212.39.89.30 - - [12/Oct/2025:00:09:48 +0200] "POST /bg/module/ps_facebook/Ajax HTTP/2.0" 200 20 "https://kpopbg.com/bg/nachalo/48-268-itzy-cheshire-standard-ver-8809755507428" "Mozilla/5.0 (Macintosh; Intel Mac OS X 10_15_7) AppleWebKit/605.1.15 (KHTML, like Gecko) Version/26.0.1 Safari/605.1.15"
212.39.89.30 - - [12/Oct/2025:00:09:49 +0200] "POST /bg/index.php?controller=product&token=cc931d60bd7d9392ca22625436865d96&id_product=48&id_customization=0&group%5B5%5D=34&qty=1 HTTP/2.0" 200 25877 "https://kpopbg.com/bg/nachalo/48-268-itzy-cheshire-standard-ver-8809755507428" "Mozilla/5.0 (Macintosh; Intel Mac OS X 10_15_7) AppleWebKit/605.1.15 (KHTML, like Gecko) Version/26.0.1 Safari/605.1.15"
212.39.89.30 - - [12/Oct/2025:00:09:49 +0200] "GET /445-large_default/itzy-cheshire-standard-ver.jpg HTTP/2.0" 200 61403 "https://kpopbg.com/bg/nachalo/48-269-itzy-cheshire-standard-ver-8809755507428" "Mozilla/5.0 (Macintosh; Intel Mac OS X 10_15_7) AppleWebKit/605.1.15 (KHTML, like Gecko) Version/26.0.1 Safari/605.1.15"
212.39.89.30 - - [12/Oct/2025:00:09:49 +0200] "GET /445-home_default/itzy-cheshire-standard-ver.jpg HTTP/2.0" 200 11829 "https://kpopbg.com/bg/nachalo/48-269-itzy-cheshire-standard-ver-8809755507428" "Mozilla/5.0 (Macintosh; Intel Mac OS X 10_15_7) AppleWebKit/605.1.15 (KHTML, like Gecko) Version/26.0.1 Safari/605.1.15"
212.39.89.30 - - [12/Oct/2025:00:09:49 +0200] "GET /445-medium_default/itzy-cheshire-standard-ver.jpg HTTP/2.0" 200 28018 "https://kpopbg.com/bg/nachalo/48-268-itzy-cheshire-standard-ver-8809755507428" "Mozilla/5.0 (Macintosh; Intel Mac OS X 10_15_7) AppleWebKit/605.1.15 (KHTML, like Gecko) Version/26.0.1 Safari/605.1.15"
212.39.89.30 - - [12/Oct/2025:00:09:49 +0200] "GET /445-small_default/itzy-cheshire-standard-ver.jpg HTTP/2.0" 200 3106 "https://kpopbg.com/bg/nachalo/48-268-itzy-cheshire-standard-ver-8809755507428" "Mozilla/5.0 (Macintosh; Intel Mac OS X 10_15_7) AppleWebKit/605.1.15 (KHTML, like Gecko) Version/26.0.1 Safari/605.1.15"
154.54.249.203 - - [12/Oct/2025:00:09:54 +0200] "GET /bg/content/2-politika-za-lichnite-danni HTTP/1.1" 200 17607 "-" "Mozilla/5.0 (compatible; Barkrowler/0.9; +https://babbar.tech/crawler)"
154.54.249.203 - - [12/Oct/2025:00:10:12 +0200] "GET /bg/12-albumi?order=product.price.asc HTTP/1.1" 200 17599 "-" "Mozilla/5.0 (compatible; Barkrowler/0.9; +https://babbar.tech/crawler)"
40.77.167.25 - - [12/Oct/2025:00:10:14 +0200] "GET /en/13-artist?q=Categories-AESPA-ITZY-STRAYKIDS-BLACKPINK&order=product.price.desc&page=19 HTTP/2.0" 200 20206 "-" "Mozilla/5.0 AppleWebKit/537.36 (KHTML, like Gecko; compatible; bingbot/2.0; +http://www.bing.com/bingbot.htm) Chrome/116.0.1938.76 Safari/537.36"
217.113.194.111 - - [12/Oct/2025:00:10:30 +0200] "GET /bg/14-itzy?order=product.reference.desc HTTP/1.1" 200 16994 "-" "Mozilla/5.0 (compatible; Barkrowler/0.9; +https://babbar.tech/crawler)"
114.119.128.20 - - [12/Oct/2025:00:10:32 +0200] "GET /en/13-artist?q=Categories-IVE-NMIXX-STRAYKIDS-TWICE-TXT/Availability-Available&order=product.name.asc HTTP/1.1" 200 19437 "https://kpopbg.com/en/13-artist?q=Categories-JISOO-NMIXX-STRAYKIDS-TWICE-TXT-IVE/Availability-Available&order=product.name.asc" "Mozilla/5.0 (Linux; Android 7.0;) AppleWebKit/537.36 (KHTML, like Gecko) Mobile Safari/537.36 (compatible; PetalBot;+https://webmaster.petalsearch.com/site/petalbot)"
47.128.51.147 - - [12/Oct/2025:00:10:34 +0200] "GET /en/13-artist?SubmitCurrency=1&id_currency=1&q=Categories-ASTRO-IVE-JIHYO-NCT-STAYC-NEW+JEANS HTTP/2.0" 200 19841 "-" "Mozilla/5.0 (compatible; Bytespider; spider-feedback@bytedance.com) AppleWebKit/537.36 (KHTML, like Gecko) Chrome/70.0.0.0 Safari/537.36"
212.39.89.30 - - [12/Oct/2025:00:10:37 +0200] "POST /bg/module/ps_facebook/Ajax HTTP/2.0" 200 20 "https://kpopbg.com/bg/nachalo/48-269-itzy-cheshire-standard-ver-8809755507428" "Mozilla/5.0 (Macintosh; Intel Mac OS X 10_15_7) AppleWebKit/605.1.15 (KHTML, like Gecko) Version/26.0.1 Safari/605.1.15"
212.39.89.30 - - [12/Oct/2025:00:10:38 +0200] "POST /bg/module/ps_facebook/Ajax HTTP/2.0" 200 20 "https://kpopbg.com/bg/nachalo/48-269-itzy-cheshire-standard-ver-8809755507428" "Mozilla/5.0 (Macintosh; Intel Mac OS X 10_15_7) AppleWebKit/605.1.15 (KHTML, like Gecko) Version/26.0.1 Safari/605.1.15"
212.39.89.30 - - [12/Oct/2025:00:10:38 +0200] "POST /bg/index.php?controller=product&token=cc931d60bd7d9392ca22625436865d96&id_product=48&id_customization=0&group%5B5%5D=35&qty=1 HTTP/2.0" 200 25877 "https://kpopbg.com/bg/nachalo/48-269-itzy-cheshire-standard-ver-8809755507428" "Mozilla/5.0 (Macintosh; Intel Mac OS X 10_15_7) AppleWebKit/605.1.15 (KHTML, like Gecko) Version/26.0.1 Safari/605.1.15"
52.167.144.160 - - [12/Oct/2025:00:10:39 +0200] "GET /bg/13-artisti?q=%D0%9A%D0%B0%D1%82%D0%B5%D0%B3%D0%BE%D1%80%D0%B8%D0%B8-AESPA-BABYMONSTER-BLACKPINK-BOYNEXTDOOR-ENHYPEN-ILLIT-ITZY-JIHYO-KAI-LISA-NCT+JAEHYUN-RIIZE-SEVENTEEN-TREASURE-TWICE-WayV-xikers-BTS&page=2 HTTP/2.0" 200 21569 "-" "Mozilla/5.0 AppleWebKit/537.36 (KHTML, like Gecko; compatible; bingbot/2.0; +http://www.bing.com/bingbot.htm) Chrome/116.0.1938.76 Safari/537.36"
52.167.144.160 - - [12/Oct/2025:00:10:39 +0200] "GET /bg/12-albumi?q=%D0%9D%D0%B0%D0%BB%D0%B8%D1%87%D0%BD%D0%BE%D1%81%D1%82-%D0%92+%D0%BD%D0%B0%D0%BB%D0%B8%D1%87%D0%BD%D0%BE%D1%81%D1%82-%D0%9D%D0%B0%D0%BB%D0%B8%D1%87%D0%B5%D0%BD-%D0%9D%D1%8F%D0%BC%D0%B0+%D0%BD%D0%B0%D0%BB%D0%B8%D1%87%D0%BD%D0%BE%D1%81%D1%82/%D0%9C%D0%B0%D1%80%D0%BA%D0%B0-ADOR-BigHit+Entertainment-BigHit+Music-HIGHUP+ENTERTAINMENT-JYP+Entertainment-STARSHIP+ENTERAINMENT-YG+Entertainment-SM+Entertainment HTTP/2.0" 200 18040 "-" "Mozilla/5.0 AppleWebKit/537.36 (KHTML, like Gecko; compatible; bingbot/2.0; +http://www.bing.com/bingbot.htm) Chrome/116.0.1938.76 Safari/537.36"
52.167.144.221 - - [12/Oct/2025:00:10:46 +0200] "GET /bg/13-artisti?q=%D0%9A%D0%B0%D1%82%D0%B5%D0%B3%D0%BE%D1%80%D0%B8%D0%B8-ATEEZ-BABYMONSTER-BLACKPINK-BOYNEXTDOOR-ENHYPEN-GOT+THE+BEAT-ILLIT-IVE-JENNIE+%28BLACKPINK%29-LISA+%28BLACKPINK%29-NMIXX-RIIZE-ROSE+%28BLACKPINK%29-STRAYKIDS-TREASURE-TWICE-WayV-ZEROBASEONE-Tzuyu+%28TWICE%29 HTTP/2.0" 200 21662 "-" "Mozilla/5.0 AppleWebKit/537.36 (KHTML, like Gecko; compatible; bingbot/2.0; +http://www.bing.com/bingbot.htm) Chrome/116.0.1938.76 Safari/537.36"
154.54.249.203 - - [12/Oct/2025:00:10:48 +0200] "GET /bg/brand/11-ador?order=product.sales.desc HTTP/1.1" 200 11976 "-" "Mozilla/5.0 (compatible; Barkrowler/0.9; +https://babbar.tech/crawler)"
40.77.167.25 - - [12/Oct/2025:00:10:48 +0200] "GET /bg/13-artisti?q=%D0%9A%D0%B0%D1%82%D0%B5%D0%B3%D0%BE%D1%80%D0%B8%D0%B8-ATEEZ-BLACKPINK-BOYNEXTDOOR-ENHYPEN-ILLIT-IVE-JENNIE+%28BLACKPINK%29-JIHYO-JIMIN+%28BTS%29-Kep1er-NEW+JEANS-NMIXX-RIIZE-ROSE+%28BLACKPINK%29-SEVENTEEN-STRAYKIDS-TXT-WayV-ZEROBASEONE-TWICE HTTP/2.0" 200 21617 "-" "Mozilla/5.0 AppleWebKit/537.36 (KHTML, like Gecko; compatible; bingbot/2.0; +http://www.bing.com/bingbot.htm) Chrome/116.0.1938.76 Safari/537.36"
52.167.144.221 - - [12/Oct/2025:00:10:53 +0200] "GET /en/13-artist?q=%D0%9A%D0%B0%D1%82%D0%B5%D0%B3%D0%BE%D1%80%D0%B8%D0%B8-AESPA-BABYMONSTER-BLACKPINK-BOYNEXTDOOR-ENHYPEN-ILLIT-JUNG+KOOK+%28BTS%29-Kep1er-LISA-NMIXX-RIIZE-ROSE+%28BLACKPINK%29-STRAYKIDS-TWICE-WayV-ZEROBASEONE HTTP/2.0" 200 20087 "-" "Mozilla/5.0 AppleWebKit/537.36 (KHTML, like Gecko; compatible; bingbot/2.0; +http://www.bing.com/bingbot.htm) Chrome/116.0.1938.76 Safari/537.36"
217.113.194.224 - - [12/Oct/2025:00:11:05 +0200] "GET /bg/?page=2&SubmitCurrency=1&id_currency=1 HTTP/1.1" 200 16033 "-" "Mozilla/5.0 (compatible; Barkrowler/0.9; +https://babbar.tech/crawler)"
185.191.171.6 - - [12/Oct/2025:00:11:19 +0200] "GET /robots.txt HTTP/1.1" 404 11736 "-" "Mozilla/5.0 (compatible; SemrushBot/7~bl; +http://www.semrush.com/bot.html)"
185.191.171.2 - - [12/Oct/2025:00:11:19 +0200] "GET /en/brand/25-koz-entertainment HTTP/1.1" 200 12519 "-" "Mozilla/5.0 (compatible; SemrushBot/7~bl; +http://www.semrush.com/bot.html)"
52.167.144.221 - - [12/Oct/2025:00:11:23 +0200] "GET /bg/13-artisti?q=%D0%9A%D0%B0%D1%82%D0%B5%D0%B3%D0%BE%D1%80%D0%B8%D0%B8-ATEEZ-BABYMONSTER-BLACKPINK-BOYNEXTDOOR-ILLIT-IVE-JENNIE+%28BLACKPINK%29-Jin+%28BTS%29-Kep1er-LISA+%28BLACKPINK%29-NEW+JEANS-NMIXX-P1Harmony-SEVENTEEN-STAYC-STRAYKIDS-TXT-WayV-ZEROBASEONE-ITZY HTTP/2.0" 200 21639 "-" "Mozilla/5.0 AppleWebKit/537.36 (KHTML, like Gecko; compatible; bingbot/2.0; +http://www.bing.com/bingbot.htm) Chrome/116.0.1938.76 Safari/537.36"
47.128.51.207 - - [12/Oct/2025:00:11:23 +0200] "GET /bg/13-artisti?SubmitCurrency=1&id_currency=1&order=product.price.asc&q=%D0%9A%D0%B0%D1%82%D0%B5%D0%B3%D0%BE%D1%80%D0%B8%D0%B8-%28G%29I%5C-DLE-ASTRO-BLACKPINK-ITZY-TREASURE-TXT-V+%28BTS%29-ATEEZ HTTP/2.0" 200 21501 "-" "Mozilla/5.0 (compatible; Bytespider; spider-feedback@bytedance.com) AppleWebKit/537.36 (KHTML, like Gecko) Chrome/70.0.0.0 Safari/537.36"
217.113.194.102 - - [12/Oct/2025:00:11:24 +0200] "GET /en/45-j-hope-bts?order=product.name.desc HTTP/1.1" 200 13614 "-" "Mozilla/5.0 (compatible; Barkrowler/0.9; +https://babbar.tech/crawler)"
217.113.194.111 - - [12/Oct/2025:00:11:43 +0200] "GET /en/51-boynextdoor?order=product.name.desc HTTP/1.1" 200 13839 "-" "Mozilla/5.0 (compatible; Barkrowler/0.9; +https://babbar.tech/crawler)"
114.119.158.94 - - [12/Oct/2025:00:11:53 +0200] "GET /en/13-artist?q=Categories-IVE-NMIXX-STRAYKIDS-TWICE-ASTRO HTTP/1.1" 200 19725 "https://kpopbg.com/en/13-artist?q=Categories-NMIXX-STRAYKIDS-TWICE-IVE" "Mozilla/5.0 (Linux; Android 7.0;) AppleWebKit/537.36 (KHTML, like Gecko) Mobile Safari/537.36 (compatible; PetalBot;+https://webmaster.petalsearch.com/site/petalbot)"
217.113.194.223 - - [12/Oct/2025:00:12:00 +0200] "GET /en/18-enhypen?order=product.price.asc HTTP/1.1" 200 15550 "-" "Mozilla/5.0 (compatible; Barkrowler/0.9; +https://babbar.tech/crawler)"
47.128.28.166 - - [12/Oct/2025:00:12:11 +0200] "GET /bg/13-artisti?SubmitCurrency=1&id_currency=2&order=product.reference.asc&q=%D0%9A%D0%B0%D1%82%D0%B5%D0%B3%D0%BE%D1%80%D0%B8%D0%B8-BTS-IVE-JISOO HTTP/2.0" 200 21424 "-" "Mozilla/5.0 (compatible; Bytespider; spider-feedback@bytedance.com) AppleWebKit/537.36 (KHTML, like Gecko) Chrome/70.0.0.0 Safari/537.36"
217.113.194.110 - - [12/Oct/2025:00:12:18 +0200] "GET /en/31-got-the-beat?order=product.position.asc HTTP/1.1" 200 12201 "-" "Mozilla/5.0 (compatible; Barkrowler/0.9; +https://babbar.tech/crawler)"
217.113.194.105 - - [12/Oct/2025:00:12:36 +0200] "GET /en/29-jimin-bts?order=product.price.asc HTTP/1.1" 200 13582 "-" "Mozilla/5.0 (compatible; Barkrowler/0.9; +https://babbar.tech/crawler)"
154.54.249.203 - - [12/Oct/2025:00:12:55 +0200] "GET /en/13-artist?q=Categories-TXT&page=17 HTTP/1.1" 200 19602 "-" "Mozilla/5.0 (compatible; Barkrowler/0.9; +https://babbar.tech/crawler)"
47.128.29.168 - - [12/Oct/2025:00:13:00 +0200] "GET /bg/13-artisti?SubmitCurrency=1&id_currency=3&order=product.position.asc&q=%D0%9C%D0%B0%D1%80%D0%BA%D0%B0-ADOR-HIGHUP+ENTERTAINMENT%2F%D0%9D%D0%B0%D0%BB%D0%B8%D1%87%D0%BD%D0%BE%D1%81%D1%82-%D0%92+%D0%BD%D0%B0%D0%BB%D0%B8%D1%87%D0%BD%D0%BE%D1%81%D1%82 HTTP/2.0" 200 21298 "-" "Mozilla/5.0 (compatible; Bytespider; spider-feedback@bytedance.com) AppleWebKit/537.36 (KHTML, like Gecko) Chrome/70.0.0.0 Safari/537.36"
40.77.167.25 - - [12/Oct/2025:00:13:09 +0200] "GET /bg/13-artisti?q=%D0%9A%D0%B0%D1%82%D0%B5%D0%B3%D0%BE%D1%80%D0%B8%D0%B8-AESPA-Agust+D+%28BTS%29-BABYMONSTER-BTS-CHA+EUN+WOO+%28ASTRO%29-ENHYPEN-GOT+THE+BEAT-ILLIT-ITZY-JIHYO-KAI-LISA-NCT+WISH-NEW+JEANS-NMIXX-RIIZE-RM+%28BTS%29-SEVENTEEN-STRAYKIDS-TWICE-WayV-xikers-ZEROBASEONE&page=20 HTTP/2.0" 200 20068 "-" "Mozilla/5.0 AppleWebKit/537.36 (KHTML, like Gecko; compatible; bingbot/2.0; +http://www.bing.com/bingbot.htm) Chrome/116.0.1938.76 Safari/537.36"
52.167.144.221 - - [12/Oct/2025:00:13:09 +0200] "GET /bg/13-artisti?q=%D0%9A%D0%B0%D1%82%D0%B5%D0%B3%D0%BE%D1%80%D0%B8%D0%B8-ATEEZ-BABYMONSTER-BLACKPINK-BOYNEXTDOOR-ENHYPEN-GOT+THE+BEAT-ILLIT-IVE-JENNIE+%28BLACKPINK%29-JIHYO-JUNG+KOOK+%28BTS%29-NMIXX-P1Harmony-RIIZE-ROSE+%28BLACKPINK%29-SEVENTEEN-STAYC-STRAYKIDS-TREASURE-TWICE-WayV-ZEROBASEONE-BTS&page=20 HTTP/2.0" 200 20070 "-" "Mozilla/5.0 AppleWebKit/537.36 (KHTML, like Gecko; compatible; bingbot/2.0; +http://www.bing.com/bingbot.htm) Chrome/116.0.1938.76 Safari/537.36"
66.249.66.13 - - [12/Oct/2025:00:13:12 +0200] "GET /479-home_default/stray-kids-maxident-heart-ver-.jpg HTTP/1.1" 200 13758 "-" "Googlebot-Image/1.0"
217.113.194.106 - - [12/Oct/2025:00:13:13 +0200] "GET /en/13-artist?q=Categories-BABYMONSTER HTTP/1.1" 200 19691 "-" "Mozilla/5.0 (compatible; Barkrowler/0.9; +https://babbar.tech/crawler)"
114.119.128.20 - - [12/Oct/2025:00:13:18 +0200] "GET /en/13-artist?q=Categories-IVE-NMIXX-STRAYKIDS-TREASURE-TWICE-TXT-JUNG%2BKOOK%2B(BTS)&order=product.sales.desc HTTP/1.1" 200 16080 "https://kpopbg.com/en/13-artist?q=Categories-NMIXX-STRAYKIDS-TREASURE-TWICE-TXT-IVE&order=product.sales.desc" "Mozilla/5.0 (Linux; Android 7.0;) AppleWebKit/537.36 (KHTML, like Gecko) Mobile Safari/537.36 (compatible; PetalBot;+https://webmaster.petalsearch.com/site/petalbot)"
