40.77.167.65 - - [12/Oct/2025:03:25:28 +0200] "GET /en/13-artist?q=Categories-AESPA-ATEEZ-BTS-ENHYPEN-ILLIT-ITZY-JIHYO-LISA-NCT+DREAM-NMIXX-P1Harmony-RIIZE-SEVENTEEN-TWICE-TXT-WayV-ZEROBASEONE-JUNG+KOOK+%28BTS%29 HTTP/2.0" 200 19955 "-" "Mozilla/5.0 AppleWebKit/537.36 (KHTML, like Gecko; compatible; bingbot/2.0; +http://www.bing.com/bingbot.htm) Chrome/116.0.1938.76 Safari/537.36"
40.77.167.65 - - [12/Oct/2025:03:25:29 +0200] "GET /bg/13-artisti?q=%D0%9A%D0%B0%D1%82%D0%B5%D0%B3%D0%BE%D1%80%D0%B8%D0%B8-BABYMONSTER-BLACKPINK-BOYNEXTDOOR-ENHYPEN-GOT+THE+BEAT-ILLIT-ITZY-NMIXX-RIIZE-SEVENTEEN-STAYC-STRAYKIDS-TREASURE-TWICE-TXT-WayV-ZEROBASEONE HTTP/2.0" 200 21487 "-" "Mozilla/5.0 AppleWebKit/537.36 (KHTML, like Gecko; compatible; bingbot/2.0; +http://www.bing.com/bingbot.htm) Chrome/116.0.1938.76 Safari/537.36"
40.77.167.76 - - [12/Oct/2025:03:25:35 +0200] "GET /bg/13-artisti?q=%D0%9A%D0%B0%D1%82%D0%B5%D0%B3%D0%BE%D1%80%D0%B8%D0%B8-AESPA-BLACKPINK-ENHYPEN-GOT+THE+BEAT-ITZY-JISOO-LE+SSERAFIM-LISA-NCT-NCT+DREAM-NEW+JEANS-STRAYKIDS/%D0%9C%D0%B0%D1%80%D0%BA%D0%B0-SM+Entertainment HTTP/2.0" 200 21548 "-" "Mozilla/5.0 AppleWebKit/537.36 (KHTML, like Gecko; compatible; bingbot/2.0; +http://www.bing.com/bingbot.htm) Chrome/116.0.1938.76 Safari/537.36"
217.113.194.104 - - [12/Oct/2025:03:25:38 +0200] "GET /en/13-artist?q=Categories-ILLIT-NMIXX-BTS HTTP/1.1" 200 19714 "-" "Mozilla/5.0 (compatible; Barkrowler/0.9; +https://babbar.tech/crawler)"
52.167.144.19 - - [12/Oct/2025:03:25:46 +0200] "GET /bg/13-artisti?q=%D0%9A%D0%B0%D1%82%D0%B5%D0%B3%D0%BE%D1%80%D0%B8%D0%B8-AESPA-BLACKPINK-BTS-ENHYPEN-GOT+THE+BEAT-ITZY-KAI-LISA-NCT+DREAM-NMIXX-RED+VELVET-STRAYKIDS-TREASURE-TWICE HTTP/2.0" 200 21456 "-" "Mozilla/5.0 AppleWebKit/537.36 (KHTML, like Gecko; compatible; bingbot/2.0; +http://www.bing.com/bingbot.htm) Chrome/116.0.1938.76 Safari/537.36"
52.167.144.19 - - [12/Oct/2025:03:25:47 +0200] "GET /en/13-artist?q=Categories-AESPA-ASTRO-BABYMONSTER-ENHYPEN-ILLIT-NCT-P1Harmony-STRAYKIDS-TREASURE-TXT-ZEROBASEONE-BOYNEXTDOOR HTTP/2.0" 200 19861 "-" "Mozilla/5.0 AppleWebKit/537.36 (KHTML, like Gecko; compatible; bingbot/2.0; +http://www.bing.com/bingbot.htm) Chrome/116.0.1938.76 Safari/537.36"
52.167.144.19 - - [12/Oct/2025:03:25:47 +0200] "GET /bg/13-artisti?q=%D0%9A%D0%B0%D1%82%D0%B5%D0%B3%D0%BE%D1%80%D0%B8%D0%B8-AESPA-BABYMONSTER-BLACKPINK-BOYNEXTDOOR-ENHYPEN-ILLIT-ITZY-KAI-NMIXX-SEVENTEEN-STAYC-STRAYKIDS-ZEROBASEONE HTTP/2.0" 200 21495 "-" "Mozilla/5.0 AppleWebKit/537.36 (KHTML, like Gecko; compatible; bingbot/2.0; +http://www.bing.com/bingbot.htm) Chrome/116.0.1938.76 Safari/537.36"
52.167.144.19 - - [12/Oct/2025:03:25:48 +0200] "GET /bg/12-albumi?q=%D0%9D%D0%B0%D0%BB%D0%B8%D1%87%D0%BD%D0%BE%D1%81%D1%82-%D0%9D%D0%B0%D0%BB%D0%B8%D1%87%D0%B5%D0%BD/%D0%9C%D0%B0%D1%80%D0%BA%D0%B0-BigHit+Entertainment-CUBE+ENTERTAINMENT-FANTAGIO+MUSIC-HIGHUP+ENTERTAINMENT-SM+Entertainment-STARSHIP+ENTERAINMENT HTTP/2.0" 200 17948 "-" "Mozilla/5.0 AppleWebKit/537.36 (KHTML, like Gecko; compatible; bingbot/2.0; +http://www.bing.com/bingbot.htm) Chrome/116.0.1938.76 Safari/537.36"
52.167.144.19 - - [12/Oct/2025:03:25:48 +0200] "GET /bg/13-artisti?q=Categories-AESPA-BABYMONSTER-BLACKPINK-ENHYPEN-ILLIT-ITZY-JIHYO-KAI-LISA-NMIXX-P1Harmony-SEVENTEEN-TWICE-TXT-WayV-xikers-ZEROBASEONE-RIIZE HTTP/2.0" 200 21417 "-" "Mozilla/5.0 AppleWebKit/537.36 (KHTML, like Gecko; compatible; bingbot/2.0; +http://www.bing.com/bingbot.htm) Chrome/116.0.1938.76 Safari/537.36"
40.77.167.65 - - [12/Oct/2025:03:25:48 +0200] "GET /bg/13-artisti?q=%D0%9A%D0%B0%D1%82%D0%B5%D0%B3%D0%BE%D1%80%D0%B8%D0%B8-AESPA-ATEEZ-BLACKPINK-ENHYPEN-IVE-JIHYO-JISOO-KAI-NMIXX-STAYC-TWICE/%D0%9D%D0%B0%D0%BB%D0%B8%D1%87%D0%BD%D0%BE%D1%81%D1%82-%D0%92+%D0%BD%D0%B0%D0%BB%D0%B8%D1%87%D0%BD%D0%BE%D1%81%D1%82 HTTP/2.0" 200 21559 "-" "Mozilla/5.0 AppleWebKit/537.36 (KHTML, like Gecko; compatible; bingbot/2.0; +http://www.bing.com/bingbot.htm) Chrome/116.0.1938.76 Safari/537.36"
52.167.144.19 - - [12/Oct/2025:03:25:49 +0200] "GET /bg/13-artisti?q=%D0%9A%D0%B0%D1%82%D0%B5%D0%B3%D0%BE%D1%80%D0%B8%D0%B8-AESPA-BABYMONSTER-BLACKPINK-BOYNEXTDOOR-Dreamcatcher-ENHYPEN-ILLIT-ITZY-JIHYO-Kep1er-NCT+JAEHYUN-NMIXX-STAYC-TWICE-V+%28BTS%29-ZEROBASEONE-RED+VELVET HTTP/2.0" 200 21540 "-" "Mozilla/5.0 AppleWebKit/537.36 (KHTML, like Gecko; compatible; bingbot/2.0; +http://www.bing.com/bingbot.htm) Chrome/116.0.1938.76 Safari/537.36"
40.77.167.76 - - [12/Oct/2025:03:25:53 +0200] "GET /bg/13-artisti?q=%D0%9A%D0%B0%D1%82%D0%B5%D0%B3%D0%BE%D1%80%D0%B8%D0%B8-ATEEZ-BABYMONSTER-BLACKPINK-BOYNEXTDOOR-ENHYPEN-GOT+THE+BEAT-ILLIT-JENNIE+%28BLACKPINK%29-LISA+%28BLACKPINK%29-NMIXX-P1Harmony-RIIZE-SEVENTEEN-TWICE-TXT-WayV-ZEROBASEONE-JIHYO HTTP/2.0" 200 21615 "-" "Mozilla/5.0 AppleWebKit/537.36 (KHTML, like Gecko; compatible; bingbot/2.0; +http://www.bing.com/bingbot.htm) Chrome/116.0.1938.76 Safari/537.36"
40.77.167.76 - - [12/Oct/2025:03:25:54 +0200] "GET /bg/13-artisti?q=%D0%9A%D0%B0%D1%82%D0%B5%D0%B3%D0%BE%D1%80%D0%B8%D0%B8-ASTRO-BTS-ENHYPEN-LISA-NMIXX-STAYC-TREASURE-THE+BOYZ HTTP/2.0" 200 21398 "-" "Mozilla/5.0 AppleWebKit/537.36 (KHTML, like Gecko; compatible; bingbot/2.0; +http://www.bing.com/bingbot.htm) Chrome/116.0.1938.76 Safari/537.36"
154.54.249.203 - - [12/Oct/2025:03:25:55 +0200] "GET /en/13-artist?q=Categories-ILLIT-RM+%28BTS%29&page=13 HTTP/1.1" 200 19783 "-" "Mozilla/5.0 (compatible; Barkrowler/0.9; +https://babbar.tech/crawler)"
40.77.167.76 - - [12/Oct/2025:03:25:55 +0200] "GET /bg/13-artisti?q=%D0%9A%D0%B0%D1%82%D0%B5%D0%B3%D0%BE%D1%80%D0%B8%D0%B8-AESPA-BABYMONSTER-BLACKPINK-BOYNEXTDOOR-BTS-ENHYPEN-ILLIT-ITZY-KAI-LISA-NAYEON+%28TWICE%29-NMIXX-P1Harmony-STRAYKIDS-TREASURE-TXT-ZEROBASEONE-V+%28BTS%29 HTTP/2.0" 200 21538 "-" "Mozilla/5.0 AppleWebKit/537.36 (KHTML, like Gecko; compatible; bingbot/2.0; +http://www.bing.com/bingbot.htm) Chrome/116.0.1938.76 Safari/537.36"
134.122.7.118 - - [12/Oct/2025:03:25:56 +0200] "GET / HTTP/1.1" 301 5 "-" "Mozilla/5.0 (X11; Linux x86_64) AppleWebKit/537.36 (KHTML, like Gecko) Chrome/139.0.0.0 Safari/537.36"
134.122.7.118 - - [12/Oct/2025:03:25:57 +0200] "GET /favicon.ico HTTP/1.1" 404 10638 "http://kpopbg.com/" "Mozilla/5.0 (X11; Linux x86_64) AppleWebKit/537.36 (KHTML, like Gecko) Chrome/139.0.0.0 Safari/537.36"
134.122.7.118 - - [12/Oct/2025:03:25:57 +0200] "GET / HTTP/1.1" 302 5 "-" "Mozilla/5.0 (X11; Linux x86_64; rv:139.0) Gecko/20100101 Firefox/139.0"
134.122.7.118 - - [12/Oct/2025:03:26:02 +0200] "GET /en/ HTTP/1.1" 200 14757 "-" "Mozilla/5.0 (X11; Linux x86_64; rv:139.0) Gecko/20100101 Firefox/139.0"
134.122.7.118 - - [12/Oct/2025:03:26:03 +0200] "GET /img/favicon.ico HTTP/1.1" 200 5430 "https://kpopbg.com/en/" "Mozilla/5.0 (X11; Linux x86_64; rv:139.0) Gecko/20100101 Firefox/139.0"
52.167.144.19 - - [12/Oct/2025:03:26:07 +0200] "GET /bg/13-artisti?q=%D0%9A%D0%B0%D1%82%D0%B5%D0%B3%D0%BE%D1%80%D0%B8%D0%B8-AESPA-Agust+D+%28BTS%29-ATEEZ-BABYMONSTER-BLACKPINK-BOYNEXTDOOR-CHA+EUN+WOO+%28ASTRO%29-ENHYPEN-ILLIT-ITZY-JIHYO-JUNG+KOOK+%28BTS%29-Kep1er-KISS+OF+LIFE-LISA-NCT+DREAM-NMIXX-RIIZE-ROSE+%28BLACKPINK%29-TWICE-WayV-ZEROBASEONE-TXT HTTP/2.0" 200 21726 "-" "Mozilla/5.0 AppleWebKit/537.36 (KHTML, like Gecko; compatible; bingbot/2.0; +http://www.bing.com/bingbot.htm) Chrome/116.0.1938.76 Safari/537.36"
52.167.144.19 - - [12/Oct/2025:03:26:08 +0200] "GET /bg/13-artisti?q=%D0%9A%D0%B0%D1%82%D0%B5%D0%B3%D0%BE%D1%80%D0%B8%D0%B8-ATEEZ-BABYMONSTER-BLACKPINK-BOYNEXTDOOR-BTS-ENHYPEN-GOT+THE+BEAT-ILLIT-JENNIE+%28BLACKPINK%29-LISA+%28BLACKPINK%29-NMIXX-P1Harmony-RIIZE-ROSE+%28BLACKPINK%29-SEVENTEEN-STAYC-TWICE-WayV-ZEROBASEONE-ITZY HTTP/2.0" 200 21638 "-" "Mozilla/5.0 AppleWebKit/537.36 (KHTML, like Gecko; compatible; bingbot/2.0; +http://www.bing.com/bingbot.htm) Chrome/116.0.1938.76 Safari/537.36"
52.167.144.19 - - [12/Oct/2025:03:26:08 +0200] "GET /en/13-artist?q=Categories-ATEEZ-BLACKPINK-BTS-ENHYPEN-ILLIT-NCT-TXT-ZEROBASEONE-JIHYO HTTP/2.0" 200 19743 "-" "Mozilla/5.0 AppleWebKit/537.36 (KHTML, like Gecko; compatible; bingbot/2.0; +http://www.bing.com/bingbot.htm) Chrome/116.0.1938.76 Safari/537.36"
154.54.249.203 - - [12/Oct/2025:03:26:12 +0200] "GET /en/13-artist?q=Categories-ILLIT-NEW+JEANS&page=5 HTTP/1.1" 200 19918 "-" "Mozilla/5.0 (compatible; Barkrowler/0.9; +https://babbar.tech/crawler)"
40.77.167.65 - - [12/Oct/2025:03:26:19 +0200] "GET /bg/13-artisti?q=%D0%9A%D0%B0%D1%82%D0%B5%D0%B3%D0%BE%D1%80%D0%B8%D0%B8-BABYMONSTER-BLACKPINK-BOYNEXTDOOR-BTS-ENHYPEN-ILLIT-ITZY-JIHYO-NCT+JAEHYUN-NEW+JEANS-NMIXX-RIIZE-SEVENTEEN-TXT-Tzuyu+%28TWICE%29-WayV-ZEROBASEONE HTTP/2.0" 200 21507 "-" "Mozilla/5.0 AppleWebKit/537.36 (KHTML, like Gecko; compatible; bingbot/2.0; +http://www.bing.com/bingbot.htm) Chrome/116.0.1938.76 Safari/537.36"
40.77.167.65 - - [12/Oct/2025:03:26:19 +0200] "GET /bg/13-artisti?q=%D0%9A%D0%B0%D1%82%D0%B5%D0%B3%D0%BE%D1%80%D0%B8%D0%B8-ATEEZ-BABYMONSTER-BLACKPINK-BOYNEXTDOOR-ENHYPEN-GOT+THE+BEAT-ILLIT-JENNIE+%28BLACKPINK%29-LISA+%28BLACKPINK%29-NEW+JEANS-NMIXX-RIIZE-ROSE+%28BLACKPINK%29-SEVENTEEN-STAYC-TWICE-WayV-ZEROBASEONE-Tzuyu+%28TWICE%29 HTTP/2.0" 200 21669 "-" "Mozilla/5.0 AppleWebKit/537.36 (KHTML, like Gecko; compatible; bingbot/2.0; +http://www.bing.com/bingbot.htm) Chrome/116.0.1938.76 Safari/537.36"
40.77.167.65 - - [12/Oct/2025:03:26:20 +0200] "GET /bg/13-artisti?q=%D0%9A%D0%B0%D1%82%D0%B5%D0%B3%D0%BE%D1%80%D0%B8%D0%B8-ATEEZ-BABYMONSTER-BLACKPINK-BOYNEXTDOOR-ENHYPEN-GOT+THE+BEAT-ILLIT-ITZY-IVE-JENNIE+%28BLACKPINK%29-LISA+%28BLACKPINK%29-NMIXX-P1Harmony-RIIZE-ROSE+%28BLACKPINK%29-SEVENTEEN-STRAYKIDS-TREASURE-TWICE-TXT-WayV-ZEROBASEONE-xikers HTTP/2.0" 200 21681 "-" "Mozilla/5.0 AppleWebKit/537.36 (KHTML, like Gecko; compatible; bingbot/2.0; +http://www.bing.com/bingbot.htm) Chrome/116.0.1938.76 Safari/537.36"
40.77.167.65 - - [12/Oct/2025:03:26:20 +0200] "GET /bg/13-artisti?q=%D0%9A%D0%B0%D1%82%D0%B5%D0%B3%D0%BE%D1%80%D0%B8%D0%B8-ATEEZ-BABYMONSTER-BLACKPINK-BOYNEXTDOOR-ENHYPEN-GOT+THE+BEAT-ILLIT-ITZY-JIHYO-KAI-LISA-NMIXX-STRAYKIDS-ZEROBASEONE-TREASURE HTTP/2.0" 200 21553 "-" "Mozilla/5.0 AppleWebKit/537.36 (KHTML, like Gecko; compatible; bingbot/2.0; +http://www.bing.com/bingbot.htm) Chrome/116.0.1938.76 Safari/537.36"
217.113.194.223 - - [12/Oct/2025:03:26:28 +0200] "GET /en/13-artist?q=Categories-ILLIT-IVE&order=product.price.asc HTTP/1.1" 200 19782 "-" "Mozilla/5.0 (compatible; Barkrowler/0.9; +https://babbar.tech/crawler)"
40.77.167.76 - - [12/Oct/2025:03:26:34 +0200] "GET /bg/13-artisti?q=%D0%9A%D0%B0%D1%82%D0%B5%D0%B3%D0%BE%D1%80%D0%B8%D0%B8-ATEEZ-BABYMONSTER-BLACKPINK-BOYNEXTDOOR-ENHYPEN-GOT+THE+BEAT-ILLIT-IVE-JENNIE+%28BLACKPINK%29-LISA+%28BLACKPINK%29-NEW+JEANS-NMIXX-SEVENTEEN-TXT-WayV-ZEROBASEONE-JIHYO&page=18 HTTP/2.0" 200 21715 "-" "Mozilla/5.0 AppleWebKit/537.36 (KHTML, like Gecko; compatible; bingbot/2.0; +http://www.bing.com/bingbot.htm) Chrome/116.0.1938.76 Safari/537.36"
217.113.194.103 - - [12/Oct/2025:03:26:44 +0200] "GET /en/13-artist?q=Categories-ILLIT-IVE-NCT+127&page=12 HTTP/1.1" 200 19880 "-" "Mozilla/5.0 (compatible; Barkrowler/0.9; +https://babbar.tech/crawler)"
114.119.153.232 - - [12/Oct/2025:03:26:48 +0200] "GET /en/2-nachalo?q=Categories-ARTIST/Availability-Available-Not%2Bavailable&order=product.name.asc&page=5 HTTP/1.1" 200 15904 "https://kpopbg.com/en/2-nachalo?q=Categories-ARTIST/Availability-Available-Not%2Bavailable&order=product.name.asc&page=5" "Mozilla/5.0 (Linux; Android 7.0;) AppleWebKit/537.36 (KHTML, like Gecko) Mobile Safari/537.36 (compatible; PetalBot;+https://webmaster.petalsearch.com/site/petalbot)"
217.113.194.109 - - [12/Oct/2025:03:27:01 +0200] "GET /en/13-artist?q=Categories-ILLIT-IVE-NMIXX&page=6 HTTP/1.1" 200 19806 "-" "Mozilla/5.0 (compatible; Barkrowler/0.9; +https://babbar.tech/crawler)"
217.113.194.103 - - [12/Oct/2025:03:27:18 +0200] "GET /en/13-artist?q=Categories-ILLIT-IVE-JIHYO&page=6 HTTP/1.1" 200 19804 "-" "Mozilla/5.0 (compatible; Barkrowler/0.9; +https://babbar.tech/crawler)"
217.113.194.111 - - [12/Oct/2025:03:27:34 +0200] "GET /en/13-artist?q=Categories-ILLIT-IVE-JIHYO&page=2 HTTP/1.1" 200 19753 "-" "Mozilla/5.0 (compatible; Barkrowler/0.9; +https://babbar.tech/crawler)"
216.244.66.233 - - [12/Oct/2025:03:27:43 +0200] "GET /bg/brand/18-kq-entertainment?SubmitCurrency=1&id_currency=3 HTTP/1.1" 302 5 "-" "Mozilla/5.0 (compatible; DotBot/1.2; +https://opensiteexplorer.org/dotbot; help@moz.com)"
52.167.144.19 - - [12/Oct/2025:03:27:48 +0200] "GET /bg/13-artisti?q=%D0%9A%D0%B0%D1%82%D0%B5%D0%B3%D0%BE%D1%80%D0%B8%D0%B8-ATEEZ-BABYMONSTER-BLACKPINK-BOYNEXTDOOR-ENHYPEN-GOT+THE+BEAT-ILLIT-ITZY-IVE-JIHYO-LISA+%28BLACKPINK%29-NMIXX-P1Harmony-ROSE+%28BLACKPINK%29-SEVENTEEN-STAYC-STRAYKIDS-TREASURE-TWICE-WayV-ZEROBASEONE HTTP/2.0" 200 21659 "-" "Mozilla/5.0 AppleWebKit/537.36 (KHTML, like Gecko; compatible; bingbot/2.0; +http://www.bing.com/bingbot.htm) Chrome/116.0.1938.76 Safari/537.36"
217.113.194.224 - - [12/Oct/2025:03:27:51 +0200] "GET /en/13-artist?q=Categories-ILLIT&order=product.name.asc&page=15 HTTP/1.1" 200 19576 "-" "Mozilla/5.0 (compatible; Barkrowler/0.9; +https://babbar.tech/crawler)"
217.113.194.107 - - [12/Oct/2025:03:28:07 +0200] "GET /en/13-artist?q=Categories-ILLIT&order=product.price.desc&page=15 HTTP/1.1" 200 19935 "-" "Mozilla/5.0 (compatible; Barkrowler/0.9; +https://babbar.tech/crawler)"
114.119.158.94 - - [12/Oct/2025:03:28:11 +0200] "GET /en/2-nachalo?q=Categories-ALBUM/Brand-YG%2BEntertainment&order=product.position.asc&page=14 HTTP/1.1" 200 16066 "https://kpopbg.com/en/2-nachalo?q=Categories-ALBUM/Brand-YG%2BEntertainment&order=product.position.asc&page=14" "Mozilla/5.0 (Linux; Android 7.0;) AppleWebKit/537.36 (KHTML, like Gecko) Mobile Safari/537.36 (compatible; PetalBot;+https://webmaster.petalsearch.com/site/petalbot)"
40.77.167.76 - - [12/Oct/2025:03:28:22 +0200] "GET /bg/13-artisti?q=%D0%9A%D0%B0%D1%82%D0%B5%D0%B3%D0%BE%D1%80%D0%B8%D0%B8-AESPA-ATEEZ-BABYMONSTER-BLACKPINK-BOYNEXTDOOR-ENHYPEN-ILLIT-IVE-JENNIE+%28BLACKPINK%29-JIHYO-LISA-NMIXX-RIIZE-SEVENTEEN-STRAYKIDS-TXT-V+%28BTS%29-WayV-ZEROBASEONE-LE+SSERAFIM&page=18 HTTP/2.0" 200 21732 "-" "Mozilla/5.0 AppleWebKit/537.36 (KHTML, like Gecko; compatible; bingbot/2.0; +http://www.bing.com/bingbot.htm) Chrome/116.0.1938.76 Safari/537.36"
40.77.167.76 - - [12/Oct/2025:03:28:22 +0200] "GET /bg/13-artisti?q=%D0%9A%D0%B0%D1%82%D0%B5%D0%B3%D0%BE%D1%80%D0%B8%D0%B8-AESPA-ATEEZ-BABYMONSTER-BOYNEXTDOOR-ENHYPEN-GOT+THE+BEAT-ILLIT-IVE-JIHYO-LISA-NCT+DOYOUNG-NMIXX-RIIZE-SEVENTEEN-STRAYKIDS-TXT-Tzuyu+%28TWICE%29-WayV-ZEROBASEONE-Kep1er&order=product.position.asc HTTP/2.0" 200 21394 "-" "Mozilla/5.0 AppleWebKit/537.36 (KHTML, like Gecko; compatible; bingbot/2.0; +http://www.bing.com/bingbot.htm) Chrome/116.0.1938.76 Safari/537.36"
217.113.194.108 - - [12/Oct/2025:03:28:24 +0200] "GET /en/13-artist?q=Categories-BTS&order=product.price.asc&page=12 HTTP/1.1" 200 19879 "-" "Mozilla/5.0 (compatible; Barkrowler/0.9; +https://babbar.tech/crawler)"
52.167.144.167 - - [12/Oct/2025:03:28:41 +0200] "GET /bg/13-artisti?q=%D0%9A%D0%B0%D1%82%D0%B5%D0%B3%D0%BE%D1%80%D0%B8%D0%B8-ATEEZ-BABYMONSTER-BLACKPINK-BOYNEXTDOOR-BTS-ILLIT-IVE-JENNIE+%28BLACKPINK%29-JIHYO-JISOO+%28BLACKPINK%29-Kep1er-NMIXX-RIIZE-ROSE+%28BLACKPINK%29-SEVENTEEN-STAYC-STRAYKIDS-TREASURE-TWICE-WayV-ZEROBASEONE-NEW+JEANS HTTP/2.0" 200 21657 "-" "Mozilla/5.0 AppleWebKit/537.36 (KHTML, like Gecko; compatible; bingbot/2.0; +http://www.bing.com/bingbot.htm) Chrome/116.0.1938.76 Safari/537.36"
217.113.194.224 - - [12/Oct/2025:03:28:41 +0200] "GET /en/13-artist?q=Categories-BTS&order=product.reference.desc&page=5 HTTP/1.1" 200 19950 "-" "Mozilla/5.0 (compatible; Barkrowler/0.9; +https://babbar.tech/crawler)"
217.113.194.224 - - [12/Oct/2025:03:28:57 +0200] "GET /en/13-artist?q=Categories-BTS-TXT&order=product.price.asc HTTP/1.1" 200 19783 "-" "Mozilla/5.0 (compatible; Barkrowler/0.9; +https://babbar.tech/crawler)"
217.113.194.109 - - [12/Oct/2025:03:29:15 +0200] "GET /en/13-artist?q=Categories-BTS-JIHYO-TXT&page=2 HTTP/1.1" 200 19743 "-" "Mozilla/5.0 (compatible; Barkrowler/0.9; +https://babbar.tech/crawler)"
52.167.144.167 - - [12/Oct/2025:03:29:18 +0200] "GET /bg/13-artisti?q=%D0%9A%D0%B0%D1%82%D0%B5%D0%B3%D0%BE%D1%80%D0%B8%D0%B8-AESPA-ATEEZ-BLACKPINK-ENHYPEN-ITZY-IVE-JIHYO-JISOO-LISA-NCT-NMIXX-TREASURE&page=2 HTTP/2.0" 200 21400 "-" "Mozilla/5.0 AppleWebKit/537.36 (KHTML, like Gecko; compatible; bingbot/2.0; +http://www.bing.com/bingbot.htm) Chrome/116.0.1938.76 Safari/537.36"
217.113.194.105 - - [12/Oct/2025:03:29:32 +0200] "GET /en/13-artist?q=Categories-BTS-JIHYO-IVE&page=2 HTTP/1.1" 200 19743 "-" "Mozilla/5.0 (compatible; Barkrowler/0.9; +https://babbar.tech/crawler)"
52.167.144.167 - - [12/Oct/2025:03:29:37 +0200] "GET /bg/13-artisti?q=%D0%9A%D0%B0%D1%82%D0%B5%D0%B3%D0%BE%D1%80%D0%B8%D0%B8-AESPA-ATEEZ-BABYMONSTER-BLACKPINK-BOYNEXTDOOR-BTS-ENHYPEN-ILLIT-ITZY-IVE-JIHYO-LISA-NCT+WISH-RED+VELVET-RM+%28BTS%29-ROSE+%28BLACKPINK%29-STAYC-STRAYKIDS-TWICE-ZEROBASEONE HTTP/2.0" 200 21553 "-" "Mozilla/5.0 AppleWebKit/537.36 (KHTML, like Gecko; compatible; bingbot/2.0; +http://www.bing.com/bingbot.htm) Chrome/116.0.1938.76 Safari/537.36"
114.119.131.105 - - [12/Oct/2025:03:29:37 +0200] "GET /en/2-nachalo?q=Categories-ALBUM/Brand-JYP%2BEntertainment&order=product.price.asc&page=2 HTTP/1.1" 200 16401 "https://kpopbg.com/en/2-nachalo?q=Categories-ALBUM/Brand-JYP%2BEntertainment&order=product.price.asc&page=2" "Mozilla/5.0 (Linux; Android 7.0;) AppleWebKit/537.36 (KHTML, like Gecko) Mobile Safari/537.36 (compatible; PetalBot;+https://webmaster.petalsearch.com/site/petalbot)"
52.167.144.19 - - [12/Oct/2025:03:29:37 +0200] "GET /en/13-artist?q=Categories-AESPA-ZEROBASEONE-TWICE&order=product.reference.asc HTTP/2.0" 200 19825 "-" "Mozilla/5.0 AppleWebKit/537.36 (KHTML, like Gecko; compatible; bingbot/2.0; +http://www.bing.com/bingbot.htm) Chrome/116.0.1938.76 Safari/537.36"
52.167.144.167 - - [12/Oct/2025:03:29:38 +0200] "GET /bg/13-artisti?q=%D0%9A%D0%B0%D1%82%D0%B5%D0%B3%D0%BE%D1%80%D0%B8%D0%B8-ATEEZ-BABYMONSTER-BLACKPINK-BOYNEXTDOOR-ENHYPEN-GOT+THE+BEAT-ILLIT-IVE-JENNIE+%28BLACKPINK%29-JIHYO-JISOO+%28BLACKPINK%29-NCT+JAEHYUN-NMIXX-RIIZE-SEVENTEEN-STAYC-TREASURE-TWICE-TXT-WayV-ZEROBASEONE HTTP/2.0" 200 21659 "-" "Mozilla/5.0 AppleWebKit/537.36 (KHTML, like Gecko; compatible; bingbot/2.0; +http://www.bing.com/bingbot.htm) Chrome/116.0.1938.76 Safari/537.36"
40.77.167.76 - - [12/Oct/2025:03:29:41 +0200] "GET /bg/13-artisti?q=%D0%9A%D0%B0%D1%82%D0%B5%D0%B3%D0%BE%D1%80%D0%B8%D0%B8-AESPA-ATEEZ-BABYMONSTER-BOYNEXTDOOR-Dreamcatcher-ENHYPEN-GOT+THE+BEAT-ILLIT-IVE-JENNIE+%28BLACKPINK%29-JIHYO-LISA-NMIXX-P1Harmony-RIIZE-RM+%28BTS%29-ROSE+%28BLACKPINK%29-STAYC-STRAYKIDS-TREASURE-TWICE-WayV-ZEROBASEONE-Kep1er HTTP/2.0" 200 21691 "-" "Mozilla/5.0 AppleWebKit/537.36 (KHTML, like Gecko; compatible; bingbot/2.0; +http://www.bing.com/bingbot.htm) Chrome/116.0.1938.76 Safari/537.36"
40.77.167.76 - - [12/Oct/2025:03:29:42 +0200] "GET /bg/13-artisti?q=%D0%9A%D0%B0%D1%82%D0%B5%D0%B3%D0%BE%D1%80%D0%B8%D0%B8-AESPA-ASTRO-BLACKPINK-ENHYPEN-KAI-NCT-NCT+127-NCT+DREAM-NMIXX-STAYC-TWICE/%D0%9D%D0%B0%D0%BB%D0%B8%D1%87%D0%BD%D0%BE%D1%81%D1%82-%D0%92+%D0%BD%D0%B0%D0%BB%D0%B8%D1%87%D0%BD%D0%BE%D1%81%D1%82 HTTP/2.0" 200 21563 "-" "Mozilla/5.0 AppleWebKit/537.36 (KHTML, like Gecko; compatible; bingbot/2.0; +http://www.bing.com/bingbot.htm) Chrome/116.0.1938.76 Safari/537.36"
217.113.194.224 - - [12/Oct/2025:03:29:48 +0200] "GET /en/13-artist?q=Categories-BTS-Kep1er-RIIZE&page=4 HTTP/1.1" 200 19995 "-" "Mozilla/5.0 (compatible; Barkrowler/0.9; +https://babbar.tech/crawler)"
40.77.167.76 - - [12/Oct/2025:03:29:51 +0200] "GET /bg/13-artisti?q=%D0%9A%D0%B0%D1%82%D0%B5%D0%B3%D0%BE%D1%80%D0%B8%D0%B8-AESPA-ATEEZ-BOYNEXTDOOR-ENHYPEN-ILLIT-JIHYO-LE+SSERAFIM-LISA-NCT+DREAM-NMIXX-RIIZE-SEVENTEEN-TWICE-TXT-WayV-ZEROBASEONE-XDINARY+HEROES HTTP/2.0" 200 21519 "-" "Mozilla/5.0 AppleWebKit/537.36 (KHTML, like Gecko; compatible; bingbot/2.0; +http://www.bing.com/bingbot.htm) Chrome/116.0.1938.76 Safari/537.36"
40.77.167.76 - - [12/Oct/2025:03:29:52 +0200] "GET /en/13-artist?q=Categories-AESPA-BOYNEXTDOOR-CHA+EUN+WOO+%28ASTRO%29-STAYC-NCT+WISH&order=product.sales.desc HTTP/2.0" 200 16067 "-" "Mozilla/5.0 AppleWebKit/537.36 (KHTML, like Gecko; compatible; bingbot/2.0; +http://www.bing.com/bingbot.htm) Chrome/116.0.1938.76 Safari/537.36"
52.167.144.167 - - [12/Oct/2025:03:29:58 +0200] "GET /bg/13-artisti?q=%D0%9A%D0%B0%D1%82%D0%B5%D0%B3%D0%BE%D1%80%D0%B8%D0%B8-ASTRO-BLACKPINK-ENHYPEN-GOT+THE+BEAT-ITZY-IVE-JISOO-KAI-NCT-NCT+DREAM-NEW+JEANS-STAYC-STRAYKIDS-TXT-V+%28BTS%29/%D0%9C%D0%B0%D1%80%D0%BA%D0%B0-STARSHIP+ENTERAINMENT HTTP/2.0" 200 21573 "-" "Mozilla/5.0 AppleWebKit/537.36 (KHTML, like Gecko; compatible; bingbot/2.0; +http://www.bing.com/bingbot.htm) Chrome/116.0.1938.76 Safari/537.36"
217.113.194.111 - - [12/Oct/2025:03:30:06 +0200] "GET /en/13-artist?q=Categories-BTS-P1Harmony-WayV&page=4 HTTP/1.1" 200 19983 "-" "Mozilla/5.0 (compatible; Barkrowler/0.9; +https://babbar.tech/crawler)"
52.167.144.167 - - [12/Oct/2025:03:30:07 +0200] "GET /bg/13-artisti?q=%D0%9A%D0%B0%D1%82%D0%B5%D0%B3%D0%BE%D1%80%D0%B8%D0%B8-ATEEZ-BABYMONSTER-BLACKPINK-BOYNEXTDOOR-ENHYPEN-GOT+THE+BEAT-ILLIT-JENNIE+%28BLACKPINK%29-LISA+%28BLACKPINK%29-NMIXX-RIIZE-SEVENTEEN-TWICE-TXT-WayV-ZEROBASEONE-ITZY HTTP/2.0" 200 21636 "-" "Mozilla/5.0 AppleWebKit/537.36 (KHTML, like Gecko; compatible; bingbot/2.0; +http://www.bing.com/bingbot.htm) Chrome/116.0.1938.76 Safari/537.36"
52.167.144.167 - - [12/Oct/2025:03:30:08 +0200] "GET /bg/13-artisti?q=%D0%9A%D0%B0%D1%82%D0%B5%D0%B3%D0%BE%D1%80%D0%B8%D0%B8-AESPA-ASTRO-BLACKPINK-BTS-ENHYPEN-GOT+THE+BEAT-ITZY-KAI-LISA-NCT-NEW+JEANS-NMIXX-STAYC-TREASURE-TWICE-V+%28BTS%29-LE+SSERAFIM HTTP/2.0" 200 21513 "-" "Mozilla/5.0 AppleWebKit/537.36 (KHTML, like Gecko; compatible; bingbot/2.0; +http://www.bing.com/bingbot.htm) Chrome/116.0.1938.76 Safari/537.36"
52.167.144.167 - - [12/Oct/2025:03:30:10 +0200] "GET /bg/13-artisti?q=%D0%9A%D0%B0%D1%82%D0%B5%D0%B3%D0%BE%D1%80%D0%B8%D0%B8-ATEEZ-BABYMONSTER-BLACKPINK-BOYNEXTDOOR-ENHYPEN-GOT+THE+BEAT-ILLIT-IVE-JENNIE+%28BLACKPINK%29-JIHYO-JISOO+%28BLACKPINK%29-LISA+%28BLACKPINK%29-NMIXX-RIIZE-ROSE+%28BLACKPINK%29-STAYC-STRAYKIDS-TREASURE-TWICE-WayV-ZEROBASEONE-LE+SSERAFIM HTTP/2.0" 200 21698 "-" "Mozilla/5.0 AppleWebKit/537.36 (KHTML, like Gecko; compatible; bingbot/2.0; +http://www.bing.com/bingbot.htm) Chrome/116.0.1938.76 Safari/537.36"
52.167.144.19 - - [12/Oct/2025:03:30:18 +0200] "GET /bg/13-artisti?q=%D0%9A%D0%B0%D1%82%D0%B5%D0%B3%D0%BE%D1%80%D0%B8%D0%B8-AESPA-ATEEZ-BABYMONSTER-BLACKPINK-BOYNEXTDOOR-ENHYPEN-ILLIT-ITZY-JIHYO-KAI-Kep1er-LISA-NMIXX-P1Harmony-TXT-ZEROBASEONE-STRAYKIDS HTTP/2.0" 200 21483 "-" "Mozilla/5.0 AppleWebKit/537.36 (KHTML, like Gecko; compatible; bingbot/2.0; +http://www.bing.com/bingbot.htm) Chrome/116.0.1938.76 Safari/537.36"
52.167.144.19 - - [12/Oct/2025:03:30:18 +0200] "GET /bg/13-artisti?q=%D0%9A%D0%B0%D1%82%D0%B5%D0%B3%D0%BE%D1%80%D0%B8%D0%B8-AESPA-BLACKPINK-ENHYPEN-ITZY-IVE-JISOO-KAI-LE+SSERAFIM-NCT-NCT+DREAM-NEW+JEANS-NMIXX-STAYC-STRAYKIDS-TWICE HTTP/2.0" 200 21460 "-" "Mozilla/5.0 AppleWebKit/537.36 (KHTML, like Gecko; compatible; bingbot/2.0; +http://www.bing.com/bingbot.htm) Chrome/116.0.1938.76 Safari/537.36"
40.77.167.76 - - [12/Oct/2025:03:30:19 +0200] "GET /bg/13-artisti?q=%D0%9A%D0%B0%D1%82%D0%B5%D0%B3%D0%BE%D1%80%D0%B8%D0%B8-AESPA-BABYMONSTER-BLACKPINK-BOYNEXTDOOR-ENHYPEN-ILLIT-ITZY-JIHYO-KAI-LE+SSERAFIM-LISA-NAYEON+%28TWICE%29-NMIXX-SEVENTEEN-STAYC-TREASURE-WayV-ZEROBASEONE-BTS HTTP/2.0" 200 21626 "-" "Mozilla/5.0 AppleWebKit/537.36 (KHTML, like Gecko; compatible; bingbot/2.0; +http://www.bing.com/bingbot.htm) Chrome/116.0.1938.76 Safari/537.36"
40.77.167.76 - - [12/Oct/2025:03:30:20 +0200] "GET /en/13-artist?q=Categories-%28G%29I%5C-DLE-BABYMONSTER-ENHYPEN-ILLIT-JIHYO-RED+VELVET-TXT-xikers-ZEROBASEONE-ATEEZ HTTP/2.0" 200 19850 "-" "Mozilla/5.0 AppleWebKit/537.36 (KHTML, like Gecko; compatible; bingbot/2.0; +http://www.bing.com/bingbot.htm) Chrome/116.0.1938.76 Safari/537.36"
40.77.167.76 - - [12/Oct/2025:03:30:21 +0200] "GET /bg/13-artisti?q=%D0%9A%D0%B0%D1%82%D0%B5%D0%B3%D0%BE%D1%80%D0%B8%D0%B8-AESPA-ATEEZ-BLACKPINK-BTS-ENHYPEN-IVE-KAI-NMIXX-STAYC-TWICE-NCT+DREAM/%D0%9D%D0%B0%D0%BB%D0%B8%D1%87%D0%BD%D0%BE%D1%81%D1%82-%D0%92+%D0%BD%D0%B0%D0%BB%D0%B8%D1%87%D0%BD%D0%BE%D1%81%D1%82-%D0%9D%D1%8F%D0%BC%D0%B0+%D0%BD%D0%B0%D0%BB%D0%B8%D1%87%D0%BD%D0%BE%D1%81%D1%82 HTTP/2.0" 200 21623 "-" "Mozilla/5.0 AppleWebKit/537.36 (KHTML, like Gecko; compatible; bingbot/2.0; +http://www.bing.com/bingbot.htm) Chrome/116.0.1938.76 Safari/537.36"
217.113.194.107 - - [12/Oct/2025:03:30:22 +0200] "GET /en/13-artist?q=Categories-BTS-ITZY-Dreamcatcher&page=15 HTTP/1.1" 200 19917 "-" "Mozilla/5.0 (compatible; Barkrowler/0.9; +https://babbar.tech/crawler)"
185.191.171.16 - - [12/Oct/2025:03:30:24 +0200] "GET /bg/nachalo/244-itzy-gold-standard-ver-8809954228308 HTTP/1.1" 200 19475 "-" "Mozilla/5.0 (compatible; SemrushBot/7~bl; +http://www.semrush.com/bot.html)"
52.167.144.167 - - [12/Oct/2025:03:30:34 +0200] "GET /bg/13-artisti?q=%D0%9A%D0%B0%D1%82%D0%B5%D0%B3%D0%BE%D1%80%D0%B8%D0%B8-AESPA-BABYMONSTER-BLACKPINK-BOYNEXTDOOR-ENHYPEN-GOT+THE+BEAT-ILLIT-ITZY-KAI-LISA-NMIXX-P1Harmony-STRAYKIDS-ZEROBASEONE-LE+SSERAFIM HTTP/2.0" 200 21569 "-" "Mozilla/5.0 AppleWebKit/537.36 (KHTML, like Gecko; compatible; bingbot/2.0; +http://www.bing.com/bingbot.htm) Chrome/116.0.1938.76 Safari/537.36"
52.167.144.167 - - [12/Oct/2025:03:30:34 +0200] "GET /bg/13-artisti?q=%D0%9A%D0%B0%D1%82%D0%B5%D0%B3%D0%BE%D1%80%D0%B8%D0%B8-AESPA-ATEEZ-BLACKPINK-BTS-ENHYPEN-GOT+THE+BEAT-ITZY-IVE-LISA-NCT-NMIXX-STAYC-STRAYKIDS-TREASURE-TWICE-TXT-RED+VELVET HTTP/2.0" 200 21468 "-" "Mozilla/5.0 AppleWebKit/537.36 (KHTML, like Gecko; compatible; bingbot/2.0; +http://www.bing.com/bingbot.htm) Chrome/116.0.1938.76 Safari/537.36"
52.167.144.19 - - [12/Oct/2025:03:30:37 +0200] "GET /bg/13-artisti?q=%D0%9A%D0%B0%D1%82%D0%B5%D0%B3%D0%BE%D1%80%D0%B8%D0%B8-ATEEZ-BABYMONSTER-BLACKPINK-BOYNEXTDOOR-ENHYPEN-ILLIT-IVE-JENNIE+%28BLACKPINK%29-JIHYO-LISA+%28BLACKPINK%29-NMIXX-RIIZE-ROSE+%28BLACKPINK%29-STAYC-STRAYKIDS-TREASURE-TWICE-TXT-WayV-ZEROBASEONE-JUNG+KOOK+%28BTS%29 HTTP/2.0" 200 21650 "-" "Mozilla/5.0 AppleWebKit/537.36 (KHTML, like Gecko; compatible; bingbot/2.0; +http://www.bing.com/bingbot.htm) Chrome/116.0.1938.76 Safari/537.36"
52.167.144.19 - - [12/Oct/2025:03:30:37 +0200] "GET /bg/13-artisti?q=%D0%9A%D0%B0%D1%82%D0%B5%D0%B3%D0%BE%D1%80%D0%B8%D0%B8-AESPA-ATEEZ-BLACKPINK-BTS-ENHYPEN-GOT+THE+BEAT-ITZY-KAI-LE+SSERAFIM-LISA-NCT-NCT+DREAM-NEW+JEANS-NMIXX-STRAYKIDS-TREASURE-TWICE HTTP/2.0" 200 21503 "-" "Mozilla/5.0 AppleWebKit/537.36 (KHTML, like Gecko; compatible; bingbot/2.0; +http://www.bing.com/bingbot.htm) Chrome/116.0.1938.76 Safari/537.36"
52.167.144.19 - - [12/Oct/2025:03:30:38 +0200] "GET /bg/13-artisti?q=%D0%9A%D0%B0%D1%82%D0%B5%D0%B3%D0%BE%D1%80%D0%B8%D0%B8-AESPA-BABYMONSTER-BLACKPINK-BOYNEXTDOOR-ILLIT-ITZY-KAI-LISA-NMIXX-RED+VELVET-SEVENTEEN-STRAYKIDS-TWICE-ZEROBASEONE-V+%28BTS%29 HTTP/2.0" 200 21532 "-" "Mozilla/5.0 AppleWebKit/537.36 (KHTML, like Gecko; compatible; bingbot/2.0; +http://www.bing.com/bingbot.htm) Chrome/116.0.1938.76 Safari/537.36"
217.113.194.247 - - [12/Oct/2025:03:30:39 +0200] "GET /en/13-artist?q=Categories-BTS-ITZY-TXT&page=12 HTTP/1.1" 200 19860 "-" "Mozilla/5.0 (compatible; Barkrowler/0.9; +https://babbar.tech/crawler)"
40.77.167.76 - - [12/Oct/2025:03:30:44 +0200] "GET /bg/13-artisti?q=%D0%9A%D0%B0%D1%82%D0%B5%D0%B3%D0%BE%D1%80%D0%B8%D0%B8-AESPA-ASTRO-BABYMONSTER-BLACKPINK-BOYNEXTDOOR-BTS-ENHYPEN-ILLIT-ITZY-JIHYO-KAI-LISA-NCT+DREAM-NMIXX-SEVENTEEN-STRAYKIDS-TREASURE-TXT-ZEROBASEONE-P1Harmony&page=19 HTTP/2.0" 200 21666 "-" "Mozilla/5.0 AppleWebKit/537.36 (KHTML, like Gecko; compatible; bingbot/2.0; +http://www.bing.com/bingbot.htm) Chrome/116.0.1938.76 Safari/537.36"
40.77.167.76 - - [12/Oct/2025:03:30:45 +0200] "GET /bg/13-artisti?q=%D0%9A%D0%B0%D1%82%D0%B5%D0%B3%D0%BE%D1%80%D0%B8%D0%B8-AESPA-BABYMONSTER-BLACKPINK-BTS-ENHYPEN-ILLIT-ITZY-JIHYO-KAI-LISA-NAYEON+%28TWICE%29-NMIXX-SEVENTEEN-STAYC-TREASURE-TWICE-WayV-ZEROBASEONE-BOYNEXTDOOR HTTP/2.0" 200 21547 "-" "Mozilla/5.0 AppleWebKit/537.36 (KHTML, like Gecko; compatible; bingbot/2.0; +http://www.bing.com/bingbot.htm) Chrome/116.0.1938.76 Safari/537.36"
40.77.167.76 - - [12/Oct/2025:03:30:46 +0200] "GET /bg/13-artisti?q=%D0%9A%D0%B0%D1%82%D0%B5%D0%B3%D0%BE%D1%80%D0%B8%D0%B8-ATEEZ-BABYMONSTER-BLACKPINK-BOYNEXTDOOR-ENHYPEN-GOT+THE+BEAT-ILLIT-IVE-JISOO+%28BLACKPINK%29-LISA+%28BLACKPINK%29-NMIXX-P1Harmony-RIIZE-ROSE+%28BLACKPINK%29-SEVENTEEN-STAYC-STRAYKIDS-TREASURE-TWICE-TXT-WayV-ZEROBASEONE-JIHYO HTTP/2.0" 200 21680 "-" "Mozilla/5.0 AppleWebKit/537.36 (KHTML, like Gecko; compatible; bingbot/2.0; +http://www.bing.com/bingbot.htm) Chrome/116.0.1938.76 Safari/537.36"
52.167.144.19 - - [12/Oct/2025:03:30:47 +0200] "GET /bg/13-artisti?q=%D0%9A%D0%B0%D1%82%D0%B5%D0%B3%D0%BE%D1%80%D0%B8%D0%B8-ASTRO-ENHYPEN-JISOO-KAI-NCT-NMIXX-STAYC-TREASURE-TWICE/%D0%9D%D0%B0%D0%BB%D0%B8%D1%87%D0%BD%D0%BE%D1%81%D1%82-%D0%92+%D0%BD%D0%B0%D0%BB%D0%B8%D1%87%D0%BD%D0%BE%D1%81%D1%82 HTTP/2.0" 200 21533 "-" "Mozilla/5.0 AppleWebKit/537.36 (KHTML, like Gecko; compatible; bingbot/2.0; +http://www.bing.com/bingbot.htm) Chrome/116.0.1938.76 Safari/537.36"
40.77.167.76 - - [12/Oct/2025:03:30:47 +0200] "GET /bg/13-artisti?q=%D0%9A%D0%B0%D1%82%D0%B5%D0%B3%D0%BE%D1%80%D0%B8%D0%B8-ATEEZ-BABYMONSTER-BLACKPINK-BOYNEXTDOOR-ILLIT-ITZY-IVE-JENNIE+%28BLACKPINK%29-JIHYO-LISA+%28BLACKPINK%29-NMIXX-RIIZE-ROSE+%28BLACKPINK%29-SEVENTEEN-TREASURE-TWICE-WayV-ZEROBASEONE-Agust+D+%28BTS%29 HTTP/2.0" 200 21634 "-" "Mozilla/5.0 AppleWebKit/537.36 (KHTML, like Gecko; compatible; bingbot/2.0; +http://www.bing.com/bingbot.htm) Chrome/116.0.1938.76 Safari/537.36"
52.167.144.19 - - [12/Oct/2025:03:30:47 +0200] "GET /bg/13-artisti?q=%D0%9A%D0%B0%D1%82%D0%B5%D0%B3%D0%BE%D1%80%D0%B8%D0%B8-ATEEZ-BABYMONSTER-BLACKPINK-BOYNEXTDOOR-BTS-ILLIT-IVE-JENNIE+%28BLACKPINK%29-JIHYO-LISA+%28BLACKPINK%29-NMIXX-RIIZE-SEVENTEEN-STAYC-STRAYKIDS-TREASURE-TWICE-WayV-ZEROBASEONE-KISS+OF+LIFE HTTP/2.0" 200 21623 "-" "Mozilla/5.0 AppleWebKit/537.36 (KHTML, like Gecko; compatible; bingbot/2.0; +http://www.bing.com/bingbot.htm) Chrome/116.0.1938.76 Safari/537.36"
57.141.4.8 - - [12/Oct/2025:03:30:52 +0200] "GET /en/brand/15-bighit-music HTTP/2.0" 200 111511 "-" "meta-externalagent/1.1 (+https://developers.facebook.com/docs/sharing/webmasters/crawler)"
217.113.194.224 - - [12/Oct/2025:03:30:55 +0200] "GET /en/13-artist?q=Categories-BTS-ITZY-LISA&page=14 HTTP/1.1" 200 19814 "-" "Mozilla/5.0 (compatible; Barkrowler/0.9; +https://babbar.tech/crawler)"
52.167.144.19 - - [12/Oct/2025:03:30:57 +0200] "GET /bg/13-artisti?q=%D0%9A%D0%B0%D1%82%D0%B5%D0%B3%D0%BE%D1%80%D0%B8%D0%B8-ATEEZ-BABYMONSTER-BLACKPINK-BOYNEXTDOOR-ENHYPEN-ILLIT-IVE-Kep1er-LISA+%28BLACKPINK%29-NCT+127-NMIXX-P1Harmony-RIIZE-ROSE+%28BLACKPINK%29-STRAYKIDS-TREASURE-TWICE-TXT-WayV-ZEROBASEONE&page=3 HTTP/2.0" 200 21762 "-" "Mozilla/5.0 AppleWebKit/537.36 (KHTML, like Gecko; compatible; bingbot/2.0; +http://www.bing.com/bingbot.htm) Chrome/116.0.1938.76 Safari/537.36"
114.119.133.146 - - [12/Oct/2025:03:30:58 +0200] "GET /en/2-nachalo?q=Categories-ALBUM/Brand-ADOR-BigHit%2BMusic&order=product.sales.desc&page=6 HTTP/1.1" 200 12031 "https://kpopbg.com/en/2-nachalo?q=Categories-ALBUM/Brand-ADOR-BigHit%2BMusic&order=product.sales.desc&page=5" "Mozilla/5.0 (Linux; Android 7.0;) AppleWebKit/537.36 (KHTML, like Gecko) Mobile Safari/537.36 (compatible; PetalBot;+https://webmaster.petalsearch.com/site/petalbot)"
40.77.167.76 - - [12/Oct/2025:03:31:02 +0200] "GET /en/nachalo/146-itzy-born-to-be-special-edition-mr-vampire-ver-8809954229053?SubmitCurrency=1&id_currency=3 HTTP/2.0" 200 16263 "-" "Mozilla/5.0 AppleWebKit/537.36 (KHTML, like Gecko; compatible; bingbot/2.0; +http://www.bing.com/bingbot.htm) Chrome/116.0.1938.76 Safari/537.36"
40.77.167.76 - - [12/Oct/2025:03:31:02 +0200] "GET /bg/13-artisti?q=%D0%9A%D0%B0%D1%82%D0%B5%D0%B3%D0%BE%D1%80%D0%B8%D0%B8-BABYMONSTER-BLACKPINK-BOYNEXTDOOR-ILLIT-ITZY-KAI-LISA-NMIXX-SEVENTEEN-STRAYKIDS HTTP/2.0" 200 21377 "-" "Mozilla/5.0 AppleWebKit/537.36 (KHTML, like Gecko; compatible; bingbot/2.0; +http://www.bing.com/bingbot.htm) Chrome/116.0.1938.76 Safari/537.36"
52.167.144.19 - - [12/Oct/2025:03:31:07 +0200] "GET /bg/13-artisti?q=%D0%9A%D0%B0%D1%82%D0%B5%D0%B3%D0%BE%D1%80%D0%B8%D0%B8-AESPA-ASTRO-BLACKPINK-ENHYPEN-ITZY-IVE-JISOO-KAI-NMIXX-STRAYKIDS-TWICE/%D0%9D%D0%B0%D0%BB%D0%B8%D1%87%D0%BD%D0%BE%D1%81%D1%82-%D0%92+%D0%BD%D0%B0%D0%BB%D0%B8%D1%87%D0%BD%D0%BE%D1%81%D1%82-%D0%9D%D1%8F%D0%BC%D0%B0+%D0%BD%D0%B0%D0%BB%D0%B8%D1%87%D0%BD%D0%BE%D1%81%D1%82 HTTP/2.0" 200 21610 "-" "Mozilla/5.0 AppleWebKit/537.36 (KHTML, like Gecko; compatible; bingbot/2.0; +http://www.bing.com/bingbot.htm) Chrome/116.0.1938.76 Safari/537.36"
52.167.144.167 - - [12/Oct/2025:03:31:08 +0200] "GET /en/13-artist?q=Categories-AESPA-BABYMONSTER-BLACKPINK-BOYNEXTDOOR-BTS-ENHYPEN-ILLIT-ITZY-JIMIN+%28BTS%29-LISA-NMIXX-SEVENTEEN-THE+BOYZ-TWICE-TXT-ZEROBASEONE-ATEEZ HTTP/2.0" 200 19924 "-" "Mozilla/5.0 AppleWebKit/537.36 (KHTML, like Gecko; compatible; bingbot/2.0; +http://www.bing.com/bingbot.htm) Chrome/116.0.1938.76 Safari/537.36"
52.167.144.167 - - [12/Oct/2025:03:31:09 +0200] "GET /bg/13-artisti?q=%D0%9A%D0%B0%D1%82%D0%B5%D0%B3%D0%BE%D1%80%D0%B8%D0%B8-AESPA-ATEEZ-BABYMONSTER-BOYNEXTDOOR-ENHYPEN-ILLIT-IVE-Jin+%28BTS%29-Kep1er-NCT+127-NEW+JEANS-NMIXX-P1Harmony-RIIZE-SEVENTEEN-STAYC-STRAYKIDS-TXT-WayV-ZEROBASEONE-Tzuyu+%28TWICE%29 HTTP/2.0" 200 21637 "-" "Mozilla/5.0 AppleWebKit/537.36 (KHTML, like Gecko; compatible; bingbot/2.0; +http://www.bing.com/bingbot.htm) Chrome/116.0.1938.76 Safari/537.36"
52.167.144.167 - - [12/Oct/2025:03:31:10 +0200] "GET /bg/13-artisti?q=%D0%9A%D0%B0%D1%82%D0%B5%D0%B3%D0%BE%D1%80%D0%B8%D0%B8-ATEEZ-BABYMONSTER-BLACKPINK-BTS-ENHYPEN-ILLIT-ITZY-JIMIN+%28BTS%29-KAI-Kep1er-LISA-NMIXX-SEVENTEEN-TWICE-TXT-xikers-ZEROBASEONE-JIHYO HTTP/2.0" 200 21504 "-" "Mozilla/5.0 AppleWebKit/537.36 (KHTML, like Gecko; compatible; bingbot/2.0; +http://www.bing.com/bingbot.htm) Chrome/116.0.1938.76 Safari/537.36"
52.167.144.167 - - [12/Oct/2025:03:31:11 +0200] "GET /bg/13-artisti?q=%D0%9A%D0%B0%D1%82%D0%B5%D0%B3%D0%BE%D1%80%D0%B8%D0%B8-AESPA-ENHYPEN-GOT+THE+BEAT-ITZY-IVE-JISOO-LISA-NCT-NCT+DREAM-STRAYKIDS-TREASURE HTTP/2.0" 200 21429 "-" "Mozilla/5.0 AppleWebKit/537.36 (KHTML, like Gecko; compatible; bingbot/2.0; +http://www.bing.com/bingbot.htm) Chrome/116.0.1938.76 Safari/537.36"
52.167.144.167 - - [12/Oct/2025:03:31:12 +0200] "GET /bg/13-artisti?q=%D0%9A%D0%B0%D1%82%D0%B5%D0%B3%D0%BE%D1%80%D0%B8%D0%B8-ATEEZ-BABYMONSTER-ENHYPEN-IVE-JIHYO-KAI-NCT-TWICE HTTP/2.0" 200 21364 "-" "Mozilla/5.0 AppleWebKit/537.36 (KHTML, like Gecko; compatible; bingbot/2.0; +http://www.bing.com/bingbot.htm) Chrome/116.0.1938.76 Safari/537.36"
217.113.194.223 - - [12/Oct/2025:03:31:13 +0200] "GET /en/13-artist?q=Categories-BTS-STRAYKIDS-LISA&page=18 HTTP/1.1" 200 19860 "-" "Mozilla/5.0 (compatible; Barkrowler/0.9; +https://babbar.tech/crawler)"
40.77.167.76 - - [12/Oct/2025:03:31:15 +0200] "GET /bg/13-artisti?q=%D0%9A%D0%B0%D1%82%D0%B5%D0%B3%D0%BE%D1%80%D0%B8%D0%B8-AESPA-ATEEZ-BLACKPINK-ENHYPEN-GOT+THE+BEAT-ITZY-IVE-KAI-LE+SSERAFIM-LISA-NCT-STRAYKIDS-TREASURE-V+%28BTS%29 HTTP/2.0" 200 21461 "-" "Mozilla/5.0 AppleWebKit/537.36 (KHTML, like Gecko; compatible; bingbot/2.0; +http://www.bing.com/bingbot.htm) Chrome/116.0.1938.76 Safari/537.36"
217.113.194.110 - - [12/Oct/2025:03:31:30 +0200] "GET /en/13-artist?q=Categories-BTS-ILLIT-NCT+127&page=4 HTTP/1.1" 200 19988 "-" "Mozilla/5.0 (compatible; Barkrowler/0.9; +https://babbar.tech/crawler)"
40.77.167.76 - - [12/Oct/2025:03:31:36 +0200] "GET /en/13-artist?q=%D0%9A%D0%B0%D1%82%D0%B5%D0%B3%D0%BE%D1%80%D0%B8%D0%B8-AESPA-ATEEZ-BABYMONSTER-BLACKPINK-BOYNEXTDOOR-ENHYPEN-ILLIT-IVE-JIHYO-LE+SSERAFIM-LISA-NMIXX-P1Harmony-RIIZE-SEVENTEEN-STAYC-STRAYKIDS-TXT-V+%28BTS%29-WayV-ZEROBASEONE-BTS HTTP/2.0" 200 20057 "-" "Mozilla/5.0 AppleWebKit/537.36 (KHTML, like Gecko; compatible; bingbot/2.0; +http://www.bing.com/bingbot.htm) Chrome/116.0.1938.76 Safari/537.36"
40.77.167.76 - - [12/Oct/2025:03:31:37 +0200] "GET /bg/13-artisti?q=%D0%9A%D0%B0%D1%82%D0%B5%D0%B3%D0%BE%D1%80%D0%B8%D0%B8-ATEEZ-BLACKPINK-BTS-ENHYPEN-IVE-JIHYO-JISOO-KAI-LISA-NCT-NMIXX-STAYC-TREASURE-NCT+DREAM/%D0%9D%D0%B0%D0%BB%D0%B8%D1%87%D0%BD%D0%BE%D1%81%D1%82-%D0%92+%D0%BD%D0%B0%D0%BB%D0%B8%D1%87%D0%BD%D0%BE%D1%81%D1%82 HTTP/2.0" 200 21610 "-" "Mozilla/5.0 AppleWebKit/537.36 (KHTML, like Gecko; compatible; bingbot/2.0; +http://www.bing.com/bingbot.htm) Chrome/116.0.1938.76 Safari/537.36"
52.167.144.19 - - [12/Oct/2025:03:31:37 +0200] "GET /bg/13-artisti?q=%D0%9A%D0%B0%D1%82%D0%B5%D0%B3%D0%BE%D1%80%D0%B8%D0%B8-BABYMONSTER-BLACKPINK-BOYNEXTDOOR-BTS-ILLIT-Kep1er-LISA-NCT+DREAM-NMIXX-RIIZE-ROSE+%28BLACKPINK%29-STRAYKIDS-TWICE-WayV HTTP/2.0" 200 21456 "-" "Mozilla/5.0 AppleWebKit/537.36 (KHTML, like Gecko; compatible; bingbot/2.0; +http://www.bing.com/bingbot.htm) Chrome/116.0.1938.76 Safari/537.36"
40.77.167.76 - - [12/Oct/2025:03:31:38 +0200] "GET /bg/13-artisti?q=%D0%9A%D0%B0%D1%82%D0%B5%D0%B3%D0%BE%D1%80%D0%B8%D0%B8-ATEEZ-BABYMONSTER-BLACKPINK-BOYNEXTDOOR-ENHYPEN-GOT+THE+BEAT-ILLIT-IVE-JIHYO-LISA-NMIXX-P1Harmony-RIIZE-RM+%28BTS%29-STAYC-TREASURE-WayV-ZEROBASEONE-ROSE+%28BLACKPINK%29 HTTP/2.0" 200 21631 "-" "Mozilla/5.0 AppleWebKit/537.36 (KHTML, like Gecko; compatible; bingbot/2.0; +http://www.bing.com/bingbot.htm) Chrome/116.0.1938.76 Safari/537.36"
52.167.144.19 - - [12/Oct/2025:03:31:38 +0200] "GET /en/13-artist?q=Categories-ATEEZ-BTS-KAI-LISA-NCT-IVE HTTP/2.0" 200 19701 "-" "Mozilla/5.0 AppleWebKit/537.36 (KHTML, like Gecko; compatible; bingbot/2.0; +http://www.bing.com/bingbot.htm) Chrome/116.0.1938.76 Safari/537.36"
40.77.167.76 - - [12/Oct/2025:03:31:39 +0200] "GET /en/13-artist?q=Categories-AESPA-BABYMONSTER-BTS-ENHYPEN-ILLIT-ITZY-P1Harmony-STRAYKIDS-TWICE-TXT-ZEROBASEONE-LE+SSERAFIM&order=product.reference.desc HTTP/2.0" 200 19966 "-" "Mozilla/5.0 AppleWebKit/537.36 (KHTML, like Gecko; compatible; bingbot/2.0; +http://www.bing.com/bingbot.htm) Chrome/116.0.1938.76 Safari/537.36"
40.77.167.76 - - [12/Oct/2025:03:31:40 +0200] "GET /bg/13-artisti?q=%D0%9A%D0%B0%D1%82%D0%B5%D0%B3%D0%BE%D1%80%D0%B8%D0%B8-AESPA-ATEEZ-BLACKPINK-ENHYPEN-JISOO-NMIXX-STAYC-TWICE-ITZY/%D0%9D%D0%B0%D0%BB%D0%B8%D1%87%D0%BD%D0%BE%D1%81%D1%82-%D0%92+%D0%BD%D0%B0%D0%BB%D0%B8%D1%87%D0%BD%D0%BE%D1%81%D1%82 HTTP/2.0" 200 21510 "-" "Mozilla/5.0 AppleWebKit/537.36 (KHTML, like Gecko; compatible; bingbot/2.0; +http://www.bing.com/bingbot.htm) Chrome/116.0.1938.76 Safari/537.36"
52.167.144.167 - - [12/Oct/2025:03:31:40 +0200] "GET /bg/13-artisti?q=%D0%9A%D0%B0%D1%82%D0%B5%D0%B3%D0%BE%D1%80%D0%B8%D0%B8-ATEEZ-BABYMONSTER-BLACKPINK-BOYNEXTDOOR-ENHYPEN-GOT+THE+BEAT-ILLIT-Kep1er-LE+SSERAFIM-NMIXX-RIIZE-SEVENTEEN-TXT-WayV-ZEROBASEONE-xikers HTTP/2.0" 200 21575 "-" "Mozilla/5.0 AppleWebKit/537.36 (KHTML, like Gecko; compatible; bingbot/2.0; +http://www.bing.com/bingbot.htm) Chrome/116.0.1938.76 Safari/537.36"
52.167.144.167 - - [12/Oct/2025:03:31:41 +0200] "GET /bg/13-artisti?q=%D0%9A%D0%B0%D1%82%D0%B5%D0%B3%D0%BE%D1%80%D0%B8%D0%B8-AESPA-ASTRO-BLACKPINK-BTS-ENHYPEN-GOT+THE+BEAT-ITZY-KAI-LISA-NCT-NMIXX-STRAYKIDS-TWICE-TREASURE HTTP/2.0" 200 21432 "-" "Mozilla/5.0 AppleWebKit/537.36 (KHTML, like Gecko; compatible; bingbot/2.0; +http://www.bing.com/bingbot.htm) Chrome/116.0.1938.76 Safari/537.36"
52.167.144.167 - - [12/Oct/2025:03:31:42 +0200] "GET /en/13-artist?q=Categories-ATEEZ-BLACKPINK-BOYNEXTDOOR-ILLIT-ITZY-JIHYO-JIMIN+%28BTS%29-NCT+DOYOUNG-NCT+WISH-NMIXX-P1Harmony-SEVENTEEN-STAYC-STRAYKIDS-ZEROBASEONE-WayV HTTP/2.0" 200 19950 "-" "Mozilla/5.0 AppleWebKit/537.36 (KHTML, like Gecko; compatible; bingbot/2.0; +http://www.bing.com/bingbot.htm) Chrome/116.0.1938.76 Safari/537.36"
40.77.167.76 - - [12/Oct/2025:03:31:43 +0200] "GET /bg/13-artisti?q=%D0%9A%D0%B0%D1%82%D0%B5%D0%B3%D0%BE%D1%80%D0%B8%D0%B8-AESPA-ASTRO-ENHYPEN-JISOO-NEW+JEANS-TREASURE-TWICE HTTP/2.0" 200 21369 "-" "Mozilla/5.0 AppleWebKit/537.36 (KHTML, like Gecko; compatible; bingbot/2.0; +http://www.bing.com/bingbot.htm) Chrome/116.0.1938.76 Safari/537.36"
52.167.144.167 - - [12/Oct/2025:03:31:43 +0200] "GET /bg/13-artisti?q=%D0%9A%D0%B0%D1%82%D0%B5%D0%B3%D0%BE%D1%80%D0%B8%D0%B8-AESPA-BABYMONSTER-BOYNEXTDOOR-BTS-Dreamcatcher-ENHYPEN-ILLIT-ITZY-JIMIN+%28BTS%29-KISS+OF+LIFE-LISA-NCT+127-NMIXX-P1Harmony-RIIZE-SEVENTEEN-STRAYKIDS-TWICE-WayV-XDINARY+HEROES-xikers-ZEROBASEONE-TREASURE HTTP/2.0" 200 21708 "-" "Mozilla/5.0 AppleWebKit/537.36 (KHTML, like Gecko; compatible; bingbot/2.0; +http://www.bing.com/bingbot.htm) Chrome/116.0.1938.76 Safari/537.36"
52.167.144.167 - - [12/Oct/2025:03:31:44 +0200] "GET /en/13-artist?q=Categories-BABYMONSTER-ENHYPEN-ILLIT-ITZY-j%5C-hope+%28BTS%29-JIHYO-NCT+127-NCT+DOYOUNG-NCT+WISH-NMIXX-SEVENTEEN-STRAYKIDS-TWICE-TXT-WayV-xikers-ZEROBASEONE-NEW+JEANS HTTP/2.0" 200 19958 "-" "Mozilla/5.0 AppleWebKit/537.36 (KHTML, like Gecko; compatible; bingbot/2.0; +http://www.bing.com/bingbot.htm) Chrome/116.0.1938.76 Safari/537.36"
217.113.194.105 - - [12/Oct/2025:03:31:47 +0200] "GET /en/13-artist?q=Categories-BTS-ILLIT-NCT+127&page=6 HTTP/1.1" 200 19844 "-" "Mozilla/5.0 (compatible; Barkrowler/0.9; +https://babbar.tech/crawler)"
52.167.144.167 - - [12/Oct/2025:03:31:50 +0200] "GET /en/13-artist?q=Categories-AESPA-ASTRO-BABYMONSTER-BTS-ENHYPEN-ILLIT-LISA-NCT-SEVENTEEN-STRAYKIDS-TXT-ZEROBASEONE-THE+BOYZ HTTP/2.0" 200 19859 "-" "Mozilla/5.0 AppleWebKit/537.36 (KHTML, like Gecko; compatible; bingbot/2.0; +http://www.bing.com/bingbot.htm) Chrome/116.0.1938.76 Safari/537.36"
47.128.35.177 - - [12/Oct/2025:03:31:51 +0200] "GET /bg/13-artisti?order=product.price.desc&q=%D0%9A%D0%B0%D1%82%D0%B5%D0%B3%D0%BE%D1%80%D0%B8%D0%B8-AESPA-BTS-ITZY-IVE-KAI-STAYC-TREASURE HTTP/2.0" 200 21465 "-" "Mozilla/5.0 (compatible; Bytespider; spider-feedback@bytedance.com) AppleWebKit/537.36 (KHTML, like Gecko) Chrome/70.0.0.0 Safari/537.36"
52.167.144.19 - - [12/Oct/2025:03:31:57 +0200] "GET /bg/13-artisti?q=%D0%9A%D0%B0%D1%82%D0%B5%D0%B3%D0%BE%D1%80%D0%B8%D0%B8-AESPA-ATEEZ-BABYMONSTER-BOYNEXTDOOR-ENHYPEN-GOT+THE+BEAT-ILLIT-IVE-JIHYO-LISA-P1Harmony-RIIZE-RM+%28BTS%29-STAYC-TWICE-WayV-ZEROBASEONE-Kep1er HTTP/2.0" 200 21521 "-" "Mozilla/5.0 AppleWebKit/537.36 (KHTML, like Gecko; compatible; bingbot/2.0; +http://www.bing.com/bingbot.htm) Chrome/116.0.1938.76 Safari/537.36"
52.167.144.19 - - [12/Oct/2025:03:31:58 +0200] "GET /en/13-artist?q=Categories-%28G%29I%5C-DLE-AESPA-BABYMONSTER-BTS-CHA+EUN+WOO+%28ASTRO%29-ENHYPEN-ILLIT-NEW+JEANS-NMIXX-RIIZE-SEVENTEEN-STRAYKIDS-TWICE-WayV-ZEROBASEONE-BLACKPINK HTTP/2.0" 200 19956 "-" "Mozilla/5.0 AppleWebKit/537.36 (KHTML, like Gecko; compatible; bingbot/2.0; +http://www.bing.com/bingbot.htm) Chrome/116.0.1938.76 Safari/537.36"
217.113.194.102 - - [12/Oct/2025:03:32:04 +0200] "GET /en/13-artist?q=Categories-BTS-NEW+JEANS-TWICE HTTP/1.1" 200 19720 "-" "Mozilla/5.0 (compatible; Barkrowler/0.9; +https://babbar.tech/crawler)"
52.167.144.167 - - [12/Oct/2025:03:32:13 +0200] "GET /bg/13-artisti?q=%D0%9A%D0%B0%D1%82%D0%B5%D0%B3%D0%BE%D1%80%D0%B8%D0%B8-BABYMONSTER-BLACKPINK-BOYNEXTDOOR-ENHYPEN-GOT+THE+BEAT-ILLIT-IVE-JENNIE+%28BLACKPINK%29-JIHYO-JISOO+%28BLACKPINK%29-LISA+%28BLACKPINK%29-NMIXX-P1Harmony-RIIZE-ROSE+%28BLACKPINK%29-SEVENTEEN-STAYC-STRAYKIDS-TREASURE-TWICE-WayV-ZEROBASEONE HTTP/2.0" 200 21706 "-" "Mozilla/5.0 AppleWebKit/537.36 (KHTML, like Gecko; compatible; bingbot/2.0; +http://www.bing.com/bingbot.htm) Chrome/116.0.1938.76 Safari/537.36"
52.167.144.20 - - [12/Oct/2025:03:32:17 +0200] "GET /en/13-artist?q=Categories-AESPA-BABYMONSTER-BLACKPINK-ENHYPEN-ILLIT-ITZY-JIHYO-LISA-NMIXX-STAYC-STRAYKIDS-TWICE-ZEROBASEONE-LE+SSERAFIM HTTP/2.0" 200 19884 "-" "Mozilla/5.0 AppleWebKit/537.36 (KHTML, like Gecko; compatible; bingbot/2.0; +http://www.bing.com/bingbot.htm) Chrome/116.0.1938.76 Safari/537.36"
52.167.144.20 - - [12/Oct/2025:03:32:18 +0200] "GET /en/13-artist?q=Categories-BABYMONSTER-TWICE-xikers&order=product.sales.desc HTTP/2.0" 200 15997 "-" "Mozilla/5.0 AppleWebKit/537.36 (KHTML, like Gecko; compatible; bingbot/2.0; +http://www.bing.com/bingbot.htm) Chrome/116.0.1938.76 Safari/537.36"
52.167.144.19 - - [12/Oct/2025:03:32:22 +0200] "GET /en/13-artist?q=Categories-ATEEZ-BABYMONSTER-BTS-ENHYPEN-GOT+THE+BEAT-ILLIT-ITZY-KAI-LISA-NMIXX-ZEROBASEONE-TREASURE HTTP/2.0" 200 19849 "-" "Mozilla/5.0 AppleWebKit/537.36 (KHTML, like Gecko; compatible; bingbot/2.0; +http://www.bing.com/bingbot.htm) Chrome/116.0.1938.76 Safari/537.36"
52.167.144.19 - - [12/Oct/2025:03:32:22 +0200] "GET /bg/13-artisti?q=%D0%9A%D0%B0%D1%82%D0%B5%D0%B3%D0%BE%D1%80%D0%B8%D0%B8-AESPA-BLACKPINK-BOYNEXTDOOR-BTS-Dreamcatcher-ENHYPEN-ILLIT-JIHYO-LISA-NAYEON+%28TWICE%29-NCT+DREAM-NMIXX-P1Harmony-RIIZE-STRAYKIDS-WayV-ZEROBASEONE HTTP/2.0" 200 21531 "-" "Mozilla/5.0 AppleWebKit/537.36 (KHTML, like Gecko; compatible; bingbot/2.0; +http://www.bing.com/bingbot.htm) Chrome/116.0.1938.76 Safari/537.36"
217.113.194.105 - - [12/Oct/2025:03:32:23 +0200] "GET /en/13-artist?q=Categories-BTS-IVE-NMIXX-TXT HTTP/1.1" 200 19707 "-" "Mozilla/5.0 (compatible; Barkrowler/0.9; +https://babbar.tech/crawler)"
114.119.133.146 - - [12/Oct/2025:03:32:25 +0200] "GET /en/new-products?SubmitCurrency=1&id_currency=2&order=product.position.asc&page=2 HTTP/1.1" 200 14565 "https://kpopbg.com/en/new-products?SubmitCurrency=1&id_currency=2&order=product.position.asc&page=2" "Mozilla/5.0 (Linux; Android 7.0;) AppleWebKit/537.36 (KHTML, like Gecko) Mobile Safari/537.36 (compatible; PetalBot;+https://webmaster.petalsearch.com/site/petalbot)"
47.128.44.122 - - [12/Oct/2025:03:32:39 +0200] "GET /bg/13-artisti?SubmitCurrency=1&id_currency=2&q=%D0%9A%D0%B0%D1%82%D0%B5%D0%B3%D0%BE%D1%80%D0%B8%D0%B8-BLACKPINK-BTS-IVE-JIMIN+%28BTS%29-KAI-LISA-GOT+THE+BEAT HTTP/2.0" 200 21435 "-" "Mozilla/5.0 (compatible; Bytespider; spider-feedback@bytedance.com) AppleWebKit/537.36 (KHTML, like Gecko) Chrome/70.0.0.0 Safari/537.36"
154.54.249.203 - - [12/Oct/2025:03:32:40 +0200] "GET /en/13-artist?q=Categories-BTS-IVE-RED+VELVET&page=4 HTTP/1.1" 200 20007 "-" "Mozilla/5.0 (compatible; Barkrowler/0.9; +https://babbar.tech/crawler)"
52.167.144.167 - - [12/Oct/2025:03:32:54 +0200] "GET /bg/13-artisti?q=%D0%9A%D0%B0%D1%82%D0%B5%D0%B3%D0%BE%D1%80%D0%B8%D0%B8-AESPA-BABYMONSTER-BLACKPINK-BOYNEXTDOOR-ENHYPEN-ILLIT-JIHYO-Kep1er-KISS+OF+LIFE-LISA-NMIXX-RIIZE-TWICE-WayV-ZEROBASEONE-LE+SSERAFIM HTTP/2.0" 200 21580 "-" "Mozilla/5.0 AppleWebKit/537.36 (KHTML, like Gecko; compatible; bingbot/2.0; +http://www.bing.com/bingbot.htm) Chrome/116.0.1938.76 Safari/537.36"
217.113.194.103 - - [12/Oct/2025:03:32:57 +0200] "GET /en/13-artist?q=Categories-BTS-Dreamcatcher&order=product.price.desc HTTP/1.1" 200 19866 "-" "Mozilla/5.0 (compatible; Barkrowler/0.9; +https://babbar.tech/crawler)"
52.167.144.19 - - [12/Oct/2025:03:33:08 +0200] "GET /bg/13-artisti?q=%D0%9A%D0%B0%D1%82%D0%B5%D0%B3%D0%BE%D1%80%D0%B8%D0%B8-AESPA-BLACKPINK-BOYNEXTDOOR-BTS-ENHYPEN-ILLIT-JIHYO-LISA-NMIXX-RIIZE-SEVENTEEN-STRAYKIDS-TWICE-WayV-ZEROBASEONE-XDINARY+HEROES HTTP/2.0" 200 21493 "-" "Mozilla/5.0 AppleWebKit/537.36 (KHTML, like Gecko; compatible; bingbot/2.0; +http://www.bing.com/bingbot.htm) Chrome/116.0.1938.76 Safari/537.36"
52.167.144.19 - - [12/Oct/2025:03:33:08 +0200] "GET /bg/13-artisti?q=%D0%9A%D0%B0%D1%82%D0%B5%D0%B3%D0%BE%D1%80%D0%B8%D0%B8-AESPA-ATEEZ-BTS-ENHYPEN-GOT+THE+BEAT-IVE-JIMIN+%28BTS%29-KISS+OF+LIFE-NMIXX-STAYC-TWICE-TXT-RED+VELVET HTTP/2.0" 200 21467 "-" "Mozilla/5.0 AppleWebKit/537.36 (KHTML, like Gecko; compatible; bingbot/2.0; +http://www.bing.com/bingbot.htm) Chrome/116.0.1938.76 Safari/537.36"
217.113.194.108 - - [12/Oct/2025:03:33:13 +0200] "GET /en/13-artist?order=product.position.asc&q=Categories-IVE&page=2 HTTP/1.1" 200 19754 "-" "Mozilla/5.0 (compatible; Barkrowler/0.9; +https://babbar.tech/crawler)"
52.167.144.20 - - [12/Oct/2025:03:33:14 +0200] "GET /en/13-artist?q=Categories-AESPA-ATEEZ-BABYMONSTER-BLACKPINK-ENHYPEN-ILLIT-ITZY-JIHYO-LISA-NMIXX-TREASURE-TWICE-TXT-ZEROBASEONE-P1Harmony HTTP/2.0" 200 19880 "-" "Mozilla/5.0 AppleWebKit/537.36 (KHTML, like Gecko; compatible; bingbot/2.0; +http://www.bing.com/bingbot.htm) Chrome/116.0.1938.76 Safari/537.36"
52.167.144.19 - - [12/Oct/2025:03:33:18 +0200] "GET /bg/13-artisti?q=%D0%9A%D0%B0%D1%82%D0%B5%D0%B3%D0%BE%D1%80%D0%B8%D0%B8-AESPA-BLACKPINK-BTS-ENHYPEN-GOT+THE+BEAT-ITZY-IVE-KAI-LISA-NCT-NMIXX-STAYC-TREASURE-TWICE-TXT-STRAYKIDS/%D0%9D%D0%B0%D0%BB%D0%B8%D1%87%D0%BD%D0%BE%D1%81%D1%82-%D0%92+%D0%BD%D0%B0%D0%BB%D0%B8%D1%87%D0%BD%D0%BE%D1%81%D1%82 HTTP/2.0" 200 21638 "-" "Mozilla/5.0 AppleWebKit/537.36 (KHTML, like Gecko; compatible; bingbot/2.0; +http://www.bing.com/bingbot.htm) Chrome/116.0.1938.76 Safari/537.36"
52.167.144.19 - - [12/Oct/2025:03:33:18 +0200] "GET /bg/nachalo/124-245-jung-kook-bts-golden-8809962361097 HTTP/2.0" 200 19120 "-" "Mozilla/5.0 AppleWebKit/537.36 (KHTML, like Gecko; compatible; bingbot/2.0; +http://www.bing.com/bingbot.htm) Chrome/116.0.1938.76 Safari/537.36"
52.167.144.167 - - [12/Oct/2025:03:33:28 +0200] "GET /bg/13-artisti?q=%D0%9A%D0%B0%D1%82%D0%B5%D0%B3%D0%BE%D1%80%D0%B8%D0%B8-ATEEZ-BABYMONSTER-BLACKPINK-BOYNEXTDOOR-ENHYPEN-GOT+THE+BEAT-IVE-JENNIE+%28BLACKPINK%29-Kep1er-KISS+OF+LIFE-LE+SSERAFIM-NMIXX-RIIZE-SEVENTEEN-STRAYKIDS-TWICE-TXT-WayV-ZEROBASEONE HTTP/2.0" 200 21652 "-" "Mozilla/5.0 AppleWebKit/537.36 (KHTML, like Gecko; compatible; bingbot/2.0; +http://www.bing.com/bingbot.htm) Chrome/116.0.1938.76 Safari/537.36"
52.167.144.167 - - [12/Oct/2025:03:33:28 +0200] "GET /bg/13-artisti?q=%D0%9A%D0%B0%D1%82%D0%B5%D0%B3%D0%BE%D1%80%D0%B8%D0%B8-BABYMONSTER-BLACKPINK-BOYNEXTDOOR-ENHYPEN-GOT+THE+BEAT-ILLIT-ITZY-JIHYO-LISA-NMIXX-RIIZE-SEVENTEEN-STRAYKIDS-TWICE-WayV-ZEROBASEONE-Tzuyu+%28TWICE%29 HTTP/2.0" 200 21506 "-" "Mozilla/5.0 AppleWebKit/537.36 (KHTML, like Gecko; compatible; bingbot/2.0; +http://www.bing.com/bingbot.htm) Chrome/116.0.1938.76 Safari/537.36"
