217.113.194.105 - - [12/Oct/2025:04:37:31 +0200] "GET /en/13-artist?q=Categories-BLACKPINK-BTS-xikers&page=12 HTTP/1.1" 200 19867 "-" "Mozilla/5.0 (compatible; Barkrowler/0.9; +https://babbar.tech/crawler)"
217.113.194.111 - - [12/Oct/2025:04:37:47 +0200] "GET /en/13-artist?q=Categories-BLACKPINK-BTS-xikers&page=16 HTTP/1.1" 200 19728 "-" "Mozilla/5.0 (compatible; Barkrowler/0.9; +https://babbar.tech/crawler)"
114.119.136.175 - - [12/Oct/2025:04:37:48 +0200] "GET /en/13-artist?q=Categories-TWICE-TXT-JISOO&order=product.name.asc HTTP/1.1" 200 19359 "https://kpopbg.com/en/13-artist?q=Categories-TWICE-TXT-JISOO" "Mozilla/5.0 (Linux; Android 7.0;) AppleWebKit/537.36 (KHTML, like Gecko) Mobile Safari/537.36 (compatible; PetalBot;+https://webmaster.petalsearch.com/site/petalbot)"
66.249.66.13 - - [12/Oct/2025:04:37:57 +0200] "GET /bg/nachalo/357-pre-order-babymonster-we-go-up-up-ver-2nd-mini-album--8800320199390 HTTP/1.1" 200 18294 "-" "Mozilla/5.0 (Linux; Android 6.0.1; Nexus 5X Build/MMB29P) AppleWebKit/537.36 (KHTML, like Gecko) Chrome/140.0.7339.207 Mobile Safari/537.36 (compatible; Googlebot/2.1; +http://www.google.com/bot.html)"
217.113.194.106 - - [12/Oct/2025:04:38:04 +0200] "GET /en/13-artist?q=Categories-BLACKPINK&order=product.name.asc&page=17 HTTP/1.1" 200 19493 "-" "Mozilla/5.0 (compatible; Barkrowler/0.9; +https://babbar.tech/crawler)"
52.167.144.195 - - [12/Oct/2025:04:38:08 +0200] "GET /bg/13-artisti?q=%D0%9A%D0%B0%D1%82%D0%B5%D0%B3%D0%BE%D1%80%D0%B8%D0%B8-AESPA-BABYMONSTER-BLACKPINK-BOYNEXTDOOR-GOT+THE+BEAT-ILLIT-JIHYO-LISA-NMIXX-STRAYKIDS-TWICE-WayV-ZEROBASEONE-JIMIN+%28BTS%29 HTTP/2.0" 200 21504 "-" "Mozilla/5.0 AppleWebKit/537.36 (KHTML, like Gecko; compatible; bingbot/2.0; +http://www.bing.com/bingbot.htm) Chrome/116.0.1938.76 Safari/537.36"
52.167.144.150 - - [12/Oct/2025:04:38:15 +0200] "GET /bg/13-artisti?q=%D0%9A%D0%B0%D1%82%D0%B5%D0%B3%D0%BE%D1%80%D0%B8%D0%B8-BLACKPINK-BTS-ENHYPEN-ITZY-IVE-JIHYO-NCT+127-NCT+DREAM-NMIXX-STAYC-TREASURE-TWICE-ASTRO/%D0%9D%D0%B0%D0%BB%D0%B8%D1%87%D0%BD%D0%BE%D1%81%D1%82-%D0%92+%D0%BD%D0%B0%D0%BB%D0%B8%D1%87%D0%BD%D0%BE%D1%81%D1%82 HTTP/2.0" 200 21617 "-" "Mozilla/5.0 AppleWebKit/537.36 (KHTML, like Gecko; compatible; bingbot/2.0; +http://www.bing.com/bingbot.htm) Chrome/116.0.1938.76 Safari/537.36"
217.113.194.106 - - [12/Oct/2025:04:38:21 +0200] "GET /en/13-artist?q=Categories-BLACKPINK&order=product.price.desc&page=2 HTTP/1.1" 200 20037 "-" "Mozilla/5.0 (compatible; Barkrowler/0.9; +https://babbar.tech/crawler)"
217.113.194.111 - - [12/Oct/2025:04:38:38 +0200] "GET /en/13-artist?q=Categories-RIIZE&order=product.position.asc&page=4 HTTP/1.1" 200 19905 "-" "Mozilla/5.0 (compatible; Barkrowler/0.9; +https://babbar.tech/crawler)"
217.113.194.224 - - [12/Oct/2025:04:38:56 +0200] "GET /en/13-artist?q=Categories-RIIZE&order=product.reference.asc&page=13 HTTP/1.1" 200 19791 "-" "Mozilla/5.0 (compatible; Barkrowler/0.9; +https://babbar.tech/crawler)"
40.77.167.15 - - [12/Oct/2025:04:38:59 +0200] "GET /en/13-artist?q=%D0%9A%D0%B0%D1%82%D0%B5%D0%B3%D0%BE%D1%80%D0%B8%D0%B8-AESPA-ATEEZ-BABYMONSTER-BLACKPINK-BOYNEXTDOOR-ENHYPEN-ILLIT-KAI-LISA-NMIXX-SEVENTEEN-STRAYKIDS-TWICE-ZEROBASEONE-TREASURE HTTP/2.0" 200 19951 "-" "Mozilla/5.0 AppleWebKit/537.36 (KHTML, like Gecko; compatible; bingbot/2.0; +http://www.bing.com/bingbot.htm) Chrome/116.0.1938.76 Safari/537.36"
40.77.167.44 - - [12/Oct/2025:04:39:04 +0200] "GET /en/13-artist?q=Categories-%28G%29I%5C-DLE-AESPA-BABYMONSTER-ILLIT-ITZY-KISS+OF+LIFE-P1Harmony-SEVENTEEN-TXT-xikers-ZEROBASEONE HTTP/2.0" 200 19886 "-" "Mozilla/5.0 AppleWebKit/537.36 (KHTML, like Gecko; compatible; bingbot/2.0; +http://www.bing.com/bingbot.htm) Chrome/116.0.1938.76 Safari/537.36"
114.119.131.105 - - [12/Oct/2025:04:39:12 +0200] "GET /en/13-artist?q=Categories-TWICE-TXT-BLACKPINK/Availability-Available&order=product.position.asc&page=16 HTTP/1.1" 200 20012 "https://kpopbg.com/en/13-artist?q=Categories-TWICE-TXT-BLACKPINK/Availability-Available&order=product.position.asc&page=16" "Mozilla/5.0 (Linux; Android 7.0;) AppleWebKit/537.36 (KHTML, like Gecko) Mobile Safari/537.36 (compatible; PetalBot;+https://webmaster.petalsearch.com/site/petalbot)"
217.113.194.104 - - [12/Oct/2025:04:39:13 +0200] "GET /en/13-artist?q=Categories-RIIZE&order=product.reference.desc&page=11 HTTP/1.1" 200 19773 "-" "Mozilla/5.0 (compatible; Barkrowler/0.9; +https://babbar.tech/crawler)"
66.249.76.204 - - [12/Oct/2025:04:39:18 +0200] "GET /en/nachalo/63-jisoo-blackpink-me-first-single-album--8809848758058 HTTP/1.1" 200 16811 "-" "Mozilla/5.0 (Linux; Android 6.0.1; Nexus 5X Build/MMB29P) AppleWebKit/537.36 (KHTML, like Gecko) Chrome/140.0.7339.207 Mobile Safari/537.36 (compatible; Googlebot/2.1; +http://www.google.com/bot.html)"
217.113.194.110 - - [12/Oct/2025:04:39:29 +0200] "GET /en/13-artist?q=Categories-ITZY-THE+BOYZ&page=14 HTTP/1.1" 200 19822 "-" "Mozilla/5.0 (compatible; Barkrowler/0.9; +https://babbar.tech/crawler)"
66.249.66.13 - - [12/Oct/2025:04:39:33 +0200] "GET /bg/nachalo/360-zerobaseone-never-say-never-photobook-ver-icon-ordinary-the-1st-full-album--8809704433549 HTTP/1.1" 200 20840 "-" "Mozilla/5.0 (Linux; Android 6.0.1; Nexus 5X Build/MMB29P) AppleWebKit/537.36 (KHTML, like Gecko) Chrome/140.0.7339.207 Mobile Safari/537.36 (compatible; Googlebot/2.1; +http://www.google.com/bot.html)"
66.249.66.13 - - [12/Oct/2025:04:39:36 +0200] "GET /bg/nachalo/63-jisoo-blackpink-me-first-single-album--8809848758058 HTTP/1.1" 200 18895 "-" "Mozilla/5.0 (Linux; Android 6.0.1; Nexus 5X Build/MMB29P) AppleWebKit/537.36 (KHTML, like Gecko) Chrome/140.0.7339.207 Mobile Safari/537.36 (compatible; Googlebot/2.1; +http://www.google.com/bot.html)"
217.113.194.103 - - [12/Oct/2025:04:39:47 +0200] "GET /en/13-artist?q=Categories-ITZY-TWICE-IVE&page=13 HTTP/1.1" 200 19763 "-" "Mozilla/5.0 (compatible; Barkrowler/0.9; +https://babbar.tech/crawler)"
40.77.167.15 - - [12/Oct/2025:04:39:59 +0200] "GET /bg/13-artisti?q=%D0%9A%D0%B0%D1%82%D0%B5%D0%B3%D0%BE%D1%80%D0%B8%D0%B8-AESPA-ASTRO-BLACKPINK-BTS-ENHYPEN-GOT+THE+BEAT-ITZY-KAI-LE+SSERAFIM-LISA-NMIXX-STAYC-STRAYKIDS-TREASURE-TWICE-TXT&page=2 HTTP/2.0" 200 21556 "-" "Mozilla/5.0 AppleWebKit/537.36 (KHTML, like Gecko; compatible; bingbot/2.0; +http://www.bing.com/bingbot.htm) Chrome/116.0.1938.76 Safari/537.36"
217.113.194.102 - - [12/Oct/2025:04:40:03 +0200] "GET /en/13-artist?q=Categories-ITZY-IVE-TWICE&page=13 HTTP/1.1" 200 19765 "-" "Mozilla/5.0 (compatible; Barkrowler/0.9; +https://babbar.tech/crawler)"
40.77.167.44 - - [12/Oct/2025:04:40:15 +0200] "GET /bg/13-artisti?q=%D0%9A%D0%B0%D1%82%D0%B5%D0%B3%D0%BE%D1%80%D0%B8%D0%B8-AESPA-ATEEZ-BABYMONSTER-BLACKPINK-BOYNEXTDOOR-ENHYPEN-ILLIT-IVE-KAI-LISA-NMIXX-P1Harmony-STRAYKIDS-ZEROBASEONE-SEVENTEEN HTTP/2.0" 200 21452 "-" "Mozilla/5.0 AppleWebKit/537.36 (KHTML, like Gecko; compatible; bingbot/2.0; +http://www.bing.com/bingbot.htm) Chrome/116.0.1938.76 Safari/537.36"
217.113.194.224 - - [12/Oct/2025:04:40:19 +0200] "GET /en/13-artist?q=Categories-ITZY&order=product.name.asc&page=11 HTTP/1.1" 200 19344 "-" "Mozilla/5.0 (compatible; Barkrowler/0.9; +https://babbar.tech/crawler)"
40.77.167.15 - - [12/Oct/2025:04:40:20 +0200] "GET /bg/13-artisti?q=%D0%9A%D0%B0%D1%82%D0%B5%D0%B3%D0%BE%D1%80%D0%B8%D0%B8-ATEEZ-BABYMONSTER-BOYNEXTDOOR-ENHYPEN-ILLIT-IVE-JIHYO-Kep1er-LISA-NEW+JEANS-NMIXX-RIIZE-SEVENTEEN-STRAYKIDS-TXT-WayV-ZEROBASEONE-AESPA HTTP/2.0" 200 21514 "-" "Mozilla/5.0 AppleWebKit/537.36 (KHTML, like Gecko; compatible; bingbot/2.0; +http://www.bing.com/bingbot.htm) Chrome/116.0.1938.76 Safari/537.36"
114.119.131.105 - - [12/Oct/2025:04:40:35 +0200] "GET /en/13-artist?q=Categories-TWICE-TXT-(G)I%5C-DLE&order=product.name.desc HTTP/1.1" 200 19978 "https://kpopbg.com/en/13-artist?q=Categories-TWICE-TXT-%28G%29I%5C-DLE&order=product.name.desc" "Mozilla/5.0 (Linux; Android 7.0;) AppleWebKit/537.36 (KHTML, like Gecko) Mobile Safari/537.36 (compatible; PetalBot;+https://webmaster.petalsearch.com/site/petalbot)"
154.54.249.203 - - [12/Oct/2025:04:40:36 +0200] "GET /en/13-artist?q=Categories-ITZY&order=product.price.desc&page=13 HTTP/1.1" 200 19729 "-" "Mozilla/5.0 (compatible; Barkrowler/0.9; +https://babbar.tech/crawler)"
217.113.194.109 - - [12/Oct/2025:04:40:53 +0200] "GET /en/13-artist?q=Categories-ITZY-RED+VELVET&page=13 HTTP/1.1" 200 19788 "-" "Mozilla/5.0 (compatible; Barkrowler/0.9; +https://babbar.tech/crawler)"
217.113.194.224 - - [12/Oct/2025:04:41:10 +0200] "GET /en/13-artist?q=Categories-ITZY-SEVENTEEN-WayV&page=16 HTTP/1.1" 200 19726 "-" "Mozilla/5.0 (compatible; Barkrowler/0.9; +https://babbar.tech/crawler)"
52.167.144.150 - - [12/Oct/2025:04:41:14 +0200] "GET /en/13-artist?q=Categories-AESPA-BABYMONSTER-ENHYPEN-ILLIT-ITZY-KAI-LISA-NMIXX-SEVENTEEN-TXT-ZEROBASEONE-BLACKPINK HTTP/2.0" 200 19843 "-" "Mozilla/5.0 AppleWebKit/537.36 (KHTML, like Gecko; compatible; bingbot/2.0; +http://www.bing.com/bingbot.htm) Chrome/116.0.1938.76 Safari/537.36"
52.167.144.150 - - [12/Oct/2025:04:41:15 +0200] "GET /bg/13-artisti?q=%D0%9A%D0%B0%D1%82%D0%B5%D0%B3%D0%BE%D1%80%D0%B8%D0%B8-AESPA-ASTRO-BLACKPINK-ENHYPEN-JIHYO-KAI-NCT+DREAM-STAYC-TWICE/%D0%9D%D0%B0%D0%BB%D0%B8%D1%87%D0%BD%D0%BE%D1%81%D1%82-%D0%92+%D0%BD%D0%B0%D0%BB%D0%B8%D1%87%D0%BD%D0%BE%D1%81%D1%82-%D0%9D%D1%8F%D0%BC%D0%B0+%D0%BD%D0%B0%D0%BB%D0%B8%D1%87%D0%BD%D0%BE%D1%81%D1%82 HTTP/2.0" 200 21607 "-" "Mozilla/5.0 AppleWebKit/537.36 (KHTML, like Gecko; compatible; bingbot/2.0; +http://www.bing.com/bingbot.htm) Chrome/116.0.1938.76 Safari/537.36"
66.249.66.15 - - [12/Oct/2025:04:41:17 +0200] "GET /bg/nachalo/250-illit-ill-like-you-2nd-mini-album-gllit-ver-8809704428873 HTTP/1.1" 200 18964 "-" "Mozilla/5.0 (Linux; Android 6.0.1; Nexus 5X Build/MMB29P) AppleWebKit/537.36 (KHTML, like Gecko) Chrome/140.0.7339.207 Mobile Safari/537.36 (compatible; Googlebot/2.1; +http://www.google.com/bot.html)"
40.77.167.15 - - [12/Oct/2025:04:41:18 +0200] "GET /bg/13-artisti?q=%D0%9A%D0%B0%D1%82%D0%B5%D0%B3%D0%BE%D1%80%D0%B8%D0%B8-AESPA-BLACKPINK-ENHYPEN-KAI-LE+SSERAFIM-LISA-NCT-NCT+DREAM-STRAYKIDS-JISOO HTTP/2.0" 200 21402 "-" "Mozilla/5.0 AppleWebKit/537.36 (KHTML, like Gecko; compatible; bingbot/2.0; +http://www.bing.com/bingbot.htm) Chrome/116.0.1938.76 Safari/537.36"
52.167.144.212 - - [12/Oct/2025:04:41:24 +0200] "GET /en/13-artist?q=%D0%9A%D0%B0%D1%82%D0%B5%D0%B3%D0%BE%D1%80%D0%B8%D0%B8-AESPA-BABYMONSTER-BLACKPINK-BOYNEXTDOOR-ENHYPEN-GOT+THE+BEAT-ILLIT-ITZY-IVE-KAI-LISA-NMIXX-P1Harmony-STRAYKIDS-ZEROBASEONE-JIHYO HTTP/2.0" 200 20061 "-" "Mozilla/5.0 AppleWebKit/537.36 (KHTML, like Gecko; compatible; bingbot/2.0; +http://www.bing.com/bingbot.htm) Chrome/116.0.1938.76 Safari/537.36"
52.167.144.212 - - [12/Oct/2025:04:41:24 +0200] "GET /bg/13-artisti?q=%D0%9A%D0%B0%D1%82%D0%B5%D0%B3%D0%BE%D1%80%D0%B8%D0%B8-AESPA-BLACKPINK-BTS-ENHYPEN-IVE-JIHYO-JISOO-NCT-STRAYKIDS-TREASURE-TWICE-NCT+DREAM/%D0%9D%D0%B0%D0%BB%D0%B8%D1%87%D0%BD%D0%BE%D1%81%D1%82-%D0%92+%D0%BD%D0%B0%D0%BB%D0%B8%D1%87%D0%BD%D0%BE%D1%81%D1%82 HTTP/2.0" 200 21588 "-" "Mozilla/5.0 AppleWebKit/537.36 (KHTML, like Gecko; compatible; bingbot/2.0; +http://www.bing.com/bingbot.htm) Chrome/116.0.1938.76 Safari/537.36"
52.167.144.212 - - [12/Oct/2025:04:41:25 +0200] "GET /bg/13-artisti?q=%D0%9A%D0%B0%D1%82%D0%B5%D0%B3%D0%BE%D1%80%D0%B8%D0%B8-AESPA-ATEEZ-BABYMONSTER-BLACKPINK-BOYNEXTDOOR-BTS-ENHYPEN-GOT+THE+BEAT-ILLIT-ITZY-JIHYO-JUNG+KOOK+%28BTS%29-Kep1er-LISA-NMIXX-RIIZE-ROSE+%28BLACKPINK%29-STRAYKIDS-TWICE-WayV-ZEROBASEONE-KAI HTTP/2.0" 200 21640 "-" "Mozilla/5.0 AppleWebKit/537.36 (KHTML, like Gecko; compatible; bingbot/2.0; +http://www.bing.com/bingbot.htm) Chrome/116.0.1938.76 Safari/537.36"
217.113.194.224 - - [12/Oct/2025:04:41:27 +0200] "GET /en/13-artist?q=Categories-Dreamcatcher-RM+%28BTS%29&page=4 HTTP/1.1" 200 20021 "-" "Mozilla/5.0 (compatible; Barkrowler/0.9; +https://babbar.tech/crawler)"
217.113.194.110 - - [12/Oct/2025:04:41:44 +0200] "GET /en/13-artist?q=Categories-Dreamcatcher&order=product.reference.asc&page=14 HTTP/1.1" 200 19595 "-" "Mozilla/5.0 (compatible; Barkrowler/0.9; +https://babbar.tech/crawler)"
40.77.167.15 - - [12/Oct/2025:04:41:48 +0200] "GET /bg/13-artisti?q=%D0%9A%D0%B0%D1%82%D0%B5%D0%B3%D0%BE%D1%80%D0%B8%D0%B8-BABYMONSTER-BLACKPINK-BOYNEXTDOOR-BTS-ENHYPEN-ILLIT-ITZY-JIHYO-LISA-NMIXX-RIIZE-TREASURE-TWICE-WayV-ZEROBASEONE HTTP/2.0" 200 21447 "-" "Mozilla/5.0 AppleWebKit/537.36 (KHTML, like Gecko; compatible; bingbot/2.0; +http://www.bing.com/bingbot.htm) Chrome/116.0.1938.76 Safari/537.36"
66.249.76.205 - - [12/Oct/2025:04:41:50 +0200] "GET /en/nachalo/370-haechan-nct-taste-savory-ver-1st-album--8804775457517 HTTP/1.1" 200 16275 "-" "Mozilla/5.0 (Linux; Android 6.0.1; Nexus 5X Build/MMB29P) AppleWebKit/537.36 (KHTML, like Gecko) Chrome/140.0.7339.207 Mobile Safari/537.36 (compatible; Googlebot/2.1; +http://www.google.com/bot.html)"
114.119.151.63 - - [12/Oct/2025:04:41:58 +0200] "GET /en/13-artist?q=Categories-TREASURE-TWICE-TXT-NCT&order=product.position.asc HTTP/1.1" 200 19582 "https://kpopbg.com/en/13-artist?q=Categories-TREASURE-TWICE-TXT-NCT&order=product.name.asc&page=5" "Mozilla/5.0 (Linux; Android 7.0;) AppleWebKit/537.36 (KHTML, like Gecko) Mobile Safari/537.36 (compatible; PetalBot;+https://webmaster.petalsearch.com/site/petalbot)"
217.113.194.106 - - [12/Oct/2025:04:42:02 +0200] "GET /en/13-artist?q=Categories-Dreamcatcher-TXT&order=product.name.asc HTTP/1.1" 200 19359 "-" "Mozilla/5.0 (compatible; Barkrowler/0.9; +https://babbar.tech/crawler)"
216.244.66.233 - - [12/Oct/2025:04:42:03 +0200] "GET /en/brand/25-koz-entertainment HTTP/1.1" 302 5 "-" "Mozilla/5.0 (compatible; DotBot/1.2; +https://opensiteexplorer.org/dotbot; help@moz.com)"
216.244.66.233 - - [12/Oct/2025:04:42:08 +0200] "GET /en/nachalo/53-stray-kids-oddinary-standard-ver--8809755509934 HTTP/1.1" 301 5 "-" "Mozilla/5.0 (compatible; DotBot/1.2; +https://opensiteexplorer.org/dotbot; help@moz.com)"
52.167.144.150 - - [12/Oct/2025:04:42:09 +0200] "GET /bg/13-artisti?q=%D0%9A%D0%B0%D1%82%D0%B5%D0%B3%D0%BE%D1%80%D0%B8%D0%B8-AESPA-ASTRO-BABYMONSTER-BLACKPINK-BOYNEXTDOOR-ENHYPEN-ILLIT-ITZY-IVE-JIHYO-LISA-NMIXX-SEVENTEEN-STAYC-STRAYKIDS-TREASURE-TXT-ZEROBASEONE-P1Harmony&page=19 HTTP/2.0" 200 21647 "-" "Mozilla/5.0 AppleWebKit/537.36 (KHTML, like Gecko; compatible; bingbot/2.0; +http://www.bing.com/bingbot.htm) Chrome/116.0.1938.76 Safari/537.36"
216.244.66.233 - - [12/Oct/2025:04:42:12 +0200] "GET /bg/brand/16-pledis-entertainment?SubmitCurrency=1&id_currency=3 HTTP/1.1" 302 5 "-" "Mozilla/5.0 (compatible; DotBot/1.2; +https://opensiteexplorer.org/dotbot; help@moz.com)"
216.244.66.233 - - [12/Oct/2025:04:42:15 +0200] "GET /en/brand/17-highup-entertainment?SubmitCurrency=1&id_currency=1 HTTP/1.1" 302 5 "-" "Mozilla/5.0 (compatible; DotBot/1.2; +https://opensiteexplorer.org/dotbot; help@moz.com)"
52.167.144.212 - - [12/Oct/2025:04:42:17 +0200] "GET /bg/13-artisti?q=%D0%9A%D0%B0%D1%82%D0%B5%D0%B3%D0%BE%D1%80%D0%B8%D0%B8-AESPA-BLACKPINK-BTS-ENHYPEN-ITZY-IVE-JISOO-KAI-NCT-NCT+DREAM-NEW+JEANS-STRAYKIDS-TREASURE-TWICE-TXT-ATEEZ HTTP/2.0" 200 21447 "-" "Mozilla/5.0 AppleWebKit/537.36 (KHTML, like Gecko; compatible; bingbot/2.0; +http://www.bing.com/bingbot.htm) Chrome/116.0.1938.76 Safari/537.36"
216.244.66.233 - - [12/Oct/2025:04:42:18 +0200] "GET /bg/nachalo/205-jimin-bts-muse-weverse-albums-ver-8800250625358 HTTP/1.1" 301 5 "-" "Mozilla/5.0 (compatible; DotBot/1.2; +https://opensiteexplorer.org/dotbot; help@moz.com)"
154.54.249.203 - - [12/Oct/2025:04:42:20 +0200] "GET /en/13-artist?q=Categories-TREASURE&order=product.name.desc&page=3 HTTP/1.1" 200 19416 "-" "Mozilla/5.0 (compatible; Barkrowler/0.9; +https://babbar.tech/crawler)"
40.77.167.15 - - [12/Oct/2025:04:42:29 +0200] "GET /bg/13-artisti?q=%D0%9A%D0%B0%D1%82%D0%B5%D0%B3%D0%BE%D1%80%D0%B8%D0%B8-AESPA-ATEEZ-BABYMONSTER-BLACKPINK-BOYNEXTDOOR-ENHYPEN-ILLIT-ITZY-JIHYO-STRAYKIDS-ZEROBASEONE-ASTRO HTTP/2.0" 200 21413 "-" "Mozilla/5.0 AppleWebKit/537.36 (KHTML, like Gecko; compatible; bingbot/2.0; +http://www.bing.com/bingbot.htm) Chrome/116.0.1938.76 Safari/537.36"
52.167.144.150 - - [12/Oct/2025:04:42:29 +0200] "GET /bg/13-artisti?q=%D0%9A%D0%B0%D1%82%D0%B5%D0%B3%D0%BE%D1%80%D0%B8%D0%B8-AESPA-BABYMONSTER-BOYNEXTDOOR-ENHYPEN-ILLIT-ITZY-IVE-JIHYO-KAI-LE+SSERAFIM-LISA-NCT+127-NMIXX-RIIZE-SEVENTEEN-STAYC-STRAYKIDS-Tzuyu+%28TWICE%29-WayV-ZEROBASEONE-P1Harmony HTTP/2.0" 200 21599 "-" "Mozilla/5.0 AppleWebKit/537.36 (KHTML, like Gecko; compatible; bingbot/2.0; +http://www.bing.com/bingbot.htm) Chrome/116.0.1938.76 Safari/537.36"
52.167.144.150 - - [12/Oct/2025:04:42:30 +0200] "GET /en/13-artist?q=Categories-AESPA-ATEEZ-BLACKPINK-BTS-ENHYPEN-ITZY-JIHYO-LISA-NMIXX-P1Harmony-RIIZE-SEVENTEEN-STAYC-STRAYKIDS-THE+BOYZ-TWICE-TXT-XDINARY+HEROES-ZEROBASEONE-RED+VELVET HTTP/2.0" 200 19977 "-" "Mozilla/5.0 AppleWebKit/537.36 (KHTML, like Gecko; compatible; bingbot/2.0; +http://www.bing.com/bingbot.htm) Chrome/116.0.1938.76 Safari/537.36"
40.77.167.15 - - [12/Oct/2025:04:42:30 +0200] "GET /bg/13-artisti?q=%D0%9A%D0%B0%D1%82%D0%B5%D0%B3%D0%BE%D1%80%D0%B8%D0%B8-ATEEZ-BABYMONSTER-BOYNEXTDOOR-ENHYPEN-GOT+THE+BEAT-ILLIT-ITZY-IVE-JENNIE+%28BLACKPINK%29-JIHYO-LISA+%28BLACKPINK%29-NMIXX-RIIZE-ROSE+%28BLACKPINK%29-SEVENTEEN-STAYC-STRAYKIDS-TREASURE-WayV-ZEROBASEONE-xikers HTTP/2.0" 200 21668 "-" "Mozilla/5.0 AppleWebKit/537.36 (KHTML, like Gecko; compatible; bingbot/2.0; +http://www.bing.com/bingbot.htm) Chrome/116.0.1938.76 Safari/537.36"
52.167.144.150 - - [12/Oct/2025:04:42:30 +0200] "GET /bg/13-artisti?q=%D0%9A%D0%B0%D1%82%D0%B5%D0%B3%D0%BE%D1%80%D0%B8%D0%B8-AESPA-ATEEZ-BLACKPINK-BTS-ENHYPEN-GOT+THE+BEAT-ITZY-IVE-KAI-LISA-NCT-NCT+DREAM-NEW+JEANS-STRAYKIDS-TREASURE-TWICE-TXT-ASTRO HTTP/2.0" 200 21483 "-" "Mozilla/5.0 AppleWebKit/537.36 (KHTML, like Gecko; compatible; bingbot/2.0; +http://www.bing.com/bingbot.htm) Chrome/116.0.1938.76 Safari/537.36"
52.167.144.150 - - [12/Oct/2025:04:42:31 +0200] "GET /bg/13-artisti?q=%D0%9A%D0%B0%D1%82%D0%B5%D0%B3%D0%BE%D1%80%D0%B8%D0%B8-AESPA-BABYMONSTER-BLACKPINK-BTS-Dreamcatcher-ENHYPEN-IVE-KAI-LE+SSERAFIM-LISA-NCT+WISH-NMIXX-RIIZE-SEVENTEEN-STAYC-WayV-xikers-ZEROBASEONE-ILLIT&page=3 HTTP/2.0" 200 21711 "-" "Mozilla/5.0 AppleWebKit/537.36 (KHTML, like Gecko; compatible; bingbot/2.0; +http://www.bing.com/bingbot.htm) Chrome/116.0.1938.76 Safari/537.36"
52.167.144.150 - - [12/Oct/2025:04:42:35 +0200] "GET /bg/13-artisti?q=%D0%9A%D0%B0%D1%82%D0%B5%D0%B3%D0%BE%D1%80%D0%B8%D0%B8-AESPA-ATEEZ-BOYNEXTDOOR-ENHYPEN-ILLIT-JIHYO-JIMIN+%28BTS%29-NMIXX-P1Harmony-RIIZE-SEVENTEEN-STRAYKIDS-TXT-Tzuyu+%28TWICE%29-WayV-ZEROBASEONE-JENNIE+%28BLACKPINK%29 HTTP/2.0" 200 21543 "-" "Mozilla/5.0 AppleWebKit/537.36 (KHTML, like Gecko; compatible; bingbot/2.0; +http://www.bing.com/bingbot.htm) Chrome/116.0.1938.76 Safari/537.36"
52.167.144.212 - - [12/Oct/2025:04:42:35 +0200] "GET /en/13-artist?q=Categories-AESPA-ILLIT-Kep1er-LE+SSERAFIM-ZEROBASEONE-JUNG+KOOK+%28BTS%29&order=product.name.asc HTTP/2.0" 200 19515 "-" "Mozilla/5.0 AppleWebKit/537.36 (KHTML, like Gecko; compatible; bingbot/2.0; +http://www.bing.com/bingbot.htm) Chrome/116.0.1938.76 Safari/537.36"
52.167.144.212 - - [12/Oct/2025:04:42:36 +0200] "GET /en/13-artist?q=Categories-ITZY-Kep1er-TREASURE-TXT&order=product.reference.desc HTTP/2.0" 200 19821 "-" "Mozilla/5.0 AppleWebKit/537.36 (KHTML, like Gecko; compatible; bingbot/2.0; +http://www.bing.com/bingbot.htm) Chrome/116.0.1938.76 Safari/537.36"
217.113.194.107 - - [12/Oct/2025:04:42:37 +0200] "GET /en/13-artist?q=Categories-ILLIT-TWICE-Kep1er&page=15 HTTP/1.1" 200 19911 "-" "Mozilla/5.0 (compatible; Barkrowler/0.9; +https://babbar.tech/crawler)"
40.77.167.15 - - [12/Oct/2025:04:42:39 +0200] "GET /bg/13-artisti?q=%D0%9A%D0%B0%D1%82%D0%B5%D0%B3%D0%BE%D1%80%D0%B8%D0%B8-AESPA-ATEEZ-BLACKPINK-BTS-ENHYPEN-GOT+THE+BEAT-ITZY-IVE-LE+SSERAFIM-NMIXX-STAYC-TREASURE-TWICE-TXT/%D0%9D%D0%B0%D0%BB%D0%B8%D1%87%D0%BD%D0%BE%D1%81%D1%82-%D0%92+%D0%BD%D0%B0%D0%BB%D0%B8%D1%87%D0%BD%D0%BE%D1%81%D1%82 HTTP/2.0" 200 21656 "-" "Mozilla/5.0 AppleWebKit/537.36 (KHTML, like Gecko; compatible; bingbot/2.0; +http://www.bing.com/bingbot.htm) Chrome/116.0.1938.76 Safari/537.36"
40.77.167.15 - - [12/Oct/2025:04:42:40 +0200] "GET /bg/13-artisti?q=%D0%9A%D0%B0%D1%82%D0%B5%D0%B3%D0%BE%D1%80%D0%B8%D0%B8-ATEEZ-BABYMONSTER-BLACKPINK-BOYNEXTDOOR-ENHYPEN-GOT+THE+BEAT-ILLIT-JENNIE+%28BLACKPINK%29-Kep1er-NMIXX-RIIZE-ROSE+%28BLACKPINK%29-SEVENTEEN-STAYC-STRAYKIDS-TREASURE-TWICE-WayV-ZEROBASEONE-JISOO+%28BLACKPINK%29 HTTP/2.0" 200 21674 "-" "Mozilla/5.0 AppleWebKit/537.36 (KHTML, like Gecko; compatible; bingbot/2.0; +http://www.bing.com/bingbot.htm) Chrome/116.0.1938.76 Safari/537.36"
52.167.144.150 - - [12/Oct/2025:04:42:45 +0200] "GET /bg/13-artisti?q=%D0%9A%D0%B0%D1%82%D0%B5%D0%B3%D0%BE%D1%80%D0%B8%D0%B8-ATEEZ-BLACKPINK-BTS-ENHYPEN-IVE-JIHYO-JISOO-NMIXX-STAYC-TREASURE-ASTRO/%D0%9D%D0%B0%D0%BB%D0%B8%D1%87%D0%BD%D0%BE%D1%81%D1%82-%D0%92+%D0%BD%D0%B0%D0%BB%D0%B8%D1%87%D0%BD%D0%BE%D1%81%D1%82 HTTP/2.0" 200 21567 "-" "Mozilla/5.0 AppleWebKit/537.36 (KHTML, like Gecko; compatible; bingbot/2.0; +http://www.bing.com/bingbot.htm) Chrome/116.0.1938.76 Safari/537.36"
52.167.144.150 - - [12/Oct/2025:04:42:46 +0200] "GET /bg/13-artisti?q=%D0%9A%D0%B0%D1%82%D0%B5%D0%B3%D0%BE%D1%80%D0%B8%D0%B8-ATEEZ-BABYMONSTER-BLACKPINK-BOYNEXTDOOR-GOT+THE+BEAT-ILLIT-ITZY-IVE-JENNIE+%28BLACKPINK%29-JIHYO-NMIXX-RIIZE-ROSE+%28BLACKPINK%29-SEVENTEEN-STAYC-STRAYKIDS-TREASURE-TWICE-WayV-ZEROBASEONE-THE+BOYZ HTTP/2.0" 200 21658 "-" "Mozilla/5.0 AppleWebKit/537.36 (KHTML, like Gecko; compatible; bingbot/2.0; +http://www.bing.com/bingbot.htm) Chrome/116.0.1938.76 Safari/537.36"
217.113.194.111 - - [12/Oct/2025:04:42:54 +0200] "GET /en/13-artist?q=Categories-ILLIT-ITZY-TXT&page=14 HTTP/1.1" 200 19816 "-" "Mozilla/5.0 (compatible; Barkrowler/0.9; +https://babbar.tech/crawler)"
52.167.144.212 - - [12/Oct/2025:04:42:54 +0200] "GET /bg/13-artisti?q=%D0%9A%D0%B0%D1%82%D0%B5%D0%B3%D0%BE%D1%80%D0%B8%D0%B8-AESPA-ASTRO-ATEEZ-BLACKPINK-BTS-ENHYPEN-GOT+THE+BEAT-ITZY-IVE-JISOO-KAI-LISA-NEW+JEANS-STAYC-STRAYKIDS-TWICE/%D0%9C%D0%B0%D1%80%D0%BA%D0%B0-BELIFT+LAB HTTP/2.0" 200 21542 "-" "Mozilla/5.0 AppleWebKit/537.36 (KHTML, like Gecko; compatible; bingbot/2.0; +http://www.bing.com/bingbot.htm) Chrome/116.0.1938.76 Safari/537.36"
52.167.144.212 - - [12/Oct/2025:04:42:55 +0200] "GET /en/13-artist?q=Categories-AESPA-BABYMONSTER-BLACKPINK-BOYNEXTDOOR-BTS-ENHYPEN-ILLIT-JIHYO-LISA-NAYEON+%28TWICE%29-NMIXX-STAYC-STRAYKIDS-TXT-ZEROBASEONE-YUQI+%28%28G%29I%5C-DLE%29 HTTP/2.0" 200 19952 "-" "Mozilla/5.0 AppleWebKit/537.36 (KHTML, like Gecko; compatible; bingbot/2.0; +http://www.bing.com/bingbot.htm) Chrome/116.0.1938.76 Safari/537.36"
216.244.66.233 - - [12/Oct/2025:04:43:04 +0200] "GET /en/login?back=discount HTTP/1.1" 301 5 "-" "Mozilla/5.0 (compatible; DotBot/1.2; +https://opensiteexplorer.org/dotbot; help@moz.com)"
52.167.144.150 - - [12/Oct/2025:04:43:05 +0200] "GET /bg/13-artisti?q=%D0%9A%D0%B0%D1%82%D0%B5%D0%B3%D0%BE%D1%80%D0%B8%D0%B8-AESPA-ENHYPEN-ITZY-JISOO-NCT-TREASURE-TWICE/%D0%9C%D0%B0%D1%80%D0%BA%D0%B0-JYP+Entertainment&page=19 HTTP/2.0" 200 21534 "-" "Mozilla/5.0 AppleWebKit/537.36 (KHTML, like Gecko; compatible; bingbot/2.0; +http://www.bing.com/bingbot.htm) Chrome/116.0.1938.76 Safari/537.36"
217.113.194.105 - - [12/Oct/2025:04:43:10 +0200] "GET /en/13-artist?q=Categories-ILLIT-NMIXX-WayV&page=14 HTTP/1.1" 200 19829 "-" "Mozilla/5.0 (compatible; Barkrowler/0.9; +https://babbar.tech/crawler)"
66.249.66.14 - - [12/Oct/2025:04:43:12 +0200] "GET /bg/12-albumi?order=product.price.asc HTTP/1.1" 200 17594 "-" "Mozilla/5.0 (Linux; Android 6.0.1; Nexus 5X Build/MMB29P) AppleWebKit/537.36 (KHTML, like Gecko) Chrome/140.0.7339.207 Mobile Safari/537.36 (compatible; Googlebot/2.1; +http://www.google.com/bot.html)"
52.167.144.212 - - [12/Oct/2025:04:43:15 +0200] "GET /bg/13-artisti?q=%D0%9A%D0%B0%D1%82%D0%B5%D0%B3%D0%BE%D1%80%D0%B8%D0%B8-AESPA-ATEEZ-BOYNEXTDOOR-ENHYPEN-ILLIT-JIHYO-LISA-NMIXX-P1Harmony-SEVENTEEN-STRAYKIDS-TXT-WayV-ZEROBASEONE HTTP/2.0" 200 21441 "-" "Mozilla/5.0 AppleWebKit/537.36 (KHTML, like Gecko; compatible; bingbot/2.0; +http://www.bing.com/bingbot.htm) Chrome/116.0.1938.76 Safari/537.36"
52.167.144.212 - - [12/Oct/2025:04:43:15 +0200] "GET /bg/13-artisti?q=%D0%9A%D0%B0%D1%82%D0%B5%D0%B3%D0%BE%D1%80%D0%B8%D0%B8-ATEEZ-BABYMONSTER-BLACKPINK-BTS-ENHYPEN-GOT+THE+BEAT-ILLIT-IVE-JENNIE+%28BLACKPINK%29-KISS+OF+LIFE-LE+SSERAFIM-NMIXX-P1Harmony-RIIZE-SEVENTEEN-STRAYKIDS-TWICE-TXT-WayV-ZEROBASEONE-STAYC HTTP/2.0" 200 21654 "-" "Mozilla/5.0 AppleWebKit/537.36 (KHTML, like Gecko; compatible; bingbot/2.0; +http://www.bing.com/bingbot.htm) Chrome/116.0.1938.76 Safari/537.36"
40.77.167.15 - - [12/Oct/2025:04:43:19 +0200] "GET /bg/13-artisti?q=%D0%9A%D0%B0%D1%82%D0%B5%D0%B3%D0%BE%D1%80%D0%B8%D0%B8-AESPA-BABYMONSTER-BLACKPINK-BOYNEXTDOOR-ENHYPEN-ILLIT-ITZY-IVE-KAI-LISA-NMIXX-STRAYKIDS-TREASURE-TXT-ZEROBASEONE-JIHYO HTTP/2.0" 200 21545 "-" "Mozilla/5.0 AppleWebKit/537.36 (KHTML, like Gecko; compatible; bingbot/2.0; +http://www.bing.com/bingbot.htm) Chrome/116.0.1938.76 Safari/537.36"
40.77.167.15 - - [12/Oct/2025:04:43:19 +0200] "GET /en/13-artist?q=Categories-AESPA-ASTRO-BABYMONSTER-BOYNEXTDOOR-ENHYPEN-ILLIT-ITZY-KAI-LISA-NCT-P1Harmony-STRAYKIDS-TXT-ZEROBASEONE-THE+BOYZ HTTP/2.0" 200 19886 "-" "Mozilla/5.0 AppleWebKit/537.36 (KHTML, like Gecko; compatible; bingbot/2.0; +http://www.bing.com/bingbot.htm) Chrome/116.0.1938.76 Safari/537.36"
114.119.133.146 - - [12/Oct/2025:04:43:24 +0200] "GET /en/13-artist?q=Categories-TREASURE-TWICE-NCT%2BDOYOUNG&order=product.name.asc&page=17 HTTP/1.1" 200 19574 "https://kpopbg.com/en/13-artist?q=Categories-TREASURE-TWICE-NCT%2BDOYOUNG&order=product.name.asc&page=17" "Mozilla/5.0 (Linux; Android 7.0;) AppleWebKit/537.36 (KHTML, like Gecko) Mobile Safari/537.36 (compatible; PetalBot;+https://webmaster.petalsearch.com/site/petalbot)"
52.167.144.150 - - [12/Oct/2025:04:43:24 +0200] "GET /bg/13-artisti?q=%D0%9A%D0%B0%D1%82%D0%B5%D0%B3%D0%BE%D1%80%D0%B8%D0%B8-AESPA-BLACKPINK-ENHYPEN-ITZY-IVE-JISOO-KAI-LISA-NCT-NCT+DREAM-NMIXX-STAYC-STRAYKIDS-TWICE-BTS/%D0%9D%D0%B0%D0%BB%D0%B8%D1%87%D0%BD%D0%BE%D1%81%D1%82-%D0%92+%D0%BD%D0%B0%D0%BB%D0%B8%D1%87%D0%BD%D0%BE%D1%81%D1%82 HTTP/2.0" 200 21632 "-" "Mozilla/5.0 AppleWebKit/537.36 (KHTML, like Gecko; compatible; bingbot/2.0; +http://www.bing.com/bingbot.htm) Chrome/116.0.1938.76 Safari/537.36"
52.167.144.150 - - [12/Oct/2025:04:43:25 +0200] "GET /bg/13-artisti?q=%D0%9A%D0%B0%D1%82%D0%B5%D0%B3%D0%BE%D1%80%D0%B8%D0%B8-AESPA-BABYMONSTER-BLACKPINK-BOYNEXTDOOR-ENHYPEN-GOT+THE+BEAT-ILLIT-JIHYO-Kep1er-LISA-NCT+DOYOUNG-NMIXX-RIIZE-TWICE-WayV-ZEROBASEONE-NAYEON+%28TWICE%29 HTTP/2.0" 200 21613 "-" "Mozilla/5.0 AppleWebKit/537.36 (KHTML, like Gecko; compatible; bingbot/2.0; +http://www.bing.com/bingbot.htm) Chrome/116.0.1938.76 Safari/537.36"
217.113.194.224 - - [12/Oct/2025:04:43:27 +0200] "GET /en/13-artist?q=Categories-ILLIT-WayV&order=product.position.asc HTTP/1.1" 200 19561 "-" "Mozilla/5.0 (compatible; Barkrowler/0.9; +https://babbar.tech/crawler)"
40.77.167.15 - - [12/Oct/2025:04:43:29 +0200] "GET /bg/13-artisti?q=%D0%9A%D0%B0%D1%82%D0%B5%D0%B3%D0%BE%D1%80%D0%B8%D0%B8-ATEEZ-BABYMONSTER-BOYNEXTDOOR-ENHYPEN-ITZY-IVE-JIHYO-Kep1er-LE+SSERAFIM-NMIXX-P1Harmony-RIIZE-SEVENTEEN-STRAYKIDS-TXT-WayV-ZEROBASEONE HTTP/2.0" 200 21517 "-" "Mozilla/5.0 AppleWebKit/537.36 (KHTML, like Gecko; compatible; bingbot/2.0; +http://www.bing.com/bingbot.htm) Chrome/116.0.1938.76 Safari/537.36"
52.167.144.212 - - [12/Oct/2025:04:43:34 +0200] "GET /bg/13-artisti?q=%D0%9A%D0%B0%D1%82%D0%B5%D0%B3%D0%BE%D1%80%D0%B8%D0%B8-AESPA-BLACKPINK-BTS-ENHYPEN-ITZY-JISOO-NMIXX-STAYC-TWICE-IVE/%D0%9D%D0%B0%D0%BB%D0%B8%D1%87%D0%BD%D0%BE%D1%81%D1%82-%D0%92+%D0%BD%D0%B0%D0%BB%D0%B8%D1%87%D0%BD%D0%BE%D1%81%D1%82-%D0%9D%D1%8F%D0%BC%D0%B0+%D0%BD%D0%B0%D0%BB%D0%B8%D1%87%D0%BD%D0%BE%D1%81%D1%82 HTTP/2.0" 200 21611 "-" "Mozilla/5.0 AppleWebKit/537.36 (KHTML, like Gecko; compatible; bingbot/2.0; +http://www.bing.com/bingbot.htm) Chrome/116.0.1938.76 Safari/537.36"
216.244.66.233 - - [12/Oct/2025:04:43:38 +0200] "GET /en/brand/25-koz-entertainment?SubmitCurrency=1&id_currency=3 HTTP/1.1" 302 5 "-" "Mozilla/5.0 (compatible; DotBot/1.2; +https://opensiteexplorer.org/dotbot; help@moz.com)"
40.77.167.15 - - [12/Oct/2025:04:43:41 +0200] "GET /en/13-artist?q=Categories-ATEEZ-BABYMONSTER-BTS-ENHYPEN-ILLIT-ITZY-JIHYO-LE+SSERAFIM-LISA-NMIXX-SEVENTEEN-STRAYKIDS-TREASURE-TWICE-TXT-ZEROBASEONE-P1Harmony HTTP/2.0" 200 19914 "-" "Mozilla/5.0 AppleWebKit/537.36 (KHTML, like Gecko; compatible; bingbot/2.0; +http://www.bing.com/bingbot.htm) Chrome/116.0.1938.76 Safari/537.36"
40.77.167.15 - - [12/Oct/2025:04:43:42 +0200] "GET /bg/13-artisti?q=%D0%9A%D0%B0%D1%82%D0%B5%D0%B3%D0%BE%D1%80%D0%B8%D0%B8-AESPA-ASTRO-ATEEZ-BLACKPINK-BTS-ENHYPEN-GOT+THE+BEAT-ITZY-IVE-JISOO-KAI-NCT-NCT+DREAM-NEW+JEANS-STAYC-TWICE HTTP/2.0" 200 21465 "-" "Mozilla/5.0 AppleWebKit/537.36 (KHTML, like Gecko; compatible; bingbot/2.0; +http://www.bing.com/bingbot.htm) Chrome/116.0.1938.76 Safari/537.36"
217.113.194.223 - - [12/Oct/2025:04:43:44 +0200] "GET /en/13-artist?q=Categories-ILLIT-Dreamcatcher&order=product.price.desc HTTP/1.1" 200 19862 "-" "Mozilla/5.0 (compatible; Barkrowler/0.9; +https://babbar.tech/crawler)"
52.167.144.150 - - [12/Oct/2025:04:43:54 +0200] "GET /bg/13-artisti?q=%D0%9A%D0%B0%D1%82%D0%B5%D0%B3%D0%BE%D1%80%D0%B8%D0%B8-AESPA-BABYMONSTER-BLACKPINK-BOYNEXTDOOR-BTS-ENHYPEN-ILLIT-ITZY-JIHYO-KAI-NAYEON+%28TWICE%29-NMIXX-SEVENTEEN-STAYC-TREASURE-TWICE-WayV-ZEROBASEONE-LE+SSERAFIM HTTP/2.0" 200 21554 "-" "Mozilla/5.0 AppleWebKit/537.36 (KHTML, like Gecko; compatible; bingbot/2.0; +http://www.bing.com/bingbot.htm) Chrome/116.0.1938.76 Safari/537.36"
217.113.194.247 - - [12/Oct/2025:04:44:01 +0200] "GET /en/13-artist?q=Categories-ILLIT-IVE&order=product.name.desc&page=4 HTTP/1.1" 200 19719 "-" "Mozilla/5.0 (compatible; Barkrowler/0.9; +https://babbar.tech/crawler)"
40.77.167.15 - - [12/Oct/2025:04:44:08 +0200] "GET /bg/13-artisti?q=%D0%9A%D0%B0%D1%82%D0%B5%D0%B3%D0%BE%D1%80%D0%B8%D0%B8-AESPA-ATEEZ-BABYMONSTER-BTS-ENHYPEN-ILLIT-ITZY-JIHYO-LISA-NMIXX-SEVENTEEN-STAYC-TREASURE-TWICE-TXT-ZEROBASEONE HTTP/2.0" 200 21447 "-" "Mozilla/5.0 AppleWebKit/537.36 (KHTML, like Gecko; compatible; bingbot/2.0; +http://www.bing.com/bingbot.htm) Chrome/116.0.1938.76 Safari/537.36"
40.77.167.15 - - [12/Oct/2025:04:44:09 +0200] "GET /bg/13-artisti?q=%D0%9A%D0%B0%D1%82%D0%B5%D0%B3%D0%BE%D1%80%D0%B8%D0%B8-ATEEZ-BABYMONSTER-BLACKPINK-BOYNEXTDOOR-ENHYPEN-GOT+THE+BEAT-ILLIT-ITZY-JIHYO-Kep1er-LISA+%28BLACKPINK%29-NMIXX-P1Harmony-ROSE+%28BLACKPINK%29-SEVENTEEN-STAYC-TWICE-WayV-ZEROBASEONE HTTP/2.0" 200 21623 "-" "Mozilla/5.0 AppleWebKit/537.36 (KHTML, like Gecko; compatible; bingbot/2.0; +http://www.bing.com/bingbot.htm) Chrome/116.0.1938.76 Safari/537.36"
40.77.167.15 - - [12/Oct/2025:04:44:10 +0200] "GET /bg/13-artisti?q=%D0%9A%D0%B0%D1%82%D0%B5%D0%B3%D0%BE%D1%80%D0%B8%D0%B8-AESPA-ATEEZ-BABYMONSTER-BLACKPINK-BOYNEXTDOOR-ENHYPEN-GOT+THE+BEAT-ILLIT-IVE-JENNIE+%28BLACKPINK%29-JIHYO-JISOO+%28BLACKPINK%29-LE+SSERAFIM-NMIXX-P1Harmony-SEVENTEEN-TWICE-TXT-WayV-ZEROBASEONE HTTP/2.0" 200 21630 "-" "Mozilla/5.0 AppleWebKit/537.36 (KHTML, like Gecko; compatible; bingbot/2.0; +http://www.bing.com/bingbot.htm) Chrome/116.0.1938.76 Safari/537.36"
154.54.249.203 - - [12/Oct/2025:04:44:18 +0200] "GET /en/13-artist?q=Categories-ILLIT-STRAYKIDS-BTS&page=15 HTTP/1.1" 200 19915 "-" "Mozilla/5.0 (compatible; Barkrowler/0.9; +https://babbar.tech/crawler)"
217.113.194.103 - - [12/Oct/2025:04:44:36 +0200] "GET /en/13-artist?q=Categories-ILLIT&order=product.reference.asc&page=2 HTTP/1.1" 200 19778 "-" "Mozilla/5.0 (compatible; Barkrowler/0.9; +https://babbar.tech/crawler)"
52.167.144.212 - - [12/Oct/2025:04:44:37 +0200] "GET /bg/13-artisti?q=%D0%9A%D0%B0%D1%82%D0%B5%D0%B3%D0%BE%D1%80%D0%B8%D0%B8-AESPA-ASTRO-BLACKPINK-BTS-ENHYPEN-GOT+THE+BEAT-ITZY-LISA-NMIXX-STAYC-TREASURE-TWICE-TXT&page=2 HTTP/2.0" 200 21435 "-" "Mozilla/5.0 AppleWebKit/537.36 (KHTML, like Gecko; compatible; bingbot/2.0; +http://www.bing.com/bingbot.htm) Chrome/116.0.1938.76 Safari/537.36"
114.119.153.232 - - [12/Oct/2025:04:44:47 +0200] "GET /en/13-artist?q=Categories-TREASURE-TWICE-BTS/Availability-Available&order=product.price.asc&page=6 HTTP/1.1" 200 19900 "https://kpopbg.com/en/13-artist?q=Categories-TREASURE-TWICE-BTS/Availability-Available&order=product.price.asc&page=6" "Mozilla/5.0 (Linux; Android 7.0;) AppleWebKit/537.36 (KHTML, like Gecko) Mobile Safari/537.36 (compatible; PetalBot;+https://webmaster.petalsearch.com/site/petalbot)"
217.113.194.224 - - [12/Oct/2025:04:44:52 +0200] "GET /en/13-artist?q=Categories-SEVENTEEN&order=product.name.asc&page=2 HTTP/1.1" 200 19553 "-" "Mozilla/5.0 (compatible; Barkrowler/0.9; +https://babbar.tech/crawler)"
40.77.167.241 - - [12/Oct/2025:04:44:55 +0200] "GET /en/13-artist?q=%D0%9A%D0%B0%D1%82%D0%B5%D0%B3%D0%BE%D1%80%D0%B8%D0%B8-AESPA-ATEEZ-BABYMONSTER-BOYNEXTDOOR-ENHYPEN-GOT+THE+BEAT-ILLIT-ITZY-JIHYO-LISA-NCT+127-NCT+DREAM-NCT+WISH-NMIXX-P1Harmony-RIIZE-SEVENTEEN-STAYC-WayV-ZEROBASEONE&order=product.reference.desc HTTP/2.0" 200 20187 "-" "Mozilla/5.0 AppleWebKit/537.36 (KHTML, like Gecko; compatible; bingbot/2.0; +http://www.bing.com/bingbot.htm) Chrome/116.0.1938.76 Safari/537.36"
40.77.167.241 - - [12/Oct/2025:04:44:56 +0200] "GET /bg/13-artisti?q=%D0%9A%D0%B0%D1%82%D0%B5%D0%B3%D0%BE%D1%80%D0%B8%D0%B8-AESPA-ATEEZ-BABYMONSTER-BLACKPINK-BOYNEXTDOOR-ENHYPEN-ILLIT-IVE-KAI-LISA-NMIXX-SEVENTEEN-STAYC-STRAYKIDS-TREASURE-TWICE-WayV-ZEROBASEONE-V+%28BTS%29 HTTP/2.0" 200 21519 "-" "Mozilla/5.0 AppleWebKit/537.36 (KHTML, like Gecko; compatible; bingbot/2.0; +http://www.bing.com/bingbot.htm) Chrome/116.0.1938.76 Safari/537.36"
40.77.167.241 - - [12/Oct/2025:04:45:05 +0200] "GET /bg/13-artisti?q=%D0%9A%D0%B0%D1%82%D0%B5%D0%B3%D0%BE%D1%80%D0%B8%D0%B8-AESPA-BABYMONSTER-BLACKPINK-BOYNEXTDOOR-BTS-ENHYPEN-GOT+THE+BEAT-ILLIT-ITZY-KAI-NCT+JAEHYUN-NMIXX-RIIZE-SEVENTEEN-STRAYKIDS-TWICE-WayV-XDINARY+HEROES-ZEROBASEONE-CHA+EUN+WOO+%28ASTRO%29&order=product.position.asc HTTP/2.0" 200 21414 "-" "Mozilla/5.0 AppleWebKit/537.36 (KHTML, like Gecko; compatible; bingbot/2.0; +http://www.bing.com/bingbot.htm) Chrome/116.0.1938.76 Safari/537.36"
40.77.167.241 - - [12/Oct/2025:04:45:06 +0200] "GET /bg/13-artisti?q=%D0%9A%D0%B0%D1%82%D0%B5%D0%B3%D0%BE%D1%80%D0%B8%D0%B8-AESPA-BLACKPINK-ENHYPEN-ITZY-IVE-JIHYO-JISOO-KAI-NMIXX-TWICE-STAYC/%D0%9D%D0%B0%D0%BB%D0%B8%D1%87%D0%BD%D0%BE%D1%81%D1%82-%D0%92+%D0%BD%D0%B0%D0%BB%D0%B8%D1%87%D0%BD%D0%BE%D1%81%D1%82 HTTP/2.0" 200 21553 "-" "Mozilla/5.0 AppleWebKit/537.36 (KHTML, like Gecko; compatible; bingbot/2.0; +http://www.bing.com/bingbot.htm) Chrome/116.0.1938.76 Safari/537.36"
40.77.167.15 - - [12/Oct/2025:04:45:09 +0200] "GET /bg/13-artisti?q=%D0%9A%D0%B0%D1%82%D0%B5%D0%B3%D0%BE%D1%80%D0%B8%D0%B8-AESPA-BLACKPINK-BTS-ENHYPEN-NCT-NCT+DREAM-TWICE/%D0%9D%D0%B0%D0%BB%D0%B8%D1%87%D0%BD%D0%BE%D1%81%D1%82-%D0%92+%D0%BD%D0%B0%D0%BB%D0%B8%D1%87%D0%BD%D0%BE%D1%81%D1%82 HTTP/2.0" 200 21487 "-" "Mozilla/5.0 AppleWebKit/537.36 (KHTML, like Gecko; compatible; bingbot/2.0; +http://www.bing.com/bingbot.htm) Chrome/116.0.1938.76 Safari/537.36"
217.113.194.103 - - [12/Oct/2025:04:45:09 +0200] "GET /en/13-artist?q=Categories-SEVENTEEN&order=product.price.asc&page=3 HTTP/1.1" 200 19826 "-" "Mozilla/5.0 (compatible; Barkrowler/0.9; +https://babbar.tech/crawler)"
40.77.167.15 - - [12/Oct/2025:04:45:10 +0200] "GET /bg/13-artisti?q=%D0%9A%D0%B0%D1%82%D0%B5%D0%B3%D0%BE%D1%80%D0%B8%D0%B8-AESPA-ATEEZ-BABYMONSTER-BOYNEXTDOOR-ENHYPEN-ILLIT-ITZY-IVE-JENNIE+%28BLACKPINK%29-JIHYO-LISA-NMIXX-P1Harmony-RIIZE-ROSE+%28BLACKPINK%29-STAYC-STRAYKIDS-TREASURE-TWICE-WayV-ZEROBASEONE-NCT+WISH HTTP/2.0" 200 21647 "-" "Mozilla/5.0 AppleWebKit/537.36 (KHTML, like Gecko; compatible; bingbot/2.0; +http://www.bing.com/bingbot.htm) Chrome/116.0.1938.76 Safari/537.36"
52.167.144.212 - - [12/Oct/2025:04:45:15 +0200] "GET /bg/13-artisti?q=%D0%9A%D0%B0%D1%82%D0%B5%D0%B3%D0%BE%D1%80%D0%B8%D0%B8-AESPA-BABYMONSTER-BLACKPINK-BOYNEXTDOOR-ENHYPEN-GOT+THE+BEAT-ILLIT-ITZY-LISA-NMIXX-RIIZE-STRAYKIDS-TWICE-WayV-ZEROBASEONE-JIHYO HTTP/2.0" 200 21557 "-" "Mozilla/5.0 AppleWebKit/537.36 (KHTML, like Gecko; compatible; bingbot/2.0; +http://www.bing.com/bingbot.htm) Chrome/116.0.1938.76 Safari/537.36"
40.77.167.241 - - [12/Oct/2025:04:45:15 +0200] "GET /bg/13-artisti?q=%D0%9A%D0%B0%D1%82%D0%B5%D0%B3%D0%BE%D1%80%D0%B8%D0%B8-ATEEZ-BABYMONSTER-BLACKPINK-ENHYPEN-ILLIT-ITZY-JIHYO-KAI-Kep1er-LISA-NAYEON+%28TWICE%29-NMIXX-RIIZE-TREASURE-TXT-xikers-ZEROBASEONE-Tzuyu+%28TWICE%29 HTTP/2.0" 200 21532 "-" "Mozilla/5.0 AppleWebKit/537.36 (KHTML, like Gecko; compatible; bingbot/2.0; +http://www.bing.com/bingbot.htm) Chrome/116.0.1938.76 Safari/537.36"
217.113.194.103 - - [12/Oct/2025:04:45:26 +0200] "GET /en/13-artist?q=Categories-BOYNEXTDOOR-IVE&page=4 HTTP/1.1" 200 19986 "-" "Mozilla/5.0 (compatible; Barkrowler/0.9; +https://babbar.tech/crawler)"
40.77.167.15 - - [12/Oct/2025:04:45:29 +0200] "GET /bg/13-artisti?q=%D0%9A%D0%B0%D1%82%D0%B5%D0%B3%D0%BE%D1%80%D0%B8%D0%B8-AESPA-ASTRO-ATEEZ-BLACKPINK-BTS-ENHYPEN-ITZY-IVE-JISOO-KAI-LE+SSERAFIM-LISA-NCT-NCT+DREAM-NEW+JEANS-STAYC-STRAYKIDS/%D0%9C%D0%B0%D1%80%D0%BA%D0%B0-STARSHIP+ENTERAINMENT HTTP/2.0" 200 21576 "-" "Mozilla/5.0 AppleWebKit/537.36 (KHTML, like Gecko; compatible; bingbot/2.0; +http://www.bing.com/bingbot.htm) Chrome/116.0.1938.76 Safari/537.36"
40.77.167.15 - - [12/Oct/2025:04:45:30 +0200] "GET /bg/13-artisti?q=%D0%9A%D0%B0%D1%82%D0%B5%D0%B3%D0%BE%D1%80%D0%B8%D0%B8-AESPA-BABYMONSTER-BLACKPINK-BOYNEXTDOOR-ENHYPEN-GOT+THE+BEAT-ILLIT-ITZY-KAI-LISA-NCT-NMIXX-STRAYKIDS-TWICE-ZEROBASEONE-V+%28BTS%29 HTTP/2.0" 200 21576 "-" "Mozilla/5.0 AppleWebKit/537.36 (KHTML, like Gecko; compatible; bingbot/2.0; +http://www.bing.com/bingbot.htm) Chrome/116.0.1938.76 Safari/537.36"
52.167.144.212 - - [12/Oct/2025:04:45:35 +0200] "GET /bg/13-artisti?q=%D0%9A%D0%B0%D1%82%D0%B5%D0%B3%D0%BE%D1%80%D0%B8%D0%B8-ATEEZ-BABYMONSTER-BLACKPINK-BOYNEXTDOOR-ENHYPEN-GOT+THE+BEAT-ILLIT-IVE-JENNIE+%28BLACKPINK%29-JIHYO-JIMIN+%28BTS%29-JISOO+%28BLACKPINK%29-LE+SSERAFIM-LISA+%28BLACKPINK%29-NMIXX-P1Harmony-SEVENTEEN-TWICE-TXT-ZEROBASEONE HTTP/2.0" 200 21684 "-" "Mozilla/5.0 AppleWebKit/537.36 (KHTML, like Gecko; compatible; bingbot/2.0; +http://www.bing.com/bingbot.htm) Chrome/116.0.1938.76 Safari/537.36"
52.167.144.212 - - [12/Oct/2025:04:45:35 +0200] "GET /bg/13-artisti?q=%D0%9A%D0%B0%D1%82%D0%B5%D0%B3%D0%BE%D1%80%D0%B8%D0%B8-ATEEZ-BABYMONSTER-BLACKPINK-BOYNEXTDOOR-ENHYPEN-GOT+THE+BEAT-ILLIT-JENNIE+%28BLACKPINK%29-JIHYO-LISA+%28BLACKPINK%29-NMIXX-RIIZE-ROSE+%28BLACKPINK%29-STAYC-STRAYKIDS-TREASURE-TWICE-WayV-ZEROBASEONE-JISOO+%28BLACKPINK%29 HTTP/2.0" 200 21664 "-" "Mozilla/5.0 AppleWebKit/537.36 (KHTML, like Gecko; compatible; bingbot/2.0; +http://www.bing.com/bingbot.htm) Chrome/116.0.1938.76 Safari/537.36"
40.77.167.241 - - [12/Oct/2025:04:45:35 +0200] "GET /bg/13-artisti?q=%D0%9A%D0%B0%D1%82%D0%B5%D0%B3%D0%BE%D1%80%D0%B8%D0%B8-AESPA-ATEEZ-BABYMONSTER-BLACKPINK-BOYNEXTDOOR-Dreamcatcher-ENHYPEN-ILLIT-ITZY-JIHYO-Jin+%28BTS%29-LE+SSERAFIM-LISA-NCT+DREAM-NMIXX-RIIZE-XDINARY+HEROES-ZEROBASEONE HTTP/2.0" 200 21551 "-" "Mozilla/5.0 AppleWebKit/537.36 (KHTML, like Gecko; compatible; bingbot/2.0; +http://www.bing.com/bingbot.htm) Chrome/116.0.1938.76 Safari/537.36"
40.77.167.241 - - [12/Oct/2025:04:45:36 +0200] "GET /bg/13-artisti?q=%D0%9A%D0%B0%D1%82%D0%B5%D0%B3%D0%BE%D1%80%D0%B8%D0%B8-ATEEZ-BABYMONSTER-BLACKPINK-BOYNEXTDOOR-ENHYPEN-GOT+THE+BEAT-ILLIT-IVE-JIHYO-LISA+%28BLACKPINK%29-NMIXX-ROSE+%28BLACKPINK%29-STAYC-TREASURE-TWICE-WayV-ZEROBASEONE HTTP/2.0" 200 21612 "-" "Mozilla/5.0 AppleWebKit/537.36 (KHTML, like Gecko; compatible; bingbot/2.0; +http://www.bing.com/bingbot.htm) Chrome/116.0.1938.76 Safari/537.36"
217.113.194.109 - - [12/Oct/2025:04:45:43 +0200] "GET /en/13-artist?q=Categories-BTS-JIHYO-Dreamcatcher&page=15 HTTP/1.1" 200 19928 "-" "Mozilla/5.0 (compatible; Barkrowler/0.9; +https://babbar.tech/crawler)"
217.113.194.106 - - [12/Oct/2025:04:46:00 +0200] "GET /en/13-artist?q=Categories-BTS-JIHYO-Dreamcatcher&page=2 HTTP/1.1" 200 19756 "-" "Mozilla/5.0 (compatible; Barkrowler/0.9; +https://babbar.tech/crawler)"
185.191.171.6 - - [12/Oct/2025:04:46:07 +0200] "GET /bg/nachalo/350-the-boyz-aeffect-flow-ver-the-10th-mini-album--8809704433846 HTTP/1.1" 200 18657 "-" "Mozilla/5.0 (compatible; SemrushBot/7~bl; +http://www.semrush.com/bot.html)"
114.119.137.2 - - [12/Oct/2025:04:46:10 +0200] "GET /en/13-artist?q=Categories-TREASURE-TWICE-BLACKPINK&order=product.name.desc HTTP/1.1" 200 19972 "https://kpopbg.com/en/13-artist?q=Categories-TREASURE-TWICE-BLACKPINK&order=product.price.desc&page=2" "Mozilla/5.0 (Linux; Android 7.0;) AppleWebKit/537.36 (KHTML, like Gecko) Mobile Safari/537.36 (compatible; PetalBot;+https://webmaster.petalsearch.com/site/petalbot)"
217.113.194.111 - - [12/Oct/2025:04:46:17 +0200] "GET /en/13-artist?q=Categories-BTS-JIHYO-xikers&page=4 HTTP/1.1" 200 19982 "-" "Mozilla/5.0 (compatible; Barkrowler/0.9; +https://babbar.tech/crawler)"
217.113.194.223 - - [12/Oct/2025:04:46:34 +0200] "GET /en/13-artist?q=Categories-BTS-NCT+127-xikers&page=15 HTTP/1.1" 200 19910 "-" "Mozilla/5.0 (compatible; Barkrowler/0.9; +https://babbar.tech/crawler)"
52.167.144.212 - - [12/Oct/2025:04:46:44 +0200] "GET /bg/13-artisti?q=%D0%9A%D0%B0%D1%82%D0%B5%D0%B3%D0%BE%D1%80%D0%B8%D0%B8-AESPA-Agust+D+%28BTS%29-ATEEZ-BLACKPINK-BOYNEXTDOOR-ENHYPEN-GOT+THE+BEAT-ILLIT-IVE-JENNIE+%28BLACKPINK%29-LE+SSERAFIM-NMIXX-RIIZE-ROSE+%28BLACKPINK%29-STRAYKIDS-TREASURE-TWICE-TXT-WayV-ZEROBASEONE HTTP/2.0" 200 21658 "-" "Mozilla/5.0 AppleWebKit/537.36 (KHTML, like Gecko; compatible; bingbot/2.0; +http://www.bing.com/bingbot.htm) Chrome/116.0.1938.76 Safari/537.36"
217.113.194.103 - - [12/Oct/2025:04:46:50 +0200] "GET /en/13-artist?q=Categories-BTS-NCT+127-xikers&page=2 HTTP/1.1" 200 19746 "-" "Mozilla/5.0 (compatible; Barkrowler/0.9; +https://babbar.tech/crawler)"
217.113.194.111 - - [12/Oct/2025:04:47:07 +0200] "GET /en/13-artist?q=Categories-BTS-BOYNEXTDOOR&page=2 HTTP/1.1" 200 19742 "-" "Mozilla/5.0 (compatible; Barkrowler/0.9; +https://babbar.tech/crawler)"
40.77.167.15 - - [12/Oct/2025:04:47:20 +0200] "GET /bg/13-artisti?q=%D0%9A%D0%B0%D1%82%D0%B5%D0%B3%D0%BE%D1%80%D0%B8%D0%B8-AESPA-BABYMONSTER-BLACKPINK-BOYNEXTDOOR-BTS-ENHYPEN-ILLIT-ITZY-JIHYO-KAI-LISA-NCT+DREAM-NEW+JEANS-NMIXX-RIIZE-SEVENTEEN-STRAYKIDS-TWICE-TXT-WayV-XDINARY+HEROES-xikers-ZEROBASEONE-Jin+%28BTS%29&order=product.position.asc HTTP/2.0" 200 21436 "-" "Mozilla/5.0 AppleWebKit/537.36 (KHTML, like Gecko; compatible; bingbot/2.0; +http://www.bing.com/bingbot.htm) Chrome/116.0.1938.76 Safari/537.36"
40.77.167.15 - - [12/Oct/2025:04:47:21 +0200] "GET /bg/13-artisti?q=%D0%9A%D0%B0%D1%82%D0%B5%D0%B3%D0%BE%D1%80%D0%B8%D0%B8-AESPA-ATEEZ-BLACKPINK-BOYNEXTDOOR-ENHYPEN-ILLIT-IVE-JIHYO-JUNG+KOOK+%28BTS%29-KAI-Kep1er-LISA-NCT+DOYOUNG-NMIXX-RIIZE-SEVENTEEN-TWICE-WayV-ZEROBASEONE-Dreamcatcher HTTP/2.0" 200 21561 "-" "Mozilla/5.0 AppleWebKit/537.36 (KHTML, like Gecko; compatible; bingbot/2.0; +http://www.bing.com/bingbot.htm) Chrome/116.0.1938.76 Safari/537.36"
40.77.167.241 - - [12/Oct/2025:04:47:25 +0200] "GET /bg/13-artisti?q=%D0%9A%D0%B0%D1%82%D0%B5%D0%B3%D0%BE%D1%80%D0%B8%D0%B8-AESPA-BABYMONSTER-BLACKPINK-BOYNEXTDOOR-ENHYPEN-GOT+THE+BEAT-ILLIT-ITZY-JIHYO-LISA-NAYEON+%28TWICE%29-NCT+DREAM-RIIZE-RM+%28BTS%29-ROSE+%28BLACKPINK%29-STRAYKIDS-TWICE-Tzuyu+%28TWICE%29-WayV-ZEROBASEONE-XDINARY+HEROES HTTP/2.0" 200 21704 "-" "Mozilla/5.0 AppleWebKit/537.36 (KHTML, like Gecko; compatible; bingbot/2.0; +http://www.bing.com/bingbot.htm) Chrome/116.0.1938.76 Safari/537.36"
217.113.194.107 - - [12/Oct/2025:04:47:26 +0200] "GET /en/13-artist?q=Categories-BTS-P1Harmony-RIIZE&page=3 HTTP/1.1" 200 19809 "-" "Mozilla/5.0 (compatible; Barkrowler/0.9; +https://babbar.tech/crawler)"
216.244.66.233 - - [12/Oct/2025:04:47:30 +0200] "GET /bg/brand/10-source-music?order=product.price.asc HTTP/1.1" 302 5 "-" "Mozilla/5.0 (compatible; DotBot/1.2; +https://opensiteexplorer.org/dotbot; help@moz.com)"
114.119.151.63 - - [12/Oct/2025:04:47:37 +0200] "GET /en/13-artist?q=Categories-STRAYKIDS-TXT-WayV-xikers-BLACKPINK&order=product.reference.asc&page=2 HTTP/1.1" 200 19844 "https://kpopbg.com/en/13-artist?q=Categories-STRAYKIDS-TXT-WayV-xikers-BLACKPINK&order=product.reference.asc&page=2" "Mozilla/5.0 (Linux; Android 7.0;) AppleWebKit/537.36 (KHTML, like Gecko) Mobile Safari/537.36 (compatible; PetalBot;+https://webmaster.petalsearch.com/site/petalbot)"
40.77.167.15 - - [12/Oct/2025:04:47:40 +0200] "GET /bg/13-artisti?q=%D0%9A%D0%B0%D1%82%D0%B5%D0%B3%D0%BE%D1%80%D0%B8%D0%B8-ATEEZ-BABYMONSTER-BLACKPINK-BOYNEXTDOOR-ENHYPEN-ILLIT-IVE-JENNIE+%28BLACKPINK%29-JIHYO-LISA+%28BLACKPINK%29-NMIXX-RIIZE-ROSE+%28BLACKPINK%29-SEVENTEEN-STRAYKIDS-TREASURE-TWICE-TXT-WayV-ZEROBASEONE-NAYEON+%28TWICE%29 HTTP/2.0" 200 21655 "-" "Mozilla/5.0 AppleWebKit/537.36 (KHTML, like Gecko; compatible; bingbot/2.0; +http://www.bing.com/bingbot.htm) Chrome/116.0.1938.76 Safari/537.36"
217.113.194.104 - - [12/Oct/2025:04:47:44 +0200] "GET /en/13-artist?q=Categories-BTS-ITZY-Kep1er&page=14 HTTP/1.1" 200 19819 "-" "Mozilla/5.0 (compatible; Barkrowler/0.9; +https://babbar.tech/crawler)"
217.113.194.105 - - [12/Oct/2025:04:48:01 +0200] "GET /en/13-artist?q=Categories-BTS-STRAYKIDS-RIIZE&page=2 HTTP/1.1" 200 19747 "-" "Mozilla/5.0 (compatible; Barkrowler/0.9; +https://babbar.tech/crawler)"
217.113.194.102 - - [12/Oct/2025:04:48:18 +0200] "GET /en/13-artist?q=Categories-BTS-LISA&order=product.price.desc&page=2 HTTP/1.1" 200 20009 "-" "Mozilla/5.0 (compatible; Barkrowler/0.9; +https://babbar.tech/crawler)"
217.113.194.108 - - [12/Oct/2025:04:48:35 +0200] "GET /en/13-artist?order=product.position.asc&q=Categories-BTS&page=3 HTTP/1.1" 200 19747 "-" "Mozilla/5.0 (compatible; Barkrowler/0.9; +https://babbar.tech/crawler)"
40.77.167.241 - - [12/Oct/2025:04:48:36 +0200] "GET /bg/13-artisti?q=%D0%9A%D0%B0%D1%82%D0%B5%D0%B3%D0%BE%D1%80%D0%B8%D0%B8-AESPA-ATEEZ-BABYMONSTER-BOYNEXTDOOR-Dreamcatcher-ENHYPEN-ILLIT-IVE-JIHYO-LISA-NCT+DOYOUNG-NCT+JAEHYUN-NMIXX-RIIZE-ROSE+%28BLACKPINK%29-SEVENTEEN-TWICE-WayV-ZEROBASEONE-Tzuyu+%28TWICE%29&order=product.position.asc HTTP/2.0" 200 21404 "-" "Mozilla/5.0 AppleWebKit/537.36 (KHTML, like Gecko; compatible; bingbot/2.0; +http://www.bing.com/bingbot.htm) Chrome/116.0.1938.76 Safari/537.36"
217.113.194.111 - - [12/Oct/2025:04:48:51 +0200] "GET /en/13-artist?order=product.reference.asc&q=Categories-BTS&page=14 HTTP/1.1" 200 19571 "-" "Mozilla/5.0 (compatible; Barkrowler/0.9; +https://babbar.tech/crawler)"
114.119.128.20 - - [12/Oct/2025:04:48:57 +0200] "GET /en/13-artist?q=Categories-STRAYKIDS-TXT-JIMIN&order=product.name.asc HTTP/1.1" 200 19360 "https://kpopbg.com/en/13-artist?q=Categories-STRAYKIDS-TXT-JIMIN&order=product.price.asc" "Mozilla/5.0 (Linux; Android 7.0;) AppleWebKit/537.36 (KHTML, like Gecko) Mobile Safari/537.36 (compatible; PetalBot;+https://webmaster.petalsearch.com/site/petalbot)"
217.113.194.111 - - [12/Oct/2025:04:49:08 +0200] "GET /en/13-artist?order=product.reference.desc&q=Categories-BTS&page=3 HTTP/1.1" 200 19629 "-" "Mozilla/5.0 (compatible; Barkrowler/0.9; +https://babbar.tech/crawler)"
40.77.167.241 - - [12/Oct/2025:04:49:15 +0200] "GET /bg/13-artisti?q=%D0%9A%D0%B0%D1%82%D0%B5%D0%B3%D0%BE%D1%80%D0%B8%D0%B8-AESPA-BLACKPINK-ENHYPEN-NMIXX-STAYC-TREASURE-TWICE&page=19 HTTP/2.0" 200 21435 "-" "Mozilla/5.0 AppleWebKit/537.36 (KHTML, like Gecko; compatible; bingbot/2.0; +http://www.bing.com/bingbot.htm) Chrome/116.0.1938.76 Safari/537.36"
40.77.167.241 - - [12/Oct/2025:04:49:15 +0200] "GET /bg/13-artisti?q=%D0%9A%D0%B0%D1%82%D0%B5%D0%B3%D0%BE%D1%80%D0%B8%D0%B8-AESPA-ATEEZ-BABYMONSTER-BLACKPINK-BOYNEXTDOOR-BTS-ENHYPEN-ILLIT-ITZY-JIHYO-LISA-NMIXX-P1Harmony-SEVENTEEN-STRAYKIDS-TXT-ZEROBASEONE-TREASURE HTTP/2.0" 200 21495 "-" "Mozilla/5.0 AppleWebKit/537.36 (KHTML, like Gecko; compatible; bingbot/2.0; +http://www.bing.com/bingbot.htm) Chrome/116.0.1938.76 Safari/537.36"
40.77.167.235 - - [12/Oct/2025:04:49:19 +0200] "GET /bg/13-artisti?q=%D0%9A%D0%B0%D1%82%D0%B5%D0%B3%D0%BE%D1%80%D0%B8%D0%B8-AESPA-BABYMONSTER-BLACKPINK-BOYNEXTDOOR-Dreamcatcher-ENHYPEN-ILLIT-ITZY-JIHYO-JUNG+KOOK+%28BTS%29-NCT+127-NMIXX-P1Harmony-SEVENTEEN-STAYC-TWICE-TXT-V+%28BTS%29-ZEROBASEONE-TREASURE HTTP/2.0" 200 21649 "-" "Mozilla/5.0 AppleWebKit/537.36 (KHTML, like Gecko; compatible; bingbot/2.0; +http://www.bing.com/bingbot.htm) Chrome/116.0.1938.76 Safari/537.36"
40.77.167.235 - - [12/Oct/2025:04:49:20 +0200] "GET /bg/13-artisti?q=%D0%9A%D0%B0%D1%82%D0%B5%D0%B3%D0%BE%D1%80%D0%B8%D0%B8-BABYMONSTER-BLACKPINK-BOYNEXTDOOR-BTS-ENHYPEN-ILLIT-ITZY-JIHYO-KAI-LISA-NMIXX-SEVENTEEN-STAYC-STRAYKIDS-TREASURE-TWICE-WayV-ZEROBASEONE HTTP/2.0" 200 21482 "-" "Mozilla/5.0 AppleWebKit/537.36 (KHTML, like Gecko; compatible; bingbot/2.0; +http://www.bing.com/bingbot.htm) Chrome/116.0.1938.76 Safari/537.36"
52.167.144.212 - - [12/Oct/2025:04:49:25 +0200] "GET /bg/13-artisti?q=%D0%9A%D0%B0%D1%82%D0%B5%D0%B3%D0%BE%D1%80%D0%B8%D0%B8-AESPA-ATEEZ-BABYMONSTER-BOYNEXTDOOR-ENHYPEN-ILLIT-ITZY-JIHYO-LE+SSERAFIM-LISA-NAYEON+%28TWICE%29-NCT+JAEHYUN-NMIXX-P1Harmony-RIIZE-SEVENTEEN-STAYC-TWICE-ZEROBASEONE-JISOO+%28BLACKPINK%29 HTTP/2.0" 200 21643 "-" "Mozilla/5.0 AppleWebKit/537.36 (KHTML, like Gecko; compatible; bingbot/2.0; +http://www.bing.com/bingbot.htm) Chrome/116.0.1938.76 Safari/537.36"
154.54.249.203 - - [12/Oct/2025:04:49:25 +0200] "GET /en/13-artist?order=product.name.asc&q=Categories-xikers&page=18 HTTP/1.1" 200 19468 "-" "Mozilla/5.0 (compatible; Barkrowler/0.9; +https://babbar.tech/crawler)"
