52.167.144.193 - - [13/Oct/2025:00:48:49 +0200] "GET /bg/13-artisti?q=%D0%9A%D0%B0%D1%82%D0%B5%D0%B3%D0%BE%D1%80%D0%B8%D0%B8-ATEEZ-BABYMONSTER-BLACKPINK-BOYNEXTDOOR-ENHYPEN-ILLIT-IVE-JENNIE+%28BLACKPINK%29-JIHYO-LISA+%28BLACKPINK%29-NMIXX-RIIZE-ROSE+%28BLACKPINK%29-STAYC-STRAYKIDS-TREASURE-TWICE-TXT-WayV-ZEROBASEONE-JISOO+%28BLACKPINK%29&page=19 HTTP/2.0" 200 21692 "-" "Mozilla/5.0 AppleWebKit/537.36 (KHTML, like Gecko; compatible; bingbot/2.0; +http://www.bing.com/bingbot.htm) Chrome/116.0.1938.76 Safari/537.36"
216.244.66.233 - - [13/Oct/2025:00:48:54 +0200] "GET /en/brand/5-yg-entertainment?order=product.reference.desc HTTP/1.1" 302 5 "-" "Mozilla/5.0 (compatible; DotBot/1.2; +https://opensiteexplorer.org/dotbot; help@moz.com)"
217.113.194.102 - - [13/Oct/2025:00:48:56 +0200] "GET /en/13-artist?q=Categories-BABYMONSTER-ITZY&order=product.name.asc&page=4 HTTP/1.1" 200 19731 "-" "Mozilla/5.0 (compatible; Barkrowler/0.9; +https://babbar.tech/crawler)"
94.131.56.24 - - [13/Oct/2025:00:49:03 +0200] "GET /wp-content/backup/www.sql HTTP/2.0" 404 77091 "-" "Mozilla/5.0 (iPhone; CPU iPhone OS 17_5 like Mac OS X) AppleWebKit/605.1.15 (KHTML, like Gecko) Version/17.5 Mobile/15E148 Safari/604.1 CriOS/121.0.0.0"
217.113.194.247 - - [13/Oct/2025:00:49:14 +0200] "GET /en/13-artist?q=Categories-BABYMONSTER-ITZY&order=product.name.asc&page=19 HTTP/1.1" 200 19922 "-" "Mozilla/5.0 (compatible; Barkrowler/0.9; +https://babbar.tech/crawler)"
52.167.144.193 - - [13/Oct/2025:00:49:19 +0200] "GET /bg/13-artisti?q=%D0%9A%D0%B0%D1%82%D0%B5%D0%B3%D0%BE%D1%80%D0%B8%D0%B8-AESPA-BLACKPINK-BTS-ENHYPEN-ITZY-JEON+SOMI-JISOO-KAI-NMIXX-STAYC-TWICE-STRAYKIDS/%D0%9D%D0%B0%D0%BB%D0%B8%D1%87%D0%BD%D0%BE%D1%81%D1%82-%D0%92+%D0%BD%D0%B0%D0%BB%D0%B8%D1%87%D0%BD%D0%BE%D1%81%D1%82-%D0%9D%D1%8F%D0%BC%D0%B0+%D0%BD%D0%B0%D0%BB%D0%B8%D1%87%D0%BD%D0%BE%D1%81%D1%82 HTTP/2.0" 200 21702 "-" "Mozilla/5.0 AppleWebKit/537.36 (KHTML, like Gecko; compatible; bingbot/2.0; +http://www.bing.com/bingbot.htm) Chrome/116.0.1938.76 Safari/537.36"
52.167.144.172 - - [13/Oct/2025:00:49:20 +0200] "GET /bg/13-artisti?q=%D0%9A%D0%B0%D1%82%D0%B5%D0%B3%D0%BE%D1%80%D0%B8%D0%B8-ATEEZ-BABYMONSTER-BLACKPINK-BOYNEXTDOOR-ENHYPEN-GOT+THE+BEAT-ILLIT-IVE-JIHYO-LISA-NAYEON+%28TWICE%29-NCT+DOYOUNG-NMIXX-RIIZE-SEVENTEEN-TWICE-WayV-ZEROBASEONE-P1Harmony&page=18 HTTP/2.0" 200 21721 "-" "Mozilla/5.0 AppleWebKit/537.36 (KHTML, like Gecko; compatible; bingbot/2.0; +http://www.bing.com/bingbot.htm) Chrome/116.0.1938.76 Safari/537.36"
216.244.66.233 - - [13/Oct/2025:00:49:31 +0200] "GET /bg/%D0%BD%D0%B0%D0%B9-%D0%BF%D1%80%D0%BE%D0%B4%D0%B0%D0%B2%D0%B0%D0%BD%D0%B8?SubmitCurrency=1&id_currency=1&order=product.price.asc HTTP/1.1" 301 5 "-" "Mozilla/5.0 (compatible; DotBot/1.2; +https://opensiteexplorer.org/dotbot; help@moz.com)"
217.113.194.103 - - [13/Oct/2025:00:49:31 +0200] "GET /en/13-artist?q=Categories-BABYMONSTER-ITZY-V+%28BTS%29&page=19 HTTP/1.1" 200 19839 "-" "Mozilla/5.0 (compatible; Barkrowler/0.9; +https://babbar.tech/crawler)"
52.167.144.172 - - [13/Oct/2025:00:49:40 +0200] "GET /bg/13-artisti?q=%D0%9A%D0%B0%D1%82%D0%B5%D0%B3%D0%BE%D1%80%D0%B8%D0%B8-AESPA-BABYMONSTER-BOYNEXTDOOR-BTS-ENHYPEN-ILLIT-ITZY-KAI-LISA-NMIXX-SEVENTEEN-STRAYKIDS-TREASURE-TWICE-JIHYO HTTP/2.0" 200 21489 "-" "Mozilla/5.0 AppleWebKit/537.36 (KHTML, like Gecko; compatible; bingbot/2.0; +http://www.bing.com/bingbot.htm) Chrome/116.0.1938.76 Safari/537.36"
217.113.194.107 - - [13/Oct/2025:00:49:49 +0200] "GET /en/13-artist?q=Categories-BABYMONSTER-ITZY-V+%28BTS%29&page=18 HTTP/1.1" 200 19884 "-" "Mozilla/5.0 (compatible; Barkrowler/0.9; +https://babbar.tech/crawler)"
52.167.144.172 - - [13/Oct/2025:00:49:50 +0200] "GET /bg/13-artisti?q=%D0%9A%D0%B0%D1%82%D0%B5%D0%B3%D0%BE%D1%80%D0%B8%D0%B8-ATEEZ-BABYMONSTER-BLACKPINK-BOYNEXTDOOR-ENHYPEN-GOT+THE+BEAT-ILLIT-JENNIE+%28BLACKPINK%29-LISA+%28BLACKPINK%29-NEW+JEANS-NMIXX-RIIZE-ROSE+%28BLACKPINK%29-SEVENTEEN-STRAYKIDS-TREASURE-TWICE-TXT-WayV-ZEROBASEONE HTTP/2.0" 200 21687 "-" "Mozilla/5.0 AppleWebKit/537.36 (KHTML, like Gecko; compatible; bingbot/2.0; +http://www.bing.com/bingbot.htm) Chrome/116.0.1938.76 Safari/537.36"
114.119.131.105 - - [13/Oct/2025:00:50:00 +0200] "GET /en/2-nachalo?SubmitCurrency=1&id_currency=2&order=product.reference.asc HTTP/1.1" 200 15996 "https://kpopbg.com/en/2-nachalo?SubmitCurrency=1&id_currency=2&order=product.reference.asc&page=20" "Mozilla/5.0 (Linux; Android 7.0;) AppleWebKit/537.36 (KHTML, like Gecko) Mobile Safari/537.36 (compatible; PetalBot;+https://webmaster.petalsearch.com/site/petalbot)"
66.249.66.14 - - [13/Oct/2025:00:50:02 +0200] "GET /en/brand/6-sm-entertainment?SubmitCurrency=1&id_currency=1&order=product.price.asc HTTP/1.1" 200 14932 "-" "Mozilla/5.0 (Linux; Android 6.0.1; Nexus 5X Build/MMB29P) AppleWebKit/537.36 (KHTML, like Gecko) Chrome/140.0.7339.207 Mobile Safari/537.36 (compatible; Googlebot/2.1; +http://www.google.com/bot.html)"
217.113.194.111 - - [13/Oct/2025:00:50:07 +0200] "GET /en/13-artist?q=Categories-BABYMONSTER-ITZY-V+%28BTS%29&page=4 HTTP/1.1" 200 20030 "-" "Mozilla/5.0 (compatible; Barkrowler/0.9; +https://babbar.tech/crawler)"
217.113.194.111 - - [13/Oct/2025:00:50:24 +0200] "GET /en/13-artist?q=Categories-BABYMONSTER-STAYC&order=product.name.asc&page=18 HTTP/1.1" 200 19534 "-" "Mozilla/5.0 (compatible; Barkrowler/0.9; +https://babbar.tech/crawler)"
217.113.194.105 - - [13/Oct/2025:00:50:41 +0200] "GET /en/13-artist?q=Categories-BABYMONSTER-STAYC&order=product.name.asc&page=19 HTTP/1.1" 200 19930 "-" "Mozilla/5.0 (compatible; Barkrowler/0.9; +https://babbar.tech/crawler)"
40.77.167.235 - - [13/Oct/2025:00:50:44 +0200] "GET /bg/13-artisti?q=%D0%9A%D0%B0%D1%82%D0%B5%D0%B3%D0%BE%D1%80%D0%B8%D0%B8-AESPA-BABYMONSTER-BLACKPINK-BOYNEXTDOOR-BTS-ENHYPEN-GOT+THE+BEAT-ILLIT-ITZY-KAI-LISA-NMIXX-SEVENTEEN-STRAYKIDS-TXT-ZEROBASEONE-LE+SSERAFIM HTTP/2.0" 200 21554 "-" "Mozilla/5.0 AppleWebKit/537.36 (KHTML, like Gecko; compatible; bingbot/2.0; +http://www.bing.com/bingbot.htm) Chrome/116.0.1938.76 Safari/537.36"
217.113.194.109 - - [13/Oct/2025:00:50:59 +0200] "GET /en/13-artist?q=Categories-BABYMONSTER-STAYC&order=product.name.asc&page=4 HTTP/1.1" 200 19734 "-" "Mozilla/5.0 (compatible; Barkrowler/0.9; +https://babbar.tech/crawler)"
40.77.167.235 - - [13/Oct/2025:00:51:04 +0200] "GET /bg/13-artisti?q=%D0%9A%D0%B0%D1%82%D0%B5%D0%B3%D0%BE%D1%80%D0%B8%D0%B8-AESPA-BABYMONSTER-BLACKPINK-BOYNEXTDOOR-ENHYPEN-GOT+THE+BEAT-ILLIT-JIHYO-LISA-NCT+DREAM-NMIXX-RIIZE-SEVENTEEN-STRAYKIDS-TWICE-WayV-ZEROBASEONE-V+%28BTS%29 HTTP/2.0" 200 21651 "-" "Mozilla/5.0 AppleWebKit/537.36 (KHTML, like Gecko; compatible; bingbot/2.0; +http://www.bing.com/bingbot.htm) Chrome/116.0.1938.76 Safari/537.36"
217.113.194.109 - - [13/Oct/2025:00:51:17 +0200] "GET /en/13-artist?q=Categories-BABYMONSTER-TXT-RIIZE&order=product.price.desc HTTP/1.1" 200 19883 "-" "Mozilla/5.0 (compatible; Barkrowler/0.9; +https://babbar.tech/crawler)"
114.119.137.2 - - [13/Oct/2025:00:51:24 +0200] "GET /en/2-nachalo?SubmitCurrency=1&id_currency=2&order=product.price.desc&q=Categories-ALBUM/Brand-KQ%2BEntertainment HTTP/1.1" 200 16100 "https://kpopbg.com/en/2-nachalo?SubmitCurrency=1&id_currency=2&order=product.price.desc&q=Categories-ALBUM/Brand-KQ%2BEntertainment" "Mozilla/5.0 (Linux; Android 7.0;) AppleWebKit/537.36 (KHTML, like Gecko) Mobile Safari/537.36 (compatible; PetalBot;+https://webmaster.petalsearch.com/site/petalbot)"
198.44.159.35 - - [13/Oct/2025:00:51:26 +0200] "GET /wp-content/backup/public_html.zip HTTP/2.0" 404 77123 "-" "Mozilla/5.0 (Windows NT 10.0; Win64; x64) AppleWebKit/537.36 (KHTML, like Gecko) Chrome/131.0.0.0 Safari/537.36 Edg/131.0.0.0"
5.78.122.81 - - [13/Oct/2025:00:51:31 +0200] "GET /robots.txt HTTP/2.0" 404 10601 "-" "Mozilla/5.0 (compatible; Sansec Security Monitor/1.0; +https://sansec.io/monitor)"
5.78.122.81 - - [13/Oct/2025:00:51:32 +0200] "GET /en/ HTTP/2.0" 200 14787 "https://kpopbg.com/en/" "Mozilla/5.0 (compatible; Sansec Security Monitor/1.0; +https://sansec.io/monitor)"
216.244.66.233 - - [13/Oct/2025:00:51:32 +0200] "GET /bg/brand/22-fnc-entertainment?order=product.name.desc HTTP/1.1" 302 5 "-" "Mozilla/5.0 (compatible; DotBot/1.2; +https://opensiteexplorer.org/dotbot; help@moz.com)"
5.78.122.81 - - [13/Oct/2025:00:51:33 +0200] "GET /themes/classic/assets/cache/bottom-9263dd130.js HTTP/2.0" 200 1215137 "https://kpopbg.com/en/checkout/onepage" "Mozilla/5.0 (compatible; Sansec Security Monitor/1.0; +https://sansec.io/monitor)"
217.113.194.223 - - [13/Oct/2025:00:51:36 +0200] "GET /en/13-artist?q=Categories-BABYMONSTER-Kep1er-IVE&order=product.name.desc HTTP/1.1" 200 19979 "-" "Mozilla/5.0 (compatible; Barkrowler/0.9; +https://babbar.tech/crawler)"
217.113.194.109 - - [13/Oct/2025:00:51:54 +0200] "GET /en/13-artist?q=Categories-BABYMONSTER-TREASURE&order=product.position.asc HTTP/1.1" 200 19578 "-" "Mozilla/5.0 (compatible; Barkrowler/0.9; +https://babbar.tech/crawler)"
66.249.66.13 - - [13/Oct/2025:00:52:03 +0200] "GET /robots.txt HTTP/1.1" 404 11735 "-" "Mozilla/5.0 (compatible; Googlebot/2.1; +http://www.google.com/bot.html)"
66.249.66.15 - - [13/Oct/2025:00:52:03 +0200] "GET /bg/nachalo/175-aespa-armageddon-the-1st-album-my-power-ver-8804775369681?SubmitCurrency=1&id_currency=2 HTTP/1.1" 404 12038 "-" "Mozilla/5.0 (Linux; Android 6.0.1; Nexus 5X Build/MMB29P) AppleWebKit/537.36 (KHTML, like Gecko) Chrome/140.0.7339.207 Mobile Safari/537.36 (compatible; Googlebot/2.1; +http://www.google.com/bot.html)"
52.167.144.172 - - [13/Oct/2025:00:52:11 +0200] "GET /bg/13-artisti?q=%D0%9A%D0%B0%D1%82%D0%B5%D0%B3%D0%BE%D1%80%D0%B8%D0%B8-AESPA-BTS-ENHYPEN-GOT+THE+BEAT-ITZY-IVE-JIHYO-LISA-NMIXX-STAYC-TREASURE-TWICE-TXT/%D0%9D%D0%B0%D0%BB%D0%B8%D1%87%D0%BD%D0%BE%D1%81%D1%82-%D0%92+%D0%BD%D0%B0%D0%BB%D0%B8%D1%87%D0%BD%D0%BE%D1%81%D1%82 HTTP/2.0" 200 21660 "-" "Mozilla/5.0 AppleWebKit/537.36 (KHTML, like Gecko; compatible; bingbot/2.0; +http://www.bing.com/bingbot.htm) Chrome/116.0.1938.76 Safari/537.36"
217.113.194.223 - - [13/Oct/2025:00:52:13 +0200] "GET /en/13-artist?q=Categories-BABYMONSTER-BLACKPINK-RIIZE&page=3 HTTP/1.1" 200 19822 "-" "Mozilla/5.0 (compatible; Barkrowler/0.9; +https://babbar.tech/crawler)"
217.113.194.247 - - [13/Oct/2025:00:52:30 +0200] "GET /en/13-artist?q=Categories-BABYMONSTER-STRAYKIDS&order=product.name.asc HTTP/1.1" 200 19358 "-" "Mozilla/5.0 (compatible; Barkrowler/0.9; +https://babbar.tech/crawler)"
52.167.144.227 - - [13/Oct/2025:00:52:39 +0200] "GET /bg/13-artisti?q=%D0%9A%D0%B0%D1%82%D0%B5%D0%B3%D0%BE%D1%80%D0%B8%D0%B8-AESPA-ATEEZ-BABYMONSTER-BTS-ENHYPEN-GOT+THE+BEAT-ITZY-JIHYO-JUNG+KOOK+%28BTS%29-KAI-LE+SSERAFIM-LISA-NCT-NCT+DREAM-NEW+JEANS-STRAYKIDS HTTP/2.0" 200 21560 "-" "Mozilla/5.0 AppleWebKit/537.36 (KHTML, like Gecko; compatible; bingbot/2.0; +http://www.bing.com/bingbot.htm) Chrome/116.0.1938.76 Safari/537.36"
187.95.249.238 - - [13/Oct/2025:00:52:40 +0200] "GET /920-small_default/baekhyun-essence-of-reverie-photobook-the-5th-mini-album-.jpg HTTP/1.1" 200 6601 "-" "Mozilla/5.0 (Windows 98; Win 9x 4.90) AppleWebKit/536.1 (KHTML, like Gecko) Chrome/13.0.828.0 Safari/536.1"
114.119.128.20 - - [13/Oct/2025:00:52:47 +0200] "GET /en/2-nachalo?SubmitCurrency=1&id_currency=2&order=product.position.asc&q=Availability-Available/Categories-ARTIST HTTP/1.1" 200 15768 "https://kpopbg.com/en/2-nachalo?SubmitCurrency=1&id_currency=2&order=product.position.asc&q=Availability-Available/Categories-ARTIST" "Mozilla/5.0 (Linux; Android 7.0;) AppleWebKit/537.36 (KHTML, like Gecko) Mobile Safari/537.36 (compatible; PetalBot;+https://webmaster.petalsearch.com/site/petalbot)"
217.113.194.103 - - [13/Oct/2025:00:52:48 +0200] "GET /en/13-artist?q=Categories-BABYMONSTER-xikers&order=product.position.asc&page=20 HTTP/1.1" 200 18309 "-" "Mozilla/5.0 (compatible; Barkrowler/0.9; +https://babbar.tech/crawler)"
52.167.144.172 - - [13/Oct/2025:00:52:51 +0200] "GET /bg/13-artisti?q=%D0%9A%D0%B0%D1%82%D0%B5%D0%B3%D0%BE%D1%80%D0%B8%D0%B8-ASTRO-BLACKPINK-BTS-ENHYPEN-GOT+THE+BEAT-ITZY-KAI-LISA-NCT-NCT+127-NMIXX-STRAYKIDS-TREASURE-TWICE-IVE HTTP/2.0" 200 21480 "-" "Mozilla/5.0 AppleWebKit/537.36 (KHTML, like Gecko; compatible; bingbot/2.0; +http://www.bing.com/bingbot.htm) Chrome/116.0.1938.76 Safari/537.36"
154.54.249.203 - - [13/Oct/2025:00:53:05 +0200] "GET /en/13-artist?q=Categories-BABYMONSTER-xikers&order=product.position.asc&page=3 HTTP/1.1" 200 19814 "-" "Mozilla/5.0 (compatible; Barkrowler/0.9; +https://babbar.tech/crawler)"
52.167.144.227 - - [13/Oct/2025:00:53:09 +0200] "GET /bg/13-artisti?q=%D0%9A%D0%B0%D1%82%D0%B5%D0%B3%D0%BE%D1%80%D0%B8%D0%B8-ATEEZ-BABYMONSTER-BLACKPINK-BOYNEXTDOOR-BTS-ENHYPEN-GOT+THE+BEAT-ILLIT-IVE-JIHYO-LISA+%28BLACKPINK%29-NEW+JEANS-NMIXX-RIIZE-ROSE+%28BLACKPINK%29-STRAYKIDS-TREASURE-TWICE-TXT-WayV-ZEROBASEONE-JISOO+%28BLACKPINK%29&order=product.price.asc HTTP/2.0" 200 21696 "-" "Mozilla/5.0 AppleWebKit/537.36 (KHTML, like Gecko; compatible; bingbot/2.0; +http://www.bing.com/bingbot.htm) Chrome/116.0.1938.76 Safari/537.36"
217.113.194.109 - - [13/Oct/2025:00:53:24 +0200] "GET /en/13-artist?q=Categories-BABYMONSTER-xikers&order=product.position.asc&page=2 HTTP/1.1" 200 19783 "-" "Mozilla/5.0 (compatible; Barkrowler/0.9; +https://babbar.tech/crawler)"
40.77.167.235 - - [13/Oct/2025:00:53:25 +0200] "GET /bg/13-artisti?q=%D0%9A%D0%B0%D1%82%D0%B5%D0%B3%D0%BE%D1%80%D0%B8%D0%B8-AESPA-BABYMONSTER-BLACKPINK-BOYNEXTDOOR-ENHYPEN-GOT+THE+BEAT-ILLIT-ITZY-IVE-JENNIE+%28BLACKPINK%29-JIHYO-LISA+%28BLACKPINK%29-NEW+JEANS-NMIXX-RIIZE-ROSE+%28BLACKPINK%29-SEVENTEEN-STAYC-TWICE-WayV-ZEROBASEONE&page=18 HTTP/2.0" 200 21800 "-" "Mozilla/5.0 AppleWebKit/537.36 (KHTML, like Gecko; compatible; bingbot/2.0; +http://www.bing.com/bingbot.htm) Chrome/116.0.1938.76 Safari/537.36"
216.244.66.233 - - [13/Oct/2025:00:53:37 +0200] "GET /bg/nachalo/204-434-gi-dle-i-sway-7th-mini-album--8804775450235 HTTP/1.1" 301 5 "-" "Mozilla/5.0 (compatible; DotBot/1.2; +https://opensiteexplorer.org/dotbot; help@moz.com)"
94.131.49.76 - - [13/Oct/2025:00:53:40 +0200] "GET /wp-content/backup/public_html.tar.gz HTTP/2.0" 404 77133 "-" "Mozilla/5.0 (Linux; Android 11; M2102J20SG) AppleWebKit/537.36 (KHTML, like Gecko) Chrome/113.0.0.0 Mobile Safari/537.36"
217.113.194.104 - - [13/Oct/2025:00:53:42 +0200] "GET /en/13-artist?q=Categories-NEW+JEANS-xikers&order=product.position.asc&page=4 HTTP/1.1" 200 19931 "-" "Mozilla/5.0 (compatible; Barkrowler/0.9; +https://babbar.tech/crawler)"
217.113.194.107 - - [13/Oct/2025:00:54:00 +0200] "GET /en/13-artist?q=Categories-NEW+JEANS-WayV-TXT&order=product.name.desc HTTP/1.1" 200 19975 "-" "Mozilla/5.0 (compatible; Barkrowler/0.9; +https://babbar.tech/crawler)"
185.191.171.7 - - [13/Oct/2025:00:54:05 +0200] "GET /robots.txt HTTP/1.1" 404 11737 "-" "Mozilla/5.0 (compatible; SemrushBot/7~bl; +http://www.semrush.com/bot.html)"
185.191.171.5 - - [13/Oct/2025:00:54:06 +0200] "GET /en/nachalo/362-ive-ive-secret-the-4th-ep--8804775456756 HTTP/1.1" 200 16573 "-" "Mozilla/5.0 (compatible; SemrushBot/7~bl; +http://www.semrush.com/bot.html)"
114.119.158.94 - - [13/Oct/2025:00:54:11 +0200] "GET /en/2-nachalo?SubmitCurrency=1&id_currency=2&order=product.name.desc&q=Categories-ALBUM-ARTIST/Brand-STARSHIP%2BENTERAINMENT HTTP/1.1" 200 16314 "https://kpopbg.com/en/2-nachalo?SubmitCurrency=1&id_currency=2&order=product.name.desc&q=Categories-ALBUM-ARTIST/Brand-STARSHIP%2BENTERAINMENT" "Mozilla/5.0 (Linux; Android 7.0;) AppleWebKit/537.36 (KHTML, like Gecko) Mobile Safari/537.36 (compatible; PetalBot;+https://webmaster.petalsearch.com/site/petalbot)"
217.113.194.102 - - [13/Oct/2025:00:54:18 +0200] "GET /en/13-artist?q=Categories-NEW+JEANS-WayV&order=product.position.asc&page=4 HTTP/1.1" 200 19932 "-" "Mozilla/5.0 (compatible; Barkrowler/0.9; +https://babbar.tech/crawler)"
217.113.194.108 - - [13/Oct/2025:00:54:36 +0200] "GET /en/13-artist?q=Categories-NEW+JEANS-WayV&order=product.name.asc&page=19 HTTP/1.1" 200 19929 "-" "Mozilla/5.0 (compatible; Barkrowler/0.9; +https://babbar.tech/crawler)"
217.113.194.102 - - [13/Oct/2025:00:54:54 +0200] "GET /en/13-artist?q=Categories-NEW+JEANS-WayV&order=product.name.asc&page=17 HTTP/1.1" 200 19557 "-" "Mozilla/5.0 (compatible; Barkrowler/0.9; +https://babbar.tech/crawler)"
40.77.167.0 - - [13/Oct/2025:00:55:01 +0200] "GET /bg/13-artisti?q=%D0%9A%D0%B0%D1%82%D0%B5%D0%B3%D0%BE%D1%80%D0%B8%D0%B8-AESPA-BABYMONSTER-BLACKPINK-BOYNEXTDOOR-ENHYPEN-ILLIT-LISA-NCT+DREAM-NMIXX-RIIZE-STRAYKIDS-TWICE-WayV-ZEROBASEONE-BTS HTTP/2.0" 200 21577 "-" "Mozilla/5.0 AppleWebKit/537.36 (KHTML, like Gecko; compatible; bingbot/2.0; +http://www.bing.com/bingbot.htm) Chrome/116.0.1938.76 Safari/537.36"
217.113.194.106 - - [13/Oct/2025:00:55:12 +0200] "GET /en/13-artist?q=Categories-NEW+JEANS-WayV&order=product.name.asc&page=20 HTTP/1.1" 200 18364 "-" "Mozilla/5.0 (compatible; Barkrowler/0.9; +https://babbar.tech/crawler)"
40.77.167.14 - - [13/Oct/2025:00:55:14 +0200] "GET /en/13-artist?q=Categories-AESPA-BABYMONSTER-BLACKPINK-ILLIT-IVE-KAI-SEVENTEEN-STRAYKIDS-TXT-ITZY HTTP/2.0" 200 19832 "-" "Mozilla/5.0 AppleWebKit/537.36 (KHTML, like Gecko; compatible; bingbot/2.0; +http://www.bing.com/bingbot.htm) Chrome/116.0.1938.76 Safari/537.36"
40.77.167.14 - - [13/Oct/2025:00:55:24 +0200] "GET /bg/13-artisti?q=%D0%9A%D0%B0%D1%82%D0%B5%D0%B3%D0%BE%D1%80%D0%B8%D0%B8-AESPA-ATEEZ-ENHYPEN-ITZY-IVE-JISOO-LISA-NCT-NCT+DREAM-NEW+JEANS-STRAYKIDS-TREASURE-TWICE-TXT-GOT+THE+BEAT HTTP/2.0" 200 21481 "-" "Mozilla/5.0 AppleWebKit/537.36 (KHTML, like Gecko; compatible; bingbot/2.0; +http://www.bing.com/bingbot.htm) Chrome/116.0.1938.76 Safari/537.36"
217.113.194.102 - - [13/Oct/2025:00:55:29 +0200] "GET /en/13-artist?q=Categories-NEW+JEANS-WayV-STRAYKIDS&page=20 HTTP/1.1" 200 18151 "-" "Mozilla/5.0 (compatible; Barkrowler/0.9; +https://babbar.tech/crawler)"
114.119.131.105 - - [13/Oct/2025:00:55:36 +0200] "GET /en/2-nachalo?SubmitCurrency=1&id_currency=2&order=product.name.desc&page=3 HTTP/1.1" 200 15672 "https://kpopbg.com/en/2-nachalo?SubmitCurrency=1&id_currency=2&order=product.name.desc&page=4" "Mozilla/5.0 (Linux; Android 7.0;) AppleWebKit/537.36 (KHTML, like Gecko) Mobile Safari/537.36 (compatible; PetalBot;+https://webmaster.petalsearch.com/site/petalbot)"
52.167.144.227 - - [13/Oct/2025:00:55:39 +0200] "GET /bg/13-artisti?q=%D0%9A%D0%B0%D1%82%D0%B5%D0%B3%D0%BE%D1%80%D0%B8%D0%B8-AESPA-ASTRO-BLACKPINK-ENHYPEN-JISOO-NMIXX-STAYC-TWICE-JEON+SOMI/%D0%9D%D0%B0%D0%BB%D0%B8%D1%87%D0%BD%D0%BE%D1%81%D1%82-%D0%92+%D0%BD%D0%B0%D0%BB%D0%B8%D1%87%D0%BD%D0%BE%D1%81%D1%82 HTTP/2.0" 200 21586 "-" "Mozilla/5.0 AppleWebKit/537.36 (KHTML, like Gecko; compatible; bingbot/2.0; +http://www.bing.com/bingbot.htm) Chrome/116.0.1938.76 Safari/537.36"
52.167.144.227 - - [13/Oct/2025:00:55:40 +0200] "GET /bg/13-artisti?q=%D0%9A%D0%B0%D1%82%D0%B5%D0%B3%D0%BE%D1%80%D0%B8%D0%B8-AESPA-ATEEZ-BLACKPINK-ENHYPEN-ITZY-IVE-JISOO-KAI-LISA-NCT-NMIXX-STAYC HTTP/2.0" 200 21411 "-" "Mozilla/5.0 AppleWebKit/537.36 (KHTML, like Gecko; compatible; bingbot/2.0; +http://www.bing.com/bingbot.htm) Chrome/116.0.1938.76 Safari/537.36"
217.113.194.105 - - [13/Oct/2025:00:55:48 +0200] "GET /en/13-artist?q=Categories-NEW+JEANS-WayV-STRAYKIDS&page=3 HTTP/1.1" 200 19828 "-" "Mozilla/5.0 (compatible; Barkrowler/0.9; +https://babbar.tech/crawler)"
52.167.144.227 - - [13/Oct/2025:00:55:49 +0200] "GET /bg/13-artisti?q=%D0%9A%D0%B0%D1%82%D0%B5%D0%B3%D0%BE%D1%80%D0%B8%D0%B8-ATEEZ-BOYNEXTDOOR-ENHYPEN-ILLIT-IVE-JIHYO-Kep1er-LE+SSERAFIM-LISA-RIIZE-SEVENTEEN-STRAYKIDS-TREASURE-TWICE-TXT-WayV-ZEROBASEONE-ROSE+%28BLACKPINK%29 HTTP/2.0" 200 21564 "-" "Mozilla/5.0 AppleWebKit/537.36 (KHTML, like Gecko; compatible; bingbot/2.0; +http://www.bing.com/bingbot.htm) Chrome/116.0.1938.76 Safari/537.36"
52.167.144.227 - - [13/Oct/2025:00:55:50 +0200] "GET /en/13-artist?q=Categories-AESPA-BABYMONSTER-BLACKPINK-BOYNEXTDOOR-ENHYPEN-GOT+THE+BEAT-ILLIT-ITZY-KAI-LISA-NMIXX-SEVENTEEN-STAYC-TWICE-TXT-Tzuyu+%28TWICE%29-WayV-ZEROBASEONE-RM+%28BTS%29 HTTP/2.0" 200 19961 "-" "Mozilla/5.0 AppleWebKit/537.36 (KHTML, like Gecko; compatible; bingbot/2.0; +http://www.bing.com/bingbot.htm) Chrome/116.0.1938.76 Safari/537.36"
52.167.144.227 - - [13/Oct/2025:00:55:51 +0200] "GET /bg/12-albumi?q=%D0%9D%D0%B0%D0%BB%D0%B8%D1%87%D0%BD%D0%BE%D1%81%D1%82-%D0%9D%D0%B0%D0%BB%D0%B8%D1%87%D0%B5%D0%BD-%D0%9D%D1%8F%D0%BC%D0%B0+%D0%BD%D0%B0%D0%BB%D0%B8%D1%87%D0%BD%D0%BE%D1%81%D1%82/%D0%9C%D0%B0%D1%80%D0%BA%D0%B0-ADOR-BigHit+Entertainment-FANTAGIO+MUSIC-HIGHUP+ENTERTAINMENT-SM+Entertainment-STARSHIP+ENTERAINMENT HTTP/2.0" 200 17977 "-" "Mozilla/5.0 AppleWebKit/537.36 (KHTML, like Gecko; compatible; bingbot/2.0; +http://www.bing.com/bingbot.htm) Chrome/116.0.1938.76 Safari/537.36"
40.77.167.0 - - [13/Oct/2025:00:55:52 +0200] "GET /bg/13-artisti?q=%D0%9A%D0%B0%D1%82%D0%B5%D0%B3%D0%BE%D1%80%D0%B8%D0%B8-AESPA-BABYMONSTER-BLACKPINK-BOYNEXTDOOR-ENHYPEN-ILLIT-JIHYO-KAI-Kep1er-LISA-NMIXX-STAYC-TREASURE-TXT-ZEROBASEONE HTTP/2.0" 200 21571 "-" "Mozilla/5.0 AppleWebKit/537.36 (KHTML, like Gecko; compatible; bingbot/2.0; +http://www.bing.com/bingbot.htm) Chrome/116.0.1938.76 Safari/537.36"
40.77.167.0 - - [13/Oct/2025:00:55:52 +0200] "GET /bg/13-artisti?q=%D0%9A%D0%B0%D1%82%D0%B5%D0%B3%D0%BE%D1%80%D0%B8%D0%B8-AESPA-BLACKPINK-ENHYPEN-GOT+THE+BEAT-ITZY-IVE-JIHYO-LISA-NCT+127-NEW+JEANS-NMIXX-STAYC-TREASURE-TWICE-TXT HTTP/2.0" 200 21498 "-" "Mozilla/5.0 AppleWebKit/537.36 (KHTML, like Gecko; compatible; bingbot/2.0; +http://www.bing.com/bingbot.htm) Chrome/116.0.1938.76 Safari/537.36"
82.211.3.226 - - [13/Oct/2025:00:55:53 +0200] "GET /wp-content/backup/public_html.rar HTTP/2.0" 404 77123 "-" "Mozilla/5.0 (iPhone; CPU iPhone OS 17_5 like Mac OS X) AppleWebKit/605.1.15 (KHTML, like Gecko) Version/17.5 Mobile/15E148 Safari/604.1"
66.249.66.14 - - [13/Oct/2025:00:55:57 +0200] "GET /robots.txt HTTP/1.1" 404 11727 "-" "Mozilla/5.0 (compatible; Googlebot/2.1; +http://www.google.com/bot.html)"
66.249.66.15 - - [13/Oct/2025:00:55:57 +0200] "GET /en/62-jaehyun-nct HTTP/1.1" 200 13397 "-" "Mozilla/5.0 (Linux; Android 6.0.1; Nexus 5X Build/MMB29P) AppleWebKit/537.36 (KHTML, like Gecko) Chrome/140.0.7339.207 Mobile Safari/537.36 (compatible; Googlebot/2.1; +http://www.google.com/bot.html)"
154.54.249.203 - - [13/Oct/2025:00:56:06 +0200] "GET /en/13-artist?q=Categories-NEW+JEANS-RIIZE&order=product.price.desc&page=19 HTTP/1.1" 200 20154 "-" "Mozilla/5.0 (compatible; Barkrowler/0.9; +https://babbar.tech/crawler)"
185.191.171.12 - - [13/Oct/2025:00:56:06 +0200] "GET /bg/nachalo/302-570-xikers-house-of-tricky-spur-5th-mini-album--8804775454547 HTTP/1.1" 200 19337 "-" "Mozilla/5.0 (compatible; SemrushBot/7~bl; +http://www.semrush.com/bot.html)"
40.77.167.14 - - [13/Oct/2025:00:56:08 +0200] "GET /bg/13-artisti?q=%D0%9A%D0%B0%D1%82%D0%B5%D0%B3%D0%BE%D1%80%D0%B8%D0%B8-AESPA-ASTRO-BLACKPINK-ENHYPEN-GOT+THE+BEAT-ITZY-IVE-JISOO-JUNG+KOOK+%28BTS%29-LE+SSERAFIM-LISA-NCT-NCT+DREAM-NMIXX-RED+VELVET-STAYC-STRAYKIDS-TREASURE-V+%28BTS%29-JIHYO HTTP/2.0" 200 21674 "-" "Mozilla/5.0 AppleWebKit/537.36 (KHTML, like Gecko; compatible; bingbot/2.0; +http://www.bing.com/bingbot.htm) Chrome/116.0.1938.76 Safari/537.36"
185.191.171.11 - - [13/Oct/2025:00:56:09 +0200] "GET /bg/nachalo/302-xikers-house-of-tricky-spur-5th-mini-album--8804775454547 HTTP/1.1" 200 19111 "-" "Mozilla/5.0 (compatible; SemrushBot/7~bl; +http://www.semrush.com/bot.html)"
40.77.167.0 - - [13/Oct/2025:00:56:10 +0200] "GET /bg/13-artisti?q=%D0%9A%D0%B0%D1%82%D0%B5%D0%B3%D0%BE%D1%80%D0%B8%D0%B8-AESPA-ASTRO-BLACKPINK-BTS-ENHYPEN-GOT+THE+BEAT-ITZY-JISOO-JUNG+KOOK+%28BTS%29-NCT-NCT+DREAM-NEW+JEANS-NMIXX-STAYC-STRAYKIDS-TREASURE-TWICE-TXT-LISA HTTP/2.0" 200 21577 "-" "Mozilla/5.0 AppleWebKit/537.36 (KHTML, like Gecko; compatible; bingbot/2.0; +http://www.bing.com/bingbot.htm) Chrome/116.0.1938.76 Safari/537.36"
40.77.167.0 - - [13/Oct/2025:00:56:11 +0200] "GET /bg/13-artisti?q=%D0%9A%D0%B0%D1%82%D0%B5%D0%B3%D0%BE%D1%80%D0%B8%D0%B8-ATEEZ-BABYMONSTER-BLACKPINK-BOYNEXTDOOR-ENHYPEN-GOT+THE+BEAT-ILLIT-ITZY-IVE-JENNIE+%28BLACKPINK%29-JIHYO-LISA+%28BLACKPINK%29-NMIXX-RIIZE-STAYC-STRAYKIDS-TREASURE-WayV-ZEROBASEONE HTTP/2.0" 200 21654 "-" "Mozilla/5.0 AppleWebKit/537.36 (KHTML, like Gecko; compatible; bingbot/2.0; +http://www.bing.com/bingbot.htm) Chrome/116.0.1938.76 Safari/537.36"
217.113.194.102 - - [13/Oct/2025:00:56:24 +0200] "GET /en/13-artist?q=Categories-NEW+JEANS-RIIZE&order=product.price.desc&page=18 HTTP/1.1" 200 19860 "-" "Mozilla/5.0 (compatible; Barkrowler/0.9; +https://babbar.tech/crawler)"
66.249.66.14 - - [13/Oct/2025:00:56:34 +0200] "GET /985-home_default/ateez-golden-hour-part3-in-your-fantasy-edition-limited-12th-mini-album-.jpg HTTP/1.1" 200 13752 "-" "Googlebot-Image/1.0"
40.77.167.14 - - [13/Oct/2025:00:56:34 +0200] "GET /en/13-artist?q=%D0%9A%D0%B0%D1%82%D0%B5%D0%B3%D0%BE%D1%80%D0%B8%D0%B8-ATEEZ-BABYMONSTER-BLACKPINK-BOYNEXTDOOR-ENHYPEN-GOT+THE+BEAT-ILLIT-IVE-JENNIE+%28BLACKPINK%29-Kep1er-LISA+%28BLACKPINK%29-NMIXX-RIIZE-ROSE+%28BLACKPINK%29-SEVENTEEN-STRAYKIDS-TREASURE-TWICE-TXT-WayV-ZEROBASEONE-P1Harmony HTTP/2.0" 200 20150 "-" "Mozilla/5.0 AppleWebKit/537.36 (KHTML, like Gecko; compatible; bingbot/2.0; +http://www.bing.com/bingbot.htm) Chrome/116.0.1938.76 Safari/537.36"
40.77.167.14 - - [13/Oct/2025:00:56:36 +0200] "GET /bg/13-artisti?q=%D0%9A%D0%B0%D1%82%D0%B5%D0%B3%D0%BE%D1%80%D0%B8%D0%B8-AESPA-BLACKPINK-ENHYPEN-JISOO-KAI-LE+SSERAFIM-LISA-NCT-NMIXX-STAYC-STRAYKIDS-GOT+THE+BEAT/%D0%9D%D0%B0%D0%BB%D0%B8%D1%87%D0%BD%D0%BE%D1%81%D1%82-%D0%92+%D0%BD%D0%B0%D0%BB%D0%B8%D1%87%D0%BD%D0%BE%D1%81%D1%82&order=product.price.desc HTTP/2.0" 200 21795 "-" "Mozilla/5.0 AppleWebKit/537.36 (KHTML, like Gecko; compatible; bingbot/2.0; +http://www.bing.com/bingbot.htm) Chrome/116.0.1938.76 Safari/537.36"
217.113.194.107 - - [13/Oct/2025:00:56:42 +0200] "GET /en/13-artist?q=Categories-NEW+JEANS-RIIZE-RED+VELVET&page=18 HTTP/1.1" 200 19886 "-" "Mozilla/5.0 (compatible; Barkrowler/0.9; +https://babbar.tech/crawler)"
47.128.124.231 - - [13/Oct/2025:00:56:57 +0200] "GET /bg/13-artisti?SubmitCurrency=1&id_currency=2&q=%D0%9A%D0%B0%D1%82%D0%B5%D0%B3%D0%BE%D1%80%D0%B8%D0%B8-AESPA-ASTRO-KAI-LISA-NCT-TXT-NMIXX HTTP/2.0" 200 21429 "-" "Mozilla/5.0 (compatible; Bytespider; spider-feedback@bytedance.com) AppleWebKit/537.36 (KHTML, like Gecko) Chrome/70.0.0.0 Safari/537.36"
114.119.151.63 - - [13/Oct/2025:00:56:58 +0200] "GET /en/2-nachalo?SubmitCurrency=1&id_currency=1&q=Categories-ALBUM-ARTIST/Availability-In%2Bstock&page=8 HTTP/1.1" 200 16073 "https://kpopbg.com/en/2-nachalo?SubmitCurrency=1&id_currency=1&q=Categories-ALBUM-ARTIST/Availability-In%2Bstock&page=8" "Mozilla/5.0 (Linux; Android 7.0;) AppleWebKit/537.36 (KHTML, like Gecko) Mobile Safari/537.36 (compatible; PetalBot;+https://webmaster.petalsearch.com/site/petalbot)"
217.113.194.111 - - [13/Oct/2025:00:57:00 +0200] "GET /en/13-artist?q=Categories-NEW+JEANS-RIIZE-RED+VELVET&page=19 HTTP/1.1" 200 19854 "-" "Mozilla/5.0 (compatible; Barkrowler/0.9; +https://babbar.tech/crawler)"
40.77.167.14 - - [13/Oct/2025:00:57:05 +0200] "GET /bg/13-artisti?q=%D0%9A%D0%B0%D1%82%D0%B5%D0%B3%D0%BE%D1%80%D0%B8%D0%B8-AESPA-ASTRO-BLACKPINK-ITZY-JISOO-KAI-NCT-NCT+DREAM-NMIXX-STAYC-JEON+SOMI/%D0%9D%D0%B0%D0%BB%D0%B8%D1%87%D0%BD%D0%BE%D1%81%D1%82-%D0%92+%D0%BD%D0%B0%D0%BB%D0%B8%D1%87%D0%BD%D0%BE%D1%81%D1%82-%D0%9D%D1%8F%D0%BC%D0%B0+%D0%BD%D0%B0%D0%BB%D0%B8%D1%87%D0%BD%D0%BE%D1%81%D1%82 HTTP/2.0" 200 21689 "-" "Mozilla/5.0 AppleWebKit/537.36 (KHTML, like Gecko; compatible; bingbot/2.0; +http://www.bing.com/bingbot.htm) Chrome/116.0.1938.76 Safari/537.36"
40.77.167.14 - - [13/Oct/2025:00:57:06 +0200] "GET /bg/13-artisti?q=%D0%9A%D0%B0%D1%82%D0%B5%D0%B3%D0%BE%D1%80%D0%B8%D0%B8-AESPA-BABYMONSTER-BOYNEXTDOOR-ENHYPEN-ILLIT-ITZY-JIHYO-KAI-LISA-NAYEON+%28TWICE%29-NMIXX-SEVENTEEN-STAYC-TREASURE-TWICE-WayV-ZEROBASEONE-BTS HTTP/2.0" 200 21564 "-" "Mozilla/5.0 AppleWebKit/537.36 (KHTML, like Gecko; compatible; bingbot/2.0; +http://www.bing.com/bingbot.htm) Chrome/116.0.1938.76 Safari/537.36"
40.77.167.14 - - [13/Oct/2025:00:57:06 +0200] "GET /bg/13-artisti?q=%D0%9A%D0%B0%D1%82%D0%B5%D0%B3%D0%BE%D1%80%D0%B8%D0%B8-ATEEZ-BABYMONSTER-BOYNEXTDOOR-Dreamcatcher-ILLIT-IVE-Jin+%28BTS%29-Kep1er-NEW+JEANS-NMIXX-RIIZE-SEVENTEEN-STAYC-STRAYKIDS-TXT-WayV-ZEROBASEONE-GOT+THE+BEAT HTTP/2.0" 200 21654 "-" "Mozilla/5.0 AppleWebKit/537.36 (KHTML, like Gecko; compatible; bingbot/2.0; +http://www.bing.com/bingbot.htm) Chrome/116.0.1938.76 Safari/537.36"
40.77.167.14 - - [13/Oct/2025:00:57:08 +0200] "GET /bg/13-artisti?q=%D0%9A%D0%B0%D1%82%D0%B5%D0%B3%D0%BE%D1%80%D0%B8%D0%B8-AESPA-ATEEZ-BABYMONSTER-BOYNEXTDOOR-ENHYPEN-ILLIT-ITZY-IVE-JIHYO-Kep1er-LISA-RIIZE-TWICE-WayV-ZEROBASEONE-SEVENTEEN HTTP/2.0" 200 21488 "-" "Mozilla/5.0 AppleWebKit/537.36 (KHTML, like Gecko; compatible; bingbot/2.0; +http://www.bing.com/bingbot.htm) Chrome/116.0.1938.76 Safari/537.36"
52.167.144.227 - - [13/Oct/2025:00:57:10 +0200] "GET /bg/13-artisti?q=%D0%9A%D0%B0%D1%82%D0%B5%D0%B3%D0%BE%D1%80%D0%B8%D0%B8-ATEEZ-BLACKPINK-BOYNEXTDOOR-ENHYPEN-GOT+THE+BEAT-ILLIT-ITZY-IVE-JIHYO-Kep1er-NEW+JEANS-NMIXX-RIIZE-SEVENTEEN-TXT-WayV-ZEROBASEONE HTTP/2.0" 200 21531 "-" "Mozilla/5.0 AppleWebKit/537.36 (KHTML, like Gecko; compatible; bingbot/2.0; +http://www.bing.com/bingbot.htm) Chrome/116.0.1938.76 Safari/537.36"
52.167.144.227 - - [13/Oct/2025:00:57:10 +0200] "GET /en/13-artist?q=Categories-%28G%29I%5C-DLE-AESPA-BABYMONSTER-BLACKPINK-BOYNEXTDOOR-ENHYPEN-ILLIT-JIHYO-JIMIN+%28BTS%29-LISA-NAYEON+%28TWICE%29-NCT+DREAM-NEW+JEANS-NMIXX-RIIZE-SEVENTEEN-STRAYKIDS-TXT-WayV-ZEROBASEONE HTTP/2.0" 200 20006 "-" "Mozilla/5.0 AppleWebKit/537.36 (KHTML, like Gecko; compatible; bingbot/2.0; +http://www.bing.com/bingbot.htm) Chrome/116.0.1938.76 Safari/537.36"
40.77.167.0 - - [13/Oct/2025:00:57:11 +0200] "GET /en/13-artist?q=Categories-%28G%29I%5C-DLE-AESPA-BABYMONSTER-BLACKPINK-CHA+EUN+WOO+%28ASTRO%29-ILLIT-ITZY-JIHYO-JIMIN+%28BTS%29-LE+SSERAFIM-NCT+DREAM-NMIXX-ROSE+%28BLACKPINK%29-SEVENTEEN-TWICE-WayV-xikers-ZEROBASEONE-YEJI+%28ITZY%29 HTTP/2.0" 200 20039 "-" "Mozilla/5.0 AppleWebKit/537.36 (KHTML, like Gecko; compatible; bingbot/2.0; +http://www.bing.com/bingbot.htm) Chrome/116.0.1938.76 Safari/537.36"
52.167.144.227 - - [13/Oct/2025:00:57:11 +0200] "GET /bg/13-artisti?q=%D0%9A%D0%B0%D1%82%D0%B5%D0%B3%D0%BE%D1%80%D0%B8%D0%B8-ATEEZ-BABYMONSTER-BLACKPINK-BOYNEXTDOOR-ENHYPEN-GOT+THE+BEAT-ILLIT-JENNIE+%28BLACKPINK%29-JIHYO-JISOO+%28BLACKPINK%29-Kep1er-RIIZE-ROSE+%28BLACKPINK%29-SEVENTEEN-STAYC-STRAYKIDS-TREASURE-TWICE-WayV-ZEROBASEONE-JUNG+KOOK+%28BTS%29 HTTP/2.0" 200 21722 "-" "Mozilla/5.0 AppleWebKit/537.36 (KHTML, like Gecko; compatible; bingbot/2.0; +http://www.bing.com/bingbot.htm) Chrome/116.0.1938.76 Safari/537.36"
40.77.167.0 - - [13/Oct/2025:00:57:12 +0200] "GET /bg/13-artisti?q=%D0%9A%D0%B0%D1%82%D0%B5%D0%B3%D0%BE%D1%80%D0%B8%D0%B8-AESPA-BABYMONSTER-BLACKPINK-BOYNEXTDOOR-ENHYPEN-ILLIT-ITZY-JIHYO-KAI-LISA-NAYEON+%28TWICE%29-NEW+JEANS-NMIXX-SEVENTEEN-STAYC-TREASURE-TWICE-WayV-ZEROBASEONE-STRAYKIDS HTTP/2.0" 200 21669 "-" "Mozilla/5.0 AppleWebKit/537.36 (KHTML, like Gecko; compatible; bingbot/2.0; +http://www.bing.com/bingbot.htm) Chrome/116.0.1938.76 Safari/537.36"
40.77.167.0 - - [13/Oct/2025:00:57:13 +0200] "GET /en/13-artist?q=Categories-BABYMONSTER-ITZY-NMIXX-Tzuyu+%28TWICE%29-NCT+JAEHYUN&order=product.reference.asc HTTP/2.0" 200 19906 "-" "Mozilla/5.0 AppleWebKit/537.36 (KHTML, like Gecko; compatible; bingbot/2.0; +http://www.bing.com/bingbot.htm) Chrome/116.0.1938.76 Safari/537.36"
40.77.167.0 - - [13/Oct/2025:00:57:14 +0200] "GET /en/13-artist?q=Categories-ATEEZ-BABYMONSTER-BTS-ENHYPEN-ILLIT-ITZY-KAI-LISA-NMIXX-ZEROBASEONE-NCT HTTP/2.0" 200 19823 "-" "Mozilla/5.0 AppleWebKit/537.36 (KHTML, like Gecko; compatible; bingbot/2.0; +http://www.bing.com/bingbot.htm) Chrome/116.0.1938.76 Safari/537.36"
40.77.167.0 - - [13/Oct/2025:00:57:14 +0200] "GET /bg/13-artisti?q=%D0%9A%D0%B0%D1%82%D0%B5%D0%B3%D0%BE%D1%80%D0%B8%D0%B8-ATEEZ-BABYMONSTER-BLACKPINK-BOYNEXTDOOR-ENHYPEN-GOT+THE+BEAT-ILLIT-IVE-JENNIE+%28BLACKPINK%29-JIHYO-JISOO+%28BLACKPINK%29-NMIXX-P1Harmony-RIIZE-ROSE+%28BLACKPINK%29-SEVENTEEN-STAYC-STRAYKIDS-THE+BOYZ-TREASURE-TWICE-WayV-ZEROBASEONE-Kep1er HTTP/2.0" 200 21745 "-" "Mozilla/5.0 AppleWebKit/537.36 (KHTML, like Gecko; compatible; bingbot/2.0; +http://www.bing.com/bingbot.htm) Chrome/116.0.1938.76 Safari/537.36"
217.113.194.247 - - [13/Oct/2025:00:57:18 +0200] "GET /en/13-artist?q=Categories-NEW+JEANS-RIIZE-RED+VELVET&page=4 HTTP/1.1" 200 20026 "-" "Mozilla/5.0 (compatible; Barkrowler/0.9; +https://babbar.tech/crawler)"
40.77.167.0 - - [13/Oct/2025:00:57:31 +0200] "GET /en/13-artist?q=%D0%9A%D0%B0%D1%82%D0%B5%D0%B3%D0%BE%D1%80%D0%B8%D0%B8-AESPA-ASTRO-ATEEZ-BABYMONSTER-BLACKPINK-BOYNEXTDOOR-ENHYPEN-ILLIT-ITZY-JIHYO-KAI-LISA-NMIXX-P1Harmony-SEVENTEEN-TWICE-TXT-ZEROBASEONE-STRAYKIDS HTTP/2.0" 200 19984 "-" "Mozilla/5.0 AppleWebKit/537.36 (KHTML, like Gecko; compatible; bingbot/2.0; +http://www.bing.com/bingbot.htm) Chrome/116.0.1938.76 Safari/537.36"
40.77.167.0 - - [13/Oct/2025:00:57:32 +0200] "GET /bg/13-artisti?q=%D0%9A%D0%B0%D1%82%D0%B5%D0%B3%D0%BE%D1%80%D0%B8%D0%B8-AESPA-ASTRO-BLACKPINK-ENHYPEN-GOT+THE+BEAT-ITZY-IVE-JISOO-JUNG+KOOK+%28BTS%29-NCT-NCT+127-NEW+JEANS-STAYC-STRAYKIDS-TREASURE-TWICE-TXT/%D0%9C%D0%B0%D1%80%D0%BA%D0%B0-BELIFT+LAB HTTP/2.0" 200 21690 "-" "Mozilla/5.0 AppleWebKit/537.36 (KHTML, like Gecko; compatible; bingbot/2.0; +http://www.bing.com/bingbot.htm) Chrome/116.0.1938.76 Safari/537.36"
217.113.194.106 - - [13/Oct/2025:00:57:35 +0200] "GET /en/13-artist?q=Categories-NEW+JEANS-NMIXX-ENHYPEN&page=18 HTTP/1.1" 200 19879 "-" "Mozilla/5.0 (compatible; Barkrowler/0.9; +https://babbar.tech/crawler)"
52.167.144.227 - - [13/Oct/2025:00:57:40 +0200] "GET /bg/13-artisti?q=%D0%9A%D0%B0%D1%82%D0%B5%D0%B3%D0%BE%D1%80%D0%B8%D0%B8-AESPA-ASTRO-ATEEZ-ENHYPEN-ITZY-IVE-KAI-NCT-NMIXX-STAYC-STRAYKIDS/%D0%9D%D0%B0%D0%BB%D0%B8%D1%87%D0%BD%D0%BE%D1%81%D1%82-%D0%92+%D0%BD%D0%B0%D0%BB%D0%B8%D1%87%D0%BD%D0%BE%D1%81%D1%82/%D0%9C%D0%B0%D1%80%D0%BA%D0%B0-HIGHUP+ENTERTAINMENT HTTP/2.0" 200 21686 "-" "Mozilla/5.0 AppleWebKit/537.36 (KHTML, like Gecko; compatible; bingbot/2.0; +http://www.bing.com/bingbot.htm) Chrome/116.0.1938.76 Safari/537.36"
40.77.167.0 - - [13/Oct/2025:00:57:45 +0200] "GET /en/13-artist?q=Categories-AESPA-ATEEZ-BABYMONSTER-BLACKPINK-BTS-ENHYPEN-ILLIT-NCT-SEVENTEEN-STRAYKIDS-TREASURE-ZEROBASEONE-BOYNEXTDOOR HTTP/2.0" 200 19884 "-" "Mozilla/5.0 AppleWebKit/537.36 (KHTML, like Gecko; compatible; bingbot/2.0; +http://www.bing.com/bingbot.htm) Chrome/116.0.1938.76 Safari/537.36"
47.128.42.46 - - [13/Oct/2025:00:57:46 +0200] "GET /bg/13-artisti?SubmitCurrency=1&id_currency=2&q=%D0%9A%D0%B0%D1%82%D0%B5%D0%B3%D0%BE%D1%80%D0%B8%D0%B8-ITZY-JIHYO-NEW+JEANS-TXT-NCT+127 HTTP/2.0" 200 21426 "-" "Mozilla/5.0 (compatible; Bytespider; spider-feedback@bytedance.com) AppleWebKit/537.36 (KHTML, like Gecko) Chrome/70.0.0.0 Safari/537.36"
217.113.194.110 - - [13/Oct/2025:00:57:52 +0200] "GET /en/13-artist?q=Categories-NEW+JEANS-NMIXX-ENHYPEN&page=19 HTTP/1.1" 200 19833 "-" "Mozilla/5.0 (compatible; Barkrowler/0.9; +https://babbar.tech/crawler)"
40.77.167.14 - - [13/Oct/2025:00:58:05 +0200] "GET /bg/13-artisti?q=%D0%9A%D0%B0%D1%82%D0%B5%D0%B3%D0%BE%D1%80%D0%B8%D0%B8-AESPA-ATEEZ-BABYMONSTER-BLACKPINK-BOYNEXTDOOR-ENHYPEN-GOT+THE+BEAT-ILLIT-IVE-Kep1er-NEW+JEANS-RIIZE-ROSE+%28BLACKPINK%29-SEVENTEEN-STAYC-TWICE-WayV-ZEROBASEONE-TREASURE HTTP/2.0" 200 21637 "-" "Mozilla/5.0 AppleWebKit/537.36 (KHTML, like Gecko; compatible; bingbot/2.0; +http://www.bing.com/bingbot.htm) Chrome/116.0.1938.76 Safari/537.36"
198.44.130.67 - - [13/Oct/2025:00:58:07 +0200] "GET /wp-content/backup/web.tar.gz HTTP/2.0" 404 77101 "-" "Mozilla/5.0 (Windows NT 10.0; Win64; x64; rv:133.0) Gecko/20100101 Firefox/133.0"
40.77.167.14 - - [13/Oct/2025:00:58:07 +0200] "GET /bg/13-artisti?q=%D0%9A%D0%B0%D1%82%D0%B5%D0%B3%D0%BE%D1%80%D0%B8%D0%B8-ATEEZ-BABYMONSTER-BLACKPINK-BOYNEXTDOOR-ENHYPEN-GOT+THE+BEAT-ILLIT-IVE-JIHYO-LISA-NCT+127-NMIXX-RIIZE-SEVENTEEN-STRAYKIDS-TWICE-WayV-ZEROBASEONE-KISS+OF+LIFE HTTP/2.0" 200 21655 "-" "Mozilla/5.0 AppleWebKit/537.36 (KHTML, like Gecko; compatible; bingbot/2.0; +http://www.bing.com/bingbot.htm) Chrome/116.0.1938.76 Safari/537.36"
40.77.167.14 - - [13/Oct/2025:00:58:08 +0200] "GET /bg/13-artisti?q=%D0%9A%D0%B0%D1%82%D0%B5%D0%B3%D0%BE%D1%80%D0%B8%D0%B8-ATEEZ-BABYMONSTER-BLACKPINK-BOYNEXTDOOR-ENHYPEN-GOT+THE+BEAT-ILLIT-ITZY-IVE-JENNIE+%28BLACKPINK%29-JIHYO-LISA+%28BLACKPINK%29-NMIXX-RIIZE-ROSE+%28BLACKPINK%29-SEVENTEEN-STRAYKIDS-TREASURE-TWICE-WayV-ZEROBASEONE-P1Harmony HTTP/2.0" 200 21716 "-" "Mozilla/5.0 AppleWebKit/537.36 (KHTML, like Gecko; compatible; bingbot/2.0; +http://www.bing.com/bingbot.htm) Chrome/116.0.1938.76 Safari/537.36"
40.77.167.14 - - [13/Oct/2025:00:58:09 +0200] "GET /en/13-artist?q=Categories-%28G%29I%5C-DLE-AESPA-ATEEZ-BABYMONSTER-BLACKPINK-BTS-ENHYPEN-ILLIT-ITZY-JIHYO-KAI-Kep1er-LISA-NMIXX-RM+%28BTS%29-ROSE+%28BLACKPINK%29-SEVENTEEN-TWICE-TXT-WayV-ZEROBASEONE-NCT+DOYOUNG&order=product.reference.asc HTTP/2.0" 200 20136 "-" "Mozilla/5.0 AppleWebKit/537.36 (KHTML, like Gecko; compatible; bingbot/2.0; +http://www.bing.com/bingbot.htm) Chrome/116.0.1938.76 Safari/537.36"
217.113.194.224 - - [13/Oct/2025:00:58:10 +0200] "GET /en/13-artist?q=Categories-NEW+JEANS-NMIXX-ENHYPEN&page=4 HTTP/1.1" 200 20005 "-" "Mozilla/5.0 (compatible; Barkrowler/0.9; +https://babbar.tech/crawler)"
40.77.167.0 - - [13/Oct/2025:00:58:11 +0200] "GET /bg/13-artisti?q=%D0%9A%D0%B0%D1%82%D0%B5%D0%B3%D0%BE%D1%80%D0%B8%D0%B8-ASTRO-ATEEZ-ENHYPEN-JISOO-KAI-NCT-NMIXX-STAYC-STRAYKIDS-ITZY/%D0%9D%D0%B0%D0%BB%D0%B8%D1%87%D0%BD%D0%BE%D1%81%D1%82-%D0%92+%D0%BD%D0%B0%D0%BB%D0%B8%D1%87%D0%BD%D0%BE%D1%81%D1%82 HTTP/2.0" 200 21562 "-" "Mozilla/5.0 AppleWebKit/537.36 (KHTML, like Gecko; compatible; bingbot/2.0; +http://www.bing.com/bingbot.htm) Chrome/116.0.1938.76 Safari/537.36"
114.119.128.20 - - [13/Oct/2025:00:58:21 +0200] "GET /en/2-nachalo?SubmitCurrency=1&id_currency=1&order=product.name.desc&page=9 HTTP/1.1" 200 15999 "https://kpopbg.com/en/2-nachalo?SubmitCurrency=1&id_currency=1&order=product.name.desc&page=9" "Mozilla/5.0 (Linux; Android 7.0;) AppleWebKit/537.36 (KHTML, like Gecko) Mobile Safari/537.36 (compatible; PetalBot;+https://webmaster.petalsearch.com/site/petalbot)"
217.113.194.247 - - [13/Oct/2025:00:58:27 +0200] "GET /en/13-artist?q=Categories-NEW+JEANS-NAYEON+%28TWICE%29&page=2 HTTP/1.1" 200 19806 "-" "Mozilla/5.0 (compatible; Barkrowler/0.9; +https://babbar.tech/crawler)"
52.167.144.227 - - [13/Oct/2025:00:58:29 +0200] "GET /bg/13-artisti?q=%D0%9A%D0%B0%D1%82%D0%B5%D0%B3%D0%BE%D1%80%D0%B8%D0%B8-AESPA-ATEEZ-BABYMONSTER-BLACKPINK-BOYNEXTDOOR-ENHYPEN-ILLIT-ITZY-KAI-KISS+OF+LIFE-LISA-NMIXX-STRAYKIDS-ZEROBASEONE-IVE HTTP/2.0" 200 21499 "-" "Mozilla/5.0 AppleWebKit/537.36 (KHTML, like Gecko; compatible; bingbot/2.0; +http://www.bing.com/bingbot.htm) Chrome/116.0.1938.76 Safari/537.36"
52.167.144.227 - - [13/Oct/2025:00:58:30 +0200] "GET /en/13-artist?q=Categories-AESPA-BABYMONSTER-BTS-ENHYPEN-ILLIT-LISA-NMIXX-P1Harmony-STRAYKIDS-TWICE-TXT-ZEROBASEONE-ITZY HTTP/2.0" 200 19861 "-" "Mozilla/5.0 AppleWebKit/537.36 (KHTML, like Gecko; compatible; bingbot/2.0; +http://www.bing.com/bingbot.htm) Chrome/116.0.1938.76 Safari/537.36"
52.167.144.227 - - [13/Oct/2025:00:58:31 +0200] "GET /en/13-artist?q=Categories-AESPA-BTS-ILLIT-NMIXX HTTP/2.0" 200 19708 "-" "Mozilla/5.0 AppleWebKit/537.36 (KHTML, like Gecko; compatible; bingbot/2.0; +http://www.bing.com/bingbot.htm) Chrome/116.0.1938.76 Safari/537.36"
47.128.126.16 - - [13/Oct/2025:00:58:35 +0200] "GET /bg/13-artisti?SubmitCurrency=1&id_currency=2&q=%D0%9A%D0%B0%D1%82%D0%B5%D0%B3%D0%BE%D1%80%D0%B8%D0%B8-ASTRO-IVE-TREASURE-TXT-KAI HTTP/2.0" 200 21403 "-" "Mozilla/5.0 (compatible; Bytespider; spider-feedback@bytedance.com) AppleWebKit/537.36 (KHTML, like Gecko) Chrome/70.0.0.0 Safari/537.36"
217.113.194.102 - - [13/Oct/2025:00:58:44 +0200] "GET /en/13-artist?q=Categories-NEW+JEANS-SEVENTEEN-NCT+127&page=20 HTTP/1.1" 200 18159 "-" "Mozilla/5.0 (compatible; Barkrowler/0.9; +https://babbar.tech/crawler)"
40.77.167.0 - - [13/Oct/2025:00:58:46 +0200] "GET /bg/13-artisti?q=%D0%9A%D0%B0%D1%82%D0%B5%D0%B3%D0%BE%D1%80%D0%B8%D0%B8-BABYMONSTER-BLACKPINK-BOYNEXTDOOR-ENHYPEN-GOT+THE+BEAT-ILLIT-JIHYO-LISA-NMIXX-RIIZE-STRAYKIDS-TREASURE-TWICE-WayV-ZEROBASEONE-Tzuyu+%28TWICE%29 HTTP/2.0" 200 21532 "-" "Mozilla/5.0 AppleWebKit/537.36 (KHTML, like Gecko; compatible; bingbot/2.0; +http://www.bing.com/bingbot.htm) Chrome/116.0.1938.76 Safari/537.36"
217.113.194.104 - - [13/Oct/2025:00:59:02 +0200] "GET /en/13-artist?q=Categories-NEW+JEANS-TREASURE-ENHYPEN&page=4 HTTP/1.1" 200 20013 "-" "Mozilla/5.0 (compatible; Barkrowler/0.9; +https://babbar.tech/crawler)"
66.249.66.14 - - [13/Oct/2025:00:59:02 +0200] "GET /robots.txt HTTP/1.1" 404 11734 "-" "Mozilla/5.0 (compatible; Googlebot/2.1; +http://www.google.com/bot.html)"
66.249.66.15 - - [13/Oct/2025:00:59:02 +0200] "GET /bg/nachalo/358-pre-order-babymonster-we-go-up-we-ver-2nd-mini-album--8800331139361 HTTP/1.1" 200 18164 "-" "Mozilla/5.0 (Linux; Android 6.0.1; Nexus 5X Build/MMB29P) AppleWebKit/537.36 (KHTML, like Gecko) Chrome/140.0.7339.207 Mobile Safari/537.36 (compatible; Googlebot/2.1; +http://www.google.com/bot.html)"
217.113.194.224 - - [13/Oct/2025:00:59:20 +0200] "GET /en/13-artist?q=Categories-NEW+JEANS-TREASURE&order=product.price.asc HTTP/1.1" 200 19798 "-" "Mozilla/5.0 (compatible; Barkrowler/0.9; +https://babbar.tech/crawler)"
52.167.144.227 - - [13/Oct/2025:00:59:20 +0200] "GET /bg/13-artisti?q=%D0%9A%D0%B0%D1%82%D0%B5%D0%B3%D0%BE%D1%80%D0%B8%D0%B8-ATEEZ-BABYMONSTER-BLACKPINK-BOYNEXTDOOR-ENHYPEN-GOT+THE+BEAT-ILLIT-ITZY-IVE-JENNIE+%28BLACKPINK%29-JIHYO-LISA+%28BLACKPINK%29-NMIXX-RIIZE-ROSE+%28BLACKPINK%29-SEVENTEEN-STAYC-STRAYKIDS-THE+BOYZ-TREASURE-TWICE-WayV-ZEROBASEONE-NCT+DREAM HTTP/2.0" 200 21741 "-" "Mozilla/5.0 AppleWebKit/537.36 (KHTML, like Gecko; compatible; bingbot/2.0; +http://www.bing.com/bingbot.htm) Chrome/116.0.1938.76 Safari/537.36"
40.77.167.0 - - [13/Oct/2025:00:59:21 +0200] "GET /bg/13-artisti?q=%D0%9A%D0%B0%D1%82%D0%B5%D0%B3%D0%BE%D1%80%D0%B8%D0%B8-AESPA-ATEEZ-BLACKPINK-BTS-ENHYPEN-NMIXX-STAYC-TWICE-STRAYKIDS/%D0%9D%D0%B0%D0%BB%D0%B8%D1%87%D0%BD%D0%BE%D1%81%D1%82-%D0%92+%D0%BD%D0%B0%D0%BB%D0%B8%D1%87%D0%BD%D0%BE%D1%81%D1%82 HTTP/2.0" 200 21554 "-" "Mozilla/5.0 AppleWebKit/537.36 (KHTML, like Gecko; compatible; bingbot/2.0; +http://www.bing.com/bingbot.htm) Chrome/116.0.1938.76 Safari/537.36"
40.77.167.0 - - [13/Oct/2025:00:59:22 +0200] "GET /bg/13-artisti?q=%D0%9A%D0%B0%D1%82%D0%B5%D0%B3%D0%BE%D1%80%D0%B8%D0%B8-ATEEZ-BABYMONSTER-ENHYPEN-ILLIT-IVE-JIHYO-LISA-NMIXX-RIIZE-SEVENTEEN-STRAYKIDS-TWICE-TXT-V+%28BTS%29-WayV-ZEROBASEONE HTTP/2.0" 200 21516 "-" "Mozilla/5.0 AppleWebKit/537.36 (KHTML, like Gecko; compatible; bingbot/2.0; +http://www.bing.com/bingbot.htm) Chrome/116.0.1938.76 Safari/537.36"
47.128.46.5 - - [13/Oct/2025:00:59:23 +0200] "GET /en/13-artist?order=product.reference.desc&q=Categories-NEW+JEANS-NCT+JAEHYUN HTTP/2.0" 200 19787 "-" "Mozilla/5.0 (compatible; Bytespider; spider-feedback@bytedance.com) AppleWebKit/537.36 (KHTML, like Gecko) Chrome/70.0.0.0 Safari/537.36"
217.113.194.106 - - [13/Oct/2025:00:59:37 +0200] "GET /en/13-artist?q=Categories-NEW+JEANS-TXT&order=product.reference.asc&page=15 HTTP/1.1" 200 19933 "-" "Mozilla/5.0 (compatible; Barkrowler/0.9; +https://babbar.tech/crawler)"
52.167.144.227 - - [13/Oct/2025:00:59:40 +0200] "GET /bg/13-artisti?q=%D0%9A%D0%B0%D1%82%D0%B5%D0%B3%D0%BE%D1%80%D0%B8%D0%B8-AESPA-BABYMONSTER-BOYNEXTDOOR-BTS-ENHYPEN-GOT+THE+BEAT-ILLIT-ITZY-KAI-LE+SSERAFIM-LISA-NMIXX-P1Harmony-RIIZE-RM+%28BTS%29-SEVENTEEN-TXT-XDINARY+HEROES-ZEROBASEONE-JISOO+%28BLACKPINK%29 HTTP/2.0" 200 21701 "-" "Mozilla/5.0 AppleWebKit/537.36 (KHTML, like Gecko; compatible; bingbot/2.0; +http://www.bing.com/bingbot.htm) Chrome/116.0.1938.76 Safari/537.36"
52.167.144.227 - - [13/Oct/2025:00:59:41 +0200] "GET /bg/13-artisti?q=%D0%9A%D0%B0%D1%82%D0%B5%D0%B3%D0%BE%D1%80%D0%B8%D0%B8-ATEEZ-BABYMONSTER-BLACKPINK-BOYNEXTDOOR-ENHYPEN-GOT+THE+BEAT-ILLIT-IVE-JIHYO-LE+SSERAFIM-NCT+DOYOUNG-RIIZE-ROSE+%28BLACKPINK%29-SEVENTEEN-TXT-WayV-ZEROBASEONE-KISS+OF+LIFE HTTP/2.0" 200 21692 "-" "Mozilla/5.0 AppleWebKit/537.36 (KHTML, like Gecko; compatible; bingbot/2.0; +http://www.bing.com/bingbot.htm) Chrome/116.0.1938.76 Safari/537.36"
40.77.167.0 - - [13/Oct/2025:00:59:41 +0200] "GET /bg/13-artisti?q=%D0%9A%D0%B0%D1%82%D0%B5%D0%B3%D0%BE%D1%80%D0%B8%D0%B8-AESPA-ATEEZ-BABYMONSTER-BOYNEXTDOOR-ENHYPEN-GOT+THE+BEAT-KISS+OF+LIFE-LISA-NAYEON+%28TWICE%29-NMIXX-RIIZE-TXT-WayV-ZEROBASEONE HTTP/2.0" 200 21524 "-" "Mozilla/5.0 AppleWebKit/537.36 (KHTML, like Gecko; compatible; bingbot/2.0; +http://www.bing.com/bingbot.htm) Chrome/116.0.1938.76 Safari/537.36"
52.167.144.227 - - [13/Oct/2025:00:59:42 +0200] "GET /bg/13-artisti?q=%D0%9A%D0%B0%D1%82%D0%B5%D0%B3%D0%BE%D1%80%D0%B8%D0%B8-AESPA-ATEEZ-BLACKPINK-BOYNEXTDOOR-ENHYPEN-ILLIT-IVE-JIHYO-LE+SSERAFIM-LISA-NMIXX-RIIZE-SEVENTEEN-TWICE-TXT-WayV-ZEROBASEONE-JUNG+KOOK+%28BTS%29 HTTP/2.0" 200 21569 "-" "Mozilla/5.0 AppleWebKit/537.36 (KHTML, like Gecko; compatible; bingbot/2.0; +http://www.bing.com/bingbot.htm) Chrome/116.0.1938.76 Safari/537.36"
114.119.133.146 - - [13/Oct/2025:00:59:45 +0200] "GET /en/19-twice?order=product.price.asc HTTP/1.1" 200 15354 "https://kpopbg.com/en/19-twice?order=product.name.asc" "Mozilla/5.0 (Linux; Android 7.0;) AppleWebKit/537.36 (KHTML, like Gecko) Mobile Safari/537.36 (compatible; PetalBot;+https://webmaster.petalsearch.com/site/petalbot)"
40.77.167.0 - - [13/Oct/2025:00:59:51 +0200] "GET /936-large_default/pre-order-bts-permission-to-dance-on-stage-seoul-digital-code.jpg HTTP/2.0" 404 11849 "-" "Mozilla/5.0 AppleWebKit/537.36 (KHTML, like Gecko; compatible; bingbot/2.0; +http://www.bing.com/bingbot.htm) Chrome/116.0.1938.76 Safari/537.36"
217.113.194.102 - - [13/Oct/2025:00:59:55 +0200] "GET /en/13-artist?q=Categories-NEW+JEANS-TXT&order=product.reference.desc&page=18 HTTP/1.1" 200 19780 "-" "Mozilla/5.0 (compatible; Barkrowler/0.9; +https://babbar.tech/crawler)"
40.77.167.0 - - [13/Oct/2025:01:00:01 +0200] "GET /bg/13-artisti?q=%D0%9A%D0%B0%D1%82%D0%B5%D0%B3%D0%BE%D1%80%D0%B8%D0%B8-AESPA-ATEEZ-BTS-ENHYPEN-ITZY-IVE-JISOO-KAI-LISA-NCT-NMIXX/%D0%9D%D0%B0%D0%BB%D0%B8%D1%87%D0%BD%D0%BE%D1%81%D1%82-%D0%92+%D0%BD%D0%B0%D0%BB%D0%B8%D1%87%D0%BD%D0%BE%D1%81%D1%82 HTTP/2.0" 200 21561 "-" "Mozilla/5.0 AppleWebKit/537.36 (KHTML, like Gecko; compatible; bingbot/2.0; +http://www.bing.com/bingbot.htm) Chrome/116.0.1938.76 Safari/537.36"
47.128.30.25 - - [13/Oct/2025:01:00:12 +0200] "GET /bg/13-artisti?SubmitCurrency=1&id_currency=2&order=product.sales.desc&q=%D0%9A%D0%B0%D1%82%D0%B5%D0%B3%D0%BE%D1%80%D0%B8%D0%B8-ASTRO-BLACKPINK-CHA+EUN+WOO+%28ASTRO%29-GOT+THE+BEAT-ITZY-TXT-LISA HTTP/2.0" 200 17620 "-" "Mozilla/5.0 (compatible; Bytespider; spider-feedback@bytedance.com) AppleWebKit/537.36 (KHTML, like Gecko) Chrome/70.0.0.0 Safari/537.36"
217.113.194.111 - - [13/Oct/2025:01:00:12 +0200] "GET /en/13-artist?q=Categories-NEW+JEANS-TXT&order=product.reference.desc&page=4 HTTP/1.1" 200 19633 "-" "Mozilla/5.0 (compatible; Barkrowler/0.9; +https://babbar.tech/crawler)"
52.167.144.227 - - [13/Oct/2025:01:00:12 +0200] "GET /bg/13-artisti?q=%D0%9A%D0%B0%D1%82%D0%B5%D0%B3%D0%BE%D1%80%D0%B8%D0%B8-ATEEZ-BABYMONSTER-BOYNEXTDOOR-ENHYPEN-GOT+THE+BEAT-ILLIT-IVE-JIHYO-LISA-NMIXX-RIIZE-ROSE+%28BLACKPINK%29-SEVENTEEN-STRAYKIDS-TXT-V+%28BTS%29-ZEROBASEONE-WayV HTTP/2.0" 200 21585 "-" "Mozilla/5.0 AppleWebKit/537.36 (KHTML, like Gecko; compatible; bingbot/2.0; +http://www.bing.com/bingbot.htm) Chrome/116.0.1938.76 Safari/537.36"
52.167.144.227 - - [13/Oct/2025:01:00:13 +0200] "GET /en/13-artist?q=Categories-BOYNEXTDOOR-xikers-ITZY&order=product.position.asc HTTP/2.0" 200 19574 "-" "Mozilla/5.0 AppleWebKit/537.36 (KHTML, like Gecko; compatible; bingbot/2.0; +http://www.bing.com/bingbot.htm) Chrome/116.0.1938.76 Safari/537.36"
40.77.167.14 - - [13/Oct/2025:01:00:14 +0200] "GET /bg/13-artisti?q=%D0%9A%D0%B0%D1%82%D0%B5%D0%B3%D0%BE%D1%80%D0%B8%D0%B8-AESPA-ENHYPEN-JIHYO-JISOO-KAI-NCT-NMIXX-STAYC-STRAYKIDS-BLACKPINK/%D0%9D%D0%B0%D0%BB%D0%B8%D1%87%D0%BD%D0%BE%D1%81%D1%82-%D0%92+%D0%BD%D0%B0%D0%BB%D0%B8%D1%87%D0%BD%D0%BE%D1%81%D1%82 HTTP/2.0" 200 21602 "-" "Mozilla/5.0 AppleWebKit/537.36 (KHTML, like Gecko; compatible; bingbot/2.0; +http://www.bing.com/bingbot.htm) Chrome/116.0.1938.76 Safari/537.36"
40.77.167.14 - - [13/Oct/2025:01:00:15 +0200] "GET /en/13-artist?q=Categories-ATEEZ-BABYMONSTER-BOYNEXTDOOR-BTS-ENHYPEN-ILLIT-ITZY-JIHYO-JUNG+KOOK+%28BTS%29-KISS+OF+LIFE-LISA-NMIXX-RM+%28BTS%29-SEVENTEEN-TWICE-ZEROBASEONE HTTP/2.0" 200 19931 "-" "Mozilla/5.0 AppleWebKit/537.36 (KHTML, like Gecko; compatible; bingbot/2.0; +http://www.bing.com/bingbot.htm) Chrome/116.0.1938.76 Safari/537.36"
40.77.167.14 - - [13/Oct/2025:01:00:16 +0200] "GET /bg/13-artisti?q=%D0%9A%D0%B0%D1%82%D0%B5%D0%B3%D0%BE%D1%80%D0%B8%D0%B8-AESPA-BABYMONSTER-BLACKPINK-BOYNEXTDOOR-ENHYPEN-ILLIT-ITZY-JIHYO-KAI-LISA-NMIXX-RIIZE-SEVENTEEN-STAYC-TREASURE-TXT-XDINARY+HEROES-ZEROBASEONE-STRAYKIDS HTTP/2.0" 200 21634 "-" "Mozilla/5.0 AppleWebKit/537.36 (KHTML, like Gecko; compatible; bingbot/2.0; +http://www.bing.com/bingbot.htm) Chrome/116.0.1938.76 Safari/537.36"
64.42.180.122 - - [13/Oct/2025:01:00:17 +0200] "GET /wp-content/backup/web.zip HTTP/2.0" 404 77091 "-" "okhttp/4.12.0"
217.113.194.111 - - [13/Oct/2025:01:00:29 +0200] "GET /en/13-artist?q=Categories-NEW+JEANS-TXT&order=product.reference.desc&page=19 HTTP/1.1" 200 19767 "-" "Mozilla/5.0 (compatible; Barkrowler/0.9; +https://babbar.tech/crawler)"
40.77.167.14 - - [13/Oct/2025:01:00:34 +0200] "GET /bg/13-artisti?q=%D0%9A%D0%B0%D1%82%D0%B5%D0%B3%D0%BE%D1%80%D0%B8%D0%B8-AESPA-BABYMONSTER-BOYNEXTDOOR-ENHYPEN-GOT+THE+BEAT-ITZY-JIHYO-LISA-NEW+JEANS-NMIXX-P1Harmony-RIIZE-SEVENTEEN-STRAYKIDS-TREASURE-TWICE-WayV-ZEROBASEONE-NCT+WISH HTTP/2.0" 200 21662 "-" "Mozilla/5.0 AppleWebKit/537.36 (KHTML, like Gecko; compatible; bingbot/2.0; +http://www.bing.com/bingbot.htm) Chrome/116.0.1938.76 Safari/537.36"
