217.113.194.102 - - [13/Oct/2025:04:19:11 +0200] "GET /en/13-artist?order=product.name.asc&q=Categories-BTS-IVE-TXT&page=18 HTTP/1.1" 200 19466 "-" "Mozilla/5.0 (compatible; Barkrowler/0.9; +https://babbar.tech/crawler)"
217.113.194.105 - - [13/Oct/2025:04:19:29 +0200] "GET /en/13-artist?order=product.name.desc&q=Categories-TWICE-TXT-BTS&page=19 HTTP/1.1" 200 19499 "-" "Mozilla/5.0 (compatible; Barkrowler/0.9; +https://babbar.tech/crawler)"
40.77.167.27 - - [13/Oct/2025:04:19:30 +0200] "GET /bg/13-artisti?q=%D0%9A%D0%B0%D1%82%D0%B5%D0%B3%D0%BE%D1%80%D0%B8%D0%B8-BABYMONSTER-BLACKPINK-BOYNEXTDOOR-ENHYPEN-ILLIT-ITZY-NEW+JEANS-NMIXX-SEVENTEEN-STAYC-STRAYKIDS-TXT-WayV-ZEROBASEONE&page=20 HTTP/2.0" 200 19895 "-" "Mozilla/5.0 AppleWebKit/537.36 (KHTML, like Gecko; compatible; bingbot/2.0; +http://www.bing.com/bingbot.htm) Chrome/116.0.1938.76 Safari/537.36"
40.77.167.27 - - [13/Oct/2025:04:19:41 +0200] "GET /bg/13-artisti?q=%D0%9A%D0%B0%D1%82%D0%B5%D0%B3%D0%BE%D1%80%D0%B8%D0%B8-AESPA-BABYMONSTER-BLACKPINK-BTS-ENHYPEN-ILLIT-ITZY-JIHYO-KAI-Kep1er-LISA-NAYEON+%28TWICE%29-NMIXX-RIIZE-SEVENTEEN-TREASURE-TWICE-TXT-xikers-ZEROBASEONE HTTP/2.0" 200 21582 "-" "Mozilla/5.0 AppleWebKit/537.36 (KHTML, like Gecko; compatible; bingbot/2.0; +http://www.bing.com/bingbot.htm) Chrome/116.0.1938.76 Safari/537.36"
217.113.194.111 - - [13/Oct/2025:04:19:46 +0200] "GET /en/13-artist?order=product.name.desc&q=Categories-TWICE-TXT-BTS&page=18 HTTP/1.1" 200 19503 "-" "Mozilla/5.0 (compatible; Barkrowler/0.9; +https://babbar.tech/crawler)"
47.128.125.48 - - [13/Oct/2025:04:19:48 +0200] "GET /bg/13-artisti?SubmitCurrency=1&id_currency=1&order=product.name.asc&q=%D0%9A%D0%B0%D1%82%D0%B5%D0%B3%D0%BE%D1%80%D0%B8%D0%B8-ASTRO-JIHYO-JIMIN+%28BTS%29-TREASURE-TXT-ITZY HTTP/2.0" 200 21111 "-" "Mozilla/5.0 (compatible; Bytespider; spider-feedback@bytedance.com) AppleWebKit/537.36 (KHTML, like Gecko) Chrome/70.0.0.0 Safari/537.36"
40.77.167.254 - - [13/Oct/2025:04:19:50 +0200] "GET /bg/13-artisti?q=%D0%9A%D0%B0%D1%82%D0%B5%D0%B3%D0%BE%D1%80%D0%B8%D0%B8-AESPA-ATEEZ-BABYMONSTER-BOYNEXTDOOR-Dreamcatcher-ENHYPEN-GOT+THE+BEAT-ILLIT-IVE-JIHYO-LISA-NCT+JAEHYUN-NMIXX-RIIZE-SEVENTEEN-STRAYKIDS-TWICE-WayV-ZEROBASEONE-V+%28BTS%29&page=2 HTTP/2.0" 200 21721 "-" "Mozilla/5.0 AppleWebKit/537.36 (KHTML, like Gecko; compatible; bingbot/2.0; +http://www.bing.com/bingbot.htm) Chrome/116.0.1938.76 Safari/537.36"
40.77.167.254 - - [13/Oct/2025:04:19:50 +0200] "GET /bg/13-artisti?q=%D0%9A%D0%B0%D1%82%D0%B5%D0%B3%D0%BE%D1%80%D0%B8%D0%B8-AESPA-BABYMONSTER-BLACKPINK-BOYNEXTDOOR-ENHYPEN-ILLIT-ITZY-JIHYO-JUNG+KOOK+%28BTS%29-Kep1er-LISA-SEVENTEEN-TWICE-TXT-ZEROBASEONE HTTP/2.0" 200 21605 "-" "Mozilla/5.0 AppleWebKit/537.36 (KHTML, like Gecko; compatible; bingbot/2.0; +http://www.bing.com/bingbot.htm) Chrome/116.0.1938.76 Safari/537.36"
40.77.167.254 - - [13/Oct/2025:04:19:51 +0200] "GET /en/13-artist?q=Categories-ATEEZ-BABYMONSTER-BLACKPINK-BOYNEXTDOOR-ENHYPEN-ILLIT-ITZY-JIHYO-LISA-NMIXX-SEVENTEEN-TREASURE-TXT-ZEROBASEONE-JIMIN+%28BTS%29 HTTP/2.0" 200 19911 "-" "Mozilla/5.0 AppleWebKit/537.36 (KHTML, like Gecko; compatible; bingbot/2.0; +http://www.bing.com/bingbot.htm) Chrome/116.0.1938.76 Safari/537.36"
217.113.194.109 - - [13/Oct/2025:04:20:03 +0200] "GET /en/13-artist?order=product.name.desc&q=Categories-TWICE-TXT-BTS&page=4 HTTP/1.1" 200 19699 "-" "Mozilla/5.0 (compatible; Barkrowler/0.9; +https://babbar.tech/crawler)"
40.77.167.254 - - [13/Oct/2025:04:20:10 +0200] "GET /bg/13-artisti?q=%D0%9A%D0%B0%D1%82%D0%B5%D0%B3%D0%BE%D1%80%D0%B8%D0%B8-ATEEZ-BABYMONSTER-ILLIT-KAI-LISA-NCT-NMIXX-STRAYKIDS-ENHYPEN HTTP/2.0" 200 21411 "-" "Mozilla/5.0 AppleWebKit/537.36 (KHTML, like Gecko; compatible; bingbot/2.0; +http://www.bing.com/bingbot.htm) Chrome/116.0.1938.76 Safari/537.36"
217.113.194.104 - - [13/Oct/2025:04:20:19 +0200] "GET /en/13-artist?order=product.name.desc&q=Categories-TWICE-ENHYPEN&page=4 HTTP/1.1" 200 19697 "-" "Mozilla/5.0 (compatible; Barkrowler/0.9; +https://babbar.tech/crawler)"
114.119.128.20 - - [13/Oct/2025:04:20:23 +0200] "GET /en/13-artist?q=Categories-STRAYKIDS-TREASURE-ZEROBASEONE&order=product.position.asc&page=15 HTTP/1.1" 200 19561 "https://kpopbg.com/en/13-artist?q=Categories-STRAYKIDS-TREASURE-ZEROBASEONE&order=product.position.asc&page=17" "Mozilla/5.0 (Linux; Android 7.0;) AppleWebKit/537.36 (KHTML, like Gecko) Mobile Safari/537.36 (compatible; PetalBot;+https://webmaster.petalsearch.com/site/petalbot)"
47.128.19.194 - - [13/Oct/2025:04:20:37 +0200] "GET /en/13-artist?q=Categories-AESPA-ENHYPEN-KAI-STAYC-STRAYKIDS-TREASURE-V+%28BTS%29-NMIXX HTTP/2.0" 200 19764 "-" "Mozilla/5.0 (compatible; Bytespider; spider-feedback@bytedance.com) AppleWebKit/537.36 (KHTML, like Gecko) Chrome/70.0.0.0 Safari/537.36"
154.54.249.203 - - [13/Oct/2025:04:20:38 +0200] "GET /en/13-artist?order=product.name.desc&q=Categories-TWICE-ENHYPEN&page=19 HTTP/1.1" 200 19494 "-" "Mozilla/5.0 (compatible; Barkrowler/0.9; +https://babbar.tech/crawler)"
217.113.194.223 - - [13/Oct/2025:04:20:55 +0200] "GET /en/13-artist?order=product.name.desc&q=Categories-TWICE-ENHYPEN&page=18 HTTP/1.1" 200 19504 "-" "Mozilla/5.0 (compatible; Barkrowler/0.9; +https://babbar.tech/crawler)"
217.113.194.223 - - [13/Oct/2025:04:21:13 +0200] "GET /en/13-artist?order=product.name.desc&q=Categories-ENHYPEN-LISA&page=4 HTTP/1.1" 200 19701 "-" "Mozilla/5.0 (compatible; Barkrowler/0.9; +https://babbar.tech/crawler)"
54.254.108.206 - - [13/Oct/2025:04:21:14 +0200] "GET /747-home_default/pre-order-jennie-blackpink-ruby-photobook.jpg HTTP/1.1" 404 10703 "-" "Mozilla/5.0 (compatible; crawler)"
57.141.4.25 - - [13/Oct/2025:04:21:20 +0200] "GET /en/57-doyoung-nct HTTP/2.0" 200 94890 "-" "meta-externalagent/1.1 (+https://developers.facebook.com/docs/sharing/webmasters/crawler)"
47.128.63.213 - - [13/Oct/2025:04:21:25 +0200] "GET /bg/13-artisti?q=%D0%9A%D0%B0%D1%82%D0%B5%D0%B3%D0%BE%D1%80%D0%B8%D0%B8-CHA+EUN+WOO+%28ASTRO%29-ITZY-TWICE-TXT-JIHYO HTTP/2.0" 200 21403 "-" "Mozilla/5.0 (compatible; Bytespider; spider-feedback@bytedance.com) AppleWebKit/537.36 (KHTML, like Gecko) Chrome/70.0.0.0 Safari/537.36"
217.113.194.224 - - [13/Oct/2025:04:21:29 +0200] "GET /en/13-artist?order=product.name.desc&q=Categories-ENHYPEN-LISA&page=19 HTTP/1.1" 200 19498 "-" "Mozilla/5.0 (compatible; Barkrowler/0.9; +https://babbar.tech/crawler)"
217.113.194.102 - - [13/Oct/2025:04:21:46 +0200] "GET /en/13-artist?order=product.name.desc&q=Categories-ENHYPEN-LISA&page=18 HTTP/1.1" 200 19512 "-" "Mozilla/5.0 (compatible; Barkrowler/0.9; +https://babbar.tech/crawler)"
114.119.128.20 - - [13/Oct/2025:04:21:47 +0200] "GET /en/13-artist?q=Categories-STRAYKIDS-TREASURE-V%2B(BTS)&order=product.reference.asc HTTP/1.1" 200 19873 "https://kpopbg.com/en/13-artist?q=Categories-STRAYKIDS-TREASURE-V%2B(BTS)&order=product.reference.asc" "Mozilla/5.0 (Linux; Android 7.0;) AppleWebKit/537.36 (KHTML, like Gecko) Mobile Safari/537.36 (compatible; PetalBot;+https://webmaster.petalsearch.com/site/petalbot)"
154.54.249.203 - - [13/Oct/2025:04:22:03 +0200] "GET /en/13-artist?order=product.name.desc&q=Categories-ENHYPEN-ATEEZ&page=4 HTTP/1.1" 200 19698 "-" "Mozilla/5.0 (compatible; Barkrowler/0.9; +https://babbar.tech/crawler)"
47.128.122.65 - - [13/Oct/2025:04:22:14 +0200] "GET /bg/13-artisti?SubmitCurrency=1&id_currency=2&order=product.reference.desc&q=%D0%9A%D0%B0%D1%82%D0%B5%D0%B3%D0%BE%D1%80%D0%B8%D0%B8-AESPA-ASTRO-BLACKPINK-BTS-ENHYPEN-ITZY-JUNG+KOOK+%28BTS%29 HTTP/2.0" 200 21504 "-" "Mozilla/5.0 (compatible; Bytespider; spider-feedback@bytedance.com) AppleWebKit/537.36 (KHTML, like Gecko) Chrome/70.0.0.0 Safari/537.36"
217.113.194.223 - - [13/Oct/2025:04:22:20 +0200] "GET /en/13-artist?order=product.name.desc&q=Categories-ENHYPEN-ATEEZ&page=19 HTTP/1.1" 200 19503 "-" "Mozilla/5.0 (compatible; Barkrowler/0.9; +https://babbar.tech/crawler)"
40.77.167.27 - - [13/Oct/2025:04:22:20 +0200] "GET /en/13-artist?q=Categories-AESPA-BABYMONSTER-BLACKPINK-BOYNEXTDOOR-ENHYPEN-ILLIT-KAI-LISA-NMIXX-SEVENTEEN-TXT-ZEROBASEONE-IVE HTTP/2.0" 200 19871 "-" "Mozilla/5.0 AppleWebKit/537.36 (KHTML, like Gecko; compatible; bingbot/2.0; +http://www.bing.com/bingbot.htm) Chrome/116.0.1938.76 Safari/537.36"
40.77.167.76 - - [13/Oct/2025:04:22:27 +0200] "GET /bg/13-artisti?q=%D0%9A%D0%B0%D1%82%D0%B5%D0%B3%D0%BE%D1%80%D0%B8%D0%B8-ATEEZ-BABYMONSTER-BOYNEXTDOOR-ENHYPEN-GOT+THE+BEAT-ILLIT-ITZY-IVE-JENNIE+%28BLACKPINK%29-LISA+%28BLACKPINK%29-NMIXX-RIIZE-ROSE+%28BLACKPINK%29-SEVENTEEN-STRAYKIDS-TREASURE-TXT-WayV-ZEROBASEONE HTTP/2.0" 200 21646 "-" "Mozilla/5.0 AppleWebKit/537.36 (KHTML, like Gecko; compatible; bingbot/2.0; +http://www.bing.com/bingbot.htm) Chrome/116.0.1938.76 Safari/537.36"
40.77.167.27 - - [13/Oct/2025:04:22:30 +0200] "GET /bg/13-artisti?q=%D0%9A%D0%B0%D1%82%D0%B5%D0%B3%D0%BE%D1%80%D0%B8%D0%B8-AESPA-BABYMONSTER-BLACKPINK-BOYNEXTDOOR-ENHYPEN-ILLIT-ITZY-JIHYO-Jin+%28BTS%29-Kep1er-KISS+OF+LIFE-LE+SSERAFIM-NCT+DREAM-NMIXX-P1Harmony-RIIZE-WayV-ZEROBASEONE-XDINARY+HEROES HTTP/2.0" 200 21716 "-" "Mozilla/5.0 AppleWebKit/537.36 (KHTML, like Gecko; compatible; bingbot/2.0; +http://www.bing.com/bingbot.htm) Chrome/116.0.1938.76 Safari/537.36"
40.77.167.27 - - [13/Oct/2025:04:22:31 +0200] "GET /bg/13-artisti?q=%D0%9A%D0%B0%D1%82%D0%B5%D0%B3%D0%BE%D1%80%D0%B8%D0%B8-ATEEZ-BOYNEXTDOOR-ENHYPEN-ILLIT-IVE-JIHYO-LE+SSERAFIM-LISA-NCT+DREAM-NMIXX-RIIZE-SEVENTEEN-STRAYKIDS-TWICE-WayV-ZEROBASEONE HTTP/2.0" 200 21523 "-" "Mozilla/5.0 AppleWebKit/537.36 (KHTML, like Gecko; compatible; bingbot/2.0; +http://www.bing.com/bingbot.htm) Chrome/116.0.1938.76 Safari/537.36"
217.113.194.223 - - [13/Oct/2025:04:22:38 +0200] "GET /en/13-artist?order=product.name.desc&q=Categories-ENHYPEN-ATEEZ&page=18 HTTP/1.1" 200 19500 "-" "Mozilla/5.0 (compatible; Barkrowler/0.9; +https://babbar.tech/crawler)"
40.77.167.254 - - [13/Oct/2025:04:22:40 +0200] "GET /bg/13-artisti?q=%D0%9A%D0%B0%D1%82%D0%B5%D0%B3%D0%BE%D1%80%D0%B8%D0%B8-AESPA-BLACKPINK-BOYNEXTDOOR-ENHYPEN-GOT+THE+BEAT-ILLIT-IVE-JIHYO-LISA-NMIXX-RIIZE-STRAYKIDS-TWICE-WayV-ZEROBASEONE-SEVENTEEN&order=product.price.desc HTTP/2.0" 200 21655 "-" "Mozilla/5.0 AppleWebKit/537.36 (KHTML, like Gecko; compatible; bingbot/2.0; +http://www.bing.com/bingbot.htm) Chrome/116.0.1938.76 Safari/537.36"
40.77.167.76 - - [13/Oct/2025:04:22:44 +0200] "GET /bg/13-artisti?q=%D0%9A%D0%B0%D1%82%D0%B5%D0%B3%D0%BE%D1%80%D0%B8%D0%B8-AESPA-ATEEZ-BABYMONSTER-BOYNEXTDOOR-ENHYPEN-ILLIT-ITZY-IVE-Jin+%28BTS%29-JUNG+KOOK+%28BTS%29-KAI-LISA-NCT+DREAM-NCT+JAEHYUN-NMIXX-P1Harmony-SEVENTEEN-STAYC-TWICE-TXT-XDINARY+HEROES-ZEROBASEONE&order=product.reference.asc HTTP/2.0" 200 21725 "-" "Mozilla/5.0 AppleWebKit/537.36 (KHTML, like Gecko; compatible; bingbot/2.0; +http://www.bing.com/bingbot.htm) Chrome/116.0.1938.76 Safari/537.36"
40.77.167.76 - - [13/Oct/2025:04:22:50 +0200] "GET /bg/13-artisti?q=%D0%9A%D0%B0%D1%82%D0%B5%D0%B3%D0%BE%D1%80%D0%B8%D0%B8-AESPA-ASTRO-ATEEZ-BLACKPINK-BTS-ENHYPEN-ITZY-IVE-JISOO-KAI-LISA-NCT-NCT+DREAM-NEW+JEANS-STAYC-STRAYKIDS-TXT-V+%28BTS%29/%D0%9C%D0%B0%D1%80%D0%BA%D0%B0-SM+Entertainment HTTP/2.0" 200 21665 "-" "Mozilla/5.0 AppleWebKit/537.36 (KHTML, like Gecko; compatible; bingbot/2.0; +http://www.bing.com/bingbot.htm) Chrome/116.0.1938.76 Safari/537.36"
217.113.194.102 - - [13/Oct/2025:04:22:54 +0200] "GET /en/13-artist?order=product.name.desc&q=Categories-XDINARY+HEROES&page=2 HTTP/1.1" 200 19801 "-" "Mozilla/5.0 (compatible; Barkrowler/0.9; +https://babbar.tech/crawler)"
40.77.167.27 - - [13/Oct/2025:04:23:00 +0200] "GET /en/13-artist?q=%D0%9A%D0%B0%D1%82%D0%B5%D0%B3%D0%BE%D1%80%D0%B8%D0%B8-ATEEZ-BLACKPINK-BOYNEXTDOOR-ENHYPEN-GOT+THE+BEAT-ILLIT-IVE-JIHYO-LE+SSERAFIM-NMIXX-RIIZE-SEVENTEEN-TWICE-WayV-xikers-ZEROBASEONE HTTP/2.0" 200 19964 "-" "Mozilla/5.0 AppleWebKit/537.36 (KHTML, like Gecko; compatible; bingbot/2.0; +http://www.bing.com/bingbot.htm) Chrome/116.0.1938.76 Safari/537.36"
40.77.167.27 - - [13/Oct/2025:04:23:01 +0200] "GET /en/13-artist?q=Categories-%28G%29I%5C-DLE-AESPA-BABYMONSTER-ENHYPEN-GOT+THE+BEAT-ILLIT-ITZY-JIHYO-JIMIN+%28BTS%29-NCT+127-NEW+JEANS-NMIXX-P1Harmony-SEVENTEEN-TWICE-TXT-WayV-ZEROBASEONE-TREASURE HTTP/2.0" 200 19989 "-" "Mozilla/5.0 AppleWebKit/537.36 (KHTML, like Gecko; compatible; bingbot/2.0; +http://www.bing.com/bingbot.htm) Chrome/116.0.1938.76 Safari/537.36"
40.77.167.50 - - [13/Oct/2025:04:23:02 +0200] "GET /bg/13-artisti?q=%D0%9A%D0%B0%D1%82%D0%B5%D0%B3%D0%BE%D1%80%D0%B8%D0%B8-BABYMONSTER-BOYNEXTDOOR-ENHYPEN-ILLIT-LE+SSERAFIM-LISA-NAYEON+%28TWICE%29-NMIXX-RIIZE-SEVENTEEN-STRAYKIDS-TWICE-WayV-ZEROBASEONE HTTP/2.0" 200 21509 "-" "Mozilla/5.0 AppleWebKit/537.36 (KHTML, like Gecko; compatible; bingbot/2.0; +http://www.bing.com/bingbot.htm) Chrome/116.0.1938.76 Safari/537.36"
47.128.114.240 - - [13/Oct/2025:04:23:03 +0200] "GET /en/13-artist?order=product.reference.asc&q=Categories-RM+%28BTS%29-YEJI+%28ITZY%29 HTTP/2.0" 200 19803 "-" "Mozilla/5.0 (compatible; Bytespider; spider-feedback@bytedance.com) AppleWebKit/537.36 (KHTML, like Gecko) Chrome/70.0.0.0 Safari/537.36"
40.77.167.76 - - [13/Oct/2025:04:23:04 +0200] "GET /en/13-artist?q=Categories-AESPA-ASTRO-ATEEZ-BABYMONSTER-BLACKPINK-ENHYPEN-ILLIT-ITZY-JIHYO-KAI-LISA-NMIXX-STAYC-TWICE-ZEROBASEONE-STRAYKIDS HTTP/2.0" 200 19890 "-" "Mozilla/5.0 AppleWebKit/537.36 (KHTML, like Gecko; compatible; bingbot/2.0; +http://www.bing.com/bingbot.htm) Chrome/116.0.1938.76 Safari/537.36"
66.249.66.15 - - [13/Oct/2025:04:23:09 +0200] "GET /en/nachalo/69-stray-kids-go-live-1st-full-album-standard-ver-8809440339761?SubmitCurrency=1&id_currency=3 HTTP/1.1" 200 16895 "-" "Mozilla/5.0 (Linux; Android 6.0.1; Nexus 5X Build/MMB29P) AppleWebKit/537.36 (KHTML, like Gecko) Chrome/140.0.7339.207 Mobile Safari/537.36 (compatible; Googlebot/2.1; +http://www.google.com/bot.html)"
40.77.167.254 - - [13/Oct/2025:04:23:10 +0200] "GET /bg/13-artisti?q=%D0%9A%D0%B0%D1%82%D0%B5%D0%B3%D0%BE%D1%80%D0%B8%D0%B8-ATEEZ-BOYNEXTDOOR-ENHYPEN-ILLIT-IVE-JENNIE+%28BLACKPINK%29-JIHYO-Kep1er-LE+SSERAFIM-LISA-P1Harmony-RIIZE-ROSE+%28BLACKPINK%29-SEVENTEEN-STRAYKIDS-TREASURE-TWICE-TXT-WayV-ZEROBASEONE-BABYMONSTER HTTP/2.0" 200 21671 "-" "Mozilla/5.0 AppleWebKit/537.36 (KHTML, like Gecko; compatible; bingbot/2.0; +http://www.bing.com/bingbot.htm) Chrome/116.0.1938.76 Safari/537.36"
40.77.167.254 - - [13/Oct/2025:04:23:11 +0200] "GET /bg/13-artisti?q=%D0%9A%D0%B0%D1%82%D0%B5%D0%B3%D0%BE%D1%80%D0%B8%D0%B8-AESPA-BABYMONSTER-BOYNEXTDOOR-ENHYPEN-GOT+THE+BEAT-ILLIT-ITZY-KAI-NMIXX-SEVENTEEN-STRAYKIDS-ZEROBASEONE-LE+SSERAFIM HTTP/2.0" 200 21513 "-" "Mozilla/5.0 AppleWebKit/537.36 (KHTML, like Gecko; compatible; bingbot/2.0; +http://www.bing.com/bingbot.htm) Chrome/116.0.1938.76 Safari/537.36"
114.119.128.20 - - [13/Oct/2025:04:23:11 +0200] "GET /en/13-artist?q=Categories-STRAYKIDS-TREASURE-TXT-KAI&order=product.position.asc&page=2 HTTP/1.1" 200 19797 "https://kpopbg.com/en/13-artist?q=Categories-STRAYKIDS-TREASURE-TXT-KAI&order=product.position.asc&page=2" "Mozilla/5.0 (Linux; Android 7.0;) AppleWebKit/537.36 (KHTML, like Gecko) Mobile Safari/537.36 (compatible; PetalBot;+https://webmaster.petalsearch.com/site/petalbot)"
40.77.167.254 - - [13/Oct/2025:04:23:12 +0200] "GET /en/13-artist?q=Categories-BLACKPINK-ILLIT-P1Harmony-SEVENTEEN-STAYC-ZEROBASEONE-ROSE+%28BLACKPINK%29&order=product.name.desc HTTP/2.0" 200 20044 "-" "Mozilla/5.0 AppleWebKit/537.36 (KHTML, like Gecko; compatible; bingbot/2.0; +http://www.bing.com/bingbot.htm) Chrome/116.0.1938.76 Safari/537.36"
217.113.194.107 - - [13/Oct/2025:04:23:12 +0200] "GET /en/13-artist?order=product.name.desc&q=Categories-V+%28BTS%29-IVE&page=4 HTTP/1.1" 200 19706 "-" "Mozilla/5.0 (compatible; Barkrowler/0.9; +https://babbar.tech/crawler)"
40.77.167.76 - - [13/Oct/2025:04:23:14 +0200] "GET /bg/13-artisti?q=%D0%9A%D0%B0%D1%82%D0%B5%D0%B3%D0%BE%D1%80%D0%B8%D0%B8-AESPA-BABYMONSTER-BLACKPINK-BOYNEXTDOOR-ENHYPEN-ILLIT-ITZY-JIHYO-LISA-NMIXX-P1Harmony-TWICE-TXT-ZEROBASEONE-NAYEON+%28TWICE%29&order=product.name.asc HTTP/2.0" 200 21223 "-" "Mozilla/5.0 AppleWebKit/537.36 (KHTML, like Gecko; compatible; bingbot/2.0; +http://www.bing.com/bingbot.htm) Chrome/116.0.1938.76 Safari/537.36"
216.244.66.233 - - [13/Oct/2025:04:23:21 +0200] "GET /en/contact-us?SubmitCurrency=1&id_currency=3 HTTP/1.1" 301 5 "-" "Mozilla/5.0 (compatible; DotBot/1.2; +https://opensiteexplorer.org/dotbot; help@moz.com)"
217.113.194.103 - - [13/Oct/2025:04:23:29 +0200] "GET /en/13-artist?order=product.name.desc&q=Categories-V+%28BTS%29-IVE&page=19 HTTP/1.1" 200 19510 "-" "Mozilla/5.0 (compatible; Barkrowler/0.9; +https://babbar.tech/crawler)"
40.77.167.254 - - [13/Oct/2025:04:23:29 +0200] "GET /bg/13-artisti?q=%D0%9A%D0%B0%D1%82%D0%B5%D0%B3%D0%BE%D1%80%D0%B8%D0%B8-AESPA-ATEEZ-BABYMONSTER-BLACKPINK-BOYNEXTDOOR-BTS-ENHYPEN-ILLIT-ITZY-JIHYO-KAI-LISA-NMIXX-TREASURE-TWICE-TXT-xikers-ZEROBASEONE-Kep1er HTTP/2.0" 200 21514 "-" "Mozilla/5.0 AppleWebKit/537.36 (KHTML, like Gecko; compatible; bingbot/2.0; +http://www.bing.com/bingbot.htm) Chrome/116.0.1938.76 Safari/537.36"
217.113.194.107 - - [13/Oct/2025:04:23:46 +0200] "GET /en/13-artist?order=product.name.desc&q=Categories-V+%28BTS%29-IVE&page=18 HTTP/1.1" 200 19509 "-" "Mozilla/5.0 (compatible; Barkrowler/0.9; +https://babbar.tech/crawler)"
40.77.167.254 - - [13/Oct/2025:04:23:59 +0200] "GET /bg/13-artisti?q=%D0%9A%D0%B0%D1%82%D0%B5%D0%B3%D0%BE%D1%80%D0%B8%D0%B8-AESPA-ATEEZ-BABYMONSTER-BOYNEXTDOOR-ENHYPEN-GOT+THE+BEAT-ITZY-JENNIE+%28BLACKPINK%29-JIHYO-LISA-P1Harmony-RIIZE-SEVENTEEN-STRAYKIDS-TREASURE-TWICE-WayV-ZEROBASEONE-Kep1er HTTP/2.0" 200 21651 "-" "Mozilla/5.0 AppleWebKit/537.36 (KHTML, like Gecko; compatible; bingbot/2.0; +http://www.bing.com/bingbot.htm) Chrome/116.0.1938.76 Safari/537.36"
217.113.194.111 - - [13/Oct/2025:04:24:03 +0200] "GET /en/13-artist?order=product.name.desc&q=Categories-ITZY-BABYMONSTER HTTP/1.1" 200 19926 "-" "Mozilla/5.0 (compatible; Barkrowler/0.9; +https://babbar.tech/crawler)"
40.77.167.50 - - [13/Oct/2025:04:24:04 +0200] "GET /bg/13-artisti?q=%D0%9A%D0%B0%D1%82%D0%B5%D0%B3%D0%BE%D1%80%D0%B8%D0%B8-AESPA-ATEEZ-BLACKPINK-BOYNEXTDOOR-ENHYPEN-ILLIT-IVE-KAI-Kep1er-LISA-NMIXX-RIIZE-SEVENTEEN-TWICE-WayV-ZEROBASEONE-JENNIE+%28BLACKPINK%29 HTTP/2.0" 200 21543 "-" "Mozilla/5.0 AppleWebKit/537.36 (KHTML, like Gecko; compatible; bingbot/2.0; +http://www.bing.com/bingbot.htm) Chrome/116.0.1938.76 Safari/537.36"
40.77.167.254 - - [13/Oct/2025:04:24:19 +0200] "GET /bg/13-artisti?q=%D0%9A%D0%B0%D1%82%D0%B5%D0%B3%D0%BE%D1%80%D0%B8%D0%B8-AESPA-ATEEZ-BABYMONSTER-BLACKPINK-BTS-ENHYPEN-GOT+THE+BEAT-ILLIT-IVE-NAYEON+%28TWICE%29-NMIXX-P1Harmony-RIIZE-STRAYKIDS-TWICE-WayV-ZEROBASEONE HTTP/2.0" 200 21526 "-" "Mozilla/5.0 AppleWebKit/537.36 (KHTML, like Gecko; compatible; bingbot/2.0; +http://www.bing.com/bingbot.htm) Chrome/116.0.1938.76 Safari/537.36"
40.77.167.254 - - [13/Oct/2025:04:24:20 +0200] "GET /bg/13-artisti?q=%D0%9A%D0%B0%D1%82%D0%B5%D0%B3%D0%BE%D1%80%D0%B8%D0%B8-ATEEZ-BABYMONSTER-BOYNEXTDOOR-ENHYPEN-ILLIT-IVE-JIHYO-Kep1er-LISA-NMIXX-P1Harmony-RIIZE-SEVENTEEN-STRAYKIDS-TXT-V+%28BTS%29-WayV-ZEROBASEONE-JENNIE+%28BLACKPINK%29 HTTP/2.0" 200 21642 "-" "Mozilla/5.0 AppleWebKit/537.36 (KHTML, like Gecko; compatible; bingbot/2.0; +http://www.bing.com/bingbot.htm) Chrome/116.0.1938.76 Safari/537.36"
217.113.194.109 - - [13/Oct/2025:04:24:20 +0200] "GET /en/13-artist?order=product.name.desc&q=Categories-Kep1er-NMIXX&page=3 HTTP/1.1" 200 19414 "-" "Mozilla/5.0 (compatible; Barkrowler/0.9; +https://babbar.tech/crawler)"
40.77.167.50 - - [13/Oct/2025:04:24:21 +0200] "GET /bg/13-artisti?q=%D0%9A%D0%B0%D1%82%D0%B5%D0%B3%D0%BE%D1%80%D0%B8%D0%B8-AESPA-ASTRO-BLACKPINK-ENHYPEN-GOT+THE+BEAT-ITZY-IVE-JISOO-KAI-LE+SSERAFIM-LISA-NCT-NCT+DREAM-NEW+JEANS-STAYC-STRAYKIDS-TXT-ATEEZ HTTP/2.0" 200 21541 "-" "Mozilla/5.0 AppleWebKit/537.36 (KHTML, like Gecko; compatible; bingbot/2.0; +http://www.bing.com/bingbot.htm) Chrome/116.0.1938.76 Safari/537.36"
40.77.167.50 - - [13/Oct/2025:04:24:22 +0200] "GET /bg/12-albumi?q=%D0%9D%D0%B0%D0%BB%D0%B8%D1%87%D0%BD%D0%BE%D1%81%D1%82-%D0%92+%D0%BD%D0%B0%D0%BB%D0%B8%D1%87%D0%BD%D0%BE%D1%81%D1%82-%D0%9D%D1%8F%D0%BC%D0%B0+%D0%BD%D0%B0%D0%BB%D0%B8%D1%87%D0%BD%D0%BE%D1%81%D1%82/%D0%9C%D0%B0%D1%80%D0%BA%D0%B0-ADOR-BigHit+Entertainment-CUBE+ENTERTAINMENT-FANTAGIO+MUSIC-HIGHUP+ENTERTAINMENT-SM+Entertainment-STARSHIP+ENTERAINMENT HTTP/2.0" 200 18002 "-" "Mozilla/5.0 AppleWebKit/537.36 (KHTML, like Gecko; compatible; bingbot/2.0; +http://www.bing.com/bingbot.htm) Chrome/116.0.1938.76 Safari/537.36"
40.77.167.76 - - [13/Oct/2025:04:24:24 +0200] "GET /bg/12-albumi?q=%D0%9D%D0%B0%D0%BB%D0%B8%D1%87%D0%BD%D0%BE%D1%81%D1%82-%D0%92+%D0%BD%D0%B0%D0%BB%D0%B8%D1%87%D0%BD%D0%BE%D1%81%D1%82-%D0%9D%D0%B0%D0%BB%D0%B8%D1%87%D0%B5%D0%BD-%D0%9D%D1%8F%D0%BC%D0%B0+%D0%BD%D0%B0%D0%BB%D0%B8%D1%87%D0%BD%D0%BE%D1%81%D1%82/%D0%9C%D0%B0%D1%80%D0%BA%D0%B0-ADOR-FANTAGIO+MUSIC-HIGHUP+ENTERTAINMENT-SM+Entertainment-YG+Entertainment-KQ+Entertainment HTTP/2.0" 200 18001 "-" "Mozilla/5.0 AppleWebKit/537.36 (KHTML, like Gecko; compatible; bingbot/2.0; +http://www.bing.com/bingbot.htm) Chrome/116.0.1938.76 Safari/537.36"
40.77.167.76 - - [13/Oct/2025:04:24:25 +0200] "GET /bg/13-artisti?q=%D0%9A%D0%B0%D1%82%D0%B5%D0%B3%D0%BE%D1%80%D0%B8%D0%B8-AESPA-BABYMONSTER-BLACKPINK-BOYNEXTDOOR-ENHYPEN-ILLIT-ITZY-JIHYO-NAYEON+%28TWICE%29-NCT+JAEHYUN-NMIXX-RIIZE-RM+%28BTS%29-SEVENTEEN-THE+BOYZ-TWICE-ZEROBASEONE&order=product.reference.asc HTTP/2.0" 200 21699 "-" "Mozilla/5.0 AppleWebKit/537.36 (KHTML, like Gecko; compatible; bingbot/2.0; +http://www.bing.com/bingbot.htm) Chrome/116.0.1938.76 Safari/537.36"
40.77.167.254 - - [13/Oct/2025:04:24:29 +0200] "GET /bg/13-artisti?q=%D0%9A%D0%B0%D1%82%D0%B5%D0%B3%D0%BE%D1%80%D0%B8%D0%B8-AESPA-ATEEZ-JISOO-KAI-NCT-STAYC-TWICE/%D0%9D%D0%B0%D0%BB%D0%B8%D1%87%D0%BD%D0%BE%D1%81%D1%82-%D0%92+%D0%BD%D0%B0%D0%BB%D0%B8%D1%87%D0%BD%D0%BE%D1%81%D1%82-%D0%9D%D1%8F%D0%BC%D0%B0+%D0%BD%D0%B0%D0%BB%D0%B8%D1%87%D0%BD%D0%BE%D1%81%D1%82 HTTP/2.0" 200 21568 "-" "Mozilla/5.0 AppleWebKit/537.36 (KHTML, like Gecko; compatible; bingbot/2.0; +http://www.bing.com/bingbot.htm) Chrome/116.0.1938.76 Safari/537.36"
40.77.167.50 - - [13/Oct/2025:04:24:31 +0200] "GET /bg/13-artisti?q=%D0%9A%D0%B0%D1%82%D0%B5%D0%B3%D0%BE%D1%80%D0%B8%D0%B8-ATEEZ-BABYMONSTER-BOYNEXTDOOR-ENHYPEN-ILLIT-IVE-JIHYO-LE+SSERAFIM-LISA-NMIXX-RIIZE-SEVENTEEN-STRAYKIDS-TREASURE-TWICE-TXT-V+%28BTS%29-WayV-ZEROBASEONE-JIMIN+%28BTS%29 HTTP/2.0" 200 21655 "-" "Mozilla/5.0 AppleWebKit/537.36 (KHTML, like Gecko; compatible; bingbot/2.0; +http://www.bing.com/bingbot.htm) Chrome/116.0.1938.76 Safari/537.36"
114.119.136.175 - - [13/Oct/2025:04:24:35 +0200] "GET /en/13-artist?q=Categories-STRAYKIDS-TREASURE-TXT-Agust%2BD%2B(BTS)/Availability-Available&order=product.reference.desc&page=3 HTTP/1.1" 200 19785 "https://kpopbg.com/en/13-artist?q=Categories-STRAYKIDS-TREASURE-TXT-Agust%2BD%2B%28BTS%29/Availability-Available&order=product.reference.desc&page=3" "Mozilla/5.0 (Linux; Android 7.0;) AppleWebKit/537.36 (KHTML, like Gecko) Mobile Safari/537.36 (compatible; PetalBot;+https://webmaster.petalsearch.com/site/petalbot)"
217.113.194.109 - - [13/Oct/2025:04:24:36 +0200] "GET /en/13-artist?order=product.name.desc&q=Categories-Kep1er-NMIXX&page=2 HTTP/1.1" 200 19800 "-" "Mozilla/5.0 (compatible; Barkrowler/0.9; +https://babbar.tech/crawler)"
40.77.167.50 - - [13/Oct/2025:04:24:41 +0200] "GET /en/13-artist?q=Categories-ATEEZ-BABYMONSTER-BLACKPINK-BOYNEXTDOOR-ENHYPEN-ILLIT-ITZY-JIHYO-KAI-LISA-NMIXX-SEVENTEEN-STRAYKIDS-TREASURE-TXT-ZEROBASEONE-NAYEON+%28TWICE%29 HTTP/2.0" 200 19928 "-" "Mozilla/5.0 AppleWebKit/537.36 (KHTML, like Gecko; compatible; bingbot/2.0; +http://www.bing.com/bingbot.htm) Chrome/116.0.1938.76 Safari/537.36"
40.77.167.50 - - [13/Oct/2025:04:24:42 +0200] "GET /bg/13-artisti?q=%D0%9A%D0%B0%D1%82%D0%B5%D0%B3%D0%BE%D1%80%D0%B8%D0%B8-ATEEZ-BABYMONSTER-BOYNEXTDOOR-ENHYPEN-ILLIT-IVE-Jin+%28BTS%29-NEW+JEANS-NMIXX-P1Harmony-RIIZE-SEVENTEEN-STAYC-STRAYKIDS-THE+BOYZ-TXT-WayV-ZEROBASEONE HTTP/2.0" 200 21579 "-" "Mozilla/5.0 AppleWebKit/537.36 (KHTML, like Gecko; compatible; bingbot/2.0; +http://www.bing.com/bingbot.htm) Chrome/116.0.1938.76 Safari/537.36"
40.77.167.50 - - [13/Oct/2025:04:24:43 +0200] "GET /bg/13-artisti?q=%D0%9A%D0%B0%D1%82%D0%B5%D0%B3%D0%BE%D1%80%D0%B8%D0%B8-AESPA-BTS-ENHYPEN-JISOO-NCT-NCT+DREAM-NMIXX-TWICE/%D0%9D%D0%B0%D0%BB%D0%B8%D1%87%D0%BD%D0%BE%D1%81%D1%82-%D0%92+%D0%BD%D0%B0%D0%BB%D0%B8%D1%87%D0%BD%D0%BE%D1%81%D1%82 HTTP/2.0" 200 21565 "-" "Mozilla/5.0 AppleWebKit/537.36 (KHTML, like Gecko; compatible; bingbot/2.0; +http://www.bing.com/bingbot.htm) Chrome/116.0.1938.76 Safari/537.36"
40.77.167.50 - - [13/Oct/2025:04:24:44 +0200] "GET /bg/13-artisti?q=%D0%9A%D0%B0%D1%82%D0%B5%D0%B3%D0%BE%D1%80%D0%B8%D0%B8-BABYMONSTER-BLACKPINK-BOYNEXTDOOR-ENHYPEN-GOT+THE+BEAT-ILLIT-IVE-JENNIE+%28BLACKPINK%29-JIHYO-P1Harmony-RIIZE-ROSE+%28BLACKPINK%29-SEVENTEEN-TXT-WayV-ZEROBASEONE HTTP/2.0" 200 21584 "-" "Mozilla/5.0 AppleWebKit/537.36 (KHTML, like Gecko; compatible; bingbot/2.0; +http://www.bing.com/bingbot.htm) Chrome/116.0.1938.76 Safari/537.36"
52.167.144.170 - - [13/Oct/2025:04:24:44 +0200] "GET /bg/13-artisti?q=%D0%9A%D0%B0%D1%82%D0%B5%D0%B3%D0%BE%D1%80%D0%B8%D0%B8-AESPA-ATEEZ-BLACKPINK-BTS-ENHYPEN-GOT+THE+BEAT-ITZY-JIHYO-KAI-LE+SSERAFIM-LISA-NCT+DREAM-NMIXX-STRAYKIDS-TREASURE-TWICE-V+%28BTS%29 HTTP/2.0" 200 21549 "-" "Mozilla/5.0 AppleWebKit/537.36 (KHTML, like Gecko; compatible; bingbot/2.0; +http://www.bing.com/bingbot.htm) Chrome/116.0.1938.76 Safari/537.36"
40.77.167.50 - - [13/Oct/2025:04:24:44 +0200] "GET /bg/13-artisti?q=%D0%9A%D0%B0%D1%82%D0%B5%D0%B3%D0%BE%D1%80%D0%B8%D0%B8-AESPA-ATEEZ-BABYMONSTER-BLACKPINK-BOYNEXTDOOR-ENHYPEN-ILLIT-IVE-JENNIE+%28BLACKPINK%29-JIHYO-LISA-NMIXX-SEVENTEEN-STRAYKIDS-TXT-V+%28BTS%29-WayV-ZEROBASEONE HTTP/2.0" 200 21555 "-" "Mozilla/5.0 AppleWebKit/537.36 (KHTML, like Gecko; compatible; bingbot/2.0; +http://www.bing.com/bingbot.htm) Chrome/116.0.1938.76 Safari/537.36"
52.167.144.170 - - [13/Oct/2025:04:24:45 +0200] "GET /en/13-artist?q=Categories-ATEEZ-BABYMONSTER-BTS-ENHYPEN-ILLIT-JIHYO-Jin+%28BTS%29-LE+SSERAFIM-STAYC-TWICE-ZEROBASEONE-NCT+WISH HTTP/2.0" 200 19886 "-" "Mozilla/5.0 AppleWebKit/537.36 (KHTML, like Gecko; compatible; bingbot/2.0; +http://www.bing.com/bingbot.htm) Chrome/116.0.1938.76 Safari/537.36"
52.167.144.170 - - [13/Oct/2025:04:24:46 +0200] "GET /bg/13-artisti?q=%D0%9A%D0%B0%D1%82%D0%B5%D0%B3%D0%BE%D1%80%D0%B8%D0%B8-NMIXX-Tzuyu+%28TWICE%29-V+%28BTS%29-ITZY HTTP/2.0" 200 21375 "-" "Mozilla/5.0 AppleWebKit/537.36 (KHTML, like Gecko; compatible; bingbot/2.0; +http://www.bing.com/bingbot.htm) Chrome/116.0.1938.76 Safari/537.36"
40.77.167.254 - - [13/Oct/2025:04:24:50 +0200] "GET /bg/13-artisti?q=%D0%9A%D0%B0%D1%82%D0%B5%D0%B3%D0%BE%D1%80%D0%B8%D0%B8-AESPA-BLACKPINK-BTS-ENHYPEN-GOT+THE+BEAT-ITZY-IVE-KAI-NCT-NCT+DREAM-NMIXX-STAYC-STRAYKIDS-TREASURE-TWICE-TXT/%D0%9D%D0%B0%D0%BB%D0%B8%D1%87%D0%BD%D0%BE%D1%81%D1%82-%D0%92+%D0%BD%D0%B0%D0%BB%D0%B8%D1%87%D0%BD%D0%BE%D1%81%D1%82 HTTP/2.0" 200 21671 "-" "Mozilla/5.0 AppleWebKit/537.36 (KHTML, like Gecko; compatible; bingbot/2.0; +http://www.bing.com/bingbot.htm) Chrome/116.0.1938.76 Safari/537.36"
217.113.194.111 - - [13/Oct/2025:04:24:52 +0200] "GET /en/13-artist?order=product.name.desc&q=Categories-Kep1er-NMIXX&page=20 HTTP/1.1" 200 18135 "-" "Mozilla/5.0 (compatible; Barkrowler/0.9; +https://babbar.tech/crawler)"
52.167.144.170 - - [13/Oct/2025:04:25:04 +0200] "GET /bg/13-artisti?q=%D0%9A%D0%B0%D1%82%D0%B5%D0%B3%D0%BE%D1%80%D0%B8%D0%B8-AESPA-ASTRO-BLACKPINK-BTS-ENHYPEN-JISOO-NCT+127-NMIXX-STAYC-STRAYKIDS-TWICE-TXT-NEW+JEANS/%D0%9D%D0%B0%D0%BB%D0%B8%D1%87%D0%BD%D0%BE%D1%81%D1%82-%D0%92+%D0%BD%D0%B0%D0%BB%D0%B8%D1%87%D0%BD%D0%BE%D1%81%D1%82-%D0%9D%D1%8F%D0%BC%D0%B0+%D0%BD%D0%B0%D0%BB%D0%B8%D1%87%D0%BD%D0%BE%D1%81%D1%82 HTTP/2.0" 200 21735 "-" "Mozilla/5.0 AppleWebKit/537.36 (KHTML, like Gecko; compatible; bingbot/2.0; +http://www.bing.com/bingbot.htm) Chrome/116.0.1938.76 Safari/537.36"
52.167.144.170 - - [13/Oct/2025:04:25:05 +0200] "GET /bg/13-artisti?q=%D0%9A%D0%B0%D1%82%D0%B5%D0%B3%D0%BE%D1%80%D0%B8%D0%B8-AESPA-ENHYPEN-JIHYO-JISOO-TWICE-V+%28BTS%29/%D0%9C%D0%B0%D1%80%D0%BA%D0%B0-BigHit+Music HTTP/2.0" 200 21479 "-" "Mozilla/5.0 AppleWebKit/537.36 (KHTML, like Gecko; compatible; bingbot/2.0; +http://www.bing.com/bingbot.htm) Chrome/116.0.1938.76 Safari/537.36"
52.167.144.170 - - [13/Oct/2025:04:25:06 +0200] "GET /bg/13-artisti?q=%D0%9A%D0%B0%D1%82%D0%B5%D0%B3%D0%BE%D1%80%D0%B8%D0%B8-ASTRO-BLACKPINK-BTS-ENHYPEN-GOT+THE+BEAT-ITZY-IVE-JIHYO-KAI-LISA-NCT-NCT+DREAM-NMIXX-STAYC-STRAYKIDS-TWICE HTTP/2.0" 200 21490 "-" "Mozilla/5.0 AppleWebKit/537.36 (KHTML, like Gecko; compatible; bingbot/2.0; +http://www.bing.com/bingbot.htm) Chrome/116.0.1938.76 Safari/537.36"
52.167.144.170 - - [13/Oct/2025:04:25:07 +0200] "GET /en/13-artist?q=Categories-ATEEZ-BLACKPINK-BOYNEXTDOOR-ENHYPEN-ILLIT-ITZY-JIHYO-KAI-Kep1er-NMIXX-STRAYKIDS-THE+BOYZ-TWICE-TXT-xikers-ZEROBASEONE-BABYMONSTER HTTP/2.0" 200 19916 "-" "Mozilla/5.0 AppleWebKit/537.36 (KHTML, like Gecko; compatible; bingbot/2.0; +http://www.bing.com/bingbot.htm) Chrome/116.0.1938.76 Safari/537.36"
52.167.144.170 - - [13/Oct/2025:04:25:09 +0200] "GET /en/13-artist?q=Categories-AESPA-BABYMONSTER-BLACKPINK-ENHYPEN-ILLIT-ITZY-JIHYO-LE+SSERAFIM-LISA-NMIXX-STAYC-TREASURE-TWICE-TXT-ZEROBASEONE-ATEEZ HTTP/2.0" 200 19909 "-" "Mozilla/5.0 AppleWebKit/537.36 (KHTML, like Gecko; compatible; bingbot/2.0; +http://www.bing.com/bingbot.htm) Chrome/116.0.1938.76 Safari/537.36"
217.113.194.104 - - [13/Oct/2025:04:25:09 +0200] "GET /en/13-artist?order=product.name.desc&q=Categories-NMIXX-TXT&page=20 HTTP/1.1" 200 18120 "-" "Mozilla/5.0 (compatible; Barkrowler/0.9; +https://babbar.tech/crawler)"
40.77.167.254 - - [13/Oct/2025:04:25:10 +0200] "GET /bg/13-artisti?q=%D0%9A%D0%B0%D1%82%D0%B5%D0%B3%D0%BE%D1%80%D0%B8%D0%B8-BABYMONSTER-BLACKPINK-BOYNEXTDOOR-ENHYPEN-GOT+THE+BEAT-ILLIT-ITZY-IVE-JENNIE+%28BLACKPINK%29-Kep1er-NEW+JEANS-NMIXX-RIIZE-ROSE+%28BLACKPINK%29-SEVENTEEN-STAYC-TWICE-TXT-WayV-ZEROBASEONE HTTP/2.0" 200 21638 "-" "Mozilla/5.0 AppleWebKit/537.36 (KHTML, like Gecko; compatible; bingbot/2.0; +http://www.bing.com/bingbot.htm) Chrome/116.0.1938.76 Safari/537.36"
40.77.167.254 - - [13/Oct/2025:04:25:10 +0200] "GET /bg/13-artisti?q=%D0%9A%D0%B0%D1%82%D0%B5%D0%B3%D0%BE%D1%80%D0%B8%D0%B8-ATEEZ-BABYMONSTER-BLACKPINK-BTS-Dreamcatcher-ENHYPEN-ILLIT-ITZY-JIHYO-Kep1er-LISA-NMIXX-P1Harmony-SEVENTEEN-TWICE-TXT-xikers-ZEROBASEONE-IVE HTTP/2.0" 200 21550 "-" "Mozilla/5.0 AppleWebKit/537.36 (KHTML, like Gecko; compatible; bingbot/2.0; +http://www.bing.com/bingbot.htm) Chrome/116.0.1938.76 Safari/537.36"
40.77.167.254 - - [13/Oct/2025:04:25:11 +0200] "GET /en/13-artist?q=Categories-AESPA-ASTRO-BABYMONSTER-BLACKPINK-BOYNEXTDOOR-ENHYPEN-ILLIT-ITZY-JIHYO-KAI-LISA-NMIXX-SEVENTEEN-TXT-ZEROBASEONE-IVE HTTP/2.0" 200 19909 "-" "Mozilla/5.0 AppleWebKit/537.36 (KHTML, like Gecko; compatible; bingbot/2.0; +http://www.bing.com/bingbot.htm) Chrome/116.0.1938.76 Safari/537.36"
40.77.167.50 - - [13/Oct/2025:04:25:11 +0200] "GET /bg/13-artisti?q=%D0%9A%D0%B0%D1%82%D0%B5%D0%B3%D0%BE%D1%80%D0%B8%D0%B8-AESPA-ASTRO-ATEEZ-ENHYPEN-JIHYO-JISOO-NMIXX-STAYC-TWICE-NCT+DREAM/%D0%9D%D0%B0%D0%BB%D0%B8%D1%87%D0%BD%D0%BE%D1%81%D1%82-%D0%92+%D0%BD%D0%B0%D0%BB%D0%B8%D1%87%D0%BD%D0%BE%D1%81%D1%82-%D0%9D%D1%8F%D0%BC%D0%B0+%D0%BD%D0%B0%D0%BB%D0%B8%D1%87%D0%BD%D0%BE%D1%81%D1%82 HTTP/2.0" 200 21667 "-" "Mozilla/5.0 AppleWebKit/537.36 (KHTML, like Gecko; compatible; bingbot/2.0; +http://www.bing.com/bingbot.htm) Chrome/116.0.1938.76 Safari/537.36"
40.77.167.254 - - [13/Oct/2025:04:25:11 +0200] "GET /bg/13-artisti?q=%D0%9A%D0%B0%D1%82%D0%B5%D0%B3%D0%BE%D1%80%D0%B8%D0%B8-AESPA-ASTRO-BLACKPINK-ENHYPEN-ITZY-IVE-JISOO-KAI-NCT-NCT+DREAM-NEW+JEANS-STAYC-STRAYKIDS-TWICE-NMIXX HTTP/2.0" 200 21478 "-" "Mozilla/5.0 AppleWebKit/537.36 (KHTML, like Gecko; compatible; bingbot/2.0; +http://www.bing.com/bingbot.htm) Chrome/116.0.1938.76 Safari/537.36"
40.77.167.254 - - [13/Oct/2025:04:25:11 +0200] "GET /bg/13-artisti?q=%D0%9A%D0%B0%D1%82%D0%B5%D0%B3%D0%BE%D1%80%D0%B8%D0%B8-AESPA-ATEEZ-BABYMONSTER-BOYNEXTDOOR-ENHYPEN-GOT+THE+BEAT-ILLIT-IVE-JIHYO-LISA-NCT+WISH-P1Harmony-RIIZE-SEVENTEEN-STRAYKIDS-TWICE-WayV-ZEROBASEONE-LE+SSERAFIM HTTP/2.0" 200 21571 "-" "Mozilla/5.0 AppleWebKit/537.36 (KHTML, like Gecko; compatible; bingbot/2.0; +http://www.bing.com/bingbot.htm) Chrome/116.0.1938.76 Safari/537.36"
40.77.167.254 - - [13/Oct/2025:04:25:11 +0200] "GET /bg/13-artisti?q=%D0%9A%D0%B0%D1%82%D0%B5%D0%B3%D0%BE%D1%80%D0%B8%D0%B8-AESPA-ATEEZ-BABYMONSTER-BLACKPINK-BOYNEXTDOOR-ENHYPEN-ILLIT-IVE-KAI-KISS+OF+LIFE-LISA-NMIXX-P1Harmony-STRAYKIDS-ZEROBASEONE-BTS HTTP/2.0" 200 21511 "-" "Mozilla/5.0 AppleWebKit/537.36 (KHTML, like Gecko; compatible; bingbot/2.0; +http://www.bing.com/bingbot.htm) Chrome/116.0.1938.76 Safari/537.36"
40.77.167.50 - - [13/Oct/2025:04:25:12 +0200] "GET /bg/13-artisti?q=%D0%9A%D0%B0%D1%82%D0%B5%D0%B3%D0%BE%D1%80%D0%B8%D0%B8-AESPA-ATEEZ-BABYMONSTER-BOYNEXTDOOR-ENHYPEN-ILLIT-ITZY-KAI-LISA-NCT+127-NCT+DOYOUNG-NCT+JAEHYUN-NMIXX-P1Harmony-SEVENTEEN-STAYC-TWICE-TXT-WayV-ZEROBASEONE-ROSE+%28BLACKPINK%29 HTTP/2.0" 200 21649 "-" "Mozilla/5.0 AppleWebKit/537.36 (KHTML, like Gecko; compatible; bingbot/2.0; +http://www.bing.com/bingbot.htm) Chrome/116.0.1938.76 Safari/537.36"
40.77.167.254 - - [13/Oct/2025:04:25:12 +0200] "GET /en/13-artist?q=Categories-ITZY-JIHYO-LISA-NCT HTTP/2.0" 200 19706 "-" "Mozilla/5.0 AppleWebKit/537.36 (KHTML, like Gecko; compatible; bingbot/2.0; +http://www.bing.com/bingbot.htm) Chrome/116.0.1938.76 Safari/537.36"
40.77.167.254 - - [13/Oct/2025:04:25:12 +0200] "GET /en/13-artist?q=Categories-AESPA-ATEEZ-BABYMONSTER-BLACKPINK-BOYNEXTDOOR-BTS-ENHYPEN-ILLIT-ITZY-JIHYO-KAI-LISA-NCT+DREAM-NCT+JAEHYUN-NEW+JEANS-NMIXX-P1Harmony-STAYC-STRAYKIDS-TWICE-TXT-ZEROBASEONE-JUNG+KOOK+%28BTS%29&order=product.reference.desc HTTP/2.0" 200 20191 "-" "Mozilla/5.0 AppleWebKit/537.36 (KHTML, like Gecko; compatible; bingbot/2.0; +http://www.bing.com/bingbot.htm) Chrome/116.0.1938.76 Safari/537.36"
52.167.144.170 - - [13/Oct/2025:04:25:13 +0200] "GET /bg/13-artisti?q=%D0%9A%D0%B0%D1%82%D0%B5%D0%B3%D0%BE%D1%80%D0%B8%D0%B8-AESPA-BABYMONSTER-BLACKPINK-BOYNEXTDOOR-ENHYPEN-ILLIT-ITZY-JIHYO-KAI-LISA-NAYEON+%28TWICE%29-NMIXX-P1Harmony-STRAYKIDS-TREASURE-TXT-ZEROBASEONE HTTP/2.0" 200 21619 "-" "Mozilla/5.0 AppleWebKit/537.36 (KHTML, like Gecko; compatible; bingbot/2.0; +http://www.bing.com/bingbot.htm) Chrome/116.0.1938.76 Safari/537.36"
40.77.167.254 - - [13/Oct/2025:04:25:13 +0200] "GET /en/13-artist?q=Categories-AESPA-BABYMONSTER-BTS-ENHYPEN-ILLIT-ITZY-JIMIN+%28BTS%29-Jin+%28BTS%29-KAI-KISS+OF+LIFE-LISA-NCT+DREAM-NMIXX-P1Harmony-RM+%28BTS%29-STAYC-TXT-ZEROBASEONE-NAYEON+%28TWICE%29 HTTP/2.0" 200 19971 "-" "Mozilla/5.0 AppleWebKit/537.36 (KHTML, like Gecko; compatible; bingbot/2.0; +http://www.bing.com/bingbot.htm) Chrome/116.0.1938.76 Safari/537.36"
40.77.167.50 - - [13/Oct/2025:04:25:13 +0200] "GET /en/13-artist?q=Categories-AESPA-ASTRO-ATEEZ-BABYMONSTER-BLACKPINK-BOYNEXTDOOR-ENHYPEN-ILLIT-ITZY-JIHYO-KAI-LISA-NMIXX-TREASURE-ZEROBASEONE HTTP/2.0" 200 19914 "-" "Mozilla/5.0 AppleWebKit/537.36 (KHTML, like Gecko; compatible; bingbot/2.0; +http://www.bing.com/bingbot.htm) Chrome/116.0.1938.76 Safari/537.36"
40.77.167.254 - - [13/Oct/2025:04:25:13 +0200] "GET /bg/13-artisti?q=%D0%9A%D0%B0%D1%82%D0%B5%D0%B3%D0%BE%D1%80%D0%B8%D0%B8-ATEEZ-BABYMONSTER-BLACKPINK-BOYNEXTDOOR-ENHYPEN-GOT+THE+BEAT-ILLIT-IVE-JIHYO-Kep1er-LISA+%28BLACKPINK%29-NMIXX-ROSE+%28BLACKPINK%29-SEVENTEEN-STAYC-STRAYKIDS-TWICE-WayV-ZEROBASEONE HTTP/2.0" 200 21651 "-" "Mozilla/5.0 AppleWebKit/537.36 (KHTML, like Gecko; compatible; bingbot/2.0; +http://www.bing.com/bingbot.htm) Chrome/116.0.1938.76 Safari/537.36"
40.77.167.50 - - [13/Oct/2025:04:25:14 +0200] "GET /bg/13-artisti?q=%D0%9A%D0%B0%D1%82%D0%B5%D0%B3%D0%BE%D1%80%D0%B8%D0%B8-ATEEZ-BABYMONSTER-BLACKPINK-BOYNEXTDOOR-ENHYPEN-ILLIT-ITZY-KAI-LISA-NMIXX-SEVENTEEN-STRAYKIDS-ZEROBASEONE-JUNG+KOOK+%28BTS%29 HTTP/2.0" 200 21582 "-" "Mozilla/5.0 AppleWebKit/537.36 (KHTML, like Gecko; compatible; bingbot/2.0; +http://www.bing.com/bingbot.htm) Chrome/116.0.1938.76 Safari/537.36"
40.77.167.50 - - [13/Oct/2025:04:25:15 +0200] "GET /bg/13-artisti?q=%D0%9A%D0%B0%D1%82%D0%B5%D0%B3%D0%BE%D1%80%D0%B8%D0%B8-AESPA-BABYMONSTER-BLACKPINK-BOYNEXTDOOR-ENHYPEN-GOT+THE+BEAT-ILLIT-JIHYO-LISA-NMIXX-P1Harmony-RIIZE-STRAYKIDS-TXT-WayV-ZEROBASEONE-ITZY HTTP/2.0" 200 21638 "-" "Mozilla/5.0 AppleWebKit/537.36 (KHTML, like Gecko; compatible; bingbot/2.0; +http://www.bing.com/bingbot.htm) Chrome/116.0.1938.76 Safari/537.36"
52.167.144.170 - - [13/Oct/2025:04:25:18 +0200] "GET /bg/13-artisti?q=%D0%9A%D0%B0%D1%82%D0%B5%D0%B3%D0%BE%D1%80%D0%B8%D0%B8-AESPA-ATEEZ-BABYMONSTER-BOYNEXTDOOR-BTS-ENHYPEN-ILLIT-IVE-JIHYO-LISA-NMIXX-RIIZE-SEVENTEEN-STRAYKIDS-TXT-V+%28BTS%29-ZEROBASEONE-TREASURE HTTP/2.0" 200 21530 "-" "Mozilla/5.0 AppleWebKit/537.36 (KHTML, like Gecko; compatible; bingbot/2.0; +http://www.bing.com/bingbot.htm) Chrome/116.0.1938.76 Safari/537.36"
52.167.144.170 - - [13/Oct/2025:04:25:18 +0200] "GET /bg/13-artisti?q=%D0%9A%D0%B0%D1%82%D0%B5%D0%B3%D0%BE%D1%80%D0%B8%D0%B8-AESPA-BABYMONSTER-BLACKPINK-BOYNEXTDOOR-ENHYPEN-ILLIT-ITZY-JIHYO-KAI-LISA-NMIXX-P1Harmony-STRAYKIDS-TREASURE-ZEROBASEONE-TWICE HTTP/2.0" 200 21586 "-" "Mozilla/5.0 AppleWebKit/537.36 (KHTML, like Gecko; compatible; bingbot/2.0; +http://www.bing.com/bingbot.htm) Chrome/116.0.1938.76 Safari/537.36"
40.77.167.50 - - [13/Oct/2025:04:25:21 +0200] "GET /bg/13-artisti?q=%D0%9A%D0%B0%D1%82%D0%B5%D0%B3%D0%BE%D1%80%D0%B8%D0%B8-AESPA-BABYMONSTER-BLACKPINK-BOYNEXTDOOR-ENHYPEN-ILLIT-ITZY-KAI-KISS+OF+LIFE-LISA-NMIXX-SEVENTEEN-STRAYKIDS-TREASURE-TXT-ZEROBASEONE-IVE HTTP/2.0" 200 21612 "-" "Mozilla/5.0 AppleWebKit/537.36 (KHTML, like Gecko; compatible; bingbot/2.0; +http://www.bing.com/bingbot.htm) Chrome/116.0.1938.76 Safari/537.36"
52.167.144.170 - - [13/Oct/2025:04:25:21 +0200] "GET /bg/13-artisti?q=%D0%9A%D0%B0%D1%82%D0%B5%D0%B3%D0%BE%D1%80%D0%B8%D0%B8-AESPA-BABYMONSTER-BLACKPINK-BOYNEXTDOOR-ENHYPEN-ILLIT-ITZY-JIHYO-Kep1er-LE+SSERAFIM-LISA-NMIXX-P1Harmony-RIIZE-STRAYKIDS-WayV-ZEROBASEONE-JIMIN+%28BTS%29 HTTP/2.0" 200 21654 "-" "Mozilla/5.0 AppleWebKit/537.36 (KHTML, like Gecko; compatible; bingbot/2.0; +http://www.bing.com/bingbot.htm) Chrome/116.0.1938.76 Safari/537.36"
217.113.194.104 - - [13/Oct/2025:04:25:26 +0200] "GET /en/13-artist?order=product.name.desc&q=Categories-NMIXX-KAI&page=2 HTTP/1.1" 200 19793 "-" "Mozilla/5.0 (compatible; Barkrowler/0.9; +https://babbar.tech/crawler)"
40.77.167.50 - - [13/Oct/2025:04:25:40 +0200] "GET /bg/13-artisti?q=%D0%9A%D0%B0%D1%82%D0%B5%D0%B3%D0%BE%D1%80%D0%B8%D0%B8-ATEEZ-BABYMONSTER-BLACKPINK-BOYNEXTDOOR-ENHYPEN-GOT+THE+BEAT-ILLIT-JENNIE+%28BLACKPINK%29-JIHYO-LISA+%28BLACKPINK%29-NMIXX-RIIZE-ROSE+%28BLACKPINK%29-STAYC-STRAYKIDS-TREASURE-TWICE-WayV-ZEROBASEONE-IVE HTTP/2.0" 200 21681 "-" "Mozilla/5.0 AppleWebKit/537.36 (KHTML, like Gecko; compatible; bingbot/2.0; +http://www.bing.com/bingbot.htm) Chrome/116.0.1938.76 Safari/537.36"
154.54.249.203 - - [13/Oct/2025:04:25:43 +0200] "GET /en/13-artist?order=product.name.desc&q=Categories-NMIXX-STAYC&page=3 HTTP/1.1" 200 19413 "-" "Mozilla/5.0 (compatible; Barkrowler/0.9; +https://babbar.tech/crawler)"
114.119.151.63 - - [13/Oct/2025:04:25:58 +0200] "GET /img/cms/Xdinary%20Heroes/xdinary-heroes-1st-troubleshooting-wholesales.jpg HTTP/1.1" 200 734111 "https://kpopbg.com/en/nachalo/214-xdinary-heroes-troubleshooting-1st-full-album--8809954229480" "Mozilla/5.0 (Linux; Android 7.0;) AppleWebKit/537.36 (KHTML, like Gecko) Mobile Safari/537.36 (compatible; PetalBot;+https://webmaster.petalsearch.com/site/petalbot)"
217.113.194.224 - - [13/Oct/2025:04:26:00 +0200] "GET /en/13-artist?order=product.name.desc&q=Categories-NMIXX-STAYC&page=2 HTTP/1.1" 200 19796 "-" "Mozilla/5.0 (compatible; Barkrowler/0.9; +https://babbar.tech/crawler)"
40.77.167.50 - - [13/Oct/2025:04:26:01 +0200] "GET /bg/13-artisti?q=%D0%9A%D0%B0%D1%82%D0%B5%D0%B3%D0%BE%D1%80%D0%B8%D0%B8-AESPA-BABYMONSTER-BLACKPINK-BOYNEXTDOOR-ENHYPEN-ILLIT-ITZY-JIHYO-KAI-LISA-NMIXX-P1Harmony-RIIZE-STAYC-STRAYKIDS-TWICE-WayV-ZEROBASEONE HTTP/2.0" 200 21605 "-" "Mozilla/5.0 AppleWebKit/537.36 (KHTML, like Gecko; compatible; bingbot/2.0; +http://www.bing.com/bingbot.htm) Chrome/116.0.1938.76 Safari/537.36"
40.77.167.50 - - [13/Oct/2025:04:26:02 +0200] "GET /bg/13-artisti?q=%D0%9A%D0%B0%D1%82%D0%B5%D0%B3%D0%BE%D1%80%D0%B8%D0%B8-AESPA-BLACKPINK-BTS-ENHYPEN-JISOO-KAI-NCT-NCT+127-NCT+DREAM-NEW+JEANS-NMIXX-STAYC-TWICE-TXT-JEON+SOMI/%D0%9D%D0%B0%D0%BB%D0%B8%D1%87%D0%BD%D0%BE%D1%81%D1%82-%D0%92+%D0%BD%D0%B0%D0%BB%D0%B8%D1%87%D0%BD%D0%BE%D1%81%D1%82-%D0%9D%D1%8F%D0%BC%D0%B0+%D0%BD%D0%B0%D0%BB%D0%B8%D1%87%D0%BD%D0%BE%D1%81%D1%82 HTTP/2.0" 200 21757 "-" "Mozilla/5.0 AppleWebKit/537.36 (KHTML, like Gecko; compatible; bingbot/2.0; +http://www.bing.com/bingbot.htm) Chrome/116.0.1938.76 Safari/537.36"
40.77.167.50 - - [13/Oct/2025:04:26:02 +0200] "GET /en/13-artist?q=Categories-AESPA-BABYMONSTER-BLACKPINK-BOYNEXTDOOR-ENHYPEN-ILLIT-ITZY-JIHYO-LISA-NEW+JEANS-SEVENTEEN-TXT-ZEROBASEONE HTTP/2.0" 200 19881 "-" "Mozilla/5.0 AppleWebKit/537.36 (KHTML, like Gecko; compatible; bingbot/2.0; +http://www.bing.com/bingbot.htm) Chrome/116.0.1938.76 Safari/537.36"
40.77.167.50 - - [13/Oct/2025:04:26:02 +0200] "GET /bg/13-artisti?q=%D0%9A%D0%B0%D1%82%D0%B5%D0%B3%D0%BE%D1%80%D0%B8%D0%B8-AESPA-BLACKPINK-ENHYPEN-JISOO-KAI-LE+SSERAFIM-LISA-NCT-NMIXX-STAYC-STRAYKIDS-GOT+THE+BEAT/%D0%9D%D0%B0%D0%BB%D0%B8%D1%87%D0%BD%D0%BE%D1%81%D1%82-%D0%92+%D0%BD%D0%B0%D0%BB%D0%B8%D1%87%D0%BD%D0%BE%D1%81%D1%82 HTTP/2.0" 200 21666 "-" "Mozilla/5.0 AppleWebKit/537.36 (KHTML, like Gecko; compatible; bingbot/2.0; +http://www.bing.com/bingbot.htm) Chrome/116.0.1938.76 Safari/537.36"
40.77.167.50 - - [13/Oct/2025:04:26:03 +0200] "GET /bg/13-artisti?q=%D0%9A%D0%B0%D1%82%D0%B5%D0%B3%D0%BE%D1%80%D0%B8%D0%B8-AESPA-ASTRO-ENHYPEN-ITZY-JEON+SOMI-JISOO-KAI-NMIXX-STAYC-TREASURE-TWICE-NCT+127/%D0%9D%D0%B0%D0%BB%D0%B8%D1%87%D0%BD%D0%BE%D1%81%D1%82-%D0%92+%D0%BD%D0%B0%D0%BB%D0%B8%D1%87%D0%BD%D0%BE%D1%81%D1%82-%D0%9D%D1%8F%D0%BC%D0%B0+%D0%BD%D0%B0%D0%BB%D0%B8%D1%87%D0%BD%D0%BE%D1%81%D1%82 HTTP/2.0" 200 21721 "-" "Mozilla/5.0 AppleWebKit/537.36 (KHTML, like Gecko; compatible; bingbot/2.0; +http://www.bing.com/bingbot.htm) Chrome/116.0.1938.76 Safari/537.36"
40.77.167.50 - - [13/Oct/2025:04:26:03 +0200] "GET /bg/13-artisti?q=%D0%9A%D0%B0%D1%82%D0%B5%D0%B3%D0%BE%D1%80%D0%B8%D0%B8-AESPA-ASTRO-BABYMONSTER-BLACKPINK-BOYNEXTDOOR-ENHYPEN-ILLIT-ITZY-JIHYO-LISA-NMIXX-STAYC-TREASURE-TWICE-TXT-ZEROBASEONE-IVE HTTP/2.0" 200 21508 "-" "Mozilla/5.0 AppleWebKit/537.36 (KHTML, like Gecko; compatible; bingbot/2.0; +http://www.bing.com/bingbot.htm) Chrome/116.0.1938.76 Safari/537.36"
40.77.167.50 - - [13/Oct/2025:04:26:04 +0200] "GET /bg/13-artisti?q=%D0%9A%D0%B0%D1%82%D0%B5%D0%B3%D0%BE%D1%80%D0%B8%D0%B8-AESPA-BABYMONSTER-BLACKPINK-BOYNEXTDOOR-ENHYPEN-ILLIT-ITZY-IVE-JIHYO-KISS+OF+LIFE-RIIZE-STRAYKIDS-TWICE-WayV-ZEROBASEONE-JENNIE+%28BLACKPINK%29&order=product.name.desc HTTP/2.0" 200 21801 "-" "Mozilla/5.0 AppleWebKit/537.36 (KHTML, like Gecko; compatible; bingbot/2.0; +http://www.bing.com/bingbot.htm) Chrome/116.0.1938.76 Safari/537.36"
52.167.144.170 - - [13/Oct/2025:04:26:04 +0200] "GET /en/13-artist?q=Categories-AESPA-Agust+D+%28BTS%29-BABYMONSTER-BLACKPINK-BOYNEXTDOOR-BTS-ENHYPEN-ILLIT-ITZY-JIHYO-KAI-NAYEON+%28TWICE%29-NCT+DREAM-NMIXX-ROSE+%28BLACKPINK%29-SEVENTEEN-TWICE-TXT-WayV-ZEROBASEONE-LE+SSERAFIM&page=8 HTTP/2.0" 200 20007 "-" "Mozilla/5.0 AppleWebKit/537.36 (KHTML, like Gecko; compatible; bingbot/2.0; +http://www.bing.com/bingbot.htm) Chrome/116.0.1938.76 Safari/537.36"
52.167.144.170 - - [13/Oct/2025:04:26:05 +0200] "GET /bg/13-artisti?q=%D0%9A%D0%B0%D1%82%D0%B5%D0%B3%D0%BE%D1%80%D0%B8%D0%B8-AESPA-ATEEZ-BABYMONSTER-BLACKPINK-BOYNEXTDOOR-ENHYPEN-ILLIT-ITZY-JIHYO-KAI-Kep1er-NMIXX-TREASURE-TWICE-TXT-ZEROBASEONE-LISA HTTP/2.0" 200 21508 "-" "Mozilla/5.0 AppleWebKit/537.36 (KHTML, like Gecko; compatible; bingbot/2.0; +http://www.bing.com/bingbot.htm) Chrome/116.0.1938.76 Safari/537.36"
52.167.144.170 - - [13/Oct/2025:04:26:08 +0200] "GET /bg/13-artisti?q=%D0%9A%D0%B0%D1%82%D0%B5%D0%B3%D0%BE%D1%80%D0%B8%D0%B8-ATEEZ-BABYMONSTER-BLACKPINK-BOYNEXTDOOR-ENHYPEN-ILLIT-ITZY-JIHYO-KAI-Kep1er-LISA-NAYEON+%28TWICE%29-NCT+WISH-NMIXX-TREASURE-TXT-ZEROBASEONE HTTP/2.0" 200 21619 "-" "Mozilla/5.0 AppleWebKit/537.36 (KHTML, like Gecko; compatible; bingbot/2.0; +http://www.bing.com/bingbot.htm) Chrome/116.0.1938.76 Safari/537.36"
52.167.144.170 - - [13/Oct/2025:04:26:09 +0200] "GET /bg/13-artisti?q=%D0%9A%D0%B0%D1%82%D0%B5%D0%B3%D0%BE%D1%80%D0%B8%D0%B8-AESPA-ASTRO-ATEEZ-ENHYPEN-GOT+THE+BEAT-ITZY-JIHYO-KAI-LISA-NCT+DREAM-NMIXX-STRAYKIDS-TREASURE-TWICE-V+%28BTS%29-STAYC&order=product.reference.asc HTTP/2.0" 200 21663 "-" "Mozilla/5.0 AppleWebKit/537.36 (KHTML, like Gecko; compatible; bingbot/2.0; +http://www.bing.com/bingbot.htm) Chrome/116.0.1938.76 Safari/537.36"
40.77.167.254 - - [13/Oct/2025:04:26:09 +0200] "GET /bg/13-artisti?q=%D0%9A%D0%B0%D1%82%D0%B5%D0%B3%D0%BE%D1%80%D0%B8%D0%B8-AESPA-BABYMONSTER-BLACKPINK-BTS-CHA+EUN+WOO+%28ASTRO%29-ENHYPEN-ILLIT-ITZY-JIHYO-KAI-LISA-NAYEON+%28TWICE%29-NCT+WISH-NMIXX-RIIZE-TWICE-Tzuyu+%28TWICE%29-WayV-ZEROBASEONE-SEVENTEEN&order=product.price.asc&page=7 HTTP/2.0" 200 21858 "-" "Mozilla/5.0 AppleWebKit/537.36 (KHTML, like Gecko; compatible; bingbot/2.0; +http://www.bing.com/bingbot.htm) Chrome/116.0.1938.76 Safari/537.36"
52.167.144.170 - - [13/Oct/2025:04:26:10 +0200] "GET /bg/13-artisti?q=%D0%9A%D0%B0%D1%82%D0%B5%D0%B3%D0%BE%D1%80%D0%B8%D0%B8-ATEEZ-BABYMONSTER-BTS-ENHYPEN-ILLIT-JIHYO-KAI-LE+SSERAFIM-LISA-NAYEON+%28TWICE%29-NEW+JEANS-NMIXX-SEVENTEEN-STRAYKIDS-TREASURE-TWICE-TXT HTTP/2.0" 200 21563 "-" "Mozilla/5.0 AppleWebKit/537.36 (KHTML, like Gecko; compatible; bingbot/2.0; +http://www.bing.com/bingbot.htm) Chrome/116.0.1938.76 Safari/537.36"
40.77.167.254 - - [13/Oct/2025:04:26:10 +0200] "GET /bg/13-artisti?q=%D0%9A%D0%B0%D1%82%D0%B5%D0%B3%D0%BE%D1%80%D0%B8%D0%B8-AESPA-BABYMONSTER-BLACKPINK-BOYNEXTDOOR-ENHYPEN-ILLIT-IVE-JIHYO-NMIXX-RIIZE-SEVENTEEN-STRAYKIDS-TWICE-WayV-ZEROBASEONE-ITZY HTTP/2.0" 200 21584 "-" "Mozilla/5.0 AppleWebKit/537.36 (KHTML, like Gecko; compatible; bingbot/2.0; +http://www.bing.com/bingbot.htm) Chrome/116.0.1938.76 Safari/537.36"
40.77.167.50 - - [13/Oct/2025:04:26:11 +0200] "GET /bg/13-artisti?q=%D0%9A%D0%B0%D1%82%D0%B5%D0%B3%D0%BE%D1%80%D0%B8%D0%B8-AESPA-BLACKPINK-BOYNEXTDOOR-ENHYPEN-ILLIT-IVE-JIHYO-Kep1er-LISA-NMIXX-RIIZE-SEVENTEEN-STRAYKIDS-TWICE-WayV-ZEROBASEONE-KISS+OF+LIFE HTTP/2.0" 200 21546 "-" "Mozilla/5.0 AppleWebKit/537.36 (KHTML, like Gecko; compatible; bingbot/2.0; +http://www.bing.com/bingbot.htm) Chrome/116.0.1938.76 Safari/537.36"
40.77.167.254 - - [13/Oct/2025:04:26:11 +0200] "GET /bg/13-artisti?q=%D0%9A%D0%B0%D1%82%D0%B5%D0%B3%D0%BE%D1%80%D0%B8%D0%B8-ATEEZ-BOYNEXTDOOR-ENHYPEN-ILLIT-IVE-JENNIE+%28BLACKPINK%29-JIHYO-Kep1er-LE+SSERAFIM-LISA-P1Harmony-RIIZE-SEVENTEEN-STRAYKIDS-TREASURE-TWICE-TXT-WayV HTTP/2.0" 200 21572 "-" "Mozilla/5.0 AppleWebKit/537.36 (KHTML, like Gecko; compatible; bingbot/2.0; +http://www.bing.com/bingbot.htm) Chrome/116.0.1938.76 Safari/537.36"
40.77.167.50 - - [13/Oct/2025:04:26:11 +0200] "GET /bg/13-artisti?q=%D0%9A%D0%B0%D1%82%D0%B5%D0%B3%D0%BE%D1%80%D0%B8%D0%B8-AESPA-BLACKPINK-BTS-ENHYPEN-JISOO-NEW+JEANS-STRAYKIDS-TREASURE-TWICE-STAYC/%D0%9D%D0%B0%D0%BB%D0%B8%D1%87%D0%BD%D0%BE%D1%81%D1%82-%D0%92+%D0%BD%D0%B0%D0%BB%D0%B8%D1%87%D0%BD%D0%BE%D1%81%D1%82 HTTP/2.0" 200 21609 "-" "Mozilla/5.0 AppleWebKit/537.36 (KHTML, like Gecko; compatible; bingbot/2.0; +http://www.bing.com/bingbot.htm) Chrome/116.0.1938.76 Safari/537.36"
40.77.167.254 - - [13/Oct/2025:04:26:12 +0200] "GET /bg/13-artisti?q=%D0%9A%D0%B0%D1%82%D0%B5%D0%B3%D0%BE%D1%80%D0%B8%D0%B8-ATEEZ-BABYMONSTER-BLACKPINK-BOYNEXTDOOR-ENHYPEN-GOT+THE+BEAT-ILLIT-IVE-JIMIN+%28BTS%29-Kep1er-NMIXX-RIIZE-ROSE+%28BLACKPINK%29-SEVENTEEN-STAYC-TWICE-WayV-ZEROBASEONE-JIHYO HTTP/2.0" 200 21667 "-" "Mozilla/5.0 AppleWebKit/537.36 (KHTML, like Gecko; compatible; bingbot/2.0; +http://www.bing.com/bingbot.htm) Chrome/116.0.1938.76 Safari/537.36"
52.167.144.170 - - [13/Oct/2025:04:26:14 +0200] "GET /en/13-artist?q=Categories-AESPA-ATEEZ-BABYMONSTER-BLACKPINK-BTS-ENHYPEN-ILLIT-ITZY-JIHYO-LE+SSERAFIM-LISA-NMIXX-P1Harmony-SEVENTEEN-STAYC-STRAYKIDS-THE+BOYZ-TWICE-TXT-XDINARY+HEROES-ZEROBASEONE-RIIZE&page=3 HTTP/2.0" 200 20130 "-" "Mozilla/5.0 AppleWebKit/537.36 (KHTML, like Gecko; compatible; bingbot/2.0; +http://www.bing.com/bingbot.htm) Chrome/116.0.1938.76 Safari/537.36"
52.167.144.170 - - [13/Oct/2025:04:26:15 +0200] "GET /bg/13-artisti?q=%D0%9A%D0%B0%D1%82%D0%B5%D0%B3%D0%BE%D1%80%D0%B8%D0%B8-AESPA-BABYMONSTER-BLACKPINK-BOYNEXTDOOR-BTS-ENHYPEN-ILLIT-ITZY-JIHYO-LISA-NMIXX-P1Harmony-RIIZE-STAYC-STRAYKIDS-TWICE-WayV-ZEROBASEONE HTTP/2.0" 200 21542 "-" "Mozilla/5.0 AppleWebKit/537.36 (KHTML, like Gecko; compatible; bingbot/2.0; +http://www.bing.com/bingbot.htm) Chrome/116.0.1938.76 Safari/537.36"
52.167.144.170 - - [13/Oct/2025:04:26:16 +0200] "GET /bg/13-artisti?q=%D0%9A%D0%B0%D1%82%D0%B5%D0%B3%D0%BE%D1%80%D0%B8%D0%B8-AESPA-BABYMONSTER-BLACKPINK-BOYNEXTDOOR-ENHYPEN-ILLIT-ITZY-KAI-NMIXX-P1Harmony-SEVENTEEN-STRAYKIDS-TREASURE-TXT-ZEROBASEONE-TWICE HTTP/2.0" 200 21576 "-" "Mozilla/5.0 AppleWebKit/537.36 (KHTML, like Gecko; compatible; bingbot/2.0; +http://www.bing.com/bingbot.htm) Chrome/116.0.1938.76 Safari/537.36"
154.54.249.203 - - [13/Oct/2025:04:26:17 +0200] "GET /en/13-artist?order=product.name.desc&q=Categories-NCT+127-P1Harmony HTTP/1.1" 200 19933 "-" "Mozilla/5.0 (compatible; Barkrowler/0.9; +https://babbar.tech/crawler)"
