217.113.194.105 - - [13/Oct/2025:01:00:47 +0200] "GET /en/13-artist?q=Categories-NEW+JEANS-TXT-WayV&order=product.price.desc HTTP/1.1" 200 19875 "-" "Mozilla/5.0 (compatible; Barkrowler/0.9; +https://babbar.tech/crawler)"
40.77.167.0 - - [13/Oct/2025:01:00:51 +0200] "GET /bg/13-artisti?q=%D0%9A%D0%B0%D1%82%D0%B5%D0%B3%D0%BE%D1%80%D0%B8%D0%B8-ATEEZ-BABYMONSTER-BLACKPINK-BTS-ENHYPEN-GOT+THE+BEAT-ILLIT-IVE-JENNIE+%28BLACKPINK%29-LE+SSERAFIM-LISA+%28BLACKPINK%29-NMIXX-P1Harmony-RIIZE-SEVENTEEN-TXT-WayV-ZEROBASEONE-TREASURE HTTP/2.0" 200 21662 "-" "Mozilla/5.0 AppleWebKit/537.36 (KHTML, like Gecko; compatible; bingbot/2.0; +http://www.bing.com/bingbot.htm) Chrome/116.0.1938.76 Safari/537.36"
40.77.167.14 - - [13/Oct/2025:01:00:54 +0200] "GET /bg/13-artisti?q=%D0%9A%D0%B0%D1%82%D0%B5%D0%B3%D0%BE%D1%80%D0%B8%D0%B8-ATEEZ-BABYMONSTER-BOYNEXTDOOR-ENHYPEN-ILLIT-IVE-JIHYO-Jin+%28BTS%29-Kep1er-LISA-NEW+JEANS-NMIXX-RIIZE-SEVENTEEN-TXT-WayV-ZEROBASEONE HTTP/2.0" 200 21555 "-" "Mozilla/5.0 AppleWebKit/537.36 (KHTML, like Gecko; compatible; bingbot/2.0; +http://www.bing.com/bingbot.htm) Chrome/116.0.1938.76 Safari/537.36"
47.128.47.142 - - [13/Oct/2025:01:01:00 +0200] "GET /en/76-mark-nct?SubmitCurrency=1&id_currency=3 HTTP/2.0" 200 13612 "-" "Mozilla/5.0 (compatible; Bytespider; spider-feedback@bytedance.com) AppleWebKit/537.36 (KHTML, like Gecko) Chrome/70.0.0.0 Safari/537.36"
217.113.194.105 - - [13/Oct/2025:01:01:05 +0200] "GET /en/13-artist?q=Categories-NEW+JEANS-TWICE&order=product.name.asc&page=18 HTTP/1.1" 200 19522 "-" "Mozilla/5.0 (compatible; Barkrowler/0.9; +https://babbar.tech/crawler)"
114.119.133.146 - - [13/Oct/2025:01:01:08 +0200] "GET /en/19-twice?order=product.name.desc HTTP/1.1" 200 15357 "https://kpopbg.com/en/19-twice?order=product.name.asc" "Mozilla/5.0 (Linux; Android 7.0;) AppleWebKit/537.36 (KHTML, like Gecko) Mobile Safari/537.36 (compatible; PetalBot;+https://webmaster.petalsearch.com/site/petalbot)"
52.167.144.227 - - [13/Oct/2025:01:01:10 +0200] "GET /bg/13-artisti?q=%D0%9A%D0%B0%D1%82%D0%B5%D0%B3%D0%BE%D1%80%D0%B8%D0%B8-BABYMONSTER-BLACKPINK-BOYNEXTDOOR-ENHYPEN-GOT+THE+BEAT-ILLIT-ITZY-IVE-NEW+JEANS-NMIXX-SEVENTEEN-STAYC-STRAYKIDS-TREASURE-TWICE-TXT-WayV-ZEROBASEONE-Jin+%28BTS%29 HTTP/2.0" 200 21624 "-" "Mozilla/5.0 AppleWebKit/537.36 (KHTML, like Gecko; compatible; bingbot/2.0; +http://www.bing.com/bingbot.htm) Chrome/116.0.1938.76 Safari/537.36"
52.167.144.227 - - [13/Oct/2025:01:01:10 +0200] "GET /bg/13-artisti?q=%D0%9A%D0%B0%D1%82%D0%B5%D0%B3%D0%BE%D1%80%D0%B8%D0%B8-AESPA-ASTRO-BLACKPINK-BTS-ENHYPEN-GOT+THE+BEAT-ITZY-IVE-KAI-NCT-NCT+127-NCT+DREAM-NEW+JEANS-STAYC-STRAYKIDS HTTP/2.0" 200 21491 "-" "Mozilla/5.0 AppleWebKit/537.36 (KHTML, like Gecko; compatible; bingbot/2.0; +http://www.bing.com/bingbot.htm) Chrome/116.0.1938.76 Safari/537.36"
40.77.167.0 - - [13/Oct/2025:01:01:12 +0200] "GET /en/13-artist?q=Categories-ATEEZ-ILLIT-LE+SSERAFIM-SEVENTEEN-BTS&order=product.name.asc HTTP/2.0" 200 19391 "-" "Mozilla/5.0 AppleWebKit/537.36 (KHTML, like Gecko; compatible; bingbot/2.0; +http://www.bing.com/bingbot.htm) Chrome/116.0.1938.76 Safari/537.36"
40.77.167.14 - - [13/Oct/2025:01:01:14 +0200] "GET /bg/13-artisti?q=%D0%9A%D0%B0%D1%82%D0%B5%D0%B3%D0%BE%D1%80%D0%B8%D0%B8-AESPA-Agust+D+%28BTS%29-ATEEZ-BABYMONSTER-BLACKPINK-BOYNEXTDOOR-ENHYPEN-ILLIT-JIHYO-LE+SSERAFIM-LISA-NCT+DOYOUNG-NMIXX-RIIZE-SEVENTEEN-STAYC-TWICE-Tzuyu+%28TWICE%29-WayV-ZEROBASEONE-GOT+THE+BEAT&order=product.name.asc HTTP/2.0" 200 21422 "-" "Mozilla/5.0 AppleWebKit/537.36 (KHTML, like Gecko; compatible; bingbot/2.0; +http://www.bing.com/bingbot.htm) Chrome/116.0.1938.76 Safari/537.36"
217.113.194.224 - - [13/Oct/2025:01:01:22 +0200] "GET /en/13-artist?q=Categories-NEW+JEANS-TWICE&order=product.name.asc&page=4 HTTP/1.1" 200 19731 "-" "Mozilla/5.0 (compatible; Barkrowler/0.9; +https://babbar.tech/crawler)"
154.54.249.203 - - [13/Oct/2025:01:01:39 +0200] "GET /en/13-artist?q=Categories-NEW+JEANS-TWICE&order=product.name.asc&page=19 HTTP/1.1" 200 19926 "-" "Mozilla/5.0 (compatible; Barkrowler/0.9; +https://babbar.tech/crawler)"
40.77.167.0 - - [13/Oct/2025:01:01:40 +0200] "GET /en/13-artist?q=%D0%9A%D0%B0%D1%82%D0%B5%D0%B3%D0%BE%D1%80%D0%B8%D0%B8-AESPA-BABYMONSTER-BLACKPINK-BOYNEXTDOOR-BTS-ENHYPEN-ILLIT-ITZY-KAI-LISA-NAYEON+%28TWICE%29-NMIXX-SEVENTEEN-STAYC-STRAYKIDS-TREASURE-ZEROBASEONE-P1Harmony HTTP/2.0" 200 20015 "-" "Mozilla/5.0 AppleWebKit/537.36 (KHTML, like Gecko; compatible; bingbot/2.0; +http://www.bing.com/bingbot.htm) Chrome/116.0.1938.76 Safari/537.36"
47.128.47.117 - - [13/Oct/2025:01:01:49 +0200] "GET /bg/13-artisti?order=product.position.asc&q=%D0%9A%D0%B0%D1%82%D0%B5%D0%B3%D0%BE%D1%80%D0%B8%D0%B8-ASTRO-BTS-ITZY-IVE-LE+SSERAFIM-TXT-RED+VELVET HTTP/2.0" 200 21139 "-" "Mozilla/5.0 (compatible; Bytespider; spider-feedback@bytedance.com) AppleWebKit/537.36 (KHTML, like Gecko) Chrome/70.0.0.0 Safari/537.36"
217.113.194.108 - - [13/Oct/2025:01:01:56 +0200] "GET /en/13-artist?q=Categories-NEW+JEANS-TXT-NCT+DREAM&page=4 HTTP/1.1" 200 20032 "-" "Mozilla/5.0 (compatible; Barkrowler/0.9; +https://babbar.tech/crawler)"
40.77.167.0 - - [13/Oct/2025:01:02:01 +0200] "GET /en/13-artist?q=Categories-ASTRO-BABYMONSTER-ENHYPEN-ILLIT-NCT-SEVENTEEN-TWICE-TXT-ZEROBASEONE-JIMIN+%28BTS%29 HTTP/2.0" 200 19851 "-" "Mozilla/5.0 AppleWebKit/537.36 (KHTML, like Gecko; compatible; bingbot/2.0; +http://www.bing.com/bingbot.htm) Chrome/116.0.1938.76 Safari/537.36"
66.249.66.14 - - [13/Oct/2025:01:02:04 +0200] "GET /robots.txt HTTP/1.1" 404 11727 "-" "Mozilla/5.0 (compatible; Googlebot/2.1; +http://www.google.com/bot.html)"
66.249.66.14 - - [13/Oct/2025:01:02:04 +0200] "GET /bg/13-artisti?q=%D0%9A%D0%B0%D1%82%D0%B5%D0%B3%D0%BE%D1%80%D0%B8%D0%B8-BTS-Jin+%28BTS%29-KISS+OF+LIFE-NCT+JAEHYUN-NMIXX-RIIZE-ROSE+%28BLACKPINK%29-SEVENTEEN-STAYC-V+%28BTS%29&order=product.name.asc&page=10 HTTP/1.1" 200 21522 "-" "Mozilla/5.0 (Linux; Android 6.0.1; Nexus 5X Build/MMB29P) AppleWebKit/537.36 (KHTML, like Gecko) Chrome/140.0.7339.207 Mobile Safari/537.36 (compatible; Googlebot/2.1; +http://www.google.com/bot.html)"
154.54.249.203 - - [13/Oct/2025:01:02:13 +0200] "GET /en/13-artist?q=Categories-NEW+JEANS-TXT-NCT+DREAM&page=19 HTTP/1.1" 200 19845 "-" "Mozilla/5.0 (compatible; Barkrowler/0.9; +https://babbar.tech/crawler)"
40.77.167.0 - - [13/Oct/2025:01:02:21 +0200] "GET /bg/13-artisti?q=%D0%9A%D0%B0%D1%82%D0%B5%D0%B3%D0%BE%D1%80%D0%B8%D0%B8-ATEEZ-BABYMONSTER-BLACKPINK-BOYNEXTDOOR-ENHYPEN-GOT+THE+BEAT-ILLIT-JENNIE+%28BLACKPINK%29-LISA+%28BLACKPINK%29-NMIXX-RIIZE-ROSE+%28BLACKPINK%29-SEVENTEEN-STAYC-TREASURE-TWICE-TXT-WayV-ZEROBASEONE-xikers HTTP/2.0" 200 21686 "-" "Mozilla/5.0 AppleWebKit/537.36 (KHTML, like Gecko; compatible; bingbot/2.0; +http://www.bing.com/bingbot.htm) Chrome/116.0.1938.76 Safari/537.36"
204.8.98.86 - - [13/Oct/2025:01:02:26 +0200] "GET /wp-content/backup/web.rar HTTP/2.0" 404 77091 "-" "Mozilla/5.0 (Windows NT 10.0; Win64; x64) AppleWebKit/537.36 (KHTML, like Gecko) Chrome/109.0.0.0 Safari/537.36 Edg/109.0.0.0"
217.113.194.224 - - [13/Oct/2025:01:02:32 +0200] "GET /en/13-artist?q=Categories-NEW+JEANS-TXT-NCT+DREAM&page=18 HTTP/1.1" 200 19880 "-" "Mozilla/5.0 (compatible; Barkrowler/0.9; +https://babbar.tech/crawler)"
114.119.158.94 - - [13/Oct/2025:01:02:32 +0200] "GET /en/19-twice?SubmitCurrency=1&id_currency=2 HTTP/1.1" 200 15377 "https://kpopbg.com/en/19-twice?SubmitCurrency=1&id_currency=2" "Mozilla/5.0 (Linux; Android 7.0;) AppleWebKit/537.36 (KHTML, like Gecko) Mobile Safari/537.36 (compatible; PetalBot;+https://webmaster.petalsearch.com/site/petalbot)"
47.128.97.193 - - [13/Oct/2025:01:02:37 +0200] "GET /bg/13-artisti?order=product.name.asc&q=%D0%9A%D0%B0%D1%82%D0%B5%D0%B3%D0%BE%D1%80%D0%B8%D0%B8-%28G%29I%5C-DLE-ASTRO-BLACKPINK-IVE-NMIXX-TXT-NCT+127 HTTP/2.0" 200 21051 "-" "Mozilla/5.0 (compatible; Bytespider; spider-feedback@bytedance.com) AppleWebKit/537.36 (KHTML, like Gecko) Chrome/70.0.0.0 Safari/537.36"
217.113.194.111 - - [13/Oct/2025:01:02:49 +0200] "GET /en/13-artist?q=Categories-NEW+JEANS-TWICE-NCT+WISH&page=4 HTTP/1.1" 200 20014 "-" "Mozilla/5.0 (compatible; Barkrowler/0.9; +https://babbar.tech/crawler)"
40.77.167.0 - - [13/Oct/2025:01:03:02 +0200] "GET /bg/13-artisti?q=%D0%9A%D0%B0%D1%82%D0%B5%D0%B3%D0%BE%D1%80%D0%B8%D0%B8-ATEEZ-BLACKPINK-BOYNEXTDOOR-ENHYPEN-GOT+THE+BEAT-ILLIT-ITZY-IVE-JENNIE+%28BLACKPINK%29-LISA+%28BLACKPINK%29-NMIXX-RIIZE-ROSE+%28BLACKPINK%29-SEVENTEEN-STAYC-TREASURE-TWICE-WayV-ZEROBASEONE-xikers HTTP/2.0" 200 21642 "-" "Mozilla/5.0 AppleWebKit/537.36 (KHTML, like Gecko; compatible; bingbot/2.0; +http://www.bing.com/bingbot.htm) Chrome/116.0.1938.76 Safari/537.36"
40.77.167.14 - - [13/Oct/2025:01:03:04 +0200] "GET /bg/13-artisti?q=%D0%9A%D0%B0%D1%82%D0%B5%D0%B3%D0%BE%D1%80%D0%B8%D0%B8-ATEEZ-BABYMONSTER-BLACKPINK-BOYNEXTDOOR-ENHYPEN-GOT+THE+BEAT-ILLIT-IVE-JENNIE+%28BLACKPINK%29-LISA+%28BLACKPINK%29-NMIXX-P1Harmony-RIIZE-ROSE+%28BLACKPINK%29-STRAYKIDS-TREASURE-TWICE-WayV-ZEROBASEONE-NEW+JEANS&page=3 HTTP/2.0" 200 21854 "-" "Mozilla/5.0 AppleWebKit/537.36 (KHTML, like Gecko; compatible; bingbot/2.0; +http://www.bing.com/bingbot.htm) Chrome/116.0.1938.76 Safari/537.36"
217.113.194.104 - - [13/Oct/2025:01:03:06 +0200] "GET /en/13-artist?q=Categories-NEW+JEANS-TWICE-NCT+WISH&page=19 HTTP/1.1" 200 19840 "-" "Mozilla/5.0 (compatible; Barkrowler/0.9; +https://babbar.tech/crawler)"
40.77.167.0 - - [13/Oct/2025:01:03:10 +0200] "GET /bg/13-artisti?q=%D0%9A%D0%B0%D1%82%D0%B5%D0%B3%D0%BE%D1%80%D0%B8%D0%B8-JISOO-NMIXX-RED+VELVET/%D0%9D%D0%B0%D0%BB%D0%B8%D1%87%D0%BD%D0%BE%D1%81%D1%82-%D0%92+%D0%BD%D0%B0%D0%BB%D0%B8%D1%87%D0%BD%D0%BE%D1%81%D1%82&order=product.position.asc HTTP/2.0" 200 21269 "-" "Mozilla/5.0 AppleWebKit/537.36 (KHTML, like Gecko; compatible; bingbot/2.0; +http://www.bing.com/bingbot.htm) Chrome/116.0.1938.76 Safari/537.36"
40.77.167.14 - - [13/Oct/2025:01:03:14 +0200] "GET /bg/13-artisti?q=%D0%9A%D0%B0%D1%82%D0%B5%D0%B3%D0%BE%D1%80%D0%B8%D0%B8-ATEEZ-BABYMONSTER-BLACKPINK-BOYNEXTDOOR-ENHYPEN-GOT+THE+BEAT-ILLIT-ITZY-IVE-JENNIE+%28BLACKPINK%29-LISA+%28BLACKPINK%29-NEW+JEANS-NMIXX-RIIZE-ROSE+%28BLACKPINK%29-SEVENTEEN-STAYC-TREASURE-TWICE-WayV-ZEROBASEONE-AESPA HTTP/2.0" 200 21710 "-" "Mozilla/5.0 AppleWebKit/537.36 (KHTML, like Gecko; compatible; bingbot/2.0; +http://www.bing.com/bingbot.htm) Chrome/116.0.1938.76 Safari/537.36"
217.113.194.109 - - [13/Oct/2025:01:03:24 +0200] "GET /en/13-artist?q=Categories-NEW+JEANS-TWICE-NCT+WISH&page=18 HTTP/1.1" 200 19878 "-" "Mozilla/5.0 (compatible; Barkrowler/0.9; +https://babbar.tech/crawler)"
47.128.27.11 - - [13/Oct/2025:01:03:26 +0200] "GET /bg/13-artisti?SubmitCurrency=1&id_currency=2&order=product.reference.desc&q=%D0%9A%D0%B0%D1%82%D0%B5%D0%B3%D0%BE%D1%80%D0%B8%D0%B8-Agust+D+%28BTS%29-ASTRO-IVE-JUNG+KOOK+%28BTS%29-KAI-LISA-TREASURE-TXT-AESPA HTTP/2.0" 200 21599 "-" "Mozilla/5.0 (compatible; Bytespider; spider-feedback@bytedance.com) AppleWebKit/537.36 (KHTML, like Gecko) Chrome/70.0.0.0 Safari/537.36"
217.113.194.108 - - [13/Oct/2025:01:03:41 +0200] "GET /en/13-artist?q=Categories-NEW+JEANS-BLACKPINK&order=product.name.asc HTTP/1.1" 200 19375 "-" "Mozilla/5.0 (compatible; Barkrowler/0.9; +https://babbar.tech/crawler)"
114.119.137.2 - - [13/Oct/2025:01:03:56 +0200] "GET /en/19-twice?SubmitCurrency=1&id_currency=1&order=product.price.desc HTTP/1.1" 200 15436 "https://kpopbg.com/en/19-twice?SubmitCurrency=1&id_currency=1&order=product.name.desc" "Mozilla/5.0 (Linux; Android 7.0;) AppleWebKit/537.36 (KHTML, like Gecko) Mobile Safari/537.36 (compatible; PetalBot;+https://webmaster.petalsearch.com/site/petalbot)"
217.113.194.247 - - [13/Oct/2025:01:03:58 +0200] "GET /en/13-artist?q=Categories-NEW+JEANS-ILLIT&order=product.name.asc&page=18 HTTP/1.1" 200 19525 "-" "Mozilla/5.0 (compatible; Barkrowler/0.9; +https://babbar.tech/crawler)"
40.77.167.14 - - [13/Oct/2025:01:04:08 +0200] "GET /bg/13-artisti?q=%D0%9A%D0%B0%D1%82%D0%B5%D0%B3%D0%BE%D1%80%D0%B8%D0%B8-ATEEZ-BABYMONSTER-BLACKPINK-BOYNEXTDOOR-ENHYPEN-GOT+THE+BEAT-ILLIT-IVE-JENNIE+%28BLACKPINK%29-LISA+%28BLACKPINK%29-NMIXX-ROSE+%28BLACKPINK%29-STRAYKIDS-TREASURE-TWICE-TXT-WayV-ZEROBASEONE-RIIZE&order=product.price.asc HTTP/2.0" 200 21668 "-" "Mozilla/5.0 AppleWebKit/537.36 (KHTML, like Gecko; compatible; bingbot/2.0; +http://www.bing.com/bingbot.htm) Chrome/116.0.1938.76 Safari/537.36"
40.77.167.0 - - [13/Oct/2025:01:04:10 +0200] "GET /bg/13-artisti?q=%D0%9A%D0%B0%D1%82%D0%B5%D0%B3%D0%BE%D1%80%D0%B8%D0%B8-ATEEZ-BABYMONSTER-BLACKPINK-BOYNEXTDOOR-ENHYPEN-GOT+THE+BEAT-ILLIT-IVE-JENNIE+%28BLACKPINK%29-JIHYO-Kep1er-NMIXX-P1Harmony-RIIZE-SEVENTEEN-STAYC-STRAYKIDS-TXT-V+%28BTS%29-WayV-ZEROBASEONE-CHA+EUN+WOO+%28ASTRO%29&order=product.name.desc HTTP/2.0" 200 21951 "-" "Mozilla/5.0 AppleWebKit/537.36 (KHTML, like Gecko; compatible; bingbot/2.0; +http://www.bing.com/bingbot.htm) Chrome/116.0.1938.76 Safari/537.36"
216.244.66.233 - - [13/Oct/2025:01:04:12 +0200] "GET /bg/nachalo/86-156-got-the-beat-stamp-on-it-1st-mini-album--8809755506551 HTTP/1.1" 301 5 "-" "Mozilla/5.0 (compatible; DotBot/1.2; +https://opensiteexplorer.org/dotbot; help@moz.com)"
216.244.66.233 - - [13/Oct/2025:01:04:14 +0200] "GET /en/nachalo/169-361-boynextdoor-how-2nd-ep--8809973502380 HTTP/1.1" 301 5 "-" "Mozilla/5.0 (compatible; DotBot/1.2; +https://opensiteexplorer.org/dotbot; help@moz.com)"
47.128.53.52 - - [13/Oct/2025:01:04:14 +0200] "GET /bg/13-artisti?SubmitCurrency=1&id_currency=2&order=product.reference.desc&q=%D0%9A%D0%B0%D1%82%D0%B5%D0%B3%D0%BE%D1%80%D0%B8%D0%B8-BLACKPINK-JIHYO-JUNG+KOOK+%28BTS%29-NMIXX-STAYC-TXT-%28G%29I%5C-DLE HTTP/2.0" 200 21604 "-" "Mozilla/5.0 (compatible; Bytespider; spider-feedback@bytedance.com) AppleWebKit/537.36 (KHTML, like Gecko) Chrome/70.0.0.0 Safari/537.36"
217.113.194.103 - - [13/Oct/2025:01:04:14 +0200] "GET /en/13-artist?q=Categories-NEW+JEANS-ILLIT&order=product.name.asc&page=4 HTTP/1.1" 200 19729 "-" "Mozilla/5.0 (compatible; Barkrowler/0.9; +https://babbar.tech/crawler)"
40.77.167.14 - - [13/Oct/2025:01:04:26 +0200] "GET /bg/13-artisti?q=%D0%9A%D0%B0%D1%82%D0%B5%D0%B3%D0%BE%D1%80%D0%B8%D0%B8-AESPA-ATEEZ-BABYMONSTER-BOYNEXTDOOR-BTS-ENHYPEN-ILLIT-ITZY-KAI-LE+SSERAFIM-LISA-NCT+DREAM-NMIXX-SEVENTEEN-STAYC-STRAYKIDS-TREASURE-TWICE-ZEROBASEONE-IVE HTTP/2.0" 200 21565 "-" "Mozilla/5.0 AppleWebKit/537.36 (KHTML, like Gecko; compatible; bingbot/2.0; +http://www.bing.com/bingbot.htm) Chrome/116.0.1938.76 Safari/537.36"
217.113.194.104 - - [13/Oct/2025:01:04:32 +0200] "GET /en/13-artist?q=Categories-NEW+JEANS-ILLIT&order=product.name.asc&page=19 HTTP/1.1" 200 19932 "-" "Mozilla/5.0 (compatible; Barkrowler/0.9; +https://babbar.tech/crawler)"
45.10.156.247 - - [13/Oct/2025:01:04:37 +0200] "GET /wp-content/backup/web.sql HTTP/2.0" 404 77091 "-" "Mozilla/5.0 (Windows NT 10.0; Win64; x64; rv:102.0) Gecko/20100101 Firefox/102.0"
217.113.194.105 - - [13/Oct/2025:01:04:49 +0200] "GET /en/13-artist?q=Categories-NEW+JEANS-AESPA&order=product.price.asc&page=3 HTTP/1.1" 200 19852 "-" "Mozilla/5.0 (compatible; Barkrowler/0.9; +https://babbar.tech/crawler)"
217.113.194.103 - - [13/Oct/2025:01:05:07 +0200] "GET /en/13-artist?q=Categories-NEW+JEANS-AESPA&order=product.price.asc&page=20 HTTP/1.1" 200 18197 "-" "Mozilla/5.0 (compatible; Barkrowler/0.9; +https://babbar.tech/crawler)"
40.77.167.14 - - [13/Oct/2025:01:05:16 +0200] "GET /bg/13-artisti?q=%D0%9A%D0%B0%D1%82%D0%B5%D0%B3%D0%BE%D1%80%D0%B8%D0%B8-ATEEZ-BLACKPINK-BTS-ENHYPEN-GOT+THE+BEAT-ITZY-KAI-LISA-NCT-STAYC-TREASURE-TWICE-TXT&page=3 HTTP/2.0" 200 21585 "-" "Mozilla/5.0 AppleWebKit/537.36 (KHTML, like Gecko; compatible; bingbot/2.0; +http://www.bing.com/bingbot.htm) Chrome/116.0.1938.76 Safari/537.36"
114.119.133.146 - - [13/Oct/2025:01:05:20 +0200] "GET /en/15-straykids?order=product.price.asc HTTP/1.1" 200 15910 "https://kpopbg.com/en/15-straykids?page=2" "Mozilla/5.0 (Linux; Android 7.0;) AppleWebKit/537.36 (KHTML, like Gecko) Mobile Safari/537.36 (compatible; PetalBot;+https://webmaster.petalsearch.com/site/petalbot)"
217.113.194.108 - - [13/Oct/2025:01:05:25 +0200] "GET /en/13-artist?q=Categories-NEW+JEANS-LISA&order=product.position.asc&page=20 HTTP/1.1" 200 18307 "-" "Mozilla/5.0 (compatible; Barkrowler/0.9; +https://babbar.tech/crawler)"
217.113.194.223 - - [13/Oct/2025:01:05:41 +0200] "GET /en/13-artist?q=Categories-RED+VELVET-TWICE-ENHYPEN&page=2 HTTP/1.1" 200 19800 "-" "Mozilla/5.0 (compatible; Barkrowler/0.9; +https://babbar.tech/crawler)"
52.167.144.18 - - [13/Oct/2025:01:05:42 +0200] "GET /bg/13-artisti?q=%D0%9A%D0%B0%D1%82%D0%B5%D0%B3%D0%BE%D1%80%D0%B8%D0%B8-AESPA-ATEEZ-BABYMONSTER-BLACKPINK-BOYNEXTDOOR-ENHYPEN-ILLIT-ITZY-KAI-LISA-NMIXX-ZEROBASEONE-JIHYO&order=product.name.desc HTTP/2.0" 200 21709 "-" "Mozilla/5.0 AppleWebKit/537.36 (KHTML, like Gecko; compatible; bingbot/2.0; +http://www.bing.com/bingbot.htm) Chrome/116.0.1938.76 Safari/537.36"
52.167.144.18 - - [13/Oct/2025:01:05:42 +0200] "GET /bg/13-artisti?q=%D0%9A%D0%B0%D1%82%D0%B5%D0%B3%D0%BE%D1%80%D0%B8%D0%B8-ATEEZ-BABYMONSTER-BLACKPINK-BOYNEXTDOOR-ENHYPEN-GOT+THE+BEAT-ILLIT-JENNIE+%28BLACKPINK%29-LISA+%28BLACKPINK%29-NMIXX-RIIZE-ROSE+%28BLACKPINK%29-SEVENTEEN-STAYC-TWICE-V+%28BTS%29-WayV-ZEROBASEONE-xikers HTTP/2.0" 200 21667 "-" "Mozilla/5.0 AppleWebKit/537.36 (KHTML, like Gecko; compatible; bingbot/2.0; +http://www.bing.com/bingbot.htm) Chrome/116.0.1938.76 Safari/537.36"
40.77.167.14 - - [13/Oct/2025:01:05:45 +0200] "GET /en/13-artist?q=Categories-BABYMONSTER-BOYNEXTDOOR-BTS-ENHYPEN-ILLIT-NCT-TREASURE-TXT-ZEROBASEONE-KAI HTTP/2.0" 200 19835 "-" "Mozilla/5.0 AppleWebKit/537.36 (KHTML, like Gecko; compatible; bingbot/2.0; +http://www.bing.com/bingbot.htm) Chrome/116.0.1938.76 Safari/537.36"
40.77.167.14 - - [13/Oct/2025:01:05:45 +0200] "GET /bg/13-artisti?q=%D0%9A%D0%B0%D1%82%D0%B5%D0%B3%D0%BE%D1%80%D0%B8%D0%B8-AESPA-ASTRO-BLACKPINK-BTS-ENHYPEN-GOT+THE+BEAT-ITZY-IVE-KAI-LISA-NCT-STAYC-STRAYKIDS-TREASURE-TWICE HTTP/2.0" 200 21468 "-" "Mozilla/5.0 AppleWebKit/537.36 (KHTML, like Gecko; compatible; bingbot/2.0; +http://www.bing.com/bingbot.htm) Chrome/116.0.1938.76 Safari/537.36"
52.167.144.172 - - [13/Oct/2025:01:05:47 +0200] "GET /en/13-artist?q=Categories-ATEEZ-BABYMONSTER-BLACKPINK-BOYNEXTDOOR-ENHYPEN-ILLIT-ITZY-IVE-JIHYO-KAI-LISA-NMIXX-STAYC-TWICE-TXT-ZEROBASEONE-STRAYKIDS HTTP/2.0" 200 19904 "-" "Mozilla/5.0 AppleWebKit/537.36 (KHTML, like Gecko; compatible; bingbot/2.0; +http://www.bing.com/bingbot.htm) Chrome/116.0.1938.76 Safari/537.36"
52.167.144.18 - - [13/Oct/2025:01:05:52 +0200] "GET /bg/13-artisti?q=%D0%9A%D0%B0%D1%82%D0%B5%D0%B3%D0%BE%D1%80%D0%B8%D0%B8-ATEEZ-BABYMONSTER-BLACKPINK-BTS-ENHYPEN-ILLIT-ITZY-JIHYO-KAI-Kep1er-LISA-NAYEON+%28TWICE%29-NMIXX-SEVENTEEN-STRAYKIDS-TXT-ZEROBASEONE-JIMIN+%28BTS%29 HTTP/2.0" 200 21573 "-" "Mozilla/5.0 AppleWebKit/537.36 (KHTML, like Gecko; compatible; bingbot/2.0; +http://www.bing.com/bingbot.htm) Chrome/116.0.1938.76 Safari/537.36"
47.128.34.23 - - [13/Oct/2025:01:05:52 +0200] "GET /bg/13-artisti?SubmitCurrency=1&id_currency=2&q=%D0%9A%D0%B0%D1%82%D0%B5%D0%B3%D0%BE%D1%80%D0%B8%D0%B8-BLACKPINK-BTS-IVE-JIMIN+%28BTS%29 HTTP/2.0" 200 21421 "-" "Mozilla/5.0 (compatible; Bytespider; spider-feedback@bytedance.com) AppleWebKit/537.36 (KHTML, like Gecko) Chrome/70.0.0.0 Safari/537.36"
52.167.144.18 - - [13/Oct/2025:01:05:53 +0200] "GET /bg/13-artisti?q=%D0%9A%D0%B0%D1%82%D0%B5%D0%B3%D0%BE%D1%80%D0%B8%D0%B8-AESPA-ATEEZ-BABYMONSTER-BOYNEXTDOOR-Dreamcatcher-ENHYPEN-ILLIT-IVE-JIHYO-LISA-NCT+DOYOUNG-NMIXX-RIIZE-ROSE+%28BLACKPINK%29-STAYC-TWICE-WayV-ZEROBASEONE-GOT+THE+BEAT HTTP/2.0" 200 21642 "-" "Mozilla/5.0 AppleWebKit/537.36 (KHTML, like Gecko; compatible; bingbot/2.0; +http://www.bing.com/bingbot.htm) Chrome/116.0.1938.76 Safari/537.36"
217.113.194.247 - - [13/Oct/2025:01:05:59 +0200] "GET /en/13-artist?q=Categories-RED+VELVET-Dreamcatcher&order=product.name.asc&page=19 HTTP/1.1" 200 19937 "-" "Mozilla/5.0 (compatible; Barkrowler/0.9; +https://babbar.tech/crawler)"
40.77.167.0 - - [13/Oct/2025:01:06:01 +0200] "GET /bg/13-artisti?q=%D0%9A%D0%B0%D1%82%D0%B5%D0%B3%D0%BE%D1%80%D0%B8%D0%B8-AESPA-BABYMONSTER-BLACKPINK-BOYNEXTDOOR-ENHYPEN-ILLIT-IVE-JIHYO-LISA-NMIXX-RIIZE-SEVENTEEN-STAYC-TREASURE-TWICE-WayV-ZEROBASEONE HTTP/2.0" 200 21595 "-" "Mozilla/5.0 AppleWebKit/537.36 (KHTML, like Gecko; compatible; bingbot/2.0; +http://www.bing.com/bingbot.htm) Chrome/116.0.1938.76 Safari/537.36"
40.77.167.0 - - [13/Oct/2025:01:06:10 +0200] "GET /bg/13-artisti?q=%D0%9A%D0%B0%D1%82%D0%B5%D0%B3%D0%BE%D1%80%D0%B8%D0%B8-ATEEZ-BABYMONSTER-BOYNEXTDOOR-BTS-CHA+EUN+WOO+%28ASTRO%29-ENHYPEN-ILLIT-IVE-LE+SSERAFIM-LISA-NAYEON+%28TWICE%29-NEW+JEANS-NMIXX-P1Harmony-SEVENTEEN-STRAYKIDS-TWICE-Tzuyu+%28TWICE%29-WayV-ZEROBASEONE-KISS+OF+LIFE&order=product.price.asc HTTP/2.0" 200 21745 "-" "Mozilla/5.0 AppleWebKit/537.36 (KHTML, like Gecko; compatible; bingbot/2.0; +http://www.bing.com/bingbot.htm) Chrome/116.0.1938.76 Safari/537.36"
217.113.194.107 - - [13/Oct/2025:01:06:15 +0200] "GET /en/13-artist?q=Categories-RED+VELVET-Dreamcatcher&order=product.name.asc&page=18 HTTP/1.1" 200 19545 "-" "Mozilla/5.0 (compatible; Barkrowler/0.9; +https://babbar.tech/crawler)"
40.77.167.0 - - [13/Oct/2025:01:06:20 +0200] "GET /bg/13-artisti?q=%D0%9A%D0%B0%D1%82%D0%B5%D0%B3%D0%BE%D1%80%D0%B8%D0%B8-AESPA-ATEEZ-BABYMONSTER-BLACKPINK-BOYNEXTDOOR-BTS-Dreamcatcher-ENHYPEN-ILLIT-ITZY-JIHYO-KAI-Kep1er-LISA-NMIXX-RIIZE-SEVENTEEN-STRAYKIDS-TXT-WayV-ZEROBASEONE-JIMIN+%28BTS%29 HTTP/2.0" 200 21643 "-" "Mozilla/5.0 AppleWebKit/537.36 (KHTML, like Gecko; compatible; bingbot/2.0; +http://www.bing.com/bingbot.htm) Chrome/116.0.1938.76 Safari/537.36"
40.77.167.0 - - [13/Oct/2025:01:06:20 +0200] "GET /bg/13-artisti?q=%D0%9A%D0%B0%D1%82%D0%B5%D0%B3%D0%BE%D1%80%D0%B8%D0%B8-AESPA-ENHYPEN-JIHYO-JISOO-TWICE-NEW+JEANS HTTP/2.0" 200 21410 "-" "Mozilla/5.0 AppleWebKit/537.36 (KHTML, like Gecko; compatible; bingbot/2.0; +http://www.bing.com/bingbot.htm) Chrome/116.0.1938.76 Safari/537.36"
52.167.144.18 - - [13/Oct/2025:01:06:22 +0200] "GET /bg/13-artisti?q=%D0%9A%D0%B0%D1%82%D0%B5%D0%B3%D0%BE%D1%80%D0%B8%D0%B8-AESPA-ATEEZ-BABYMONSTER-BTS-ENHYPEN-ILLIT-ITZY-JIHYO-LE+SSERAFIM-LISA-NMIXX-P1Harmony-SEVENTEEN-STRAYKIDS-TWICE-WayV-ZEROBASEONE-Agust+D+%28BTS%29 HTTP/2.0" 200 21557 "-" "Mozilla/5.0 AppleWebKit/537.36 (KHTML, like Gecko; compatible; bingbot/2.0; +http://www.bing.com/bingbot.htm) Chrome/116.0.1938.76 Safari/537.36"
52.167.144.172 - - [13/Oct/2025:01:06:25 +0200] "GET /en/13-artist?q=Categories-AESPA-BABYMONSTER-BLACKPINK-BOYNEXTDOOR-ENHYPEN-ILLIT-ITZY-JIHYO-JISOO+%28BLACKPINK%29-NAYEON+%28TWICE%29-NCT+JAEHYUN-SEVENTEEN-STRAYKIDS-TWICE-TXT-WayV-ZEROBASEONE-YUQI+%28%28G%29I%5C-DLE%29 HTTP/2.0" 200 19987 "-" "Mozilla/5.0 AppleWebKit/537.36 (KHTML, like Gecko; compatible; bingbot/2.0; +http://www.bing.com/bingbot.htm) Chrome/116.0.1938.76 Safari/537.36"
217.113.194.107 - - [13/Oct/2025:01:06:32 +0200] "GET /en/13-artist?q=Categories-RED+VELVET-Dreamcatcher&order=product.price.asc&page=18 HTTP/1.1" 200 20025 "-" "Mozilla/5.0 (compatible; Barkrowler/0.9; +https://babbar.tech/crawler)"
66.249.66.13 - - [13/Oct/2025:01:06:34 +0200] "GET /440-large_default/twice-between-12.jpg HTTP/1.1" 200 19162 "-" "Googlebot-Image/1.0"
47.128.113.195 - - [13/Oct/2025:01:06:40 +0200] "GET /en/13-artist?order=product.reference.desc&page=3&q=Categories-STRAYKIDS HTTP/2.0" 200 19614 "-" "Mozilla/5.0 (compatible; Bytespider; spider-feedback@bytedance.com) AppleWebKit/537.36 (KHTML, like Gecko) Chrome/70.0.0.0 Safari/537.36"
52.167.144.18 - - [13/Oct/2025:01:06:42 +0200] "GET /bg/13-artisti?q=%D0%9A%D0%B0%D1%82%D0%B5%D0%B3%D0%BE%D1%80%D0%B8%D0%B8-AESPA-Agust+D+%28BTS%29-BABYMONSTER-BLACKPINK-BOYNEXTDOOR-BTS-ENHYPEN-ILLIT-ITZY-LISA-NAYEON+%28TWICE%29-NCT+DOYOUNG-NCT+DREAM-NCT+JAEHYUN-NMIXX-RIIZE-STRAYKIDS-TWICE-WayV-ZEROBASEONE-GOT+THE+BEAT HTTP/2.0" 200 21684 "-" "Mozilla/5.0 AppleWebKit/537.36 (KHTML, like Gecko; compatible; bingbot/2.0; +http://www.bing.com/bingbot.htm) Chrome/116.0.1938.76 Safari/537.36"
114.119.158.94 - - [13/Oct/2025:01:06:43 +0200] "GET /en/15-straykids?SubmitCurrency=1&id_currency=3&order=product.name.asc HTTP/1.1" 200 15807 "https://kpopbg.com/en/15-straykids?SubmitCurrency=1&id_currency=3&order=product.name.asc" "Mozilla/5.0 (Linux; Android 7.0;) AppleWebKit/537.36 (KHTML, like Gecko) Mobile Safari/537.36 (compatible; PetalBot;+https://webmaster.petalsearch.com/site/petalbot)"
217.113.194.105 - - [13/Oct/2025:01:06:50 +0200] "GET /en/13-artist?q=Categories-RED+VELVET-Dreamcatcher&order=product.price.asc&page=4 HTTP/1.1" 200 19931 "-" "Mozilla/5.0 (compatible; Barkrowler/0.9; +https://babbar.tech/crawler)"
52.167.144.172 - - [13/Oct/2025:01:06:50 +0200] "GET /en/13-artist?q=Categories-AESPA-ASTRO-BABYMONSTER-BLACKPINK-BOYNEXTDOOR-BTS-ENHYPEN-ILLIT-ITZY-KAI-LISA-NAYEON+%28TWICE%29-NMIXX-SEVENTEEN-TWICE-TXT-ZEROBASEONE-TREASURE HTTP/2.0" 200 19956 "-" "Mozilla/5.0 AppleWebKit/537.36 (KHTML, like Gecko; compatible; bingbot/2.0; +http://www.bing.com/bingbot.htm) Chrome/116.0.1938.76 Safari/537.36"
40.77.167.0 - - [13/Oct/2025:01:06:50 +0200] "GET /en/13-artist?q=Categories-%28G%29I%5C-DLE-AESPA-ATEEZ-BABYMONSTER-ENHYPEN-ILLIT-NCT+127-STAYC-TXT-ZEROBASEONE-LE+SSERAFIM&order=product.position.asc HTTP/2.0" 200 19681 "-" "Mozilla/5.0 AppleWebKit/537.36 (KHTML, like Gecko; compatible; bingbot/2.0; +http://www.bing.com/bingbot.htm) Chrome/116.0.1938.76 Safari/537.36"
52.167.144.172 - - [13/Oct/2025:01:06:51 +0200] "GET /bg/13-artisti?q=%D0%9A%D0%B0%D1%82%D0%B5%D0%B3%D0%BE%D1%80%D0%B8%D0%B8-AESPA-BABYMONSTER-ENHYPEN-GOT+THE+BEAT-ILLIT-ITZY-KAI-LISA-NMIXX-SEVENTEEN-STRAYKIDS-TWICE-ZEROBASEONE-V+%28BTS%29 HTTP/2.0" 200 21515 "-" "Mozilla/5.0 AppleWebKit/537.36 (KHTML, like Gecko; compatible; bingbot/2.0; +http://www.bing.com/bingbot.htm) Chrome/116.0.1938.76 Safari/537.36"
52.167.144.172 - - [13/Oct/2025:01:06:52 +0200] "GET /bg/13-artisti?q=%D0%9A%D0%B0%D1%82%D0%B5%D0%B3%D0%BE%D1%80%D0%B8%D0%B8-AESPA-BABYMONSTER-BLACKPINK-BOYNEXTDOOR-ENHYPEN-ILLIT-ITZY-LISA-NCT+DOYOUNG-NEW+JEANS-NMIXX-RIIZE-RM+%28BTS%29-STAYC-TWICE-WayV-ZEROBASEONE HTTP/2.0" 200 21629 "-" "Mozilla/5.0 AppleWebKit/537.36 (KHTML, like Gecko; compatible; bingbot/2.0; +http://www.bing.com/bingbot.htm) Chrome/116.0.1938.76 Safari/537.36"
52.167.144.18 - - [13/Oct/2025:01:06:52 +0200] "GET /bg/13-artisti?q=%D0%9A%D0%B0%D1%82%D0%B5%D0%B3%D0%BE%D1%80%D0%B8%D0%B8-AESPA-ATEEZ-BABYMONSTER-BOYNEXTDOOR-ENHYPEN-ILLIT-ITZY-IVE-JIHYO-LE+SSERAFIM-LISA-NMIXX-RIIZE-SEVENTEEN-STAYC-TWICE-V+%28BTS%29-WayV-ZEROBASEONE-GOT+THE+BEAT HTTP/2.0" 200 21589 "-" "Mozilla/5.0 AppleWebKit/537.36 (KHTML, like Gecko; compatible; bingbot/2.0; +http://www.bing.com/bingbot.htm) Chrome/116.0.1938.76 Safari/537.36"
95.164.150.11 - - [13/Oct/2025:01:06:58 +0200] "GET /wp-content/backup/wordpress.tar.gz HTTP/2.0" 404 77127 "-" "Mozilla/5.0 (iPhone; CPU iPhone OS 17_5 like Mac OS X) AppleWebKit/605.1.15 (KHTML, like Gecko) Version/17.5 Mobile/15E148 Safari/604.1 CriOS/121.0.0.0"
217.113.194.106 - - [13/Oct/2025:01:07:06 +0200] "GET /en/13-artist?q=Categories-RED+VELVET-Dreamcatcher&order=product.price.asc&page=19 HTTP/1.1" 200 20248 "-" "Mozilla/5.0 (compatible; Barkrowler/0.9; +https://babbar.tech/crawler)"
52.167.144.172 - - [13/Oct/2025:01:07:15 +0200] "GET /bg/13-artisti?q=%D0%9A%D0%B0%D1%82%D0%B5%D0%B3%D0%BE%D1%80%D0%B8%D0%B8-BLACKPINK-IVE-KAI-NCT-STRAYKIDS-TWICE HTTP/2.0" 200 21375 "-" "Mozilla/5.0 AppleWebKit/537.36 (KHTML, like Gecko; compatible; bingbot/2.0; +http://www.bing.com/bingbot.htm) Chrome/116.0.1938.76 Safari/537.36"
52.167.144.172 - - [13/Oct/2025:01:07:16 +0200] "GET /bg/13-artisti?q=%D0%9A%D0%B0%D1%82%D0%B5%D0%B3%D0%BE%D1%80%D0%B8%D0%B8-AESPA-Agust+D+%28BTS%29-ATEEZ-BABYMONSTER-BOYNEXTDOOR-BTS-ENHYPEN-ILLIT-ITZY-IVE-JIHYO-JIMIN+%28BTS%29-LISA-NMIXX-RED+VELVET-SEVENTEEN-STAYC-STRAYKIDS-TWICE-WayV HTTP/2.0" 200 21619 "-" "Mozilla/5.0 AppleWebKit/537.36 (KHTML, like Gecko; compatible; bingbot/2.0; +http://www.bing.com/bingbot.htm) Chrome/116.0.1938.76 Safari/537.36"
52.167.144.172 - - [13/Oct/2025:01:07:18 +0200] "GET /bg/13-artisti?q=%D0%9A%D0%B0%D1%82%D0%B5%D0%B3%D0%BE%D1%80%D0%B8%D0%B8-ATEEZ-BABYMONSTER-BLACKPINK-BOYNEXTDOOR-GOT+THE+BEAT-ILLIT-IVE-JENNIE+%28BLACKPINK%29-LE+SSERAFIM-LISA+%28BLACKPINK%29-NMIXX-SEVENTEEN-TXT-WayV-ZEROBASEONE-JIHYO HTTP/2.0" 200 21633 "-" "Mozilla/5.0 AppleWebKit/537.36 (KHTML, like Gecko; compatible; bingbot/2.0; +http://www.bing.com/bingbot.htm) Chrome/116.0.1938.76 Safari/537.36"
52.167.144.18 - - [13/Oct/2025:01:07:22 +0200] "GET /bg/13-artisti?q=%D0%9A%D0%B0%D1%82%D0%B5%D0%B3%D0%BE%D1%80%D0%B8%D0%B8-AESPA-ATEEZ-BABYMONSTER-BOYNEXTDOOR-BTS-ENHYPEN-GOT+THE+BEAT-ILLIT-IVE-JIHYO-KAI-LISA-RIIZE-SEVENTEEN-TWICE-TXT-WayV-xikers-ZEROBASEONE-JIMIN+%28BTS%29 HTTP/2.0" 200 21559 "-" "Mozilla/5.0 AppleWebKit/537.36 (KHTML, like Gecko; compatible; bingbot/2.0; +http://www.bing.com/bingbot.htm) Chrome/116.0.1938.76 Safari/537.36"
52.167.144.18 - - [13/Oct/2025:01:07:22 +0200] "GET /bg/13-artisti?q=%D0%9A%D0%B0%D1%82%D0%B5%D0%B3%D0%BE%D1%80%D0%B8%D0%B8-AESPA-ATEEZ-BABYMONSTER-BLACKPINK-ENHYPEN-ILLIT-ITZY-JIHYO-LISA-NMIXX-STAYC-TREASURE-TWICE-ZEROBASEONE HTTP/2.0" 200 21451 "-" "Mozilla/5.0 AppleWebKit/537.36 (KHTML, like Gecko; compatible; bingbot/2.0; +http://www.bing.com/bingbot.htm) Chrome/116.0.1938.76 Safari/537.36"
217.113.194.224 - - [13/Oct/2025:01:07:23 +0200] "GET /en/13-artist?q=Categories-RED+VELVET-ITZY&order=product.name.desc&page=18 HTTP/1.1" 200 19545 "-" "Mozilla/5.0 (compatible; Barkrowler/0.9; +https://babbar.tech/crawler)"
52.167.144.172 - - [13/Oct/2025:01:07:25 +0200] "GET /bg/13-artisti?q=%D0%9A%D0%B0%D1%82%D0%B5%D0%B3%D0%BE%D1%80%D0%B8%D0%B8-ATEEZ-BABYMONSTER-BLACKPINK-BOYNEXTDOOR-ENHYPEN-ILLIT-ITZY-JIHYO-KAI-Kep1er-NAYEON+%28TWICE%29-NEW+JEANS-NMIXX-TREASURE-TXT-WayV-ZEROBASEONE-V+%28BTS%29 HTTP/2.0" 200 21661 "-" "Mozilla/5.0 AppleWebKit/537.36 (KHTML, like Gecko; compatible; bingbot/2.0; +http://www.bing.com/bingbot.htm) Chrome/116.0.1938.76 Safari/537.36"
52.167.144.172 - - [13/Oct/2025:01:07:25 +0200] "GET /bg/13-artisti?q=%D0%9A%D0%B0%D1%82%D0%B5%D0%B3%D0%BE%D1%80%D0%B8%D0%B8-ATEEZ-BABYMONSTER-BLACKPINK-BOYNEXTDOOR-BTS-ENHYPEN-GOT+THE+BEAT-ILLIT-JIHYO-Kep1er-LISA+%28BLACKPINK%29-NMIXX-RIIZE-ROSE+%28BLACKPINK%29-STAYC-TWICE-WayV-ZEROBASEONE-P1Harmony HTTP/2.0" 200 21658 "-" "Mozilla/5.0 AppleWebKit/537.36 (KHTML, like Gecko; compatible; bingbot/2.0; +http://www.bing.com/bingbot.htm) Chrome/116.0.1938.76 Safari/537.36"
52.167.144.172 - - [13/Oct/2025:01:07:26 +0200] "GET /bg/13-artisti?q=%D0%9A%D0%B0%D1%82%D0%B5%D0%B3%D0%BE%D1%80%D0%B8%D0%B8-AESPA-BABYMONSTER-BLACKPINK-BOYNEXTDOOR-BTS-ENHYPEN-ILLIT-ITZY-IVE-JIHYO-LISA-NAYEON+%28TWICE%29-NMIXX-SEVENTEEN-STAYC-TREASURE-ZEROBASEONE-TWICE HTTP/2.0" 200 21572 "-" "Mozilla/5.0 AppleWebKit/537.36 (KHTML, like Gecko; compatible; bingbot/2.0; +http://www.bing.com/bingbot.htm) Chrome/116.0.1938.76 Safari/537.36"
47.128.56.217 - - [13/Oct/2025:01:07:29 +0200] "GET /bg/13-artisti?SubmitCurrency=1&id_currency=2&q=%D0%9A%D0%B0%D1%82%D0%B5%D0%B3%D0%BE%D1%80%D0%B8%D0%B8-BLACKPINK-ENHYPEN-KAI-NMIXX-STAYC-TWICE-BTS HTTP/2.0" 200 21429 "-" "Mozilla/5.0 (compatible; Bytespider; spider-feedback@bytedance.com) AppleWebKit/537.36 (KHTML, like Gecko) Chrome/70.0.0.0 Safari/537.36"
66.249.66.13 - - [13/Oct/2025:01:07:30 +0200] "GET /600-large_default/nct-jaehyun-j-j-ver-the-1st-album-.jpg HTTP/1.1" 200 37850 "-" "Googlebot-Image/1.0"
40.77.167.0 - - [13/Oct/2025:01:07:30 +0200] "GET /bg/13-artisti?q=%D0%9A%D0%B0%D1%82%D0%B5%D0%B3%D0%BE%D1%80%D0%B8%D0%B8-AESPA-ASTRO-BLACKPINK-ENHYPEN-GOT+THE+BEAT-ITZY-IVE-KAI-NCT-STRAYKIDS-TREASURE-LISA HTTP/2.0" 200 21437 "-" "Mozilla/5.0 AppleWebKit/537.36 (KHTML, like Gecko; compatible; bingbot/2.0; +http://www.bing.com/bingbot.htm) Chrome/116.0.1938.76 Safari/537.36"
217.113.194.104 - - [13/Oct/2025:01:07:40 +0200] "GET /en/13-artist?q=Categories-RED+VELVET-TXT&order=product.reference.asc&page=20 HTTP/1.1" 200 18191 "-" "Mozilla/5.0 (compatible; Barkrowler/0.9; +https://babbar.tech/crawler)"
52.167.144.172 - - [13/Oct/2025:01:07:56 +0200] "GET /en/13-artist?q=Categories-AESPA-BABYMONSTER-BLACKPINK-BTS-ENHYPEN-ILLIT-ITZY-JIHYO-NCT+DOYOUNG-SEVENTEEN-STRAYKIDS-TXT-ZEROBASEONE-ROSE+%28BLACKPINK%29 HTTP/2.0" 200 19914 "-" "Mozilla/5.0 AppleWebKit/537.36 (KHTML, like Gecko; compatible; bingbot/2.0; +http://www.bing.com/bingbot.htm) Chrome/116.0.1938.76 Safari/537.36"
217.113.194.108 - - [13/Oct/2025:01:07:57 +0200] "GET /en/13-artist?q=Categories-RED+VELVET-TXT-AESPA&order=product.price.desc HTTP/1.1" 200 19876 "-" "Mozilla/5.0 (compatible; Barkrowler/0.9; +https://babbar.tech/crawler)"
52.167.144.18 - - [13/Oct/2025:01:08:02 +0200] "GET /bg/13-artisti?q=%D0%9A%D0%B0%D1%82%D0%B5%D0%B3%D0%BE%D1%80%D0%B8%D0%B8-AESPA-BABYMONSTER-BLACKPINK-BOYNEXTDOOR-ENHYPEN-ILLIT-ITZY-JIHYO-LISA-NAYEON+%28TWICE%29-NCT+JAEHYUN-P1Harmony-SEVENTEEN-STAYC-STRAYKIDS-TWICE-TXT-ZEROBASEONE-Kep1er HTTP/2.0" 200 21659 "-" "Mozilla/5.0 AppleWebKit/537.36 (KHTML, like Gecko; compatible; bingbot/2.0; +http://www.bing.com/bingbot.htm) Chrome/116.0.1938.76 Safari/537.36"
52.167.144.18 - - [13/Oct/2025:01:08:03 +0200] "GET /bg/13-artisti?q=%D0%9A%D0%B0%D1%82%D0%B5%D0%B3%D0%BE%D1%80%D0%B8%D0%B8-AESPA-ASTRO-BABYMONSTER-BLACKPINK-BOYNEXTDOOR-ENHYPEN-ILLIT-ITZY-JIHYO-LISA-NMIXX-TREASURE-TXT-ZEROBASEONE-LE+SSERAFIM HTTP/2.0" 200 21502 "-" "Mozilla/5.0 AppleWebKit/537.36 (KHTML, like Gecko; compatible; bingbot/2.0; +http://www.bing.com/bingbot.htm) Chrome/116.0.1938.76 Safari/537.36"
52.167.144.172 - - [13/Oct/2025:01:08:06 +0200] "GET /bg/13-artisti?q=%D0%9A%D0%B0%D1%82%D0%B5%D0%B3%D0%BE%D1%80%D0%B8%D0%B8-AESPA-ATEEZ-BABYMONSTER-BOYNEXTDOOR-BTS-ENHYPEN-ILLIT-ITZY-IVE-JIHYO-LISA-NCT+DOYOUNG-NMIXX-RIIZE-ROSE+%28BLACKPINK%29-SEVENTEEN-TWICE-TXT-WayV-ZEROBASEONE-Jin+%28BTS%29 HTTP/2.0" 200 21664 "-" "Mozilla/5.0 AppleWebKit/537.36 (KHTML, like Gecko; compatible; bingbot/2.0; +http://www.bing.com/bingbot.htm) Chrome/116.0.1938.76 Safari/537.36"
114.119.136.175 - - [13/Oct/2025:01:08:07 +0200] "GET /en/14-itzy?SubmitCurrency=1&id_currency=3&order=product.price.asc HTTP/1.1" 200 15576 "https://kpopbg.com/en/14-itzy?SubmitCurrency=1&id_currency=3&order=product.price.desc" "Mozilla/5.0 (Linux; Android 7.0;) AppleWebKit/537.36 (KHTML, like Gecko) Mobile Safari/537.36 (compatible; PetalBot;+https://webmaster.petalsearch.com/site/petalbot)"
52.167.144.18 - - [13/Oct/2025:01:08:12 +0200] "GET /bg/13-artisti?q=%D0%9A%D0%B0%D1%82%D0%B5%D0%B3%D0%BE%D1%80%D0%B8%D0%B8-ATEEZ-BABYMONSTER-BLACKPINK-BOYNEXTDOOR-ENHYPEN-GOT+THE+BEAT-ILLIT-IVE-JENNIE+%28BLACKPINK%29-JIHYO-JISOO+%28BLACKPINK%29-Kep1er-LE+SSERAFIM-LISA+%28BLACKPINK%29-NMIXX-RIIZE-ROSE+%28BLACKPINK%29-STAYC-STRAYKIDS-TREASURE-TWICE-WayV-ZEROBASEONE-P1Harmony HTTP/2.0" 200 21755 "-" "Mozilla/5.0 AppleWebKit/537.36 (KHTML, like Gecko; compatible; bingbot/2.0; +http://www.bing.com/bingbot.htm) Chrome/116.0.1938.76 Safari/537.36"
217.113.194.103 - - [13/Oct/2025:01:08:14 +0200] "GET /en/13-artist?q=Categories-RED+VELVET-WayV&order=product.reference.desc&page=20 HTTP/1.1" 200 18193 "-" "Mozilla/5.0 (compatible; Barkrowler/0.9; +https://babbar.tech/crawler)"
52.167.144.172 - - [13/Oct/2025:01:08:15 +0200] "GET /bg/13-artisti?q=%D0%9A%D0%B0%D1%82%D0%B5%D0%B3%D0%BE%D1%80%D0%B8%D0%B8-BABYMONSTER-BLACKPINK-BOYNEXTDOOR-BTS-ENHYPEN-ILLIT-ITZY-JIHYO-JIMIN+%28BTS%29-NAYEON+%28TWICE%29-NEW+JEANS-NMIXX-P1Harmony-RIIZE-TXT-ZEROBASEONE&order=product.position.asc HTTP/2.0" 200 21320 "-" "Mozilla/5.0 AppleWebKit/537.36 (KHTML, like Gecko; compatible; bingbot/2.0; +http://www.bing.com/bingbot.htm) Chrome/116.0.1938.76 Safari/537.36"
47.128.40.241 - - [13/Oct/2025:01:08:18 +0200] "GET /bg/13-artisti?order=product.price.asc&q=%D0%9A%D0%B0%D1%82%D0%B5%D0%B3%D0%BE%D1%80%D0%B8%D0%B8-BLACKPINK-ITZY-KAI-NCT-STRAYKIDS HTTP/2.0" 200 21371 "-" "Mozilla/5.0 (compatible; Bytespider; spider-feedback@bytedance.com) AppleWebKit/537.36 (KHTML, like Gecko) Chrome/70.0.0.0 Safari/537.36"
40.77.167.0 - - [13/Oct/2025:01:08:31 +0200] "GET /bg/13-artisti?q=%D0%9A%D0%B0%D1%82%D0%B5%D0%B3%D0%BE%D1%80%D0%B8%D0%B8-AESPA-BABYMONSTER-BLACKPINK-BOYNEXTDOOR-ENHYPEN-ILLIT-ITZY-KAI-KISS+OF+LIFE-LISA-NMIXX-RED+VELVET-STAYC-ZEROBASEONE-STRAYKIDS&page=5 HTTP/2.0" 200 21635 "-" "Mozilla/5.0 AppleWebKit/537.36 (KHTML, like Gecko; compatible; bingbot/2.0; +http://www.bing.com/bingbot.htm) Chrome/116.0.1938.76 Safari/537.36"
217.113.194.103 - - [13/Oct/2025:01:08:31 +0200] "GET /en/13-artist?q=Categories-RED+VELVET-WayV&order=product.reference.desc&page=16 HTTP/1.1" 200 20002 "-" "Mozilla/5.0 (compatible; Barkrowler/0.9; +https://babbar.tech/crawler)"
40.77.167.0 - - [13/Oct/2025:01:08:40 +0200] "GET /en/13-artist?q=Categories-AESPA-BABYMONSTER-BTS-ENHYPEN-ILLIT-IVE-STRAYKIDS-TWICE-TXT-WayV-ZEROBASEONE-ROSE+%28BLACKPINK%29 HTTP/2.0" 200 19873 "-" "Mozilla/5.0 AppleWebKit/537.36 (KHTML, like Gecko; compatible; bingbot/2.0; +http://www.bing.com/bingbot.htm) Chrome/116.0.1938.76 Safari/537.36"
52.167.144.172 - - [13/Oct/2025:01:08:45 +0200] "GET /bg/13-artisti?q=%D0%9A%D0%B0%D1%82%D0%B5%D0%B3%D0%BE%D1%80%D0%B8%D0%B8-ATEEZ-BABYMONSTER-BLACKPINK-BOYNEXTDOOR-ENHYPEN-GOT+THE+BEAT-ILLIT-ITZY-IVE-JIHYO-LISA-NEW+JEANS-NMIXX-SEVENTEEN-STAYC-STRAYKIDS-TWICE-WayV-ZEROBASEONE-LE+SSERAFIM HTTP/2.0" 200 21663 "-" "Mozilla/5.0 AppleWebKit/537.36 (KHTML, like Gecko; compatible; bingbot/2.0; +http://www.bing.com/bingbot.htm) Chrome/116.0.1938.76 Safari/537.36"
217.113.194.111 - - [13/Oct/2025:01:08:48 +0200] "GET /en/13-artist?q=Categories-RED+VELVET-WayV&order=product.reference.desc&page=14 HTTP/1.1" 200 19614 "-" "Mozilla/5.0 (compatible; Barkrowler/0.9; +https://babbar.tech/crawler)"
40.77.167.0 - - [13/Oct/2025:01:09:00 +0200] "GET /bg/13-artisti?q=%D0%9A%D0%B0%D1%82%D0%B5%D0%B3%D0%BE%D1%80%D0%B8%D0%B8-AESPA-BABYMONSTER-BLACKPINK-ENHYPEN-GOT+THE+BEAT-JIHYO-Kep1er-NMIXX-RIIZE-ROSE+%28BLACKPINK%29-STRAYKIDS-TWICE-WayV-ZEROBASEONE-NCT+DOYOUNG HTTP/2.0" 200 21613 "-" "Mozilla/5.0 AppleWebKit/537.36 (KHTML, like Gecko; compatible; bingbot/2.0; +http://www.bing.com/bingbot.htm) Chrome/116.0.1938.76 Safari/537.36"
40.77.167.0 - - [13/Oct/2025:01:09:02 +0200] "GET /en/13-artist?q=Categories-%28G%29I%5C-DLE-AESPA-BABYMONSTER-CHA+EUN+WOO+%28ASTRO%29-ENHYPEN-ILLIT-ITZY-JIHYO-KAI-LISA-NCT+DREAM-NMIXX-P1Harmony-RIIZE-SEVENTEEN-TWICE-TXT-Tzuyu+%28TWICE%29-WayV-ZEROBASEONE&order=product.price.asc HTTP/2.0" 200 20155 "-" "Mozilla/5.0 AppleWebKit/537.36 (KHTML, like Gecko; compatible; bingbot/2.0; +http://www.bing.com/bingbot.htm) Chrome/116.0.1938.76 Safari/537.36"
217.113.194.102 - - [13/Oct/2025:01:09:05 +0200] "GET /en/13-artist?q=Categories-RED+VELVET-LISA&order=product.name.desc&page=19 HTTP/1.1" 200 19539 "-" "Mozilla/5.0 (compatible; Barkrowler/0.9; +https://babbar.tech/crawler)"
47.128.19.43 - - [13/Oct/2025:01:09:06 +0200] "GET /bg/13-artisti?order=product.position.asc&q=%D0%9A%D0%B0%D1%82%D0%B5%D0%B3%D0%BE%D1%80%D0%B8%D0%B8-AESPA-Agust+D+%28BTS%29-CHA+EUN+WOO+%28ASTRO%29-ITZY-JUNG+KOOK+%28BTS%29-NMIXX-SEVENTEEN-TXT-GOT+THE+BEAT HTTP/2.0" 200 21268 "-" "Mozilla/5.0 (compatible; Bytespider; spider-feedback@bytedance.com) AppleWebKit/537.36 (KHTML, like Gecko) Chrome/70.0.0.0 Safari/537.36"
198.44.159.35 - - [13/Oct/2025:01:09:07 +0200] "GET /wp-content/backup/wordpress.zip HTTP/2.0" 404 77115 "-" "Mozilla/5.0 (Windows NT 10.0; Win64; x64) AppleWebKit/537.36 (KHTML, like Gecko) Chrome/109.0.0.0 Safari/537.36 Edg/109.0.0.0"
52.167.144.18 - - [13/Oct/2025:01:09:12 +0200] "GET /bg/13-artisti?q=%D0%9A%D0%B0%D1%82%D0%B5%D0%B3%D0%BE%D1%80%D0%B8%D0%B8-AESPA-Agust+D+%28BTS%29-BABYMONSTER-BLACKPINK-BOYNEXTDOOR-BTS-ENHYPEN-ILLIT-IVE-JIHYO-KAI-LE+SSERAFIM-LISA-NMIXX-P1Harmony-RIIZE-SEVENTEEN-TWICE-TXT-WayV-ZEROBASEONE&page=2 HTTP/2.0" 200 21739 "-" "Mozilla/5.0 AppleWebKit/537.36 (KHTML, like Gecko; compatible; bingbot/2.0; +http://www.bing.com/bingbot.htm) Chrome/116.0.1938.76 Safari/537.36"
40.77.167.0 - - [13/Oct/2025:01:09:21 +0200] "GET /en/13-artist?q=Categories-AESPA-BOYNEXTDOOR-BTS-Dreamcatcher-ENHYPEN-ILLIT-ITZY-IVE-LE+SSERAFIM-SEVENTEEN-STRAYKIDS-TWICE-TXT-ZEROBASEONE-NCT+JAEHYUN HTTP/2.0" 200 19951 "-" "Mozilla/5.0 AppleWebKit/537.36 (KHTML, like Gecko; compatible; bingbot/2.0; +http://www.bing.com/bingbot.htm) Chrome/116.0.1938.76 Safari/537.36"
217.113.194.223 - - [13/Oct/2025:01:09:22 +0200] "GET /en/13-artist?q=Categories-RED+VELVET-LISA&order=product.name.desc&page=18 HTTP/1.1" 200 19545 "-" "Mozilla/5.0 (compatible; Barkrowler/0.9; +https://babbar.tech/crawler)"
52.167.144.172 - - [13/Oct/2025:01:09:25 +0200] "GET /bg/13-artisti?q=%D0%9A%D0%B0%D1%82%D0%B5%D0%B3%D0%BE%D1%80%D0%B8%D0%B8-BABYMONSTER-BLACKPINK-BOYNEXTDOOR-ENHYPEN-ILLIT-ITZY-NEW+JEANS-NMIXX-SEVENTEEN-STAYC-STRAYKIDS-TXT-WayV-ZEROBASEONE HTTP/2.0" 200 21479 "-" "Mozilla/5.0 AppleWebKit/537.36 (KHTML, like Gecko; compatible; bingbot/2.0; +http://www.bing.com/bingbot.htm) Chrome/116.0.1938.76 Safari/537.36"
114.119.136.175 - - [13/Oct/2025:01:09:30 +0200] "GET /en/13-artist?q=Categories-TXT-SEVENTEEN HTTP/1.1" 200 19706 "https://kpopbg.com/en/13-artist?q=Categories-TXT-SEVENTEEN" "Mozilla/5.0 (Linux; Android 7.0;) AppleWebKit/537.36 (KHTML, like Gecko) Mobile Safari/537.36 (compatible; PetalBot;+https://webmaster.petalsearch.com/site/petalbot)"
52.167.144.172 - - [13/Oct/2025:01:09:35 +0200] "GET /bg/13-artisti?q=%D0%9A%D0%B0%D1%82%D0%B5%D0%B3%D0%BE%D1%80%D0%B8%D0%B8-AESPA-Agust+D+%28BTS%29-ATEEZ-BABYMONSTER-BLACKPINK-BOYNEXTDOOR-ENHYPEN-GOT+THE+BEAT-ITZY-IVE-JIHYO-LISA-NMIXX-RIIZE-SEVENTEEN-STRAYKIDS-TWICE-WayV-ZEROBASEONE-NAYEON+%28TWICE%29 HTTP/2.0" 200 21666 "-" "Mozilla/5.0 AppleWebKit/537.36 (KHTML, like Gecko; compatible; bingbot/2.0; +http://www.bing.com/bingbot.htm) Chrome/116.0.1938.76 Safari/537.36"
217.113.194.108 - - [13/Oct/2025:01:09:39 +0200] "GET /en/13-artist?q=Categories-Kep1er-TWICE-IVE&order=product.price.asc&page=20 HTTP/1.1" 200 18195 "-" "Mozilla/5.0 (compatible; Barkrowler/0.9; +https://babbar.tech/crawler)"
40.77.167.0 - - [13/Oct/2025:01:09:44 +0200] "GET /bg/13-artisti?q=%D0%9A%D0%B0%D1%82%D0%B5%D0%B3%D0%BE%D1%80%D0%B8%D0%B8-ATEEZ-BABYMONSTER-BLACKPINK-BOYNEXTDOOR-Dreamcatcher-ENHYPEN-ILLIT-ITZY-JIHYO-KAI-LISA-NMIXX-P1Harmony-RIIZE-SEVENTEEN-STRAYKIDS-TXT-xikers-ZEROBASEONE-NCT+WISH HTTP/2.0" 200 21637 "-" "Mozilla/5.0 AppleWebKit/537.36 (KHTML, like Gecko; compatible; bingbot/2.0; +http://www.bing.com/bingbot.htm) Chrome/116.0.1938.76 Safari/537.36"
47.128.114.101 - - [13/Oct/2025:01:09:55 +0200] "GET /en/13-artist?SubmitCurrency=1&id_currency=3&page=2&q=Brand-FANTAGIO+MUSIC-JYP+Entertainment-BigHit+Music HTTP/2.0" 200 19888 "-" "Mozilla/5.0 (compatible; Bytespider; spider-feedback@bytedance.com) AppleWebKit/537.36 (KHTML, like Gecko) Chrome/70.0.0.0 Safari/537.36"
217.113.194.103 - - [13/Oct/2025:01:09:56 +0200] "GET /en/13-artist?q=Categories-Kep1er-JIHYO&order=product.position.asc&page=2 HTTP/1.1" 200 19785 "-" "Mozilla/5.0 (compatible; Barkrowler/0.9; +https://babbar.tech/crawler)"
52.167.144.172 - - [13/Oct/2025:01:10:08 +0200] "GET /bg/13-artisti?q=%D0%9A%D0%B0%D1%82%D0%B5%D0%B3%D0%BE%D1%80%D0%B8%D0%B8-AESPA-ATEEZ-BABYMONSTER-BLACKPINK-BOYNEXTDOOR-ENHYPEN-GOT+THE+BEAT-ILLIT-IVE-JIHYO-LISA-NMIXX-P1Harmony-RIIZE-RM+%28BTS%29-STAYC-TWICE-WayV-xikers-ZEROBASEONE-XDINARY+HEROES&page=18 HTTP/2.0" 200 21755 "-" "Mozilla/5.0 AppleWebKit/537.36 (KHTML, like Gecko; compatible; bingbot/2.0; +http://www.bing.com/bingbot.htm) Chrome/116.0.1938.76 Safari/537.36"
217.113.194.104 - - [13/Oct/2025:01:10:12 +0200] "GET /en/13-artist?q=Categories-Kep1er-JIHYO&order=product.position.asc&page=3 HTTP/1.1" 200 19802 "-" "Mozilla/5.0 (compatible; Barkrowler/0.9; +https://babbar.tech/crawler)"
216.244.66.233 - - [13/Oct/2025:01:10:21 +0200] "GET /en/brand/12-cube-entertainment?SubmitCurrency=1&id_currency=2&order=product.sales.desc HTTP/1.1" 302 5 "-" "Mozilla/5.0 (compatible; DotBot/1.2; +https://opensiteexplorer.org/dotbot; help@moz.com)"
217.113.194.247 - - [13/Oct/2025:01:10:30 +0200] "GET /en/13-artist?q=Categories-Kep1er-JIHYO&order=product.position.asc&page=20 HTTP/1.1" 200 18308 "-" "Mozilla/5.0 (compatible; Barkrowler/0.9; +https://babbar.tech/crawler)"
40.77.167.0 - - [13/Oct/2025:01:10:31 +0200] "GET /bg/13-artisti?q=%D0%9A%D0%B0%D1%82%D0%B5%D0%B3%D0%BE%D1%80%D0%B8%D0%B8-ATEEZ-BABYMONSTER-BLACKPINK-BOYNEXTDOOR-ENHYPEN-GOT+THE+BEAT-ILLIT-IVE-JENNIE+%28BLACKPINK%29-Kep1er-LE+SSERAFIM-LISA+%28BLACKPINK%29-NMIXX-RIIZE-SEVENTEEN-STRAYKIDS-TWICE-WayV-xikers-ZEROBASEONE-JUNG+KOOK+%28BTS%29 HTTP/2.0" 200 21732 "-" "Mozilla/5.0 AppleWebKit/537.36 (KHTML, like Gecko; compatible; bingbot/2.0; +http://www.bing.com/bingbot.htm) Chrome/116.0.1938.76 Safari/537.36"
47.128.115.10 - - [13/Oct/2025:01:10:43 +0200] "GET /bg/13-artisti?order=product.reference.asc&q=%D0%9A%D0%B0%D1%82%D0%B5%D0%B3%D0%BE%D1%80%D0%B8%D0%B8-AESPA-BLACKPINK-ITZY-IVE-KAI-NCT+DREAM-STAYC-TXT-%28G%29I%5C-DLE HTTP/2.0" 200 21442 "-" "Mozilla/5.0 (compatible; Bytespider; spider-feedback@bytedance.com) AppleWebKit/537.36 (KHTML, like Gecko) Chrome/70.0.0.0 Safari/537.36"
217.113.194.103 - - [13/Oct/2025:01:10:49 +0200] "GET /en/13-artist?q=Categories-Kep1er-P1Harmony-TXT&order=product.price.desc HTTP/1.1" 200 19870 "-" "Mozilla/5.0 (compatible; Barkrowler/0.9; +https://babbar.tech/crawler)"
114.119.136.175 - - [13/Oct/2025:01:11:01 +0200] "GET /en/13-artist?q=Categories-TXT-AESPA HTTP/1.1" 200 19706 "https://kpopbg.com/en/13-artist?q=Categories-TXT-AESPA" "Mozilla/5.0 (Linux; Android 7.0;) AppleWebKit/537.36 (KHTML, like Gecko) Mobile Safari/537.36 (compatible; PetalBot;+https://webmaster.petalsearch.com/site/petalbot)"
52.167.144.172 - - [13/Oct/2025:01:11:05 +0200] "GET /bg/13-artisti?q=%D0%9A%D0%B0%D1%82%D0%B5%D0%B3%D0%BE%D1%80%D0%B8%D0%B8-AESPA-BABYMONSTER-BOYNEXTDOOR-ENHYPEN-ILLIT-KAI-LE+SSERAFIM-LISA-NMIXX-SEVENTEEN-STRAYKIDS-TREASURE-TWICE-ZEROBASEONE-NCT HTTP/2.0" 200 21531 "-" "Mozilla/5.0 AppleWebKit/537.36 (KHTML, like Gecko; compatible; bingbot/2.0; +http://www.bing.com/bingbot.htm) Chrome/116.0.1938.76 Safari/537.36"
52.167.144.172 - - [13/Oct/2025:01:11:05 +0200] "GET /bg/13-artisti?q=%D0%9A%D0%B0%D1%82%D0%B5%D0%B3%D0%BE%D1%80%D0%B8%D0%B8-AESPA-BABYMONSTER-BLACKPINK-BOYNEXTDOOR-ENHYPEN-GOT+THE+BEAT-ILLIT-ITZY-KAI-LISA-NCT-P1Harmony-STRAYKIDS-ZEROBASEONE-V+%28BTS%29 HTTP/2.0" 200 21604 "-" "Mozilla/5.0 AppleWebKit/537.36 (KHTML, like Gecko; compatible; bingbot/2.0; +http://www.bing.com/bingbot.htm) Chrome/116.0.1938.76 Safari/537.36"
217.113.194.110 - - [13/Oct/2025:01:11:06 +0200] "GET /en/13-artist?q=Categories-Kep1er-P1Harmony-xikers&order=product.price.asc HTTP/1.1" 200 19800 "-" "Mozilla/5.0 (compatible; Barkrowler/0.9; +https://babbar.tech/crawler)"
64.42.180.122 - - [13/Oct/2025:01:11:19 +0200] "GET /wp-content/backup/wordpress.rar HTTP/2.0" 404 77115 "-" "Mozilla/5.0 (iPhone; CPU iPhone OS 17_5 like Mac OS X) AppleWebKit/605.1.15 (KHTML, like Gecko) Version/17.5 Mobile/15E148 Safari/604.1"
40.77.167.0 - - [13/Oct/2025:01:11:20 +0200] "GET /bg/13-artisti?q=%D0%9A%D0%B0%D1%82%D0%B5%D0%B3%D0%BE%D1%80%D0%B8%D0%B8-AESPA-ATEEZ-BABYMONSTER-BLACKPINK-BOYNEXTDOOR-ENHYPEN-ILLIT-IVE-JIHYO-JIMIN+%28BTS%29-KAI-LISA-NMIXX-RM+%28BTS%29-ROSE+%28BLACKPINK%29-SEVENTEEN-STAYC-TWICE-XDINARY+HEROES-ZEROBASEONE HTTP/2.0" 200 21642 "-" "Mozilla/5.0 AppleWebKit/537.36 (KHTML, like Gecko; compatible; bingbot/2.0; +http://www.bing.com/bingbot.htm) Chrome/116.0.1938.76 Safari/537.36"
217.113.194.106 - - [13/Oct/2025:01:11:24 +0200] "GET /en/13-artist?q=Categories-Kep1er-NMIXX-WayV&order=product.name.asc HTTP/1.1" 200 19365 "-" "Mozilla/5.0 (compatible; Barkrowler/0.9; +https://babbar.tech/crawler)"
47.128.56.54 - - [13/Oct/2025:01:11:32 +0200] "GET /bg/13-artisti HTTP/2.0" 200 21145 "-" "Mozilla/5.0 (compatible; Bytespider; spider-feedback@bytedance.com) AppleWebKit/537.36 (KHTML, like Gecko) Chrome/70.0.0.0 Safari/537.36"
52.167.144.18 - - [13/Oct/2025:01:11:33 +0200] "GET /en/13-artist?q=Categories-AESPA-ATEEZ-BABYMONSTER-BLACKPINK-BTS-ENHYPEN-ILLIT-ITZY-IVE-JIHYO-Kep1er-LISA-NCT+JAEHYUN-P1Harmony-SEVENTEEN-STAYC-TWICE-XDINARY+HEROES-ZEROBASEONE HTTP/2.0" 200 19931 "-" "Mozilla/5.0 AppleWebKit/537.36 (KHTML, like Gecko; compatible; bingbot/2.0; +http://www.bing.com/bingbot.htm) Chrome/116.0.1938.76 Safari/537.36"
40.77.167.0 - - [13/Oct/2025:01:11:41 +0200] "GET /bg/13-artisti?q=%D0%9A%D0%B0%D1%82%D0%B5%D0%B3%D0%BE%D1%80%D0%B8%D0%B8-AESPA-BABYMONSTER-BLACKPINK-ENHYPEN-GOT+THE+BEAT-ILLIT-ITZY-KAI-LISA-NMIXX-STRAYKIDS-TREASURE-ZEROBASEONE-JIHYO HTTP/2.0" 200 21562 "-" "Mozilla/5.0 AppleWebKit/537.36 (KHTML, like Gecko; compatible; bingbot/2.0; +http://www.bing.com/bingbot.htm) Chrome/116.0.1938.76 Safari/537.36"
40.77.167.0 - - [13/Oct/2025:01:11:41 +0200] "GET /bg/13-artisti?q=%D0%9A%D0%B0%D1%82%D0%B5%D0%B3%D0%BE%D1%80%D0%B8%D0%B8-ATEEZ-BABYMONSTER-BLACKPINK-BOYNEXTDOOR-ENHYPEN-GOT+THE+BEAT-ILLIT-IVE-JENNIE+%28BLACKPINK%29-LISA+%28BLACKPINK%29-NMIXX-ROSE+%28BLACKPINK%29-STRAYKIDS-TREASURE-TWICE-TXT-WayV-ZEROBASEONE-JISOO+%28BLACKPINK%29 HTTP/2.0" 200 21673 "-" "Mozilla/5.0 AppleWebKit/537.36 (KHTML, like Gecko; compatible; bingbot/2.0; +http://www.bing.com/bingbot.htm) Chrome/116.0.1938.76 Safari/537.36"
217.113.194.106 - - [13/Oct/2025:01:11:41 +0200] "GET /en/13-artist?q=Categories-Kep1er-NMIXX-xikers&order=product.price.desc HTTP/1.1" 200 19880 "-" "Mozilla/5.0 (compatible; Barkrowler/0.9; +https://babbar.tech/crawler)"
217.113.194.224 - - [13/Oct/2025:01:11:59 +0200] "GET /en/13-artist?q=Categories-Kep1er-NEW+JEANS&order=product.price.desc&page=3 HTTP/1.1" 200 19847 "-" "Mozilla/5.0 (compatible; Barkrowler/0.9; +https://babbar.tech/crawler)"
52.167.144.18 - - [13/Oct/2025:01:12:03 +0200] "GET /bg/13-artisti?q=%D0%9A%D0%B0%D1%82%D0%B5%D0%B3%D0%BE%D1%80%D0%B8%D0%B8-AESPA-BABYMONSTER-BLACKPINK-BOYNEXTDOOR-BTS-ENHYPEN-ILLIT-ITZY-KAI-LISA-NMIXX-TREASURE-TWICE-TXT-ZEROBASEONE-JIHYO HTTP/2.0" 200 21509 "-" "Mozilla/5.0 AppleWebKit/537.36 (KHTML, like Gecko; compatible; bingbot/2.0; +http://www.bing.com/bingbot.htm) Chrome/116.0.1938.76 Safari/537.36"
