157.55.39.203 - - [13/Oct/2025:04:53:44 +0200] "GET /bg/13-artisti?q=%D0%9A%D0%B0%D1%82%D0%B5%D0%B3%D0%BE%D1%80%D0%B8%D0%B8-AESPA-ATEEZ-BABYMONSTER-BTS-CHA+EUN+WOO+%28ASTRO%29-JUNG+KOOK+%28BTS%29-KAI-LE+SSERAFIM-LISA-NMIXX-STRAYKIDS-TREASURE-TWICE HTTP/2.0" 200 21524 "-" "Mozilla/5.0 AppleWebKit/537.36 (KHTML, like Gecko; compatible; bingbot/2.0; +http://www.bing.com/bingbot.htm) Chrome/116.0.1938.76 Safari/537.36"
40.77.167.25 - - [13/Oct/2025:04:53:46 +0200] "GET /bg/13-artisti?q=%D0%9A%D0%B0%D1%82%D0%B5%D0%B3%D0%BE%D1%80%D0%B8%D0%B8-BABYMONSTER-BLACKPINK-BOYNEXTDOOR-ENHYPEN-GOT+THE+BEAT-ILLIT-IVE-JENNIE+%28BLACKPINK%29-JIHYO-Kep1er-LE+SSERAFIM-NCT+DOYOUNG-RIIZE-SEVENTEEN-THE+BOYZ-TXT-WayV-ZEROBASEONE HTTP/2.0" 200 21655 "-" "Mozilla/5.0 AppleWebKit/537.36 (KHTML, like Gecko; compatible; bingbot/2.0; +http://www.bing.com/bingbot.htm) Chrome/116.0.1938.76 Safari/537.36"
114.119.128.20 - - [13/Oct/2025:04:53:50 +0200] "GET /en/2-nachalo?q=Categories-ARTIST/Availability-Available/Brand-BELIFT%2BLAB&order=product.price.asc&page=7 HTTP/1.1" 200 16191 "https://kpopbg.com/en/2-nachalo?q=Categories-ARTIST/Availability-Available/Brand-BELIFT%2BLAB&order=product.price.asc&page=7" "Mozilla/5.0 (Linux; Android 7.0;) AppleWebKit/537.36 (KHTML, like Gecko) Mobile Safari/537.36 (compatible; PetalBot;+https://webmaster.petalsearch.com/site/petalbot)"
217.113.194.109 - - [13/Oct/2025:04:53:59 +0200] "GET /en/13-artist?order=product.price.desc&q=Categories-BLACKPINK-Kep1er&page=18 HTTP/1.1" 200 19821 "-" "Mozilla/5.0 (compatible; Barkrowler/0.9; +https://babbar.tech/crawler)"
154.54.249.203 - - [13/Oct/2025:04:54:17 +0200] "GET /en/13-artist?order=product.price.desc&q=Categories-BLACKPINK-RIIZE&page=18 HTTP/1.1" 200 19822 "-" "Mozilla/5.0 (compatible; Barkrowler/0.9; +https://babbar.tech/crawler)"
157.55.39.203 - - [13/Oct/2025:04:54:34 +0200] "GET /en/13-artist?q=Categories-AESPA-BABYMONSTER-BLACKPINK-ENHYPEN-ILLIT-ITZY-JIMIN+%28BTS%29-LE+SSERAFIM-NCT+DREAM-NCT+JAEHYUN-NMIXX-SEVENTEEN-STAYC-STRAYKIDS-TWICE-WayV-ZEROBASEONE-NCT+127 HTTP/2.0" 200 19956 "-" "Mozilla/5.0 AppleWebKit/537.36 (KHTML, like Gecko; compatible; bingbot/2.0; +http://www.bing.com/bingbot.htm) Chrome/116.0.1938.76 Safari/537.36"
217.113.194.224 - - [13/Oct/2025:04:54:34 +0200] "GET /en/13-artist?order=product.price.desc&q=Categories-BLACKPINK-RIIZE&page=19 HTTP/1.1" 200 20134 "-" "Mozilla/5.0 (compatible; Barkrowler/0.9; +https://babbar.tech/crawler)"
157.55.39.203 - - [13/Oct/2025:04:54:35 +0200] "GET /bg/13-artisti?q=%D0%9A%D0%B0%D1%82%D0%B5%D0%B3%D0%BE%D1%80%D0%B8%D0%B8-ATEEZ-BABYMONSTER-BLACKPINK-BOYNEXTDOOR-ILLIT-ITZY-IVE-JENNIE+%28BLACKPINK%29-JIHYO-LISA+%28BLACKPINK%29-NMIXX-RIIZE-ROSE+%28BLACKPINK%29-SEVENTEEN-STAYC-STRAYKIDS-TREASURE-TWICE-WayV-ZEROBASEONE-V+%28BTS%29 HTTP/2.0" 200 21682 "-" "Mozilla/5.0 AppleWebKit/537.36 (KHTML, like Gecko; compatible; bingbot/2.0; +http://www.bing.com/bingbot.htm) Chrome/116.0.1938.76 Safari/537.36"
157.55.39.203 - - [13/Oct/2025:04:54:36 +0200] "GET /bg/13-artisti?q=%D0%9A%D0%B0%D1%82%D0%B5%D0%B3%D0%BE%D1%80%D0%B8%D0%B8-AESPA-BLACKPINK-BOYNEXTDOOR-ENHYPEN-ILLIT-ITZY-IVE-LISA-NAYEON+%28TWICE%29-NEW+JEANS-NMIXX-P1Harmony-STRAYKIDS-TWICE-xikers-ZEROBASEONE HTTP/2.0" 200 21537 "-" "Mozilla/5.0 AppleWebKit/537.36 (KHTML, like Gecko; compatible; bingbot/2.0; +http://www.bing.com/bingbot.htm) Chrome/116.0.1938.76 Safari/537.36"
40.77.167.25 - - [13/Oct/2025:04:54:37 +0200] "GET /bg/13-artisti?q=%D0%9A%D0%B0%D1%82%D0%B5%D0%B3%D0%BE%D1%80%D0%B8%D0%B8-AESPA-BABYMONSTER-BLACKPINK-BOYNEXTDOOR-ENHYPEN-GOT+THE+BEAT-ILLIT-ITZY-KAI-LISA-NMIXX-SEVENTEEN-STRAYKIDS-V+%28BTS%29-ZEROBASEONE-THE+BOYZ HTTP/2.0" 200 21610 "-" "Mozilla/5.0 AppleWebKit/537.36 (KHTML, like Gecko; compatible; bingbot/2.0; +http://www.bing.com/bingbot.htm) Chrome/116.0.1938.76 Safari/537.36"
217.113.194.111 - - [13/Oct/2025:04:54:56 +0200] "GET /en/13-artist?order=product.price.desc&q=Categories-BLACKPINK-RIIZE&page=4 HTTP/1.1" 200 19927 "-" "Mozilla/5.0 (compatible; Barkrowler/0.9; +https://babbar.tech/crawler)"
40.77.167.25 - - [13/Oct/2025:04:54:58 +0200] "GET /bg/13-artisti?q=%D0%9A%D0%B0%D1%82%D0%B5%D0%B3%D0%BE%D1%80%D0%B8%D0%B8-AESPA-BABYMONSTER-BLACKPINK-BOYNEXTDOOR-ENHYPEN-ILLIT-ITZY-KAI-LISA-NMIXX-SEVENTEEN-STAYC-STRAYKIDS-TWICE-CHA+EUN+WOO+%28ASTRO%29 HTTP/2.0" 200 21613 "-" "Mozilla/5.0 AppleWebKit/537.36 (KHTML, like Gecko; compatible; bingbot/2.0; +http://www.bing.com/bingbot.htm) Chrome/116.0.1938.76 Safari/537.36"
40.77.167.25 - - [13/Oct/2025:04:54:59 +0200] "GET /bg/13-artisti?q=%D0%9A%D0%B0%D1%82%D0%B5%D0%B3%D0%BE%D1%80%D0%B8%D0%B8-ATEEZ-BABYMONSTER-BLACKPINK-BOYNEXTDOOR-Dreamcatcher-ILLIT-IVE-JENNIE+%28BLACKPINK%29-JIHYO-JISOO+%28BLACKPINK%29-LISA+%28BLACKPINK%29-NMIXX-RIIZE-ROSE+%28BLACKPINK%29-SEVENTEEN-STAYC-STRAYKIDS-TREASURE-WayV-ZEROBASEONE HTTP/2.0" 200 21687 "-" "Mozilla/5.0 AppleWebKit/537.36 (KHTML, like Gecko; compatible; bingbot/2.0; +http://www.bing.com/bingbot.htm) Chrome/116.0.1938.76 Safari/537.36"
40.77.167.25 - - [13/Oct/2025:04:55:00 +0200] "GET /bg/13-artisti?q=%D0%9A%D0%B0%D1%82%D0%B5%D0%B3%D0%BE%D1%80%D0%B8%D0%B8-AESPA-BLACKPINK-ENHYPEN-JISOO-KAI-NCT-STAYC-STRAYKIDS-ATEEZ/%D0%9D%D0%B0%D0%BB%D0%B8%D1%87%D0%BD%D0%BE%D1%81%D1%82-%D0%92+%D0%BD%D0%B0%D0%BB%D0%B8%D1%87%D0%BD%D0%BE%D1%81%D1%82 HTTP/2.0" 200 21562 "-" "Mozilla/5.0 AppleWebKit/537.36 (KHTML, like Gecko; compatible; bingbot/2.0; +http://www.bing.com/bingbot.htm) Chrome/116.0.1938.76 Safari/537.36"
40.77.167.25 - - [13/Oct/2025:04:55:01 +0200] "GET /bg/13-artisti?q=%D0%9A%D0%B0%D1%82%D0%B5%D0%B3%D0%BE%D1%80%D0%B8%D0%B8-ASTRO-ATEEZ-BLACKPINK-BTS-ENHYPEN-ITZY-IVE-JISOO-KAI-NCT-NCT+DREAM-STRAYKIDS HTTP/2.0" 200 21418 "-" "Mozilla/5.0 AppleWebKit/537.36 (KHTML, like Gecko; compatible; bingbot/2.0; +http://www.bing.com/bingbot.htm) Chrome/116.0.1938.76 Safari/537.36"
40.77.167.25 - - [13/Oct/2025:04:55:03 +0200] "GET /bg/13-artisti?q=%D0%9A%D0%B0%D1%82%D0%B5%D0%B3%D0%BE%D1%80%D0%B8%D0%B8-BABYMONSTER-BLACKPINK-BOYNEXTDOOR-ENHYPEN-GOT+THE+BEAT-ILLIT-ITZY-NMIXX-RIIZE-SEVENTEEN-STAYC-STRAYKIDS-TREASURE-TWICE-TXT-WayV-ZEROBASEONE-NEW+JEANS HTTP/2.0" 200 21546 "-" "Mozilla/5.0 AppleWebKit/537.36 (KHTML, like Gecko; compatible; bingbot/2.0; +http://www.bing.com/bingbot.htm) Chrome/116.0.1938.76 Safari/537.36"
114.119.128.20 - - [13/Oct/2025:04:55:13 +0200] "GET /en/2-nachalo?q=Brand-ADOR-CUBE%2BENTERTAINMENT&order=product.price.asc&page=15 HTTP/1.1" 200 15868 "https://kpopbg.com/en/2-nachalo?q=Brand-ADOR-CUBE%2BENTERTAINMENT&order=product.price.asc&page=15" "Mozilla/5.0 (Linux; Android 7.0;) AppleWebKit/537.36 (KHTML, like Gecko) Mobile Safari/537.36 (compatible; PetalBot;+https://webmaster.petalsearch.com/site/petalbot)"
217.113.194.107 - - [13/Oct/2025:04:55:14 +0200] "GET /en/13-artist?order=product.price.desc&q=Categories-RIIZE-AESPA&page=20 HTTP/1.1" 200 18281 "-" "Mozilla/5.0 (compatible; Barkrowler/0.9; +https://babbar.tech/crawler)"
40.77.167.25 - - [13/Oct/2025:04:55:18 +0200] "GET /bg/13-artisti?q=%D0%9A%D0%B0%D1%82%D0%B5%D0%B3%D0%BE%D1%80%D0%B8%D0%B8-AESPA-BLACKPINK-Dreamcatcher-ENHYPEN-ITZY-KAI-LISA-NMIXX-STAYC-STRAYKIDS-TXT-V+%28BTS%29-SEVENTEEN HTTP/2.0" 200 21471 "-" "Mozilla/5.0 AppleWebKit/537.36 (KHTML, like Gecko; compatible; bingbot/2.0; +http://www.bing.com/bingbot.htm) Chrome/116.0.1938.76 Safari/537.36"
157.55.39.203 - - [13/Oct/2025:04:55:23 +0200] "GET /bg/13-artisti?q=%D0%9A%D0%B0%D1%82%D0%B5%D0%B3%D0%BE%D1%80%D0%B8%D0%B8-ATEEZ-BABYMONSTER-BLACKPINK-BOYNEXTDOOR-BTS-ENHYPEN-GOT+THE+BEAT-ILLIT-IVE-JIHYO-Kep1er-LISA+%28BLACKPINK%29-NMIXX-P1Harmony-RIIZE-ROSE+%28BLACKPINK%29-STAYC-TWICE-WayV-ZEROBASEONE-XDINARY+HEROES HTTP/2.0" 200 21683 "-" "Mozilla/5.0 AppleWebKit/537.36 (KHTML, like Gecko; compatible; bingbot/2.0; +http://www.bing.com/bingbot.htm) Chrome/116.0.1938.76 Safari/537.36"
157.55.39.203 - - [13/Oct/2025:04:55:24 +0200] "GET /bg/13-artisti?q=%D0%9A%D0%B0%D1%82%D0%B5%D0%B3%D0%BE%D1%80%D0%B8%D0%B8-ATEEZ-BABYMONSTER-BLACKPINK-BOYNEXTDOOR-ENHYPEN-GOT+THE+BEAT-ILLIT-JENNIE+%28BLACKPINK%29-NEW+JEANS-NMIXX-RIIZE-SEVENTEEN-TWICE-TXT-WayV-ZEROBASEONE-TREASURE HTTP/2.0" 200 21639 "-" "Mozilla/5.0 AppleWebKit/537.36 (KHTML, like Gecko; compatible; bingbot/2.0; +http://www.bing.com/bingbot.htm) Chrome/116.0.1938.76 Safari/537.36"
217.113.194.224 - - [13/Oct/2025:04:55:32 +0200] "GET /en/13-artist?order=product.price.desc&q=Categories-RIIZE-AESPA&page=3 HTTP/1.1" 200 19782 "-" "Mozilla/5.0 (compatible; Barkrowler/0.9; +https://babbar.tech/crawler)"
40.77.167.25 - - [13/Oct/2025:04:55:42 +0200] "GET /bg/13-artisti?q=%D0%9A%D0%B0%D1%82%D0%B5%D0%B3%D0%BE%D1%80%D0%B8%D0%B8-ATEEZ-BABYMONSTER-BLACKPINK-BOYNEXTDOOR-ENHYPEN-GOT+THE+BEAT-ILLIT-IVE-JENNIE+%28BLACKPINK%29-JIHYO-JISOO+%28BLACKPINK%29-NCT+JAEHYUN-NMIXX-RIIZE-ROSE+%28BLACKPINK%29-SEVENTEEN-STAYC-STRAYKIDS-TREASURE-TWICE-TXT-WayV-ZEROBASEONE-Dreamcatcher&page=19 HTTP/2.0" 200 21777 "-" "Mozilla/5.0 AppleWebKit/537.36 (KHTML, like Gecko; compatible; bingbot/2.0; +http://www.bing.com/bingbot.htm) Chrome/116.0.1938.76 Safari/537.36"
40.77.167.25 - - [13/Oct/2025:04:55:43 +0200] "GET /en/13-artist?q=%D0%9A%D0%B0%D1%82%D0%B5%D0%B3%D0%BE%D1%80%D0%B8%D0%B8-AESPA-ATEEZ-BABYMONSTER-BLACKPINK-BTS-ENHYPEN-ILLIT-ITZY-JIHYO-KAI-Kep1er-LISA-NAYEON+%28TWICE%29-NMIXX-TREASURE-TXT-XDINARY+HEROES-xikers-ZEROBASEONE-STRAYKIDS HTTP/2.0" 200 20016 "-" "Mozilla/5.0 AppleWebKit/537.36 (KHTML, like Gecko; compatible; bingbot/2.0; +http://www.bing.com/bingbot.htm) Chrome/116.0.1938.76 Safari/537.36"
40.77.167.25 - - [13/Oct/2025:04:55:44 +0200] "GET /bg/13-artisti?q=%D0%9A%D0%B0%D1%82%D0%B5%D0%B3%D0%BE%D1%80%D0%B8%D0%B8-ATEEZ-BABYMONSTER-BLACKPINK-BOYNEXTDOOR-ENHYPEN-GOT+THE+BEAT-ILLIT-IVE-JIHYO-NMIXX-RIIZE-SEVENTEEN-STRAYKIDS-TREASURE-TXT-V+%28BTS%29-WayV-ZEROBASEONE-NAYEON+%28TWICE%29&order=product.price.desc HTTP/2.0" 200 21737 "-" "Mozilla/5.0 AppleWebKit/537.36 (KHTML, like Gecko; compatible; bingbot/2.0; +http://www.bing.com/bingbot.htm) Chrome/116.0.1938.76 Safari/537.36"
217.113.194.103 - - [13/Oct/2025:04:55:49 +0200] "GET /en/13-artist?order=product.price.desc&q=Categories-TREASURE-TWICE&page=20 HTTP/1.1" 200 18279 "-" "Mozilla/5.0 (compatible; Barkrowler/0.9; +https://babbar.tech/crawler)"
217.113.194.108 - - [13/Oct/2025:04:56:08 +0200] "GET /en/13-artist?order=product.price.desc&q=Categories-TREASURE-BABYMONSTER HTTP/1.1" 200 19869 "-" "Mozilla/5.0 (compatible; Barkrowler/0.9; +https://babbar.tech/crawler)"
157.55.39.203 - - [13/Oct/2025:04:56:13 +0200] "GET /bg/13-artisti?q=%D0%9A%D0%B0%D1%82%D0%B5%D0%B3%D0%BE%D1%80%D0%B8%D0%B8-AESPA-BABYMONSTER-BLACKPINK-BOYNEXTDOOR-BTS-ENHYPEN-ILLIT-ITZY-IVE-LE+SSERAFIM-LISA-NMIXX-RIIZE-STRAYKIDS-TREASURE-TWICE-TXT-WayV-ZEROBASEONE-RED+VELVET&order=product.price.desc HTTP/2.0" 200 21690 "-" "Mozilla/5.0 AppleWebKit/537.36 (KHTML, like Gecko; compatible; bingbot/2.0; +http://www.bing.com/bingbot.htm) Chrome/116.0.1938.76 Safari/537.36"
52.167.144.202 - - [13/Oct/2025:04:56:14 +0200] "GET /en/13-artist?q=Categories-BABYMONSTER-BOYNEXTDOOR-KAI-xikers-LISA&order=product.sales.desc HTTP/2.0" 200 16022 "-" "Mozilla/5.0 AppleWebKit/537.36 (KHTML, like Gecko; compatible; bingbot/2.0; +http://www.bing.com/bingbot.htm) Chrome/116.0.1938.76 Safari/537.36"
157.55.39.203 - - [13/Oct/2025:04:56:14 +0200] "GET /en/13-artist?q=%D0%9A%D0%B0%D1%82%D0%B5%D0%B3%D0%BE%D1%80%D0%B8%D0%B8-BABYMONSTER-BLACKPINK-BOYNEXTDOOR-ILLIT-ITZY-JIHYO-LISA-NMIXX-STRAYKIDS-ZEROBASEONE&order=product.position.asc&page=14 HTTP/2.0" 200 19970 "-" "Mozilla/5.0 AppleWebKit/537.36 (KHTML, like Gecko; compatible; bingbot/2.0; +http://www.bing.com/bingbot.htm) Chrome/116.0.1938.76 Safari/537.36"
157.55.39.203 - - [13/Oct/2025:04:56:15 +0200] "GET /bg/13-artisti?q=%D0%9A%D0%B0%D1%82%D0%B5%D0%B3%D0%BE%D1%80%D0%B8%D0%B8-AESPA-BABYMONSTER-BOYNEXTDOOR-BTS-ENHYPEN-ILLIT-ITZY-IVE-JIHYO-NAYEON+%28TWICE%29-NMIXX-P1Harmony-RIIZE-ROSE+%28BLACKPINK%29-SEVENTEEN-STRAYKIDS-TWICE-TXT-WayV HTTP/2.0" 200 21635 "-" "Mozilla/5.0 AppleWebKit/537.36 (KHTML, like Gecko; compatible; bingbot/2.0; +http://www.bing.com/bingbot.htm) Chrome/116.0.1938.76 Safari/537.36"
40.77.167.25 - - [13/Oct/2025:04:56:16 +0200] "GET /bg/13-artisti?q=%D0%9A%D0%B0%D1%82%D0%B5%D0%B3%D0%BE%D1%80%D0%B8%D0%B8-AESPA-BABYMONSTER-BOYNEXTDOOR-ENHYPEN-GOT+THE+BEAT-ILLIT-ITZY-KAI-LISA-NMIXX-STRAYKIDS-ZEROBASEONE HTTP/2.0" 200 21473 "-" "Mozilla/5.0 AppleWebKit/537.36 (KHTML, like Gecko; compatible; bingbot/2.0; +http://www.bing.com/bingbot.htm) Chrome/116.0.1938.76 Safari/537.36"
40.77.167.25 - - [13/Oct/2025:04:56:17 +0200] "GET /bg/13-artisti?q=%D0%9A%D0%B0%D1%82%D0%B5%D0%B3%D0%BE%D1%80%D0%B8%D0%B8-BABYMONSTER-BLACKPINK-BOYNEXTDOOR-ENHYPEN-GOT+THE+BEAT-ILLIT-IVE-JENNIE+%28BLACKPINK%29-JIHYO-JUNG+KOOK+%28BTS%29-LE+SSERAFIM-RIIZE-SEVENTEEN-TXT-WayV-ZEROBASEONE HTTP/2.0" 200 21631 "-" "Mozilla/5.0 AppleWebKit/537.36 (KHTML, like Gecko; compatible; bingbot/2.0; +http://www.bing.com/bingbot.htm) Chrome/116.0.1938.76 Safari/537.36"
154.54.249.203 - - [13/Oct/2025:04:56:25 +0200] "GET /en/13-artist?order=product.price.desc&q=Categories-TREASURE-ATEEZ&page=20 HTTP/1.1" 200 18276 "-" "Mozilla/5.0 (compatible; Barkrowler/0.9; +https://babbar.tech/crawler)"
157.55.39.203 - - [13/Oct/2025:04:56:34 +0200] "GET /en/13-artist?q=Categories-ATEEZ-BABYMONSTER-BTS-ENHYPEN-ILLIT-ITZY-JIHYO-NAYEON+%28TWICE%29-NCT+DOYOUNG-NCT+DREAM-NMIXX-P1Harmony-RM+%28BTS%29-TWICE-TXT-V+%28BTS%29-ZEROBASEONE-STRAYKIDS HTTP/2.0" 200 19943 "-" "Mozilla/5.0 AppleWebKit/537.36 (KHTML, like Gecko; compatible; bingbot/2.0; +http://www.bing.com/bingbot.htm) Chrome/116.0.1938.76 Safari/537.36"
66.249.66.15 - - [13/Oct/2025:04:56:34 +0200] "GET /165-large_default/enhypen-dark-blood.jpg HTTP/1.1" 200 30316 "-" "Googlebot-Image/1.0"
114.119.133.146 - - [13/Oct/2025:04:56:38 +0200] "GET /en/2-nachalo?q=Availability-Available/Brand-S%2BONE%2BMusic%2BEntertainment&order=product.name.desc&page=15 HTTP/1.1" 200 15563 "https://kpopbg.com/en/2-nachalo?q=Availability-Available/Brand-S%2BONE%2BMusic%2BEntertainment&order=product.name.desc&page=15" "Mozilla/5.0 (Linux; Android 7.0;) AppleWebKit/537.36 (KHTML, like Gecko) Mobile Safari/537.36 (compatible; PetalBot;+https://webmaster.petalsearch.com/site/petalbot)"
217.113.194.223 - - [13/Oct/2025:04:56:42 +0200] "GET /en/13-artist?order=product.price.desc&q=Categories-LISA+%28BLACKPINK%29&page=3 HTTP/1.1" 200 19814 "-" "Mozilla/5.0 (compatible; Barkrowler/0.9; +https://babbar.tech/crawler)"
154.54.249.203 - - [13/Oct/2025:04:56:59 +0200] "GET /en/13-artist?order=product.price.desc&q=Categories-LISA+%28BLACKPINK%29&page=2 HTTP/1.1" 200 20043 "-" "Mozilla/5.0 (compatible; Barkrowler/0.9; +https://babbar.tech/crawler)"
52.167.144.202 - - [13/Oct/2025:04:57:04 +0200] "GET /bg/13-artisti?q=%D0%9A%D0%B0%D1%82%D0%B5%D0%B3%D0%BE%D1%80%D0%B8%D0%B8-AESPA-ASTRO-ATEEZ-BLACKPINK-BTS-ENHYPEN-JISOO-KAI-NMIXX-TREASURE-TXT/%D0%9D%D0%B0%D0%BB%D0%B8%D1%87%D0%BD%D0%BE%D1%81%D1%82-%D0%92+%D0%BD%D0%B0%D0%BB%D0%B8%D1%87%D0%BD%D0%BE%D1%81%D1%82 HTTP/2.0" 200 21608 "-" "Mozilla/5.0 AppleWebKit/537.36 (KHTML, like Gecko; compatible; bingbot/2.0; +http://www.bing.com/bingbot.htm) Chrome/116.0.1938.76 Safari/537.36"
66.249.66.13 - - [13/Oct/2025:04:57:09 +0200] "GET /bg/13-artisti?order=product.name.asc&q=Categories-STRAYKIDS&page=6 HTTP/1.1" 200 21059 "-" "Mozilla/5.0 (Linux; Android 6.0.1; Nexus 5X Build/MMB29P) AppleWebKit/537.36 (KHTML, like Gecko) Chrome/140.0.7339.207 Mobile Safari/537.36 (compatible; Googlebot/2.1; +http://www.google.com/bot.html)"
157.55.39.203 - - [13/Oct/2025:04:57:14 +0200] "GET /bg/13-artisti?q=%D0%9A%D0%B0%D1%82%D0%B5%D0%B3%D0%BE%D1%80%D0%B8%D0%B8-ATEEZ-BABYMONSTER-BLACKPINK-BOYNEXTDOOR-ENHYPEN-GOT+THE+BEAT-ILLIT-IVE-JENNIE+%28BLACKPINK%29-JIHYO-JIMIN+%28BTS%29-LE+SSERAFIM-NAYEON+%28TWICE%29-NEW+JEANS-NMIXX-SEVENTEEN-TWICE-TXT-WayV-ZEROBASEONE-P1Harmony HTTP/2.0" 200 21732 "-" "Mozilla/5.0 AppleWebKit/537.36 (KHTML, like Gecko; compatible; bingbot/2.0; +http://www.bing.com/bingbot.htm) Chrome/116.0.1938.76 Safari/537.36"
52.167.144.202 - - [13/Oct/2025:04:57:14 +0200] "GET /bg/13-artisti?q=%D0%9A%D0%B0%D1%82%D0%B5%D0%B3%D0%BE%D1%80%D0%B8%D0%B8-AESPA-ASTRO-ATEEZ-BTS-ENHYPEN-IVE-KAI-NCT-NMIXX-STAYC-NCT+DREAM/%D0%9D%D0%B0%D0%BB%D0%B8%D1%87%D0%BD%D0%BE%D1%81%D1%82-%D0%92+%D0%BD%D0%B0%D0%BB%D0%B8%D1%87%D0%BD%D0%BE%D1%81%D1%82 HTTP/2.0" 200 21589 "-" "Mozilla/5.0 AppleWebKit/537.36 (KHTML, like Gecko; compatible; bingbot/2.0; +http://www.bing.com/bingbot.htm) Chrome/116.0.1938.76 Safari/537.36"
157.55.39.203 - - [13/Oct/2025:04:57:15 +0200] "GET /bg/13-artisti?q=%D0%9A%D0%B0%D1%82%D0%B5%D0%B3%D0%BE%D1%80%D0%B8%D0%B8-AESPA-ASTRO-BLACKPINK-BTS-ENHYPEN-GOT+THE+BEAT-ITZY-IVE-LISA-NMIXX-STRAYKIDS-TREASURE-TWICE HTTP/2.0" 200 21455 "-" "Mozilla/5.0 AppleWebKit/537.36 (KHTML, like Gecko; compatible; bingbot/2.0; +http://www.bing.com/bingbot.htm) Chrome/116.0.1938.76 Safari/537.36"
217.113.194.109 - - [13/Oct/2025:04:57:17 +0200] "GET /en/13-artist?order=product.price.desc&q=Categories-LISA+%28BLACKPINK%29&page=20 HTTP/1.1" 200 18294 "-" "Mozilla/5.0 (compatible; Barkrowler/0.9; +https://babbar.tech/crawler)"
40.77.167.74 - - [13/Oct/2025:04:57:18 +0200] "GET /bg/13-artisti?q=%D0%9A%D0%B0%D1%82%D0%B5%D0%B3%D0%BE%D1%80%D0%B8%D0%B8-ATEEZ-BABYMONSTER-BLACKPINK-BOYNEXTDOOR-ENHYPEN-ILLIT-ITZY-JIHYO-KAI-Kep1er-LE+SSERAFIM-NAYEON+%28TWICE%29-NEW+JEANS-P1Harmony-SEVENTEEN-TWICE-TXT-ZEROBASEONE-TREASURE HTTP/2.0" 200 21675 "-" "Mozilla/5.0 AppleWebKit/537.36 (KHTML, like Gecko; compatible; bingbot/2.0; +http://www.bing.com/bingbot.htm) Chrome/116.0.1938.76 Safari/537.36"
217.113.194.107 - - [13/Oct/2025:04:57:35 +0200] "GET /en/13-artist?order=product.price.desc&q=Categories-BTS-KAI-ENHYPEN HTTP/1.1" 200 19859 "-" "Mozilla/5.0 (compatible; Barkrowler/0.9; +https://babbar.tech/crawler)"
154.54.249.203 - - [13/Oct/2025:04:57:52 +0200] "GET /en/13-artist?order=product.price.desc&q=Categories-BTS-BABYMONSTER&page=2 HTTP/1.1" 200 20054 "-" "Mozilla/5.0 (compatible; Barkrowler/0.9; +https://babbar.tech/crawler)"
216.244.66.233 - - [13/Oct/2025:04:58:03 +0200] "GET /en/nachalo/205-jimin-bts-muse-weverse-albums-ver-8800250625358 HTTP/1.1" 301 5 "-" "Mozilla/5.0 (compatible; DotBot/1.2; +https://opensiteexplorer.org/dotbot; help@moz.com)"
157.55.39.203 - - [13/Oct/2025:04:58:04 +0200] "GET /bg/13-artisti?q=%D0%9A%D0%B0%D1%82%D0%B5%D0%B3%D0%BE%D1%80%D0%B8%D0%B8-AESPA-ASTRO-BABYMONSTER-BLACKPINK-BTS-ENHYPEN-ILLIT-ITZY-KAI-LISA-NMIXX-STAYC-STRAYKIDS-TREASURE-ZEROBASEONE-JIMIN+%28BTS%29 HTTP/2.0" 200 21505 "-" "Mozilla/5.0 AppleWebKit/537.36 (KHTML, like Gecko; compatible; bingbot/2.0; +http://www.bing.com/bingbot.htm) Chrome/116.0.1938.76 Safari/537.36"
114.119.136.175 - - [13/Oct/2025:04:58:05 +0200] "GET /en/2-nachalo?SubmitCurrency=1&id_currency=2&q=Categories-ALBUM/Brand-BELIFT%2BLAB&page=9 HTTP/1.1" 200 16196 "https://kpopbg.com/en/2-nachalo?SubmitCurrency=1&id_currency=2&q=Categories-ALBUM/Brand-BELIFT%2BLAB&page=9" "Mozilla/5.0 (Linux; Android 7.0;) AppleWebKit/537.36 (KHTML, like Gecko) Mobile Safari/537.36 (compatible; PetalBot;+https://webmaster.petalsearch.com/site/petalbot)"
217.113.194.104 - - [13/Oct/2025:04:58:09 +0200] "GET /en/13-artist?order=product.price.desc&q=Categories-BTS-IVE-Kep1er&page=20 HTTP/1.1" 200 18276 "-" "Mozilla/5.0 (compatible; Barkrowler/0.9; +https://babbar.tech/crawler)"
217.113.194.107 - - [13/Oct/2025:04:58:27 +0200] "GET /en/13-artist?order=product.price.desc&q=Categories-BTS-IVE-SEVENTEEN&page=4 HTTP/1.1" 200 19928 "-" "Mozilla/5.0 (compatible; Barkrowler/0.9; +https://babbar.tech/crawler)"
40.77.167.74 - - [13/Oct/2025:04:58:27 +0200] "GET /bg/13-artisti?q=%D0%9A%D0%B0%D1%82%D0%B5%D0%B3%D0%BE%D1%80%D0%B8%D0%B8-AESPA-BABYMONSTER-BLACKPINK-BOYNEXTDOOR-BTS-ENHYPEN-ILLIT-ITZY-JIHYO-KAI-LISA-NMIXX-RIIZE-TWICE-WayV-ZEROBASEONE-LE+SSERAFIM&page=18 HTTP/2.0" 200 21651 "-" "Mozilla/5.0 AppleWebKit/537.36 (KHTML, like Gecko; compatible; bingbot/2.0; +http://www.bing.com/bingbot.htm) Chrome/116.0.1938.76 Safari/537.36"
217.113.194.223 - - [13/Oct/2025:04:58:44 +0200] "GET /en/13-artist?order=product.price.desc&q=Categories-BTS-IVE-SEVENTEEN&page=19 HTTP/1.1" 200 20136 "-" "Mozilla/5.0 (compatible; Barkrowler/0.9; +https://babbar.tech/crawler)"
216.244.66.233 - - [13/Oct/2025:04:58:51 +0200] "GET /en/best-sales?order=product.reference.desc&page=13 HTTP/1.1" 301 5 "-" "Mozilla/5.0 (compatible; DotBot/1.2; +https://opensiteexplorer.org/dotbot; help@moz.com)"
52.167.144.202 - - [13/Oct/2025:04:58:54 +0200] "GET /bg/13-artisti?q=%D0%9A%D0%B0%D1%82%D0%B5%D0%B3%D0%BE%D1%80%D0%B8%D0%B8-AESPA-ATEEZ-BLACKPINK-BOYNEXTDOOR-ENHYPEN-ILLIT-IVE-KAI-Kep1er-LISA-NCT+DOYOUNG-NMIXX-RIIZE-TWICE-WayV-ZEROBASEONE HTTP/2.0" 200 21494 "-" "Mozilla/5.0 AppleWebKit/537.36 (KHTML, like Gecko; compatible; bingbot/2.0; +http://www.bing.com/bingbot.htm) Chrome/116.0.1938.76 Safari/537.36"
217.113.194.103 - - [13/Oct/2025:04:59:02 +0200] "GET /en/13-artist?order=product.price.desc&q=Categories-BTS-IVE-SEVENTEEN&page=18 HTTP/1.1" 200 19835 "-" "Mozilla/5.0 (compatible; Barkrowler/0.9; +https://babbar.tech/crawler)"
52.167.144.202 - - [13/Oct/2025:04:59:15 +0200] "GET /bg/13-artisti?q=%D0%9A%D0%B0%D1%82%D0%B5%D0%B3%D0%BE%D1%80%D0%B8%D0%B8-AESPA-ATEEZ-BABYMONSTER-BOYNEXTDOOR-BTS-ENHYPEN-GOT+THE+BEAT-ILLIT-IVE-JIHYO-LISA-P1Harmony-RIIZE-STAYC-TXT-V+%28BTS%29-WayV-ZEROBASEONE-NCT+DREAM HTTP/2.0" 200 21556 "-" "Mozilla/5.0 AppleWebKit/537.36 (KHTML, like Gecko; compatible; bingbot/2.0; +http://www.bing.com/bingbot.htm) Chrome/116.0.1938.76 Safari/537.36"
217.113.194.105 - - [13/Oct/2025:04:59:19 +0200] "GET /en/13-artist?order=product.price.desc&q=Categories-BTS-IVE-TREASURE&page=4 HTTP/1.1" 200 19937 "-" "Mozilla/5.0 (compatible; Barkrowler/0.9; +https://babbar.tech/crawler)"
114.119.153.232 - - [13/Oct/2025:04:59:26 +0200] "GET /en/2-nachalo?SubmitCurrency=1&id_currency=1&q=Categories-ARTIST/Brand-BELIFT%2BLAB&page=6 HTTP/1.1" 200 16153 "https://kpopbg.com/en/2-nachalo?SubmitCurrency=1&id_currency=1&q=Categories-ARTIST/Brand-BELIFT%2BLAB&page=5" "Mozilla/5.0 (Linux; Android 7.0;) AppleWebKit/537.36 (KHTML, like Gecko) Mobile Safari/537.36 (compatible; PetalBot;+https://webmaster.petalsearch.com/site/petalbot)"
217.113.194.105 - - [13/Oct/2025:04:59:36 +0200] "GET /en/13-artist?order=product.price.desc&q=Categories-BTS-IVE-TREASURE&page=19 HTTP/1.1" 200 20138 "-" "Mozilla/5.0 (compatible; Barkrowler/0.9; +https://babbar.tech/crawler)"
40.77.167.74 - - [13/Oct/2025:04:59:38 +0200] "GET /bg/13-artisti?q=%D0%9A%D0%B0%D1%82%D0%B5%D0%B3%D0%BE%D1%80%D0%B8%D0%B8-ATEEZ-BABYMONSTER-BOYNEXTDOOR-ENHYPEN-ILLIT-IVE-JIHYO-LISA-NMIXX-P1Harmony-RIIZE-SEVENTEEN-STRAYKIDS-TREASURE-TWICE-TXT-V+%28BTS%29-WayV-ZEROBASEONE-YEJI+%28ITZY%29 HTTP/2.0" 200 21651 "-" "Mozilla/5.0 AppleWebKit/537.36 (KHTML, like Gecko; compatible; bingbot/2.0; +http://www.bing.com/bingbot.htm) Chrome/116.0.1938.76 Safari/537.36"
217.113.194.111 - - [13/Oct/2025:04:59:53 +0200] "GET /en/13-artist?order=product.price.desc&q=Categories-BTS-IVE-TREASURE&page=18 HTTP/1.1" 200 19826 "-" "Mozilla/5.0 (compatible; Barkrowler/0.9; +https://babbar.tech/crawler)"
47.128.34.53 - - [13/Oct/2025:05:00:03 +0200] "GET /bg/13-artisti?SubmitCurrency=1&id_currency=2&order=product.reference.desc&q=%D0%9A%D0%B0%D1%82%D0%B5%D0%B3%D0%BE%D1%80%D0%B8%D0%B8-ASTRO-BTS-CHA+EUN+WOO+%28ASTRO%29-ITZY-IVE-TWICE-TXT-NEW+JEANS HTTP/2.0" 200 21525 "-" "Mozilla/5.0 (compatible; Bytespider; spider-feedback@bytedance.com) AppleWebKit/537.36 (KHTML, like Gecko) Chrome/70.0.0.0 Safari/537.36"
154.54.249.203 - - [13/Oct/2025:05:00:11 +0200] "GET /en/13-artist?order=product.price.desc&q=Categories-P1Harmony-TREASURE&page=2 HTTP/1.1" 200 20047 "-" "Mozilla/5.0 (compatible; Barkrowler/0.9; +https://babbar.tech/crawler)"
217.113.194.223 - - [13/Oct/2025:05:00:29 +0200] "GET /en/13-artist?order=product.price.desc&q=Categories-STAYC-ENHYPEN&page=3 HTTP/1.1" 200 19792 "-" "Mozilla/5.0 (compatible; Barkrowler/0.9; +https://babbar.tech/crawler)"
216.244.66.233 - - [13/Oct/2025:05:00:32 +0200] "GET /en/brand/20-belift-lab?SubmitCurrency=1&id_currency=1 HTTP/1.1" 302 5 "-" "Mozilla/5.0 (compatible; DotBot/1.2; +https://opensiteexplorer.org/dotbot; help@moz.com)"
52.167.144.202 - - [13/Oct/2025:05:00:34 +0200] "GET /bg/13-artisti?q=%D0%9A%D0%B0%D1%82%D0%B5%D0%B3%D0%BE%D1%80%D0%B8%D0%B8-ATEEZ-BTS-ENHYPEN-ITZY-IVE-JIHYO-KAI-LISA-NCT-NMIXX-STRAYKIDS/%D0%9D%D0%B0%D0%BB%D0%B8%D1%87%D0%BD%D0%BE%D1%81%D1%82-%D0%92+%D0%BD%D0%B0%D0%BB%D0%B8%D1%87%D0%BD%D0%BE%D1%81%D1%82 HTTP/2.0" 200 21595 "-" "Mozilla/5.0 AppleWebKit/537.36 (KHTML, like Gecko; compatible; bingbot/2.0; +http://www.bing.com/bingbot.htm) Chrome/116.0.1938.76 Safari/537.36"
157.55.39.203 - - [13/Oct/2025:05:00:35 +0200] "GET /bg/13-artisti?q=%D0%9A%D0%B0%D1%82%D0%B5%D0%B3%D0%BE%D1%80%D0%B8%D0%B8-BABYMONSTER-BLACKPINK-BOYNEXTDOOR-ENHYPEN-ILLIT-IVE-Jin+%28BTS%29-Kep1er-NEW+JEANS-NMIXX-P1Harmony-RIIZE-SEVENTEEN-STAYC-STRAYKIDS-TXT-WayV-ZEROBASEONE&page=20 HTTP/2.0" 200 19973 "-" "Mozilla/5.0 AppleWebKit/537.36 (KHTML, like Gecko; compatible; bingbot/2.0; +http://www.bing.com/bingbot.htm) Chrome/116.0.1938.76 Safari/537.36"
157.55.39.203 - - [13/Oct/2025:05:00:35 +0200] "GET /bg/13-artisti?q=%D0%9A%D0%B0%D1%82%D0%B5%D0%B3%D0%BE%D1%80%D0%B8%D0%B8-AESPA-ATEEZ-BLACKPINK-BTS-ENHYPEN-IVE-JIHYO-NCT-NMIXX-STAYC-TWICE/%D0%9D%D0%B0%D0%BB%D0%B8%D1%87%D0%BD%D0%BE%D1%81%D1%82-%D0%92+%D0%BD%D0%B0%D0%BB%D0%B8%D1%87%D0%BD%D0%BE%D1%81%D1%82-%D0%9D%D1%8F%D0%BC%D0%B0+%D0%BD%D0%B0%D0%BB%D0%B8%D1%87%D0%BD%D0%BE%D1%81%D1%82 HTTP/2.0" 200 21665 "-" "Mozilla/5.0 AppleWebKit/537.36 (KHTML, like Gecko; compatible; bingbot/2.0; +http://www.bing.com/bingbot.htm) Chrome/116.0.1938.76 Safari/537.36"
157.55.39.203 - - [13/Oct/2025:05:00:36 +0200] "GET /bg/13-artisti?q=%D0%9A%D0%B0%D1%82%D0%B5%D0%B3%D0%BE%D1%80%D0%B8%D0%B8-ATEEZ-BABYMONSTER-BLACKPINK-BOYNEXTDOOR-ILLIT-IVE-JENNIE+%28BLACKPINK%29-JIHYO-JISOO+%28BLACKPINK%29-LISA+%28BLACKPINK%29-NMIXX-RIIZE-ROSE+%28BLACKPINK%29-SEVENTEEN-STRAYKIDS-TREASURE-TWICE-WayV-ZEROBASEONE-Kep1er HTTP/2.0" 200 21671 "-" "Mozilla/5.0 AppleWebKit/537.36 (KHTML, like Gecko; compatible; bingbot/2.0; +http://www.bing.com/bingbot.htm) Chrome/116.0.1938.76 Safari/537.36"
217.113.194.105 - - [13/Oct/2025:05:00:46 +0200] "GET /en/13-artist?order=product.price.desc&q=Categories-STAYC-ENHYPEN&page=2 HTTP/1.1" 200 20036 "-" "Mozilla/5.0 (compatible; Barkrowler/0.9; +https://babbar.tech/crawler)"
114.119.158.94 - - [13/Oct/2025:05:00:50 +0200] "GET /en/2-nachalo?SubmitCurrency=1&id_currency=1&q=Categories-ARTIST-ALBUM&order=product.name.desc HTTP/1.1" 200 16240 "https://kpopbg.com/en/2-nachalo?SubmitCurrency=1&id_currency=1&q=Categories-ARTIST-ALBUM&order=product.name.desc" "Mozilla/5.0 (Linux; Android 7.0;) AppleWebKit/537.36 (KHTML, like Gecko) Mobile Safari/537.36 (compatible; PetalBot;+https://webmaster.petalsearch.com/site/petalbot)"
217.113.194.109 - - [13/Oct/2025:05:01:03 +0200] "GET /en/13-artist?order=product.price.desc&q=Categories-STAYC-TREASURE&page=2 HTTP/1.1" 200 20045 "-" "Mozilla/5.0 (compatible; Barkrowler/0.9; +https://babbar.tech/crawler)"
154.54.249.203 - - [13/Oct/2025:05:01:21 +0200] "GET /en/13-artist?order=product.price.desc&q=Categories-RED+VELVET-BTS&page=2 HTTP/1.1" 200 20047 "-" "Mozilla/5.0 (compatible; Barkrowler/0.9; +https://babbar.tech/crawler)"
217.113.194.107 - - [13/Oct/2025:05:01:38 +0200] "GET /en/13-artist?order=product.price.desc&q=Categories-RED+VELVET-TREASURE HTTP/1.1" 200 19861 "-" "Mozilla/5.0 (compatible; Barkrowler/0.9; +https://babbar.tech/crawler)"
216.244.66.233 - - [13/Oct/2025:05:01:44 +0200] "GET /en/brand/10-source-music?order=product.name.asc HTTP/1.1" 302 5 "-" "Mozilla/5.0 (compatible; DotBot/1.2; +https://opensiteexplorer.org/dotbot; help@moz.com)"
217.113.194.103 - - [13/Oct/2025:05:01:56 +0200] "GET /en/13-artist?order=product.price.desc&q=Categories-RED+VELVET-WayV&page=3 HTTP/1.1" 200 19809 "-" "Mozilla/5.0 (compatible; Barkrowler/0.9; +https://babbar.tech/crawler)"
157.55.39.203 - - [13/Oct/2025:05:01:56 +0200] "GET /bg/13-artisti?q=%D0%9A%D0%B0%D1%82%D0%B5%D0%B3%D0%BE%D1%80%D0%B8%D0%B8-BABYMONSTER-BLACKPINK-BOYNEXTDOOR-ENHYPEN-GOT+THE+BEAT-ILLIT-IVE-JENNIE+%28BLACKPINK%29-JIHYO-JIMIN+%28BTS%29-LE+SSERAFIM-LISA+%28BLACKPINK%29-NMIXX-P1Harmony-RIIZE-SEVENTEEN-TXT-WayV-ZEROBASEONE-xikers&order=product.price.asc HTTP/2.0" 200 21705 "-" "Mozilla/5.0 AppleWebKit/537.36 (KHTML, like Gecko; compatible; bingbot/2.0; +http://www.bing.com/bingbot.htm) Chrome/116.0.1938.76 Safari/537.36"
114.119.158.94 - - [13/Oct/2025:05:02:12 +0200] "GET /en/18-enhypen?SubmitCurrency=1&id_currency=1&order=product.position.asc&page=2 HTTP/1.1" 200 13860 "https://kpopbg.com/en/18-enhypen?SubmitCurrency=1&id_currency=1&order=product.position.asc" "Mozilla/5.0 (Linux; Android 7.0;) AppleWebKit/537.36 (KHTML, like Gecko) Mobile Safari/537.36 (compatible; PetalBot;+https://webmaster.petalsearch.com/site/petalbot)"
217.113.194.106 - - [13/Oct/2025:05:02:14 +0200] "GET /en/13-artist?order=product.price.desc&q=Categories-RED+VELVET-WayV&page=2 HTTP/1.1" 200 20049 "-" "Mozilla/5.0 (compatible; Barkrowler/0.9; +https://babbar.tech/crawler)"
40.77.167.74 - - [13/Oct/2025:05:02:18 +0200] "GET /bg/13-artisti?q=%D0%9A%D0%B0%D1%82%D0%B5%D0%B3%D0%BE%D1%80%D0%B8%D0%B8-AESPA-BLACKPINK-BTS-ENHYPEN-GOT+THE+BEAT-ITZY-IVE-LISA-NCT+DREAM-NMIXX-STAYC-STRAYKIDS-TREASURE-TWICE-TXT&page=18 HTTP/2.0" 200 21621 "-" "Mozilla/5.0 AppleWebKit/537.36 (KHTML, like Gecko; compatible; bingbot/2.0; +http://www.bing.com/bingbot.htm) Chrome/116.0.1938.76 Safari/537.36"
52.167.144.202 - - [13/Oct/2025:05:02:25 +0200] "GET /en/13-artist?q=Categories-%28G%29I%5C-DLE-AESPA-BABYMONSTER-ENHYPEN-ILLIT-ITZY-JIHYO-KAI-LISA-NMIXX-TWICE-TXT-WayV-ZEROBASEONE-JUNG+KOOK+%28BTS%29 HTTP/2.0" 200 19913 "-" "Mozilla/5.0 AppleWebKit/537.36 (KHTML, like Gecko; compatible; bingbot/2.0; +http://www.bing.com/bingbot.htm) Chrome/116.0.1938.76 Safari/537.36"
157.55.39.203 - - [13/Oct/2025:05:02:25 +0200] "GET /bg/13-artisti?q=%D0%9A%D0%B0%D1%82%D0%B5%D0%B3%D0%BE%D1%80%D0%B8%D0%B8-ATEEZ-BTS-ENHYPEN-ITZY-IVE-JISOO-KAI-LISA-NMIXX-STAYC-NCT/%D0%9D%D0%B0%D0%BB%D0%B8%D1%87%D0%BD%D0%BE%D1%81%D1%82-%D0%92+%D0%BD%D0%B0%D0%BB%D0%B8%D1%87%D0%BD%D0%BE%D1%81%D1%82&page=20 HTTP/2.0" 200 19942 "-" "Mozilla/5.0 AppleWebKit/537.36 (KHTML, like Gecko; compatible; bingbot/2.0; +http://www.bing.com/bingbot.htm) Chrome/116.0.1938.76 Safari/537.36"
217.113.194.109 - - [13/Oct/2025:05:02:30 +0200] "GET /en/13-artist?order=product.price.desc&q=Categories-RED+VELVET-WayV&page=20 HTTP/1.1" 200 18294 "-" "Mozilla/5.0 (compatible; Barkrowler/0.9; +https://babbar.tech/crawler)"
173.252.107.6 - - [13/Oct/2025:05:02:31 +0200] "GET /robots.txt HTTP/2.0" 404 80669 "-" "facebookexternalhit/1.1 (+http://www.facebook.com/externalhit_uatext.php)"
57.141.4.73 - - [13/Oct/2025:05:02:32 +0200] "GET /en/16-txt HTTP/2.0" 200 114398 "-" "meta-externalagent/1.1 (+https://developers.facebook.com/docs/sharing/webmasters/crawler)"
173.252.87.113 - - [13/Oct/2025:05:02:40 +0200] "GET /robots.txt HTTP/2.0" 404 80669 "-" "facebookexternalhit/1.1 (+http://www.facebook.com/externalhit_uatext.php)"
173.252.87.26 - - [13/Oct/2025:05:02:41 +0200] "GET /robots.txt HTTP/2.0" 404 80669 "-" "facebookexternalhit/1.1 (+http://www.facebook.com/externalhit_uatext.php)"
217.113.194.111 - - [13/Oct/2025:05:02:47 +0200] "GET /en/13-artist?order=product.price.desc&q=Categories-XDINARY+HEROES&page=4 HTTP/1.1" 200 19925 "-" "Mozilla/5.0 (compatible; Barkrowler/0.9; +https://babbar.tech/crawler)"
216.244.66.233 - - [13/Oct/2025:05:02:51 +0200] "GET /bg/brand/4-hybe?order=product.name.asc HTTP/1.1" 302 5 "-" "Mozilla/5.0 (compatible; DotBot/1.2; +https://opensiteexplorer.org/dotbot; help@moz.com)"
217.113.194.106 - - [13/Oct/2025:05:03:03 +0200] "GET /en/13-artist?order=product.price.desc&q=Categories-XDINARY+HEROES&page=19 HTTP/1.1" 200 20131 "-" "Mozilla/5.0 (compatible; Barkrowler/0.9; +https://babbar.tech/crawler)"
217.113.194.106 - - [13/Oct/2025:05:03:21 +0200] "GET /en/13-artist?order=product.price.desc&q=Categories-XDINARY+HEROES&page=18 HTTP/1.1" 200 19830 "-" "Mozilla/5.0 (compatible; Barkrowler/0.9; +https://babbar.tech/crawler)"
114.119.128.20 - - [13/Oct/2025:05:03:37 +0200] "GET /en/13-artist?q=Categories-TXT-WayV-KISS%2BOF%2BLIFE&order=product.price.asc&page=2 HTTP/1.1" 200 20093 "https://kpopbg.com/en/13-artist?q=Categories-TXT-WayV-KISS%2BOF%2BLIFE&order=product.price.asc&page=2" "Mozilla/5.0 (Linux; Android 7.0;) AppleWebKit/537.36 (KHTML, like Gecko) Mobile Safari/537.36 (compatible; PetalBot;+https://webmaster.petalsearch.com/site/petalbot)"
217.113.194.109 - - [13/Oct/2025:05:03:40 +0200] "GET /en/13-artist?order=product.price.desc&q=Categories-ITZY-TWICE&page=3 HTTP/1.1" 200 19782 "-" "Mozilla/5.0 (compatible; Barkrowler/0.9; +https://babbar.tech/crawler)"
217.113.194.223 - - [13/Oct/2025:05:03:56 +0200] "GET /en/13-artist?order=product.price.desc&q=Categories-ITZY-TWICE&page=20 HTTP/1.1" 200 18277 "-" "Mozilla/5.0 (compatible; Barkrowler/0.9; +https://babbar.tech/crawler)"
217.113.194.108 - - [13/Oct/2025:05:04:14 +0200] "GET /en/13-artist?order=product.price.desc&q=Categories-Dreamcatcher-ENHYPEN&page=20 HTTP/1.1" 200 18279 "-" "Mozilla/5.0 (compatible; Barkrowler/0.9; +https://babbar.tech/crawler)"
217.113.194.106 - - [13/Oct/2025:05:04:32 +0200] "GET /en/13-artist?order=product.price.desc&q=Categories-Dreamcatcher-ENHYPEN&page=17 HTTP/1.1" 200 19899 "-" "Mozilla/5.0 (compatible; Barkrowler/0.9; +https://babbar.tech/crawler)"
157.55.39.203 - - [13/Oct/2025:05:04:36 +0200] "GET /bg/13-artisti?q=%D0%9A%D0%B0%D1%82%D0%B5%D0%B3%D0%BE%D1%80%D0%B8%D0%B8-AESPA-ATEEZ-BABYMONSTER-BLACKPINK-BOYNEXTDOOR-ENHYPEN-ILLIT-ITZY-IVE-JIHYO-KAI-LISA-NAYEON+%28TWICE%29-NMIXX-SEVENTEEN-STAYC-STRAYKIDS-TREASURE-WayV-ZEROBASEONE-P1Harmony HTTP/2.0" 200 21649 "-" "Mozilla/5.0 AppleWebKit/537.36 (KHTML, like Gecko; compatible; bingbot/2.0; +http://www.bing.com/bingbot.htm) Chrome/116.0.1938.76 Safari/537.36"
52.167.144.202 - - [13/Oct/2025:05:04:45 +0200] "GET /bg/13-artisti?q=%D0%9A%D0%B0%D1%82%D0%B5%D0%B3%D0%BE%D1%80%D0%B8%D0%B8-AESPA-BABYMONSTER-BOYNEXTDOOR-ENHYPEN-GOT+THE+BEAT-ILLIT-IVE-JIHYO-NCT+DOYOUNG-NEW+JEANS-NMIXX-RIIZE-SEVENTEEN-STRAYKIDS-TXT-WayV-ZEROBASEONE HTTP/2.0" 200 21570 "-" "Mozilla/5.0 AppleWebKit/537.36 (KHTML, like Gecko; compatible; bingbot/2.0; +http://www.bing.com/bingbot.htm) Chrome/116.0.1938.76 Safari/537.36"
217.113.194.223 - - [13/Oct/2025:05:04:49 +0200] "GET /en/13-artist?order=product.price.desc&q=Categories-Dreamcatcher-ENHYPEN&page=19 HTTP/1.1" 200 20141 "-" "Mozilla/5.0 (compatible; Barkrowler/0.9; +https://babbar.tech/crawler)"
157.55.39.203 - - [13/Oct/2025:05:04:56 +0200] "GET /bg/13-artisti?q=%D0%9A%D0%B0%D1%82%D0%B5%D0%B3%D0%BE%D1%80%D0%B8%D0%B8-AESPA-ATEEZ-BABYMONSTER-BOYNEXTDOOR-BTS-CHA+EUN+WOO+%28ASTRO%29-ENHYPEN-ILLIT-IVE-KAI-LE+SSERAFIM-LISA-NMIXX-P1Harmony-RM+%28BTS%29-SEVENTEEN-STRAYKIDS-TWICE-TXT-V+%28BTS%29-ZEROBASEONE-ROSE+%28BLACKPINK%29 HTTP/2.0" 200 21703 "-" "Mozilla/5.0 AppleWebKit/537.36 (KHTML, like Gecko; compatible; bingbot/2.0; +http://www.bing.com/bingbot.htm) Chrome/116.0.1938.76 Safari/537.36"
114.119.137.2 - - [13/Oct/2025:05:05:00 +0200] "GET /en/13-artist?q=Categories-STRAYKIDS-TWICE-TXT-GOT%2BTHE%2BBEAT&order=product.price.asc&page=2 HTTP/1.1" 200 20164 "https://kpopbg.com/en/13-artist?q=Categories-STRAYKIDS-TWICE-TXT-GOT%2BTHE%2BBEAT&order=product.price.asc&page=2" "Mozilla/5.0 (Linux; Android 7.0;) AppleWebKit/537.36 (KHTML, like Gecko) Mobile Safari/537.36 (compatible; PetalBot;+https://webmaster.petalsearch.com/site/petalbot)"
52.167.144.202 - - [13/Oct/2025:05:05:06 +0200] "GET /bg/13-artisti?q=%D0%9A%D0%B0%D1%82%D0%B5%D0%B3%D0%BE%D1%80%D0%B8%D0%B8-ATEEZ-BABYMONSTER-BLACKPINK-BOYNEXTDOOR-ENHYPEN-GOT+THE+BEAT-ILLIT-IVE-JENNIE+%28BLACKPINK%29-JIHYO-LISA-NMIXX-P1Harmony-RIIZE-ROSE+%28BLACKPINK%29-SEVENTEEN-STAYC-STRAYKIDS-TREASURE-TWICE-WayV-ZEROBASEONE-Tzuyu+%28TWICE%29 HTTP/2.0" 200 21730 "-" "Mozilla/5.0 AppleWebKit/537.36 (KHTML, like Gecko; compatible; bingbot/2.0; +http://www.bing.com/bingbot.htm) Chrome/116.0.1938.76 Safari/537.36"
217.113.194.224 - - [13/Oct/2025:05:05:06 +0200] "GET /en/13-artist?order=product.price.desc&q=Categories-ILLIT-V+%28BTS%29&page=18 HTTP/1.1" 200 19832 "-" "Mozilla/5.0 (compatible; Barkrowler/0.9; +https://babbar.tech/crawler)"
52.167.144.202 - - [13/Oct/2025:05:05:16 +0200] "GET /bg/13-artisti?q=%D0%9A%D0%B0%D1%82%D0%B5%D0%B3%D0%BE%D1%80%D0%B8%D0%B8-AESPA-ATEEZ-BABYMONSTER-BLACKPINK-BOYNEXTDOOR-ENHYPEN-GOT+THE+BEAT-ILLIT-IVE-JIHYO-LISA-NMIXX-P1Harmony-RM+%28BTS%29-SEVENTEEN-STAYC-TREASURE-TWICE-WayV-ZEROBASEONE&order=product.price.asc HTTP/2.0" 200 21640 "-" "Mozilla/5.0 AppleWebKit/537.36 (KHTML, like Gecko; compatible; bingbot/2.0; +http://www.bing.com/bingbot.htm) Chrome/116.0.1938.76 Safari/537.36"
217.113.194.224 - - [13/Oct/2025:05:05:23 +0200] "GET /en/13-artist?order=product.price.desc&q=Categories-ILLIT-V+%28BTS%29&page=19 HTTP/1.1" 200 20147 "-" "Mozilla/5.0 (compatible; Barkrowler/0.9; +https://babbar.tech/crawler)"
52.167.144.202 - - [13/Oct/2025:05:05:25 +0200] "GET /bg/13-artisti?q=%D0%9A%D0%B0%D1%82%D0%B5%D0%B3%D0%BE%D1%80%D0%B8%D0%B8-AESPA-ATEEZ-BLACKPINK-BTS-ENHYPEN-GOT+THE+BEAT-ITZY-IVE-JIHYO-KAI-LISA-NCT+DREAM-NMIXX-STAYC-TREASURE-TWICE-TXT-NEW+JEANS HTTP/2.0" 200 21529 "-" "Mozilla/5.0 AppleWebKit/537.36 (KHTML, like Gecko; compatible; bingbot/2.0; +http://www.bing.com/bingbot.htm) Chrome/116.0.1938.76 Safari/537.36"
40.77.167.74 - - [13/Oct/2025:05:05:28 +0200] "GET /bg/13-artisti?q=%D0%9A%D0%B0%D1%82%D0%B5%D0%B3%D0%BE%D1%80%D0%B8%D0%B8-ATEEZ-BABYMONSTER-BLACKPINK-BOYNEXTDOOR-ENHYPEN-ILLIT-ITZY-JIHYO-LISA-NAYEON+%28TWICE%29-NMIXX-RIIZE-SEVENTEEN-STRAYKIDS-TREASURE-TWICE-WayV-ZEROBASEONE HTTP/2.0" 200 21628 "-" "Mozilla/5.0 AppleWebKit/537.36 (KHTML, like Gecko; compatible; bingbot/2.0; +http://www.bing.com/bingbot.htm) Chrome/116.0.1938.76 Safari/537.36"
217.113.194.223 - - [13/Oct/2025:05:05:41 +0200] "GET /en/13-artist?order=product.price.desc&q=Categories-SEVENTEEN-ATEEZ&page=4 HTTP/1.1" 200 19926 "-" "Mozilla/5.0 (compatible; Barkrowler/0.9; +https://babbar.tech/crawler)"
217.113.194.106 - - [13/Oct/2025:05:05:57 +0200] "GET /en/13-artist?order=product.price.desc&q=Categories-SEVENTEEN-ATEEZ&page=19 HTTP/1.1" 200 20133 "-" "Mozilla/5.0 (compatible; Barkrowler/0.9; +https://babbar.tech/crawler)"
217.113.194.107 - - [13/Oct/2025:05:06:15 +0200] "GET /en/13-artist?order=product.price.desc&q=Categories-SEVENTEEN-ATEEZ&page=18 HTTP/1.1" 200 19831 "-" "Mozilla/5.0 (compatible; Barkrowler/0.9; +https://babbar.tech/crawler)"
114.119.137.2 - - [13/Oct/2025:05:06:26 +0200] "GET /en/13-artist?q=Categories-STAYC-TWICE-TXT-JIMIN&page=2 HTTP/1.1" 200 19797 "https://kpopbg.com/en/13-artist?q=Categories-STAYC-TWICE-TXT-JIMIN&page=2" "Mozilla/5.0 (Linux; Android 7.0;) AppleWebKit/537.36 (KHTML, like Gecko) Mobile Safari/537.36 (compatible; PetalBot;+https://webmaster.petalsearch.com/site/petalbot)"
52.167.144.202 - - [13/Oct/2025:05:06:26 +0200] "GET /bg/13-artisti?q=%D0%9A%D0%B0%D1%82%D0%B5%D0%B3%D0%BE%D1%80%D0%B8%D0%B8-AESPA-BLACKPINK-BOYNEXTDOOR-ENHYPEN-ILLIT-IVE-JIHYO-LISA-NCT+DOYOUNG-NMIXX-RIIZE-SEVENTEEN-STRAYKIDS-TWICE-WayV-ZEROBASEONE-ATEEZ HTTP/2.0" 200 21524 "-" "Mozilla/5.0 AppleWebKit/537.36 (KHTML, like Gecko; compatible; bingbot/2.0; +http://www.bing.com/bingbot.htm) Chrome/116.0.1938.76 Safari/537.36"
217.113.194.223 - - [13/Oct/2025:05:06:32 +0200] "GET /en/13-artist?order=product.price.asc&q=%D0%9A%D0%B0%D1%82%D0%B5%D0%B3%D0%BE%D1%80%D0%B8%D0%B8-IVE HTTP/1.1" 200 19836 "-" "Mozilla/5.0 (compatible; Barkrowler/0.9; +https://babbar.tech/crawler)"
217.113.194.223 - - [13/Oct/2025:05:06:49 +0200] "GET /en/13-artist?order=product.price.asc&q=Categories-ENHYPEN-xikers&page=3 HTTP/1.1" 200 19797 "-" "Mozilla/5.0 (compatible; Barkrowler/0.9; +https://babbar.tech/crawler)"
217.113.194.107 - - [13/Oct/2025:05:07:06 +0200] "GET /en/13-artist?order=product.price.asc&q=Categories-ENHYPEN-xikers&page=2 HTTP/1.1" 200 20056 "-" "Mozilla/5.0 (compatible; Barkrowler/0.9; +https://babbar.tech/crawler)"
154.54.249.203 - - [13/Oct/2025:05:07:23 +0200] "GET /en/13-artist?order=product.price.asc&q=Categories-ENHYPEN-xikers&page=20 HTTP/1.1" 200 18190 "-" "Mozilla/5.0 (compatible; Barkrowler/0.9; +https://babbar.tech/crawler)"
40.77.167.74 - - [13/Oct/2025:05:07:38 +0200] "GET /bg/13-artisti?q=%D0%9A%D0%B0%D1%82%D0%B5%D0%B3%D0%BE%D1%80%D0%B8%D0%B8-AESPA-ATEEZ-BABYMONSTER-BLACKPINK-BOYNEXTDOOR-BTS-ILLIT-ITZY-JIHYO-LISA-NAYEON+%28TWICE%29-NCT+JAEHYUN-NMIXX-P1Harmony-SEVENTEEN-STAYC-TREASURE-WayV-ZEROBASEONE&page=5 HTTP/2.0" 200 21764 "-" "Mozilla/5.0 AppleWebKit/537.36 (KHTML, like Gecko; compatible; bingbot/2.0; +http://www.bing.com/bingbot.htm) Chrome/116.0.1938.76 Safari/537.36"
217.113.194.223 - - [13/Oct/2025:05:07:41 +0200] "GET /en/13-artist?order=product.price.asc&q=Categories-AESPA-BTS-xikers&page=18 HTTP/1.1" 200 19975 "-" "Mozilla/5.0 (compatible; Barkrowler/0.9; +https://babbar.tech/crawler)"
114.119.136.175 - - [13/Oct/2025:05:07:47 +0200] "GET /en/13-artist?q=Categories-STAYC-TREASURE-TWICE-Agust%2BD%2B(BTS)/Availability-Available&order=product.reference.desc&page=2 HTTP/1.1" 200 19919 "https://kpopbg.com/en/13-artist?q=Categories-STAYC-TREASURE-TWICE-Agust%2BD%2B%28BTS%29/Availability-Available&order=product.reference.desc&page=2" "Mozilla/5.0 (Linux; Android 7.0;) AppleWebKit/537.36 (KHTML, like Gecko) Mobile Safari/537.36 (compatible; PetalBot;+https://webmaster.petalsearch.com/site/petalbot)"
217.113.194.224 - - [13/Oct/2025:05:07:59 +0200] "GET /en/13-artist?order=product.price.asc&q=Categories-AESPA-BTS-xikers&page=19 HTTP/1.1" 200 20233 "-" "Mozilla/5.0 (compatible; Barkrowler/0.9; +https://babbar.tech/crawler)"
66.249.66.15 - - [13/Oct/2025:05:08:10 +0200] "GET /en/13-artist?q=%D0%9A%D0%B0%D1%82%D0%B5%D0%B3%D0%BE%D1%80%D0%B8%D0%B8-LISA+%28BLACKPINK%29-NCT+JAEHYUN-XDINARY+HEROES&order=product.name.desc&page=3 HTTP/1.1" 200 19594 "-" "Mozilla/5.0 (Linux; Android 6.0.1; Nexus 5X Build/MMB29P) AppleWebKit/537.36 (KHTML, like Gecko) Chrome/140.0.7339.207 Mobile Safari/537.36 (compatible; Googlebot/2.1; +http://www.google.com/bot.html)"
217.113.194.103 - - [13/Oct/2025:05:08:16 +0200] "GET /en/13-artist?order=product.price.asc&q=Categories-AESPA-BTS-xikers&page=4 HTTP/1.1" 200 19896 "-" "Mozilla/5.0 (compatible; Barkrowler/0.9; +https://babbar.tech/crawler)"
40.77.167.78 - - [13/Oct/2025:05:08:21 +0200] "GET /bg/13-artisti?q=%D0%9A%D0%B0%D1%82%D0%B5%D0%B3%D0%BE%D1%80%D0%B8%D0%B8-AESPA-ATEEZ-BABYMONSTER-BLACKPINK-BOYNEXTDOOR-BTS-Dreamcatcher-ENHYPEN-ILLIT-IVE-JIHYO-LISA-NCT+DOYOUNG-NMIXX-RIIZE-ROSE+%28BLACKPINK%29-SEVENTEEN-STAYC-TWICE-WayV-ZEROBASEONE-Agust+D+%28BTS%29 HTTP/2.0" 200 21681 "-" "Mozilla/5.0 AppleWebKit/537.36 (KHTML, like Gecko; compatible; bingbot/2.0; +http://www.bing.com/bingbot.htm) Chrome/116.0.1938.76 Safari/537.36"
216.244.66.233 - - [13/Oct/2025:05:08:28 +0200] "GET /bg/brand/4-hybe?order=product.position.asc HTTP/1.1" 302 5 "-" "Mozilla/5.0 (compatible; DotBot/1.2; +https://opensiteexplorer.org/dotbot; help@moz.com)"
40.77.167.78 - - [13/Oct/2025:05:08:30 +0200] "GET /bg/13-artisti?q=%D0%9A%D0%B0%D1%82%D0%B5%D0%B3%D0%BE%D1%80%D0%B8%D0%B8-ATEEZ-BABYMONSTER-BLACKPINK-BOYNEXTDOOR-ENHYPEN-ILLIT-ITZY-JIHYO-LISA-NMIXX-STRAYKIDS-TXT-xikers-ZEROBASEONE-Tzuyu+%28TWICE%29 HTTP/2.0" 200 21587 "-" "Mozilla/5.0 AppleWebKit/537.36 (KHTML, like Gecko; compatible; bingbot/2.0; +http://www.bing.com/bingbot.htm) Chrome/116.0.1938.76 Safari/537.36"
217.113.194.111 - - [13/Oct/2025:05:08:34 +0200] "GET /en/13-artist?order=product.price.asc&q=Categories-BTS-KAI-xikers&page=2 HTTP/1.1" 200 20060 "-" "Mozilla/5.0 (compatible; Barkrowler/0.9; +https://babbar.tech/crawler)"
40.77.167.74 - - [13/Oct/2025:05:08:35 +0200] "GET /bg/13-artisti?q=%D0%9A%D0%B0%D1%82%D0%B5%D0%B3%D0%BE%D1%80%D0%B8%D0%B8-AESPA-ATEEZ-ENHYPEN-JEON+SOMI-JIHYO-JISOO-KAI-NCT-STRAYKIDS-TREASURE-TWICE-TXT-BTS/%D0%9D%D0%B0%D0%BB%D0%B8%D1%87%D0%BD%D0%BE%D1%81%D1%82-%D0%92+%D0%BD%D0%B0%D0%BB%D0%B8%D1%87%D0%BD%D0%BE%D1%81%D1%82-%D0%9D%D1%8F%D0%BC%D0%B0+%D0%BD%D0%B0%D0%BB%D0%B8%D1%87%D0%BD%D0%BE%D1%81%D1%82&page=20 HTTP/2.0" 200 20034 "-" "Mozilla/5.0 AppleWebKit/537.36 (KHTML, like Gecko; compatible; bingbot/2.0; +http://www.bing.com/bingbot.htm) Chrome/116.0.1938.76 Safari/537.36"
40.77.167.74 - - [13/Oct/2025:05:08:35 +0200] "GET /bg/13-artisti?q=%D0%9A%D0%B0%D1%82%D0%B5%D0%B3%D0%BE%D1%80%D0%B8%D0%B8-AESPA-ASTRO-ATEEZ-BLACKPINK-BTS-ENHYPEN-ITZY-IVE-JISOO-KAI-NMIXX-STAYC-TREASURE-TXT-JIHYO/%D0%9D%D0%B0%D0%BB%D0%B8%D1%87%D0%BD%D0%BE%D1%81%D1%82-%D0%92+%D0%BD%D0%B0%D0%BB%D0%B8%D1%87%D0%BD%D0%BE%D1%81%D1%82&page=3 HTTP/2.0" 200 21775 "-" "Mozilla/5.0 AppleWebKit/537.36 (KHTML, like Gecko; compatible; bingbot/2.0; +http://www.bing.com/bingbot.htm) Chrome/116.0.1938.76 Safari/537.36"
40.77.167.74 - - [13/Oct/2025:05:08:48 +0200] "GET /bg/13-artisti?q=%D0%9A%D0%B0%D1%82%D0%B5%D0%B3%D0%BE%D1%80%D0%B8%D0%B8-AESPA-ATEEZ-BABYMONSTER-BLACKPINK-BOYNEXTDOOR-ENHYPEN-ILLIT-ITZY-KAI-LISA-NMIXX-SEVENTEEN-STRAYKIDS-ASTRO HTTP/2.0" 200 21453 "-" "Mozilla/5.0 AppleWebKit/537.36 (KHTML, like Gecko; compatible; bingbot/2.0; +http://www.bing.com/bingbot.htm) Chrome/116.0.1938.76 Safari/537.36"
40.77.167.74 - - [13/Oct/2025:05:08:49 +0200] "GET /bg/13-artisti?q=%D0%9A%D0%B0%D1%82%D0%B5%D0%B3%D0%BE%D1%80%D0%B8%D0%B8-ATEEZ-BABYMONSTER-BLACKPINK-BOYNEXTDOOR-ENHYPEN-GOT+THE+BEAT-ILLIT-IVE-JENNIE+%28BLACKPINK%29-JIHYO-Kep1er-NMIXX-P1Harmony-RIIZE-SEVENTEEN-STRAYKIDS-TXT-WayV-ZEROBASEONE-NCT+JAEHYUN&page=3 HTTP/2.0" 200 21828 "-" "Mozilla/5.0 AppleWebKit/537.36 (KHTML, like Gecko; compatible; bingbot/2.0; +http://www.bing.com/bingbot.htm) Chrome/116.0.1938.76 Safari/537.36"
217.113.194.106 - - [13/Oct/2025:05:08:52 +0200] "GET /en/13-artist?order=product.price.asc&q=Categories-BTS-KAI-xikers&page=3 HTTP/1.1" 200 19793 "-" "Mozilla/5.0 (compatible; Barkrowler/0.9; +https://babbar.tech/crawler)"
40.77.167.78 - - [13/Oct/2025:05:08:58 +0200] "GET /en/13-artist?q=%D0%9A%D0%B0%D1%82%D0%B5%D0%B3%D0%BE%D1%80%D0%B8%D0%B8-AESPA-BABYMONSTER-BLACKPINK-BOYNEXTDOOR-ENHYPEN-ILLIT-JIHYO-LISA-NCT+DOYOUNG-NMIXX-RIIZE-SEVENTEEN-STRAYKIDS-TREASURE-TWICE-WayV-ZEROBASEONE HTTP/2.0" 200 20054 "-" "Mozilla/5.0 AppleWebKit/537.36 (KHTML, like Gecko; compatible; bingbot/2.0; +http://www.bing.com/bingbot.htm) Chrome/116.0.1938.76 Safari/537.36"
114.119.153.232 - - [13/Oct/2025:05:09:11 +0200] "GET /en/13-artist?q=Categories-STAYC-TREASURE-NCT&order=product.reference.desc HTTP/1.1" 200 19816 "https://kpopbg.com/en/13-artist?q=Categories-STAYC-TREASURE-NCT&order=product.reference.desc" "Mozilla/5.0 (Linux; Android 7.0;) AppleWebKit/537.36 (KHTML, like Gecko) Mobile Safari/537.36 (compatible; PetalBot;+https://webmaster.petalsearch.com/site/petalbot)"
217.113.194.109 - - [13/Oct/2025:05:09:12 +0200] "GET /en/13-artist?order=product.price.asc&q=Categories-BTS-KAI-xikers&page=20 HTTP/1.1" 200 18199 "-" "Mozilla/5.0 (compatible; Barkrowler/0.9; +https://babbar.tech/crawler)"
40.77.167.74 - - [13/Oct/2025:05:09:15 +0200] "GET /bg/13-artisti?q=%D0%9A%D0%B0%D1%82%D0%B5%D0%B3%D0%BE%D1%80%D0%B8%D0%B8-AESPA-ASTRO-BABYMONSTER-BLACKPINK-BTS-ENHYPEN-ILLIT-ITZY-JIHYO-KAI-LISA-NMIXX-SEVENTEEN-STRAYKIDS-TXT-ZEROBASEONE-V+%28BTS%29 HTTP/2.0" 200 21519 "-" "Mozilla/5.0 AppleWebKit/537.36 (KHTML, like Gecko; compatible; bingbot/2.0; +http://www.bing.com/bingbot.htm) Chrome/116.0.1938.76 Safari/537.36"
40.77.167.78 - - [13/Oct/2025:05:09:19 +0200] "GET /bg/13-artisti?q=%D0%9A%D0%B0%D1%82%D0%B5%D0%B3%D0%BE%D1%80%D0%B8%D0%B8-AESPA-BABYMONSTER-BLACKPINK-ENHYPEN-ILLIT-ITZY-JIHYO-LISA-NMIXX-RIIZE-TREASURE-TWICE-WayV-ZEROBASEONE-RM+%28BTS%29 HTTP/2.0" 200 21516 "-" "Mozilla/5.0 AppleWebKit/537.36 (KHTML, like Gecko; compatible; bingbot/2.0; +http://www.bing.com/bingbot.htm) Chrome/116.0.1938.76 Safari/537.36"
217.113.194.107 - - [13/Oct/2025:05:09:28 +0200] "GET /en/13-artist?order=product.price.asc&q=Categories-BTS-KAI-ENHYPEN HTTP/1.1" 200 19782 "-" "Mozilla/5.0 (compatible; Barkrowler/0.9; +https://babbar.tech/crawler)"
217.113.194.111 - - [13/Oct/2025:05:09:45 +0200] "GET /en/13-artist?order=product.price.asc&q=Categories-SEVENTEEN-ILLIT&page=3 HTTP/1.1" 200 19799 "-" "Mozilla/5.0 (compatible; Barkrowler/0.9; +https://babbar.tech/crawler)"
40.77.167.74 - - [13/Oct/2025:05:09:56 +0200] "GET /bg/13-artisti?q=%D0%9A%D0%B0%D1%82%D0%B5%D0%B3%D0%BE%D1%80%D0%B8%D0%B8-ATEEZ-BABYMONSTER-BLACKPINK-BOYNEXTDOOR-ENHYPEN-ILLIT-IVE-JENNIE+%28BLACKPINK%29-JIHYO-LISA+%28BLACKPINK%29-NMIXX-RIIZE-ROSE+%28BLACKPINK%29-SEVENTEEN-STRAYKIDS-TREASURE-TWICE-TXT-WayV-ZEROBASEONE-JUNG+KOOK+%28BTS%29&page=3 HTTP/2.0" 200 21876 "-" "Mozilla/5.0 AppleWebKit/537.36 (KHTML, like Gecko; compatible; bingbot/2.0; +http://www.bing.com/bingbot.htm) Chrome/116.0.1938.76 Safari/537.36"
40.77.167.78 - - [13/Oct/2025:05:09:59 +0200] "GET /bg/13-artisti?q=%D0%9A%D0%B0%D1%82%D0%B5%D0%B3%D0%BE%D1%80%D0%B8%D0%B8-AESPA-BLACKPINK-BTS-ENHYPEN-ITZY-IVE-KAI-LE+SSERAFIM-LISA-NCT-NCT+127-NMIXX-STAYC-TREASURE-TWICE-TXT-ASTRO&page=20 HTTP/2.0" 200 19889 "-" "Mozilla/5.0 AppleWebKit/537.36 (KHTML, like Gecko; compatible; bingbot/2.0; +http://www.bing.com/bingbot.htm) Chrome/116.0.1938.76 Safari/537.36"
217.113.194.111 - - [13/Oct/2025:05:10:03 +0200] "GET /en/13-artist?order=product.price.asc&q=Categories-SEVENTEEN-ILLIT&page=20 HTTP/1.1" 200 18196 "-" "Mozilla/5.0 (compatible; Barkrowler/0.9; +https://babbar.tech/crawler)"
154.54.249.203 - - [13/Oct/2025:05:10:20 +0200] "GET /en/13-artist?order=product.price.asc&q=Categories-ATEEZ-ENHYPEN&page=4 HTTP/1.1" 200 19888 "-" "Mozilla/5.0 (compatible; Barkrowler/0.9; +https://babbar.tech/crawler)"
