40.77.167.52 - - [13/Oct/2025:00:03:36 +0200] "GET /bg/13-artisti?q=%D0%9A%D0%B0%D1%82%D0%B5%D0%B3%D0%BE%D1%80%D0%B8%D0%B8-AESPA-ATEEZ-BABYMONSTER-BLACKPINK-BOYNEXTDOOR-ENHYPEN-ILLIT-ITZY-IVE-JIHYO-Kep1er-LISA+%28BLACKPINK%29-NMIXX-RIIZE-ROSE+%28BLACKPINK%29-SEVENTEEN-STAYC-TWICE-WayV-ZEROBASEONE-Tzuyu+%28TWICE%29 HTTP/2.0" 200 21651 "-" "Mozilla/5.0 AppleWebKit/537.36 (KHTML, like Gecko; compatible; bingbot/2.0; +http://www.bing.com/bingbot.htm) Chrome/116.0.1938.76 Safari/537.36"
66.249.66.15 - - [13/Oct/2025:00:03:38 +0200] "GET /959-large_default/j-hope-bts-charm-of-hope.jpg HTTP/1.1" 200 54219 "-" "Googlebot-Image/1.0"
40.77.167.77 - - [13/Oct/2025:00:03:39 +0200] "GET /en/13-artist?q=Categories-ATEEZ-BABYMONSTER-BLACKPINK-BOYNEXTDOOR-BTS-ILLIT-ITZY-KAI-LISA-NCT+DREAM-NMIXX-RM+%28BTS%29-SEVENTEEN-STAYC-TXT-ZEROBASEONE HTTP/2.0" 200 19912 "-" "Mozilla/5.0 AppleWebKit/537.36 (KHTML, like Gecko; compatible; bingbot/2.0; +http://www.bing.com/bingbot.htm) Chrome/116.0.1938.76 Safari/537.36"
40.77.167.235 - - [13/Oct/2025:00:03:39 +0200] "GET /bg/13-artisti?q=%D0%9A%D0%B0%D1%82%D0%B5%D0%B3%D0%BE%D1%80%D0%B8%D0%B8-AESPA-BLACKPINK-GOT+THE+BEAT-ITZY-IVE-KAI-NCT-NEW+JEANS-STRAYKIDS-TWICE/%D0%9C%D0%B0%D1%80%D0%BA%D0%B0-SM+Entertainment HTTP/2.0" 200 21529 "-" "Mozilla/5.0 AppleWebKit/537.36 (KHTML, like Gecko; compatible; bingbot/2.0; +http://www.bing.com/bingbot.htm) Chrome/116.0.1938.76 Safari/537.36"
40.77.167.235 - - [13/Oct/2025:00:03:39 +0200] "GET /bg/13-artisti?q=%D0%9A%D0%B0%D1%82%D0%B5%D0%B3%D0%BE%D1%80%D0%B8%D0%B8-AESPA-ATEEZ-BABYMONSTER-BLACKPINK-BOYNEXTDOOR-ENHYPEN-ILLIT-ITZY-IVE-JIHYO-KAI-Kep1er-LE+SSERAFIM-NCT+DREAM-NMIXX-RIIZE-TXT-WayV-ZEROBASEONE-Tzuyu+%28TWICE%29&order=product.price.asc HTTP/2.0" 200 21640 "-" "Mozilla/5.0 AppleWebKit/537.36 (KHTML, like Gecko; compatible; bingbot/2.0; +http://www.bing.com/bingbot.htm) Chrome/116.0.1938.76 Safari/537.36"
40.77.167.235 - - [13/Oct/2025:00:03:40 +0200] "GET /bg/13-artisti?q=%D0%9A%D0%B0%D1%82%D0%B5%D0%B3%D0%BE%D1%80%D0%B8%D0%B8-AESPA-Agust+D+%28BTS%29-ATEEZ-BABYMONSTER-BLACKPINK-BOYNEXTDOOR-BTS-ENHYPEN-ILLIT-ITZY-IVE-JIHYO-LISA-NCT+JAEHYUN-NMIXX-P1Harmony-RIIZE-TWICE-Tzuyu+%28TWICE%29-ZEROBASEONE-RM+%28BTS%29&order=product.name.asc HTTP/2.0" 200 21374 "-" "Mozilla/5.0 AppleWebKit/537.36 (KHTML, like Gecko; compatible; bingbot/2.0; +http://www.bing.com/bingbot.htm) Chrome/116.0.1938.76 Safari/537.36"
40.77.167.235 - - [13/Oct/2025:00:03:40 +0200] "GET /bg/13-artisti?q=%D0%9A%D0%B0%D1%82%D0%B5%D0%B3%D0%BE%D1%80%D0%B8%D0%B8-AESPA-BLACKPINK-ENHYPEN-GOT+THE+BEAT-ITZY-IVE-JISOO-NCT-NCT+127-NCT+DREAM-STRAYKIDS-TREASURE-TWICE-TXT-NEW+JEANS HTTP/2.0" 200 21495 "-" "Mozilla/5.0 AppleWebKit/537.36 (KHTML, like Gecko; compatible; bingbot/2.0; +http://www.bing.com/bingbot.htm) Chrome/116.0.1938.76 Safari/537.36"
40.77.167.235 - - [13/Oct/2025:00:03:41 +0200] "GET /bg/12-albumi?q=%D0%9D%D0%B0%D0%BB%D0%B8%D1%87%D0%BD%D0%BE%D1%81%D1%82-%D0%92+%D0%BD%D0%B0%D0%BB%D0%B8%D1%87%D0%BD%D0%BE%D1%81%D1%82-%D0%9D%D0%B0%D0%BB%D0%B8%D1%87%D0%B5%D0%BD-%D0%9D%D1%8F%D0%BC%D0%B0+%D0%BD%D0%B0%D0%BB%D0%B8%D1%87%D0%BD%D0%BE%D1%81%D1%82/%D0%9C%D0%B0%D1%80%D0%BA%D0%B0-BigHit+Entertainment-CUBE+ENTERTAINMENT-FANTAGIO+MUSIC-JYP+Entertainment-YG+Entertainment-HIGHUP+ENTERTAINMENT HTTP/2.0" 200 18020 "-" "Mozilla/5.0 AppleWebKit/537.36 (KHTML, like Gecko; compatible; bingbot/2.0; +http://www.bing.com/bingbot.htm) Chrome/116.0.1938.76 Safari/537.36"
40.77.167.235 - - [13/Oct/2025:00:03:41 +0200] "GET /bg/13-artisti?q=%D0%9A%D0%B0%D1%82%D0%B5%D0%B3%D0%BE%D1%80%D0%B8%D0%B8-ATEEZ-BABYMONSTER-BTS-ENHYPEN-JUNG+KOOK+%28BTS%29-KAI-LE+SSERAFIM-LISA-NMIXX-P1Harmony-RED+VELVET-TREASURE-TWICE-ILLIT HTTP/2.0" 200 21536 "-" "Mozilla/5.0 AppleWebKit/537.36 (KHTML, like Gecko; compatible; bingbot/2.0; +http://www.bing.com/bingbot.htm) Chrome/116.0.1938.76 Safari/537.36"
40.77.167.235 - - [13/Oct/2025:00:03:41 +0200] "GET /bg/13-artisti?q=%D0%9A%D0%B0%D1%82%D0%B5%D0%B3%D0%BE%D1%80%D0%B8%D0%B8-AESPA-ASTRO-BLACKPINK-ENHYPEN-GOT+THE+BEAT-ITZY-KAI-NCT-NMIXX-STRAYKIDS-TREASURE-LE+SSERAFIM HTTP/2.0" 200 21460 "-" "Mozilla/5.0 AppleWebKit/537.36 (KHTML, like Gecko; compatible; bingbot/2.0; +http://www.bing.com/bingbot.htm) Chrome/116.0.1938.76 Safari/537.36"
40.77.167.235 - - [13/Oct/2025:00:03:41 +0200] "GET /en/13-artist?q=Categories-BLACKPINK-BOYNEXTDOOR-BTS-ENHYPEN-ILLIT-ITZY-NMIXX-ZEROBASEONE-GOT+THE+BEAT HTTP/2.0" 200 19857 "-" "Mozilla/5.0 AppleWebKit/537.36 (KHTML, like Gecko; compatible; bingbot/2.0; +http://www.bing.com/bingbot.htm) Chrome/116.0.1938.76 Safari/537.36"
217.113.194.107 - - [13/Oct/2025:00:03:43 +0200] "GET /en/13-artist?q=Categories-AESPA-Kep1er-JIMIN+%28BTS%29&page=20 HTTP/1.1" 200 18165 "-" "Mozilla/5.0 (compatible; Barkrowler/0.9; +https://babbar.tech/crawler)"
40.77.167.77 - - [13/Oct/2025:00:03:53 +0200] "GET /bg/13-artisti?q=%D0%9A%D0%B0%D1%82%D0%B5%D0%B3%D0%BE%D1%80%D0%B8%D0%B8-ATEEZ-BABYMONSTER-BLACKPINK-BOYNEXTDOOR-ILLIT-IVE-JENNIE+%28BLACKPINK%29-JIHYO-JIMIN+%28BTS%29-JISOO+%28BLACKPINK%29-Kep1er-LISA+%28BLACKPINK%29-NMIXX-RIIZE-ROSE+%28BLACKPINK%29-SEVENTEEN-STAYC-STRAYKIDS-TREASURE-TWICE-WayV-ZEROBASEONE-P1Harmony HTTP/2.0" 200 21727 "-" "Mozilla/5.0 AppleWebKit/537.36 (KHTML, like Gecko; compatible; bingbot/2.0; +http://www.bing.com/bingbot.htm) Chrome/116.0.1938.76 Safari/537.36"
40.77.167.77 - - [13/Oct/2025:00:03:54 +0200] "GET /bg/13-artisti?q=%D0%9A%D0%B0%D1%82%D0%B5%D0%B3%D0%BE%D1%80%D0%B8%D0%B8-AESPA-ENHYPEN-ITZY-JISOO-STAYC-GOT+THE+BEAT HTTP/2.0" 200 21402 "-" "Mozilla/5.0 AppleWebKit/537.36 (KHTML, like Gecko; compatible; bingbot/2.0; +http://www.bing.com/bingbot.htm) Chrome/116.0.1938.76 Safari/537.36"
40.77.167.235 - - [13/Oct/2025:00:03:54 +0200] "GET /bg/13-artisti?q=%D0%9A%D0%B0%D1%82%D0%B5%D0%B3%D0%BE%D1%80%D0%B8%D0%B8-AESPA-BABYMONSTER-BLACKPINK-BOYNEXTDOOR-ENHYPEN-GOT+THE+BEAT-ILLIT-JIHYO-LISA-NCT+JAEHYUN-NMIXX-RIIZE-STRAYKIDS-TREASURE-TWICE-WayV-ZEROBASEONE-V+%28BTS%29 HTTP/2.0" 200 21661 "-" "Mozilla/5.0 AppleWebKit/537.36 (KHTML, like Gecko; compatible; bingbot/2.0; +http://www.bing.com/bingbot.htm) Chrome/116.0.1938.76 Safari/537.36"
40.77.167.52 - - [13/Oct/2025:00:03:56 +0200] "GET /en/13-artist?q=Categories-AESPA-ASTRO-ATEEZ-BABYMONSTER-BLACKPINK-BOYNEXTDOOR-ENHYPEN-ILLIT-ITZY-JIHYO-KAI-NMIXX-TREASURE-TWICE-TXT-ZEROBASEONE-STRAYKIDS HTTP/2.0" 200 19932 "-" "Mozilla/5.0 AppleWebKit/537.36 (KHTML, like Gecko; compatible; bingbot/2.0; +http://www.bing.com/bingbot.htm) Chrome/116.0.1938.76 Safari/537.36"
40.77.167.52 - - [13/Oct/2025:00:03:57 +0200] "GET /bg/13-artisti?q=%D0%9A%D0%B0%D1%82%D0%B5%D0%B3%D0%BE%D1%80%D0%B8%D0%B8-AESPA-ASTRO-ATEEZ-BLACKPINK-BTS-ENHYPEN-GOT+THE+BEAT-ITZY-IVE-JIHYO-JISOO-KAI-LISA-NCT-NMIXX-STRAYKIDS-TREASURE-TWICE-V+%28BTS%29 HTTP/2.0" 200 21543 "-" "Mozilla/5.0 AppleWebKit/537.36 (KHTML, like Gecko; compatible; bingbot/2.0; +http://www.bing.com/bingbot.htm) Chrome/116.0.1938.76 Safari/537.36"
154.54.249.203 - - [13/Oct/2025:00:04:00 +0200] "GET /en/13-artist?q=Categories-AESPA-JIHYO-RED+VELVET&page=2 HTTP/1.1" 200 19810 "-" "Mozilla/5.0 (compatible; Barkrowler/0.9; +https://babbar.tech/crawler)"
114.119.131.105 - - [13/Oct/2025:00:04:00 +0200] "GET /en/2-nachalo?q=Availability-Available/Brand-BigHit%2BMusic&order=product.name.desc&page=6 HTTP/1.1" 200 15870 "https://kpopbg.com/en/2-nachalo?q=Availability-Available/Brand-BigHit%2BMusic&order=product.name.desc&page=6" "Mozilla/5.0 (Linux; Android 7.0;) AppleWebKit/537.36 (KHTML, like Gecko) Mobile Safari/537.36 (compatible; PetalBot;+https://webmaster.petalsearch.com/site/petalbot)"
66.249.81.73 - - [13/Oct/2025:00:04:17 +0200] "GET /.well-known/traffic-advice HTTP/1.1" 404 11752 "-" "Chrome Privacy Preserving Prefetch Proxy"
217.113.194.102 - - [13/Oct/2025:00:04:17 +0200] "GET /en/13-artist?q=Categories-AESPA-JIHYO-RED+VELVET&page=20 HTTP/1.1" 200 18159 "-" "Mozilla/5.0 (compatible; Barkrowler/0.9; +https://babbar.tech/crawler)"
162.120.187.104 - - [13/Oct/2025:00:04:18 +0200] "GET /bg/23-new-jeans HTTP/2.0" 200 15959 "-" "Mozilla/5.0 (Linux; Android 10; K) AppleWebKit/537.36 (KHTML, like Gecko) Chrome/141.0.0.0 Mobile Safari/537.36"
94.190.161.20 - - [13/Oct/2025:00:04:18 +0200] "GET /img/logo-1663262496.jpg HTTP/2.0" 200 31447 "https://kpopbg.com/bg/23-new-jeans" "Mozilla/5.0 (Linux; Android 10; K) AppleWebKit/537.36 (KHTML, like Gecko) Chrome/141.0.0.0 Mobile Safari/537.36"
94.190.161.20 - - [13/Oct/2025:00:04:19 +0200] "GET /themes/classic/assets/cache/bottom-9263dd130.js HTTP/2.0" 200 1215137 "https://kpopbg.com/bg/23-new-jeans" "Mozilla/5.0 (Linux; Android 10; K) AppleWebKit/537.36 (KHTML, like Gecko) Chrome/141.0.0.0 Mobile Safari/537.36"
94.190.161.20 - - [13/Oct/2025:00:04:19 +0200] "GET /themes/classic/assets/cache/theme-cdcaaa131.css HTTP/2.0" 200 453061 "https://kpopbg.com/bg/23-new-jeans" "Mozilla/5.0 (Linux; Android 10; K) AppleWebKit/537.36 (KHTML, like Gecko) Chrome/141.0.0.0 Mobile Safari/537.36"
94.190.161.20 - - [13/Oct/2025:00:04:20 +0200] "GET /themes/classic/assets/css/12a47ed5fd5585f0f4227fa035a1a607.woff2 HTTP/2.0" 200 60840 "https://kpopbg.com/themes/classic/assets/cache/theme-cdcaaa131.css" "Mozilla/5.0 (Linux; Android 10; K) AppleWebKit/537.36 (KHTML, like Gecko) Chrome/141.0.0.0 Mobile Safari/537.36"
94.190.161.20 - - [13/Oct/2025:00:04:20 +0200] "GET /themes/classic/assets/css/52260854eea2d38939bf40e9e9687830.woff2 HTTP/2.0" 200 29756 "https://kpopbg.com/themes/classic/assets/cache/theme-cdcaaa131.css" "Mozilla/5.0 (Linux; Android 10; K) AppleWebKit/537.36 (KHTML, like Gecko) Chrome/141.0.0.0 Mobile Safari/537.36"
94.190.161.20 - - [13/Oct/2025:00:04:20 +0200] "GET /themes/classic/assets/css/a7360927bb3673ed7814d6f607d122cb.woff2 HTTP/2.0" 200 29856 "https://kpopbg.com/themes/classic/assets/cache/theme-cdcaaa131.css" "Mozilla/5.0 (Linux; Android 10; K) AppleWebKit/537.36 (KHTML, like Gecko) Chrome/141.0.0.0 Mobile Safari/537.36"
94.190.161.20 - - [13/Oct/2025:00:04:20 +0200] "GET /themes/classic/assets/css/250c120c3f8b2b0bb58ea27ee36153fc.woff2 HTTP/2.0" 200 29860 "https://kpopbg.com/themes/classic/assets/cache/theme-cdcaaa131.css" "Mozilla/5.0 (Linux; Android 10; K) AppleWebKit/537.36 (KHTML, like Gecko) Chrome/141.0.0.0 Mobile Safari/537.36"
94.190.161.20 - - [13/Oct/2025:00:04:20 +0200] "GET /themes/classic/assets/css/dce0916af972e3040aa191f74b17dd46.woff2 HTTP/2.0" 200 30428 "https://kpopbg.com/themes/classic/assets/cache/theme-cdcaaa131.css" "Mozilla/5.0 (Linux; Android 10; K) AppleWebKit/537.36 (KHTML, like Gecko) Chrome/141.0.0.0 Mobile Safari/537.36"
94.190.161.20 - - [13/Oct/2025:00:04:20 +0200] "GET /217-home_default/newjeans-get-up-2nd-ep-the-powerpuff-girls-x-nj-box-ver.jpg HTTP/2.0" 200 16535 "https://kpopbg.com/bg/23-new-jeans" "Mozilla/5.0 (Linux; Android 10; K) AppleWebKit/537.36 (KHTML, like Gecko) Chrome/141.0.0.0 Mobile Safari/537.36"
94.190.161.20 - - [13/Oct/2025:00:04:20 +0200] "GET /94-home_default/newjeans-omg-message-card-ver-.jpg HTTP/2.0" 200 18339 "https://kpopbg.com/bg/23-new-jeans" "Mozilla/5.0 (Linux; Android 10; K) AppleWebKit/537.36 (KHTML, like Gecko) Chrome/141.0.0.0 Mobile Safari/537.36"
94.190.161.20 - - [13/Oct/2025:00:04:20 +0200] "GET /210-home_default/newjeans-new-jeans-bluebook-ver-.jpg HTTP/2.0" 200 15629 "https://kpopbg.com/bg/23-new-jeans" "Mozilla/5.0 (Linux; Android 10; K) AppleWebKit/537.36 (KHTML, like Gecko) Chrome/141.0.0.0 Mobile Safari/537.36"
94.190.161.20 - - [13/Oct/2025:00:04:20 +0200] "GET /243-home_default/newjeans-get-up-2nd-ep-bunny-beach-bag-ver.jpg HTTP/2.0" 200 12085 "https://kpopbg.com/bg/23-new-jeans" "Mozilla/5.0 (Linux; Android 10; K) AppleWebKit/537.36 (KHTML, like Gecko) Chrome/141.0.0.0 Mobile Safari/537.36"
94.190.161.20 - - [13/Oct/2025:00:04:20 +0200] "GET /531-home_default/newjeans-supernatural-nj-x-murakami-cross-bag-ver.jpg HTTP/2.0" 200 27346 "https://kpopbg.com/bg/23-new-jeans" "Mozilla/5.0 (Linux; Android 10; K) AppleWebKit/537.36 (KHTML, like Gecko) Chrome/141.0.0.0 Mobile Safari/537.36"
94.190.161.20 - - [13/Oct/2025:00:04:20 +0200] "GET /532-home_default/newjeans-supernatural-nj-x-murakami-drawstring-bag-ver.jpg HTTP/2.0" 200 28023 "https://kpopbg.com/bg/23-new-jeans" "Mozilla/5.0 (Linux; Android 10; K) AppleWebKit/537.36 (KHTML, like Gecko) Chrome/141.0.0.0 Mobile Safari/537.36"
94.190.161.20 - - [13/Oct/2025:00:04:20 +0200] "GET /img/favicon.ico?1663264323 HTTP/2.0" 200 5430 "https://kpopbg.com/bg/23-new-jeans" "Mozilla/5.0 (Linux; Android 10; K) AppleWebKit/537.36 (KHTML, like Gecko) Chrome/141.0.0.0 Mobile Safari/537.36"
40.77.167.52 - - [13/Oct/2025:00:04:29 +0200] "GET /bg/13-artisti?q=%D0%9A%D0%B0%D1%82%D0%B5%D0%B3%D0%BE%D1%80%D0%B8%D0%B8-AESPA-ATEEZ-BABYMONSTER-BLACKPINK-BOYNEXTDOOR-ENHYPEN-ILLIT-IVE-JIHYO-LISA-P1Harmony-RIIZE-RM+%28BTS%29-STAYC-TWICE-Tzuyu+%28TWICE%29-WayV-ZEROBASEONE HTTP/2.0" 200 21550 "-" "Mozilla/5.0 AppleWebKit/537.36 (KHTML, like Gecko; compatible; bingbot/2.0; +http://www.bing.com/bingbot.htm) Chrome/116.0.1938.76 Safari/537.36"
217.113.194.103 - - [13/Oct/2025:00:04:34 +0200] "GET /en/13-artist?q=Categories-AESPA-JIHYO-RED+VELVET&page=4 HTTP/1.1" 200 20021 "-" "Mozilla/5.0 (compatible; Barkrowler/0.9; +https://babbar.tech/crawler)"
40.77.167.77 - - [13/Oct/2025:00:04:40 +0200] "GET /bg/13-artisti?q=%D0%9A%D0%B0%D1%82%D0%B5%D0%B3%D0%BE%D1%80%D0%B8%D0%B8-ATEEZ-BABYMONSTER-BLACKPINK-BTS-ENHYPEN-ITZY-IVE-JUNG+KOOK+%28BTS%29-LE+SSERAFIM-LISA-NMIXX-STRAYKIDS-V+%28BTS%29-TREASURE&order=product.name.desc HTTP/2.0" 200 21775 "-" "Mozilla/5.0 AppleWebKit/537.36 (KHTML, like Gecko; compatible; bingbot/2.0; +http://www.bing.com/bingbot.htm) Chrome/116.0.1938.76 Safari/537.36"
40.77.167.77 - - [13/Oct/2025:00:04:41 +0200] "GET /bg/13-artisti?q=%D0%9A%D0%B0%D1%82%D0%B5%D0%B3%D0%BE%D1%80%D0%B8%D0%B8-AESPA-BABYMONSTER-BLACKPINK-BOYNEXTDOOR-BTS-ENHYPEN-ILLIT-ITZY-JIHYO-KISS+OF+LIFE-NMIXX-RIIZE-SEVENTEEN-STAYC-STRAYKIDS-TREASURE-TWICE-TXT-V+%28BTS%29-WayV-XDINARY+HEROES-ZEROBASEONE-LE+SSERAFIM&order=product.price.desc HTTP/2.0" 200 21843 "-" "Mozilla/5.0 AppleWebKit/537.36 (KHTML, like Gecko; compatible; bingbot/2.0; +http://www.bing.com/bingbot.htm) Chrome/116.0.1938.76 Safari/537.36"
94.190.161.20 - - [13/Oct/2025:00:04:44 +0200] "GET /bg/nachalo/45-168-newjeans-new-jeans-bluebook-ver--8809848757822 HTTP/2.0" 200 19040 "https://kpopbg.com/bg/23-new-jeans" "Mozilla/5.0 (Linux; Android 10; K) AppleWebKit/537.36 (KHTML, like Gecko) Chrome/141.0.0.0 Mobile Safari/537.36"
94.190.161.20 - - [13/Oct/2025:00:04:45 +0200] "GET /204-large_default/newjeans-new-jeans-bluebook-ver-.jpg HTTP/2.0" 200 39933 "https://kpopbg.com/bg/nachalo/45-168-newjeans-new-jeans-bluebook-ver--8809848757822" "Mozilla/5.0 (Linux; Android 10; K) AppleWebKit/537.36 (KHTML, like Gecko) Chrome/141.0.0.0 Mobile Safari/537.36"
94.190.161.20 - - [13/Oct/2025:00:04:45 +0200] "GET /204-home_default/newjeans-new-jeans-bluebook-ver-.jpg HTTP/2.0" 200 17343 "https://kpopbg.com/bg/nachalo/45-168-newjeans-new-jeans-bluebook-ver--8809848757822" "Mozilla/5.0 (Linux; Android 10; K) AppleWebKit/537.36 (KHTML, like Gecko) Chrome/141.0.0.0 Mobile Safari/537.36"
94.190.161.20 - - [13/Oct/2025:00:04:45 +0200] "GET /85-home_default/newjeans-new-jeans-bluebook-ver-.jpg HTTP/2.0" 200 15629 "https://kpopbg.com/bg/nachalo/45-168-newjeans-new-jeans-bluebook-ver--8809848757822" "Mozilla/5.0 (Linux; Android 10; K) AppleWebKit/537.36 (KHTML, like Gecko) Chrome/141.0.0.0 Mobile Safari/537.36"
94.190.161.20 - - [13/Oct/2025:00:04:45 +0200] "GET /204-medium_default/newjeans-new-jeans-bluebook-ver-.jpg HTTP/2.0" 200 35069 "https://kpopbg.com/bg/nachalo/45-168-newjeans-new-jeans-bluebook-ver--8809848757822" "Mozilla/5.0 (Linux; Android 10; K) AppleWebKit/537.36 (KHTML, like Gecko) Chrome/141.0.0.0 Mobile Safari/537.36"
94.190.161.20 - - [13/Oct/2025:00:04:45 +0200] "GET /204-small_default/newjeans-new-jeans-bluebook-ver-.jpg HTTP/2.0" 200 4525 "https://kpopbg.com/bg/nachalo/45-168-newjeans-new-jeans-bluebook-ver--8809848757822" "Mozilla/5.0 (Linux; Android 10; K) AppleWebKit/537.36 (KHTML, like Gecko) Chrome/141.0.0.0 Mobile Safari/537.36"
94.190.161.20 - - [13/Oct/2025:00:04:45 +0200] "GET /85-small_default/newjeans-new-jeans-bluebook-ver-.jpg HTTP/2.0" 200 3648 "https://kpopbg.com/bg/nachalo/45-168-newjeans-new-jeans-bluebook-ver--8809848757822" "Mozilla/5.0 (Linux; Android 10; K) AppleWebKit/537.36 (KHTML, like Gecko) Chrome/141.0.0.0 Mobile Safari/537.36"
94.190.161.20 - - [13/Oct/2025:00:04:45 +0200] "GET /themes/classic/assets/css/740f1557cae714dc4b180b4d5de69375.svg HTTP/2.0" 200 5233 "https://kpopbg.com/themes/classic/assets/cache/theme-cdcaaa131.css" "Mozilla/5.0 (Linux; Android 10; K) AppleWebKit/537.36 (KHTML, like Gecko) Chrome/141.0.0.0 Mobile Safari/537.36"
94.190.161.20 - - [13/Oct/2025:00:04:47 +0200] "GET /85-large_default/newjeans-new-jeans-bluebook-ver-.jpg HTTP/2.0" 200 59747 "https://kpopbg.com/bg/nachalo/45-168-newjeans-new-jeans-bluebook-ver--8809848757822" "Mozilla/5.0 (Linux; Android 10; K) AppleWebKit/537.36 (KHTML, like Gecko) Chrome/141.0.0.0 Mobile Safari/537.36"
94.190.161.20 - - [13/Oct/2025:00:04:47 +0200] "GET /85-medium_default/newjeans-new-jeans-bluebook-ver-.jpg HTTP/2.0" 200 39530 "https://kpopbg.com/bg/nachalo/45-168-newjeans-new-jeans-bluebook-ver--8809848757822" "Mozilla/5.0 (Linux; Android 10; K) AppleWebKit/537.36 (KHTML, like Gecko) Chrome/141.0.0.0 Mobile Safari/537.36"
94.190.161.20 - - [13/Oct/2025:00:04:48 +0200] "GET /img/cms/NewJeans/product-33445-165879381668300.jpg HTTP/2.0" 200 2701839 "https://kpopbg.com/bg/nachalo/45-168-newjeans-new-jeans-bluebook-ver--8809848757822" "Mozilla/5.0 (Linux; Android 10; K) AppleWebKit/537.36 (KHTML, like Gecko) Chrome/141.0.0.0 Mobile Safari/537.36"
94.190.161.20 - - [13/Oct/2025:00:04:50 +0200] "POST /bg/module/ps_facebook/Ajax HTTP/2.0" 200 20 "https://kpopbg.com/bg/nachalo/45-168-newjeans-new-jeans-bluebook-ver--8809848757822" "Mozilla/5.0 (Linux; Android 10; K) AppleWebKit/537.36 (KHTML, like Gecko) Chrome/141.0.0.0 Mobile Safari/537.36"
217.113.194.111 - - [13/Oct/2025:00:04:50 +0200] "GET /en/13-artist?q=Categories-AESPA-P1Harmony-TWICE&order=product.name.asc HTTP/1.1" 200 19370 "-" "Mozilla/5.0 (compatible; Barkrowler/0.9; +https://babbar.tech/crawler)"
94.190.161.20 - - [13/Oct/2025:00:04:51 +0200] "POST /bg/module/ps_facebook/Ajax HTTP/2.0" 200 20 "https://kpopbg.com/bg/nachalo/45-168-newjeans-new-jeans-bluebook-ver--8809848757822" "Mozilla/5.0 (Linux; Android 10; K) AppleWebKit/537.36 (KHTML, like Gecko) Chrome/141.0.0.0 Mobile Safari/537.36"
94.190.161.20 - - [13/Oct/2025:00:04:51 +0200] "POST /bg/index.php?controller=product&token=cc931d60bd7d9392ca22625436865d96&id_product=45&id_customization=0&group%5B5%5D=27&qty=1 HTTP/2.0" 200 27653 "https://kpopbg.com/bg/nachalo/45-168-newjeans-new-jeans-bluebook-ver--8809848757822" "Mozilla/5.0 (Linux; Android 10; K) AppleWebKit/537.36 (KHTML, like Gecko) Chrome/141.0.0.0 Mobile Safari/537.36"
94.190.161.20 - - [13/Oct/2025:00:04:51 +0200] "GET /205-large_default/newjeans-new-jeans-bluebook-ver-.jpg HTTP/2.0" 200 43320 "https://kpopbg.com/bg/nachalo/45-169-newjeans-new-jeans-bluebook-ver--8809848757822" "Mozilla/5.0 (Linux; Android 10; K) AppleWebKit/537.36 (KHTML, like Gecko) Chrome/141.0.0.0 Mobile Safari/537.36"
94.190.161.20 - - [13/Oct/2025:00:04:51 +0200] "GET /205-home_default/newjeans-new-jeans-bluebook-ver-.jpg HTTP/2.0" 200 18983 "https://kpopbg.com/bg/nachalo/45-169-newjeans-new-jeans-bluebook-ver--8809848757822" "Mozilla/5.0 (Linux; Android 10; K) AppleWebKit/537.36 (KHTML, like Gecko) Chrome/141.0.0.0 Mobile Safari/537.36"
94.190.161.20 - - [13/Oct/2025:00:04:51 +0200] "GET /205-medium_default/newjeans-new-jeans-bluebook-ver-.jpg HTTP/2.0" 200 38304 "https://kpopbg.com/bg/nachalo/45-169-newjeans-new-jeans-bluebook-ver--8809848757822" "Mozilla/5.0 (Linux; Android 10; K) AppleWebKit/537.36 (KHTML, like Gecko) Chrome/141.0.0.0 Mobile Safari/537.36"
94.190.161.20 - - [13/Oct/2025:00:04:51 +0200] "GET /205-small_default/newjeans-new-jeans-bluebook-ver-.jpg HTTP/2.0" 200 4758 "https://kpopbg.com/bg/nachalo/45-169-newjeans-new-jeans-bluebook-ver--8809848757822" "Mozilla/5.0 (Linux; Android 10; K) AppleWebKit/537.36 (KHTML, like Gecko) Chrome/141.0.0.0 Mobile Safari/537.36"
94.190.161.20 - - [13/Oct/2025:00:04:59 +0200] "POST /bg/module/ps_facebook/Ajax HTTP/2.0" 200 20 "https://kpopbg.com/bg/nachalo/45-169-newjeans-new-jeans-bluebook-ver--8809848757822" "Mozilla/5.0 (Linux; Android 10; K) AppleWebKit/537.36 (KHTML, like Gecko) Chrome/141.0.0.0 Mobile Safari/537.36"
94.190.161.20 - - [13/Oct/2025:00:04:59 +0200] "POST /bg/module/ps_facebook/Ajax HTTP/2.0" 200 20 "https://kpopbg.com/bg/nachalo/45-169-newjeans-new-jeans-bluebook-ver--8809848757822" "Mozilla/5.0 (Linux; Android 10; K) AppleWebKit/537.36 (KHTML, like Gecko) Chrome/141.0.0.0 Mobile Safari/537.36"
94.190.161.20 - - [13/Oct/2025:00:04:59 +0200] "POST /bg/index.php?controller=product&token=cc931d60bd7d9392ca22625436865d96&id_product=45&id_customization=0&group%5B5%5D=28&qty=1 HTTP/2.0" 200 27653 "https://kpopbg.com/bg/nachalo/45-169-newjeans-new-jeans-bluebook-ver--8809848757822" "Mozilla/5.0 (Linux; Android 10; K) AppleWebKit/537.36 (KHTML, like Gecko) Chrome/141.0.0.0 Mobile Safari/537.36"
94.190.161.20 - - [13/Oct/2025:00:05:00 +0200] "GET /206-large_default/newjeans-new-jeans-bluebook-ver-.jpg HTTP/2.0" 200 39903 "https://kpopbg.com/bg/nachalo/45-170-newjeans-new-jeans-bluebook-ver--8809848757822" "Mozilla/5.0 (Linux; Android 10; K) AppleWebKit/537.36 (KHTML, like Gecko) Chrome/141.0.0.0 Mobile Safari/537.36"
94.190.161.20 - - [13/Oct/2025:00:05:00 +0200] "GET /206-home_default/newjeans-new-jeans-bluebook-ver-.jpg HTTP/2.0" 200 17037 "https://kpopbg.com/bg/nachalo/45-170-newjeans-new-jeans-bluebook-ver--8809848757822" "Mozilla/5.0 (Linux; Android 10; K) AppleWebKit/537.36 (KHTML, like Gecko) Chrome/141.0.0.0 Mobile Safari/537.36"
94.190.161.20 - - [13/Oct/2025:00:05:00 +0200] "GET /206-medium_default/newjeans-new-jeans-bluebook-ver-.jpg HTTP/2.0" 200 34878 "https://kpopbg.com/bg/nachalo/45-170-newjeans-new-jeans-bluebook-ver--8809848757822" "Mozilla/5.0 (Linux; Android 10; K) AppleWebKit/537.36 (KHTML, like Gecko) Chrome/141.0.0.0 Mobile Safari/537.36"
94.190.161.20 - - [13/Oct/2025:00:05:00 +0200] "GET /206-small_default/newjeans-new-jeans-bluebook-ver-.jpg HTTP/2.0" 200 4211 "https://kpopbg.com/bg/nachalo/45-170-newjeans-new-jeans-bluebook-ver--8809848757822" "Mozilla/5.0 (Linux; Android 10; K) AppleWebKit/537.36 (KHTML, like Gecko) Chrome/141.0.0.0 Mobile Safari/537.36"
94.190.161.20 - - [13/Oct/2025:00:05:02 +0200] "POST /bg/module/ps_facebook/Ajax HTTP/2.0" 200 20 "https://kpopbg.com/bg/nachalo/45-170-newjeans-new-jeans-bluebook-ver--8809848757822" "Mozilla/5.0 (Linux; Android 10; K) AppleWebKit/537.36 (KHTML, like Gecko) Chrome/141.0.0.0 Mobile Safari/537.36"
94.190.161.20 - - [13/Oct/2025:00:05:02 +0200] "POST /bg/module/ps_facebook/Ajax HTTP/2.0" 200 20 "https://kpopbg.com/bg/nachalo/45-170-newjeans-new-jeans-bluebook-ver--8809848757822" "Mozilla/5.0 (Linux; Android 10; K) AppleWebKit/537.36 (KHTML, like Gecko) Chrome/141.0.0.0 Mobile Safari/537.36"
94.190.161.20 - - [13/Oct/2025:00:05:02 +0200] "POST /bg/index.php?controller=product&token=cc931d60bd7d9392ca22625436865d96&id_product=45&id_customization=0&group%5B5%5D=31&qty=1 HTTP/2.0" 200 27653 "https://kpopbg.com/bg/nachalo/45-170-newjeans-new-jeans-bluebook-ver--8809848757822" "Mozilla/5.0 (Linux; Android 10; K) AppleWebKit/537.36 (KHTML, like Gecko) Chrome/141.0.0.0 Mobile Safari/537.36"
94.190.161.20 - - [13/Oct/2025:00:05:03 +0200] "GET /208-large_default/newjeans-new-jeans-bluebook-ver-.jpg HTTP/2.0" 200 40116 "https://kpopbg.com/bg/nachalo/45-172-newjeans-new-jeans-bluebook-ver--8809848757822" "Mozilla/5.0 (Linux; Android 10; K) AppleWebKit/537.36 (KHTML, like Gecko) Chrome/141.0.0.0 Mobile Safari/537.36"
94.190.161.20 - - [13/Oct/2025:00:05:03 +0200] "GET /208-home_default/newjeans-new-jeans-bluebook-ver-.jpg HTTP/2.0" 200 17255 "https://kpopbg.com/bg/nachalo/45-172-newjeans-new-jeans-bluebook-ver--8809848757822" "Mozilla/5.0 (Linux; Android 10; K) AppleWebKit/537.36 (KHTML, like Gecko) Chrome/141.0.0.0 Mobile Safari/537.36"
94.190.161.20 - - [13/Oct/2025:00:05:03 +0200] "GET /208-medium_default/newjeans-new-jeans-bluebook-ver-.jpg HTTP/2.0" 200 34673 "https://kpopbg.com/bg/nachalo/45-172-newjeans-new-jeans-bluebook-ver--8809848757822" "Mozilla/5.0 (Linux; Android 10; K) AppleWebKit/537.36 (KHTML, like Gecko) Chrome/141.0.0.0 Mobile Safari/537.36"
94.190.161.20 - - [13/Oct/2025:00:05:03 +0200] "GET /208-small_default/newjeans-new-jeans-bluebook-ver-.jpg HTTP/2.0" 200 4263 "https://kpopbg.com/bg/nachalo/45-172-newjeans-new-jeans-bluebook-ver--8809848757822" "Mozilla/5.0 (Linux; Android 10; K) AppleWebKit/537.36 (KHTML, like Gecko) Chrome/141.0.0.0 Mobile Safari/537.36"
94.190.161.20 - - [13/Oct/2025:00:05:05 +0200] "POST /bg/module/ps_facebook/Ajax HTTP/2.0" 200 20 "https://kpopbg.com/bg/nachalo/45-172-newjeans-new-jeans-bluebook-ver--8809848757822" "Mozilla/5.0 (Linux; Android 10; K) AppleWebKit/537.36 (KHTML, like Gecko) Chrome/141.0.0.0 Mobile Safari/537.36"
94.190.161.20 - - [13/Oct/2025:00:05:05 +0200] "POST /bg/module/ps_facebook/Ajax HTTP/2.0" 200 20 "https://kpopbg.com/bg/nachalo/45-172-newjeans-new-jeans-bluebook-ver--8809848757822" "Mozilla/5.0 (Linux; Android 10; K) AppleWebKit/537.36 (KHTML, like Gecko) Chrome/141.0.0.0 Mobile Safari/537.36"
94.190.161.20 - - [13/Oct/2025:00:05:05 +0200] "POST /bg/index.php?controller=product&token=cc931d60bd7d9392ca22625436865d96&id_product=45&id_customization=0&group%5B5%5D=29&qty=1 HTTP/2.0" 200 27653 "https://kpopbg.com/bg/nachalo/45-172-newjeans-new-jeans-bluebook-ver--8809848757822" "Mozilla/5.0 (Linux; Android 10; K) AppleWebKit/537.36 (KHTML, like Gecko) Chrome/141.0.0.0 Mobile Safari/537.36"
94.190.161.20 - - [13/Oct/2025:00:05:05 +0200] "GET /207-large_default/newjeans-new-jeans-bluebook-ver-.jpg HTTP/2.0" 200 39850 "https://kpopbg.com/bg/nachalo/45-171-newjeans-new-jeans-bluebook-ver--8809848757822" "Mozilla/5.0 (Linux; Android 10; K) AppleWebKit/537.36 (KHTML, like Gecko) Chrome/141.0.0.0 Mobile Safari/537.36"
94.190.161.20 - - [13/Oct/2025:00:05:05 +0200] "GET /207-home_default/newjeans-new-jeans-bluebook-ver-.jpg HTTP/2.0" 200 17069 "https://kpopbg.com/bg/nachalo/45-171-newjeans-new-jeans-bluebook-ver--8809848757822" "Mozilla/5.0 (Linux; Android 10; K) AppleWebKit/537.36 (KHTML, like Gecko) Chrome/141.0.0.0 Mobile Safari/537.36"
94.190.161.20 - - [13/Oct/2025:00:05:05 +0200] "GET /207-medium_default/newjeans-new-jeans-bluebook-ver-.jpg HTTP/2.0" 200 34564 "https://kpopbg.com/bg/nachalo/45-171-newjeans-new-jeans-bluebook-ver--8809848757822" "Mozilla/5.0 (Linux; Android 10; K) AppleWebKit/537.36 (KHTML, like Gecko) Chrome/141.0.0.0 Mobile Safari/537.36"
94.190.161.20 - - [13/Oct/2025:00:05:05 +0200] "GET /207-small_default/newjeans-new-jeans-bluebook-ver-.jpg HTTP/2.0" 200 4424 "https://kpopbg.com/bg/nachalo/45-171-newjeans-new-jeans-bluebook-ver--8809848757822" "Mozilla/5.0 (Linux; Android 10; K) AppleWebKit/537.36 (KHTML, like Gecko) Chrome/141.0.0.0 Mobile Safari/537.36"
40.77.167.52 - - [13/Oct/2025:00:05:07 +0200] "GET /bg/13-artisti?q=%D0%9A%D0%B0%D1%82%D0%B5%D0%B3%D0%BE%D1%80%D0%B8%D0%B8-AESPA-ATEEZ-ENHYPEN-GOT+THE+BEAT-ITZY-IVE-JIHYO-JISOO-KAI-LISA-NCT-NCT+DREAM-NEW+JEANS-STAYC-STRAYKIDS-TREASURE-BLACKPINK HTTP/2.0" 200 21515 "-" "Mozilla/5.0 AppleWebKit/537.36 (KHTML, like Gecko; compatible; bingbot/2.0; +http://www.bing.com/bingbot.htm) Chrome/116.0.1938.76 Safari/537.36"
217.113.194.102 - - [13/Oct/2025:00:05:07 +0200] "GET /en/13-artist?q=Categories-AESPA-P1Harmony-TWICE&order=product.price.desc HTTP/1.1" 200 19871 "-" "Mozilla/5.0 (compatible; Barkrowler/0.9; +https://babbar.tech/crawler)"
94.190.161.20 - - [13/Oct/2025:00:05:09 +0200] "POST /bg/module/ps_facebook/Ajax HTTP/2.0" 200 20 "https://kpopbg.com/bg/nachalo/45-171-newjeans-new-jeans-bluebook-ver--8809848757822" "Mozilla/5.0 (Linux; Android 10; K) AppleWebKit/537.36 (KHTML, like Gecko) Chrome/141.0.0.0 Mobile Safari/537.36"
94.190.161.20 - - [13/Oct/2025:00:05:09 +0200] "POST /bg/module/ps_facebook/Ajax HTTP/2.0" 200 20 "https://kpopbg.com/bg/nachalo/45-171-newjeans-new-jeans-bluebook-ver--8809848757822" "Mozilla/5.0 (Linux; Android 10; K) AppleWebKit/537.36 (KHTML, like Gecko) Chrome/141.0.0.0 Mobile Safari/537.36"
94.190.161.20 - - [13/Oct/2025:00:05:09 +0200] "POST /bg/index.php?controller=product&token=cc931d60bd7d9392ca22625436865d96&id_product=45&id_customization=0&group%5B5%5D=28&qty=1 HTTP/2.0" 499 0 "https://kpopbg.com/bg/nachalo/45-171-newjeans-new-jeans-bluebook-ver--8809848757822" "Mozilla/5.0 (Linux; Android 10; K) AppleWebKit/537.36 (KHTML, like Gecko) Chrome/141.0.0.0 Mobile Safari/537.36"
94.190.161.20 - - [13/Oct/2025:00:05:10 +0200] "POST /bg/module/ps_facebook/Ajax HTTP/2.0" 200 20 "https://kpopbg.com/bg/nachalo/45-171-newjeans-new-jeans-bluebook-ver--8809848757822" "Mozilla/5.0 (Linux; Android 10; K) AppleWebKit/537.36 (KHTML, like Gecko) Chrome/141.0.0.0 Mobile Safari/537.36"
94.190.161.20 - - [13/Oct/2025:00:05:10 +0200] "POST /bg/module/ps_facebook/Ajax HTTP/2.0" 200 20 "https://kpopbg.com/bg/nachalo/45-171-newjeans-new-jeans-bluebook-ver--8809848757822" "Mozilla/5.0 (Linux; Android 10; K) AppleWebKit/537.36 (KHTML, like Gecko) Chrome/141.0.0.0 Mobile Safari/537.36"
94.190.161.20 - - [13/Oct/2025:00:05:10 +0200] "POST /bg/index.php?controller=product&token=cc931d60bd7d9392ca22625436865d96&id_product=45&id_customization=0&group%5B5%5D=27&qty=1 HTTP/2.0" 200 27653 "https://kpopbg.com/bg/nachalo/45-171-newjeans-new-jeans-bluebook-ver--8809848757822" "Mozilla/5.0 (Linux; Android 10; K) AppleWebKit/537.36 (KHTML, like Gecko) Chrome/141.0.0.0 Mobile Safari/537.36"
40.77.167.235 - - [13/Oct/2025:00:05:15 +0200] "GET /bg/13-artisti?q=%D0%9A%D0%B0%D1%82%D0%B5%D0%B3%D0%BE%D1%80%D0%B8%D0%B8-AESPA-Agust+D+%28BTS%29-BABYMONSTER-BLACKPINK-BOYNEXTDOOR-ILLIT-ITZY-JIHYO-LE+SSERAFIM-LISA-NMIXX-RED+VELVET-RIIZE-SEVENTEEN-STRAYKIDS-TWICE-WayV-ZEROBASEONE HTTP/2.0" 200 21588 "-" "Mozilla/5.0 AppleWebKit/537.36 (KHTML, like Gecko; compatible; bingbot/2.0; +http://www.bing.com/bingbot.htm) Chrome/116.0.1938.76 Safari/537.36"
94.190.161.20 - - [13/Oct/2025:00:05:21 +0200] "POST /bg/index.php?controller=product&token=cc931d60bd7d9392ca22625436865d96&id_product=45&id_customization=0&group%5B5%5D=29&qty=1 HTTP/2.0" 200 27653 "https://kpopbg.com/bg/nachalo/45-171-newjeans-new-jeans-bluebook-ver--8809848757822" "Mozilla/5.0 (Linux; Android 10; K) AppleWebKit/537.36 (KHTML, like Gecko) Chrome/141.0.0.0 Mobile Safari/537.36"
94.190.161.20 - - [13/Oct/2025:00:05:22 +0200] "POST /bg/index.php?controller=product&token=cc931d60bd7d9392ca22625436865d96&id_product=45&id_customization=0&group%5B5%5D=31&qty=1 HTTP/2.0" 200 27653 "https://kpopbg.com/bg/nachalo/45-172-newjeans-new-jeans-bluebook-ver--8809848757822" "Mozilla/5.0 (Linux; Android 10; K) AppleWebKit/537.36 (KHTML, like Gecko) Chrome/141.0.0.0 Mobile Safari/537.36"
94.190.161.20 - - [13/Oct/2025:00:05:23 +0200] "POST /bg/index.php?controller=product&token=cc931d60bd7d9392ca22625436865d96&id_product=45&id_customization=0&group%5B5%5D=28&qty=1 HTTP/2.0" 200 27653 "https://kpopbg.com/bg/nachalo/45-170-newjeans-new-jeans-bluebook-ver--8809848757822" "Mozilla/5.0 (Linux; Android 10; K) AppleWebKit/537.36 (KHTML, like Gecko) Chrome/141.0.0.0 Mobile Safari/537.36"
40.77.167.235 - - [13/Oct/2025:00:05:24 +0200] "GET /bg/13-artisti?q=%D0%9A%D0%B0%D1%82%D0%B5%D0%B3%D0%BE%D1%80%D0%B8%D0%B8-ATEEZ-BABYMONSTER-BLACKPINK-BOYNEXTDOOR-ENHYPEN-ILLIT-ITZY-JIHYO-KAI-Kep1er-NEW+JEANS-NMIXX-TREASURE-WayV-ZEROBASEONE-JIMIN+%28BTS%29 HTTP/2.0" 200 21624 "-" "Mozilla/5.0 AppleWebKit/537.36 (KHTML, like Gecko; compatible; bingbot/2.0; +http://www.bing.com/bingbot.htm) Chrome/116.0.1938.76 Safari/537.36"
114.119.153.232 - - [13/Oct/2025:00:05:25 +0200] "GET /en/2-nachalo?q=Availability-Available/Brand-BigHit%2BEntertainment&order=product.price.desc&page=9 HTTP/1.1" 200 16022 "https://kpopbg.com/en/2-nachalo?q=Availability-Available/Brand-BigHit%2BEntertainment&order=product.price.desc&page=9" "Mozilla/5.0 (Linux; Android 7.0;) AppleWebKit/537.36 (KHTML, like Gecko) Mobile Safari/537.36 (compatible; PetalBot;+https://webmaster.petalsearch.com/site/petalbot)"
217.113.194.106 - - [13/Oct/2025:00:05:25 +0200] "GET /en/13-artist?q=Categories-AESPA-P1Harmony-RED+VELVET-ILLIT HTTP/1.1" 200 19755 "-" "Mozilla/5.0 (compatible; Barkrowler/0.9; +https://babbar.tech/crawler)"
40.77.167.77 - - [13/Oct/2025:00:05:26 +0200] "GET /bg/13-artisti?q=%D0%9A%D0%B0%D1%82%D0%B5%D0%B3%D0%BE%D1%80%D0%B8%D0%B8-ATEEZ-BABYMONSTER-BLACKPINK-BOYNEXTDOOR-ENHYPEN-ILLIT-IVE-JENNIE+%28BLACKPINK%29-JIHYO-Kep1er-LISA-NMIXX-P1Harmony-RIIZE-SEVENTEEN-STRAYKIDS-TXT-V+%28BTS%29-WayV-ZEROBASEONE-ROSE+%28BLACKPINK%29 HTTP/2.0" 200 21683 "-" "Mozilla/5.0 AppleWebKit/537.36 (KHTML, like Gecko; compatible; bingbot/2.0; +http://www.bing.com/bingbot.htm) Chrome/116.0.1938.76 Safari/537.36"
173.249.217.3 - - [13/Oct/2025:00:05:31 +0200] "GET /wp-content/backup/backup.tar.gz HTTP/2.0" 404 77115 "-" "Mozilla/5.0 (X11; Linux x86_64) AppleWebKit/537.36 (KHTML, like Gecko) Chrome/110.0.0.0 Safari/537.36"
217.113.194.103 - - [13/Oct/2025:00:05:41 +0200] "GET /en/13-artist?q=Categories-AESPA-BTS-ENHYPEN&order=product.price.asc HTTP/1.1" 200 19800 "-" "Mozilla/5.0 (compatible; Barkrowler/0.9; +https://babbar.tech/crawler)"
40.77.167.235 - - [13/Oct/2025:00:05:45 +0200] "GET /bg/13-artisti?q=%D0%9A%D0%B0%D1%82%D0%B5%D0%B3%D0%BE%D1%80%D0%B8%D0%B8-AESPA-ASTRO-ATEEZ-ENHYPEN-JISOO-KAI-LISA-NMIXX-STAYC-STRAYKIDS-BTS/%D0%9D%D0%B0%D0%BB%D0%B8%D1%87%D0%BD%D0%BE%D1%81%D1%82-%D0%92+%D0%BD%D0%B0%D0%BB%D0%B8%D1%87%D0%BD%D0%BE%D1%81%D1%82 HTTP/2.0" 200 21583 "-" "Mozilla/5.0 AppleWebKit/537.36 (KHTML, like Gecko; compatible; bingbot/2.0; +http://www.bing.com/bingbot.htm) Chrome/116.0.1938.76 Safari/537.36"
40.77.167.77 - - [13/Oct/2025:00:05:49 +0200] "GET /en/13-artist?q=Categories-AESPA-BABYMONSTER-BTS-ENHYPEN-ILLIT-ITZY-KAI-LE+SSERAFIM-LISA-NMIXX-TXT-ZEROBASEONE-BLACKPINK HTTP/2.0" 200 19871 "-" "Mozilla/5.0 AppleWebKit/537.36 (KHTML, like Gecko; compatible; bingbot/2.0; +http://www.bing.com/bingbot.htm) Chrome/116.0.1938.76 Safari/537.36"
217.113.194.102 - - [13/Oct/2025:00:05:57 +0200] "GET /en/13-artist?q=Categories-AESPA-BTS-Kep1er&order=product.name.asc&page=18 HTTP/1.1" 200 19522 "-" "Mozilla/5.0 (compatible; Barkrowler/0.9; +https://babbar.tech/crawler)"
40.77.167.77 - - [13/Oct/2025:00:06:10 +0200] "GET /bg/13-artisti?q=%D0%9A%D0%B0%D1%82%D0%B5%D0%B3%D0%BE%D1%80%D0%B8%D0%B8-AESPA-ATEEZ-BABYMONSTER-BOYNEXTDOOR-ENHYPEN-GOT+THE+BEAT-ITZY-JIHYO-P1Harmony-RIIZE-ROSE+%28BLACKPINK%29-STRAYKIDS-TREASURE-TWICE-TXT-WayV-ZEROBASEONE-Kep1er HTTP/2.0" 200 21565 "-" "Mozilla/5.0 AppleWebKit/537.36 (KHTML, like Gecko; compatible; bingbot/2.0; +http://www.bing.com/bingbot.htm) Chrome/116.0.1938.76 Safari/537.36"
40.77.167.77 - - [13/Oct/2025:00:06:14 +0200] "GET /bg/13-artisti?q=%D0%9A%D0%B0%D1%82%D0%B5%D0%B3%D0%BE%D1%80%D0%B8%D0%B8-AESPA-ASTRO-ATEEZ-BTS-ENHYPEN-JISOO-KAI-NEW+JEANS-NMIXX-STAYC-TREASURE-TWICE-RED+VELVET/%D0%9D%D0%B0%D0%BB%D0%B8%D1%87%D0%BD%D0%BE%D1%81%D1%82-%D0%92+%D0%BD%D0%B0%D0%BB%D0%B8%D1%87%D0%BD%D0%BE%D1%81%D1%82-%D0%9D%D1%8F%D0%BC%D0%B0+%D0%BD%D0%B0%D0%BB%D0%B8%D1%87%D0%BD%D0%BE%D1%81%D1%82 HTTP/2.0" 200 21743 "-" "Mozilla/5.0 AppleWebKit/537.36 (KHTML, like Gecko; compatible; bingbot/2.0; +http://www.bing.com/bingbot.htm) Chrome/116.0.1938.76 Safari/537.36"
217.113.194.103 - - [13/Oct/2025:00:06:14 +0200] "GET /en/13-artist?q=Categories-AESPA-BTS-Kep1er&order=product.name.asc&page=4 HTTP/1.1" 200 19725 "-" "Mozilla/5.0 (compatible; Barkrowler/0.9; +https://babbar.tech/crawler)"
40.77.167.77 - - [13/Oct/2025:00:06:15 +0200] "GET /bg/13-artisti?q=%D0%9A%D0%B0%D1%82%D0%B5%D0%B3%D0%BE%D1%80%D0%B8%D0%B8-ATEEZ-BTS-ENHYPEN-ITZY-IVE-JISOO-KAI-LISA-NCT-NMIXX-STAYC-STRAYKIDS-BLACKPINK/%D0%9D%D0%B0%D0%BB%D0%B8%D1%87%D0%BD%D0%BE%D1%81%D1%82-%D0%92+%D0%BD%D0%B0%D0%BB%D0%B8%D1%87%D0%BD%D0%BE%D1%81%D1%82 HTTP/2.0" 200 21628 "-" "Mozilla/5.0 AppleWebKit/537.36 (KHTML, like Gecko; compatible; bingbot/2.0; +http://www.bing.com/bingbot.htm) Chrome/116.0.1938.76 Safari/537.36"
40.77.167.235 - - [13/Oct/2025:00:06:18 +0200] "GET /bg/13-artisti?q=%D0%9A%D0%B0%D1%82%D0%B5%D0%B3%D0%BE%D1%80%D0%B8%D0%B8-ATEEZ-BLACKPINK-BOYNEXTDOOR-CHA+EUN+WOO+%28ASTRO%29-ENHYPEN-ILLIT-IVE-JIHYO-LISA-NCT+DOYOUNG-NMIXX-RIIZE-SEVENTEEN-STAYC-TWICE-WayV-ZEROBASEONE HTTP/2.0" 200 21565 "-" "Mozilla/5.0 AppleWebKit/537.36 (KHTML, like Gecko; compatible; bingbot/2.0; +http://www.bing.com/bingbot.htm) Chrome/116.0.1938.76 Safari/537.36"
40.77.167.235 - - [13/Oct/2025:00:06:19 +0200] "GET /bg/13-artisti?q=%D0%9A%D0%B0%D1%82%D0%B5%D0%B3%D0%BE%D1%80%D0%B8%D0%B8-ATEEZ-BABYMONSTER-ENHYPEN-ILLIT-ITZY-JIMIN+%28BTS%29-KAI-LISA-NCT+127-NCT+JAEHYUN-NEW+JEANS-NMIXX-RIIZE-SEVENTEEN-STAYC-STRAYKIDS-TWICE-WayV-ZEROBASEONE-NAYEON+%28TWICE%29 HTTP/2.0" 200 21666 "-" "Mozilla/5.0 AppleWebKit/537.36 (KHTML, like Gecko; compatible; bingbot/2.0; +http://www.bing.com/bingbot.htm) Chrome/116.0.1938.76 Safari/537.36"
40.77.167.235 - - [13/Oct/2025:00:06:19 +0200] "GET /bg/13-artisti?q=%D0%9A%D0%B0%D1%82%D0%B5%D0%B3%D0%BE%D1%80%D0%B8%D0%B8-ATEEZ-BABYMONSTER-BLACKPINK-BOYNEXTDOOR-ENHYPEN-GOT+THE+BEAT-ILLIT-JENNIE+%28BLACKPINK%29-Kep1er-NMIXX-RIIZE-ROSE+%28BLACKPINK%29-SEVENTEEN-STAYC-STRAYKIDS-TREASURE-TWICE-WayV-ZEROBASEONE-AESPA HTTP/2.0" 200 21679 "-" "Mozilla/5.0 AppleWebKit/537.36 (KHTML, like Gecko; compatible; bingbot/2.0; +http://www.bing.com/bingbot.htm) Chrome/116.0.1938.76 Safari/537.36"
40.77.167.77 - - [13/Oct/2025:00:06:19 +0200] "GET /en/13-artist?q=Categories-BTS-Dreamcatcher-IVE-ROSE+%28BLACKPINK%29-SEVENTEEN-xikers-ZEROBASEONE&order=product.price.desc HTTP/2.0" 200 19947 "-" "Mozilla/5.0 AppleWebKit/537.36 (KHTML, like Gecko; compatible; bingbot/2.0; +http://www.bing.com/bingbot.htm) Chrome/116.0.1938.76 Safari/537.36"
40.77.167.235 - - [13/Oct/2025:00:06:20 +0200] "GET /bg/13-artisti?q=%D0%9A%D0%B0%D1%82%D0%B5%D0%B3%D0%BE%D1%80%D0%B8%D0%B8-ATEEZ-BABYMONSTER-BLACKPINK-BOYNEXTDOOR-ENHYPEN-GOT+THE+BEAT-ILLIT-IVE-JENNIE+%28BLACKPINK%29-LISA+%28BLACKPINK%29-NMIXX-P1Harmony-RIIZE-SEVENTEEN-TWICE-TXT-WayV-ZEROBASEONE-ITZY HTTP/2.0" 200 21649 "-" "Mozilla/5.0 AppleWebKit/537.36 (KHTML, like Gecko; compatible; bingbot/2.0; +http://www.bing.com/bingbot.htm) Chrome/116.0.1938.76 Safari/537.36"
40.77.167.235 - - [13/Oct/2025:00:06:20 +0200] "GET /bg/13-artisti?q=%D0%9A%D0%B0%D1%82%D0%B5%D0%B3%D0%BE%D1%80%D0%B8%D0%B8-ATEEZ-BABYMONSTER-BLACKPINK-BOYNEXTDOOR-ENHYPEN-ILLIT-JENNIE+%28BLACKPINK%29-JIHYO-LISA+%28BLACKPINK%29-NMIXX-RIIZE-ROSE+%28BLACKPINK%29-SEVENTEEN-STAYC-TWICE-WayV-ZEROBASEONE-xikers HTTP/2.0" 200 21633 "-" "Mozilla/5.0 AppleWebKit/537.36 (KHTML, like Gecko; compatible; bingbot/2.0; +http://www.bing.com/bingbot.htm) Chrome/116.0.1938.76 Safari/537.36"
40.77.167.235 - - [13/Oct/2025:00:06:26 +0200] "GET /bg/13-artisti?q=%D0%9A%D0%B0%D1%82%D0%B5%D0%B3%D0%BE%D1%80%D0%B8%D0%B8-AESPA-ATEEZ-BTS-ENHYPEN-ITZY-IVE-JISOO-KAI-NMIXX-NCT/%D0%9D%D0%B0%D0%BB%D0%B8%D1%87%D0%BD%D0%BE%D1%81%D1%82-%D0%92+%D0%BD%D0%B0%D0%BB%D0%B8%D1%87%D0%BD%D0%BE%D1%81%D1%82&page=20 HTTP/2.0" 200 19931 "-" "Mozilla/5.0 AppleWebKit/537.36 (KHTML, like Gecko; compatible; bingbot/2.0; +http://www.bing.com/bingbot.htm) Chrome/116.0.1938.76 Safari/537.36"
40.77.167.52 - - [13/Oct/2025:00:06:29 +0200] "GET /bg/13-artisti?q=%D0%9A%D0%B0%D1%82%D0%B5%D0%B3%D0%BE%D1%80%D0%B8%D0%B8-ATEEZ-BABYMONSTER-BLACKPINK-BOYNEXTDOOR-ENHYPEN-GOT+THE+BEAT-ILLIT-IVE-JENNIE+%28BLACKPINK%29-Kep1er-RIIZE-ROSE+%28BLACKPINK%29-STAYC-STRAYKIDS-TREASURE-TWICE-TXT-WayV-ZEROBASEONE-P1Harmony HTTP/2.0" 200 21665 "-" "Mozilla/5.0 AppleWebKit/537.36 (KHTML, like Gecko; compatible; bingbot/2.0; +http://www.bing.com/bingbot.htm) Chrome/116.0.1938.76 Safari/537.36"
40.77.167.52 - - [13/Oct/2025:00:06:30 +0200] "GET /bg/13-artisti?q=%D0%9A%D0%B0%D1%82%D0%B5%D0%B3%D0%BE%D1%80%D0%B8%D0%B8-AESPA-BABYMONSTER-BLACKPINK-BOYNEXTDOOR-BTS-ENHYPEN-ILLIT-ITZY-IVE-Jin+%28BTS%29-LISA-NCT+WISH-P1Harmony-RIIZE-ROSE+%28BLACKPINK%29-SEVENTEEN-STAYC-TWICE-WayV-ZEROBASEONE&order=product.name.asc HTTP/2.0" 200 21372 "-" "Mozilla/5.0 AppleWebKit/537.36 (KHTML, like Gecko; compatible; bingbot/2.0; +http://www.bing.com/bingbot.htm) Chrome/116.0.1938.76 Safari/537.36"
40.77.167.52 - - [13/Oct/2025:00:06:31 +0200] "GET /bg/13-artisti?q=%D0%9A%D0%B0%D1%82%D0%B5%D0%B3%D0%BE%D1%80%D0%B8%D0%B8-AESPA-BABYMONSTER-BLACKPINK-BOYNEXTDOOR-ENHYPEN-ILLIT-ITZY-JIHYO-KISS+OF+LIFE-LISA-NAYEON+%28TWICE%29-NCT+DREAM-NMIXX-P1Harmony-RM+%28BTS%29-STRAYKIDS-Tzuyu+%28TWICE%29-ZEROBASEONE-YEJI+%28ITZY%29 HTTP/2.0" 200 21720 "-" "Mozilla/5.0 AppleWebKit/537.36 (KHTML, like Gecko; compatible; bingbot/2.0; +http://www.bing.com/bingbot.htm) Chrome/116.0.1938.76 Safari/537.36"
217.113.194.105 - - [13/Oct/2025:00:06:31 +0200] "GET /en/13-artist?q=Categories-AESPA-BTS-Kep1er&order=product.name.asc&page=19 HTTP/1.1" 200 19926 "-" "Mozilla/5.0 (compatible; Barkrowler/0.9; +https://babbar.tech/crawler)"
40.77.167.254 - - [13/Oct/2025:00:06:35 +0200] "GET /bg/13-artisti?q=%D0%9A%D0%B0%D1%82%D0%B5%D0%B3%D0%BE%D1%80%D0%B8%D0%B8-AESPA-BLACKPINK-ENHYPEN-ITZY-IVE-KAI-NMIXX-STAYC-STRAYKIDS-TWICE/%D0%9D%D0%B0%D0%BB%D0%B8%D1%87%D0%BD%D0%BE%D1%81%D1%82-%D0%92+%D0%BD%D0%B0%D0%BB%D0%B8%D1%87%D0%BD%D0%BE%D1%81%D1%82&page=20 HTTP/2.0" 200 19951 "-" "Mozilla/5.0 AppleWebKit/537.36 (KHTML, like Gecko; compatible; bingbot/2.0; +http://www.bing.com/bingbot.htm) Chrome/116.0.1938.76 Safari/537.36"
40.77.167.77 - - [13/Oct/2025:00:06:39 +0200] "GET /en/13-artist?q=Categories-AESPA-ATEEZ-BABYMONSTER-BLACKPINK-BOYNEXTDOOR-ENHYPEN-ILLIT-IVE-j%5C-hope+%28BTS%29-JIHYO-LISA-NAYEON+%28TWICE%29-NMIXX-P1Harmony-STAYC-THE+BOYZ-TWICE-TXT-ZEROBASEONE-TREASURE HTTP/2.0" 200 19958 "-" "Mozilla/5.0 AppleWebKit/537.36 (KHTML, like Gecko; compatible; bingbot/2.0; +http://www.bing.com/bingbot.htm) Chrome/116.0.1938.76 Safari/537.36"
40.77.167.52 - - [13/Oct/2025:00:06:39 +0200] "GET /bg/13-artisti?q=%D0%9A%D0%B0%D1%82%D0%B5%D0%B3%D0%BE%D1%80%D0%B8%D0%B8-AESPA-ASTRO-BLACKPINK-ENHYPEN-GOT+THE+BEAT-ITZY-IVE-JUNG+KOOK+%28BTS%29-KAI-LE+SSERAFIM-LISA-NCT-NMIXX-STAYC-STRAYKIDS-TREASURE-V+%28BTS%29/%D0%9C%D0%B0%D1%80%D0%BA%D0%B0-FANTAGIO+MUSIC HTTP/2.0" 200 21702 "-" "Mozilla/5.0 AppleWebKit/537.36 (KHTML, like Gecko; compatible; bingbot/2.0; +http://www.bing.com/bingbot.htm) Chrome/116.0.1938.76 Safari/537.36"
40.77.167.52 - - [13/Oct/2025:00:06:47 +0200] "GET /bg/13-artisti?q=%D0%9A%D0%B0%D1%82%D0%B5%D0%B3%D0%BE%D1%80%D0%B8%D0%B8-AESPA-BABYMONSTER-BLACKPINK-BOYNEXTDOOR-BTS-ENHYPEN-GOT+THE+BEAT-ILLIT-IVE-JIHYO-JUNG+KOOK+%28BTS%29-Kep1er-KISS+OF+LIFE-LISA-NAYEON+%28TWICE%29-NCT+DREAM-NMIXX-RIIZE-TWICE-WayV-ZEROBASEONE-TREASURE HTTP/2.0" 200 21744 "-" "Mozilla/5.0 AppleWebKit/537.36 (KHTML, like Gecko; compatible; bingbot/2.0; +http://www.bing.com/bingbot.htm) Chrome/116.0.1938.76 Safari/537.36"
217.113.194.104 - - [13/Oct/2025:00:06:48 +0200] "GET /en/13-artist?q=Categories-AESPA-BTS-RIIZE&order=product.position.asc&page=3 HTTP/1.1" 200 19807 "-" "Mozilla/5.0 (compatible; Barkrowler/0.9; +https://babbar.tech/crawler)"
114.119.128.20 - - [13/Oct/2025:00:06:48 +0200] "GET /en/2-nachalo?q=Availability-Available/Brand-ADOR-KQ%2BEntertainment&order=product.name.desc&page=3 HTTP/1.1" 200 15822 "https://kpopbg.com/en/2-nachalo?q=Availability-Available/Brand-ADOR-KQ%2BEntertainment&order=product.name.desc&page=3" "Mozilla/5.0 (Linux; Android 7.0;) AppleWebKit/537.36 (KHTML, like Gecko) Mobile Safari/537.36 (compatible; PetalBot;+https://webmaster.petalsearch.com/site/petalbot)"
40.77.167.77 - - [13/Oct/2025:00:06:49 +0200] "GET /bg/13-artisti?q=%D0%9A%D0%B0%D1%82%D0%B5%D0%B3%D0%BE%D1%80%D0%B8%D0%B8-AESPA-Agust+D+%28BTS%29-ATEEZ-BABYMONSTER-BLACKPINK-BOYNEXTDOOR-ENHYPEN-ILLIT-JIHYO-Kep1er-LISA-NMIXX-RIIZE-SEVENTEEN-STRAYKIDS-TWICE-WayV-XDINARY+HEROES-ZEROBASEONE-JUNG+KOOK+%28BTS%29 HTTP/2.0" 200 21679 "-" "Mozilla/5.0 AppleWebKit/537.36 (KHTML, like Gecko; compatible; bingbot/2.0; +http://www.bing.com/bingbot.htm) Chrome/116.0.1938.76 Safari/537.36"
40.77.167.77 - - [13/Oct/2025:00:06:59 +0200] "GET /en/13-artist?q=Categories-AESPA-Agust+D+%28BTS%29-BABYMONSTER-BLACKPINK-BOYNEXTDOOR-BTS-ITZY-JIHYO-KISS+OF+LIFE-LISA-NMIXX-RIIZE-RM+%28BTS%29-SEVENTEEN-TWICE-TXT-WayV-ZEROBASEONE-%28G%29I%5C-DLE HTTP/2.0" 200 19979 "-" "Mozilla/5.0 AppleWebKit/537.36 (KHTML, like Gecko; compatible; bingbot/2.0; +http://www.bing.com/bingbot.htm) Chrome/116.0.1938.76 Safari/537.36"
154.54.249.203 - - [13/Oct/2025:00:07:04 +0200] "GET /en/13-artist?q=Categories-AESPA-BTS-RIIZE&order=product.position.asc&page=20 HTTP/1.1" 200 18307 "-" "Mozilla/5.0 (compatible; Barkrowler/0.9; +https://babbar.tech/crawler)"
40.77.167.254 - - [13/Oct/2025:00:07:05 +0200] "GET /bg/13-artisti?q=%D0%9A%D0%B0%D1%82%D0%B5%D0%B3%D0%BE%D1%80%D0%B8%D0%B8-AESPA-BABYMONSTER-BLACKPINK-BOYNEXTDOOR-BTS-ENHYPEN-ILLIT-ITZY-IVE-JIHYO-Jin+%28BTS%29-LISA-NAYEON+%28TWICE%29-NCT+JAEHYUN-NMIXX-RIIZE-STAYC-STRAYKIDS-TWICE-WayV-YEJI+%28ITZY%29 HTTP/2.0" 200 21673 "-" "Mozilla/5.0 AppleWebKit/537.36 (KHTML, like Gecko; compatible; bingbot/2.0; +http://www.bing.com/bingbot.htm) Chrome/116.0.1938.76 Safari/537.36"
47.128.123.2 - - [13/Oct/2025:00:07:13 +0200] "GET /bg/13-artisti?q=%D0%9A%D0%B0%D1%82%D0%B5%D0%B3%D0%BE%D1%80%D0%B8%D0%B8-Agust+D+%28BTS%29-NCT-%28G%29I%5C-DLE HTTP/2.0" 200 21363 "-" "Mozilla/5.0 (compatible; Bytespider; spider-feedback@bytedance.com) AppleWebKit/537.36 (KHTML, like Gecko) Chrome/70.0.0.0 Safari/537.36"
40.77.167.254 - - [13/Oct/2025:00:07:14 +0200] "GET /en/13-artist?q=Categories-AESPA-ASTRO-BABYMONSTER-BLACKPINK-BTS-ENHYPEN-ILLIT-ITZY-JIHYO-LISA-NMIXX-TWICE-TXT-ZEROBASEONE-P1Harmony HTTP/2.0" 200 19893 "-" "Mozilla/5.0 AppleWebKit/537.36 (KHTML, like Gecko; compatible; bingbot/2.0; +http://www.bing.com/bingbot.htm) Chrome/116.0.1938.76 Safari/537.36"
47.128.27.131 - - [13/Oct/2025:00:07:16 +0200] "GET /bg/13-artisti?SubmitCurrency=1&id_currency=2&order=product.position.asc&q=%D0%9A%D0%B0%D1%82%D0%B5%D0%B3%D0%BE%D1%80%D0%B8%D0%B8-Agust+D+%28BTS%29-BLACKPINK-NCT-TXT-JIHYO HTTP/2.0" 200 21217 "-" "Mozilla/5.0 (compatible; Bytespider; spider-feedback@bytedance.com) AppleWebKit/537.36 (KHTML, like Gecko) Chrome/70.0.0.0 Safari/537.36"
40.77.167.52 - - [13/Oct/2025:00:07:17 +0200] "GET /bg/13-artisti?q=%D0%9A%D0%B0%D1%82%D0%B5%D0%B3%D0%BE%D1%80%D0%B8%D0%B8-AESPA-BABYMONSTER-BTS-ILLIT-ITZY-JIHYO-KISS+OF+LIFE-LISA-NAYEON+%28TWICE%29-NCT+JAEHYUN-NMIXX-RIIZE-SEVENTEEN-STAYC-THE+BOYZ-TWICE-TXT-WayV-ZEROBASEONE HTTP/2.0" 200 21601 "-" "Mozilla/5.0 AppleWebKit/537.36 (KHTML, like Gecko; compatible; bingbot/2.0; +http://www.bing.com/bingbot.htm) Chrome/116.0.1938.76 Safari/537.36"
40.77.167.77 - - [13/Oct/2025:00:07:21 +0200] "GET /bg/13-artisti?q=%D0%9A%D0%B0%D1%82%D0%B5%D0%B3%D0%BE%D1%80%D0%B8%D0%B8-AESPA-ATEEZ-BABYMONSTER-BOYNEXTDOOR-ENHYPEN-GOT+THE+BEAT-ILLIT-IVE-JIHYO-LISA-NMIXX-RED+VELVET-RIIZE-ROSE+%28BLACKPINK%29-STAYC-TWICE-WayV-ZEROBASEONE HTTP/2.0" 200 21568 "-" "Mozilla/5.0 AppleWebKit/537.36 (KHTML, like Gecko; compatible; bingbot/2.0; +http://www.bing.com/bingbot.htm) Chrome/116.0.1938.76 Safari/537.36"
217.113.194.107 - - [13/Oct/2025:00:07:21 +0200] "GET /en/13-artist?q=Categories-AESPA-BTS-TWICE&order=product.position.asc&page=4 HTTP/1.1" 200 19921 "-" "Mozilla/5.0 (compatible; Barkrowler/0.9; +https://babbar.tech/crawler)"
40.77.167.254 - - [13/Oct/2025:00:07:35 +0200] "GET /bg/13-artisti?q=%D0%9A%D0%B0%D1%82%D0%B5%D0%B3%D0%BE%D1%80%D0%B8%D0%B8-AESPA-ASTRO-BABYMONSTER-BLACKPINK-BOYNEXTDOOR-BTS-ENHYPEN-ILLIT-ITZY-KAI-LISA-NAYEON+%28TWICE%29-NMIXX-SEVENTEEN-STAYC-TREASURE-TWICE-ZEROBASEONE-P1Harmony HTTP/2.0" 200 21563 "-" "Mozilla/5.0 AppleWebKit/537.36 (KHTML, like Gecko; compatible; bingbot/2.0; +http://www.bing.com/bingbot.htm) Chrome/116.0.1938.76 Safari/537.36"
40.77.167.254 - - [13/Oct/2025:00:07:36 +0200] "GET /bg/13-artisti?q=%D0%9A%D0%B0%D1%82%D0%B5%D0%B3%D0%BE%D1%80%D0%B8%D0%B8-AESPA-BABYMONSTER-BLACKPINK-BOYNEXTDOOR-BTS-ENHYPEN-ILLIT-ITZY-JIHYO-KAI-LISA-NMIXX-RIIZE-SEVENTEEN-TWICE-TXT-WayV-ZEROBASEONE-P1Harmony HTTP/2.0" 200 21556 "-" "Mozilla/5.0 AppleWebKit/537.36 (KHTML, like Gecko; compatible; bingbot/2.0; +http://www.bing.com/bingbot.htm) Chrome/116.0.1938.76 Safari/537.36"
40.77.167.52 - - [13/Oct/2025:00:07:37 +0200] "GET /bg/13-artisti?q=%D0%9A%D0%B0%D1%82%D0%B5%D0%B3%D0%BE%D1%80%D0%B8%D0%B8-AESPA-Agust+D+%28BTS%29-BABYMONSTER-BLACKPINK-BOYNEXTDOOR-BTS-Dreamcatcher-ENHYPEN-ITZY-JIHYO-LISA-NAYEON+%28TWICE%29-NCT+JAEHYUN-NMIXX-RIIZE-SEVENTEEN-TXT-WayV-ZEROBASEONE&order=product.name.asc HTTP/2.0" 200 21365 "-" "Mozilla/5.0 AppleWebKit/537.36 (KHTML, like Gecko; compatible; bingbot/2.0; +http://www.bing.com/bingbot.htm) Chrome/116.0.1938.76 Safari/537.36"
40.77.167.254 - - [13/Oct/2025:00:07:37 +0200] "GET /bg/13-artisti?q=%D0%9A%D0%B0%D1%82%D0%B5%D0%B3%D0%BE%D1%80%D0%B8%D0%B8-ATEEZ-BABYMONSTER-BLACKPINK-BOYNEXTDOOR-BTS-ENHYPEN-GOT+THE+BEAT-ILLIT-JENNIE+%28BLACKPINK%29-LISA+%28BLACKPINK%29-NMIXX-P1Harmony-RIIZE-SEVENTEEN-TWICE-TXT-WayV-ZEROBASEONE-Tzuyu+%28TWICE%29 HTTP/2.0" 200 21660 "-" "Mozilla/5.0 AppleWebKit/537.36 (KHTML, like Gecko; compatible; bingbot/2.0; +http://www.bing.com/bingbot.htm) Chrome/116.0.1938.76 Safari/537.36"
40.77.167.52 - - [13/Oct/2025:00:07:37 +0200] "GET /bg/13-artisti?q=%D0%9A%D0%B0%D1%82%D0%B5%D0%B3%D0%BE%D1%80%D0%B8%D0%B8-ATEEZ-BABYMONSTER-BLACKPINK-BOYNEXTDOOR-ENHYPEN-GOT+THE+BEAT-ILLIT-JENNIE+%28BLACKPINK%29-LISA+%28BLACKPINK%29-NMIXX-P1Harmony-RIIZE-SEVENTEEN-STRAYKIDS-TREASURE-TWICE-TXT-WayV-ZEROBASEONE-YEJI+%28ITZY%29&order=product.name.desc HTTP/2.0" 200 21905 "-" "Mozilla/5.0 AppleWebKit/537.36 (KHTML, like Gecko; compatible; bingbot/2.0; +http://www.bing.com/bingbot.htm) Chrome/116.0.1938.76 Safari/537.36"
