114.119.128.20 - - [13/Oct/2025:05:10:34 +0200] "GET /en/brand/13-fantagio-music?SubmitCurrency=1&id_currency=3&order=product.price.asc HTTP/1.1" 200 10930 "https://kpopbg.com/en/brand/13-fantagio-music?SubmitCurrency=1&id_currency=3&order=product.reference.asc" "Mozilla/5.0 (Linux; Android 7.0;) AppleWebKit/537.36 (KHTML, like Gecko) Mobile Safari/537.36 (compatible; PetalBot;+https://webmaster.petalsearch.com/site/petalbot)"
47.128.48.176 - - [13/Oct/2025:05:10:34 +0200] "GET /en/13-artist?q=Categories-ATEEZ-BTS-ENHYPEN-IVE-NMIXX-NAYEON+%28TWICE%29 HTTP/2.0" 200 19737 "-" "Mozilla/5.0 (compatible; Bytespider; spider-feedback@bytedance.com) AppleWebKit/537.36 (KHTML, like Gecko) Chrome/70.0.0.0 Safari/537.36"
217.113.194.105 - - [13/Oct/2025:05:10:38 +0200] "GET /en/13-artist?order=product.price.asc&q=Categories-ATEEZ-ENHYPEN&page=19 HTTP/1.1" 200 20224 "-" "Mozilla/5.0 (compatible; Barkrowler/0.9; +https://babbar.tech/crawler)"
40.77.167.74 - - [13/Oct/2025:05:10:47 +0200] "GET /bg/13-artisti?q=%D0%9A%D0%B0%D1%82%D0%B5%D0%B3%D0%BE%D1%80%D0%B8%D0%B8-AESPA-BABYMONSTER-BLACKPINK-BOYNEXTDOOR-ENHYPEN-ILLIT-ITZY-KAI-LISA-NAYEON+%28TWICE%29-NMIXX-SEVENTEEN-TWICE-WayV-ZEROBASEONE-LE+SSERAFIM&page=18 HTTP/2.0" 200 21666 "-" "Mozilla/5.0 AppleWebKit/537.36 (KHTML, like Gecko; compatible; bingbot/2.0; +http://www.bing.com/bingbot.htm) Chrome/116.0.1938.76 Safari/537.36"
217.113.194.109 - - [13/Oct/2025:05:10:55 +0200] "GET /en/13-artist?order=product.price.asc&q=Categories-ATEEZ-ENHYPEN&page=18 HTTP/1.1" 200 19960 "-" "Mozilla/5.0 (compatible; Barkrowler/0.9; +https://babbar.tech/crawler)"
34.96.62.79 - - [13/Oct/2025:05:11:01 +0200] "GET / HTTP/2.0" 302 0 "-" "Mozilla/5.0 (Macintosh; Intel Mac OS X 10_15_7) AppleWebKit/537.36 (KHTML, like Gecko) Chrome/114.0.0.0 Safari/537.36"
34.96.62.79 - - [13/Oct/2025:05:11:01 +0200] "GET /bg/ HTTP/2.0" 200 16053 "https://kpopbg.com" "Mozilla/5.0 (Macintosh; Intel Mac OS X 10_15_7) AppleWebKit/537.36 (KHTML, like Gecko) Chrome/114.0.0.0 Safari/537.36"
157.55.39.7 - - [13/Oct/2025:05:11:08 +0200] "GET /bg/13-artisti?q=%D0%9A%D0%B0%D1%82%D0%B5%D0%B3%D0%BE%D1%80%D0%B8%D0%B8-ATEEZ-BABYMONSTER-BLACKPINK-BOYNEXTDOOR-ENHYPEN-GOT+THE+BEAT-ILLIT-ITZY-IVE-JENNIE+%28BLACKPINK%29-LISA+%28BLACKPINK%29-NCT+JAEHYUN-NMIXX-RIIZE-ROSE+%28BLACKPINK%29-SEVENTEEN-STAYC-TREASURE-TWICE-WayV-ZEROBASEONE-Tzuyu+%28TWICE%29 HTTP/2.0" 200 21726 "-" "Mozilla/5.0 AppleWebKit/537.36 (KHTML, like Gecko; compatible; bingbot/2.0; +http://www.bing.com/bingbot.htm) Chrome/116.0.1938.76 Safari/537.36"
217.113.194.105 - - [13/Oct/2025:05:11:12 +0200] "GET /en/13-artist?order=product.price.asc&q=Categories-BABYMONSTER-AESPA HTTP/1.1" 200 19792 "-" "Mozilla/5.0 (compatible; Barkrowler/0.9; +https://babbar.tech/crawler)"
47.128.45.255 - - [13/Oct/2025:05:11:23 +0200] "GET /bg/13-artisti?SubmitCurrency=1&id_currency=2&q=%D0%9A%D0%B0%D1%82%D0%B5%D0%B3%D0%BE%D1%80%D0%B8%D0%B8-AESPA-ENHYPEN-ITZY-RED+VELVET-TWICE-TXT-KAI HTTP/2.0" 200 21426 "-" "Mozilla/5.0 (compatible; Bytespider; spider-feedback@bytedance.com) AppleWebKit/537.36 (KHTML, like Gecko) Chrome/70.0.0.0 Safari/537.36"
217.113.194.111 - - [13/Oct/2025:05:11:29 +0200] "GET /en/13-artist?order=product.price.asc&q=Categories-STRAYKIDS-TXT&page=4 HTTP/1.1" 200 19897 "-" "Mozilla/5.0 (compatible; Barkrowler/0.9; +https://babbar.tech/crawler)"
217.113.194.108 - - [13/Oct/2025:05:11:47 +0200] "GET /en/13-artist?order=product.price.asc&q=Categories-RED+VELVET-WayV&page=2 HTTP/1.1" 200 20062 "-" "Mozilla/5.0 (compatible; Barkrowler/0.9; +https://babbar.tech/crawler)"
114.119.158.94 - - [13/Oct/2025:05:11:58 +0200] "GET /en/best-sales?page=9&SubmitCurrency=1&id_currency=3 HTTP/1.1" 200 16123 "https://kpopbg.com/en/best-sales?page=9&SubmitCurrency=1&id_currency=3" "Mozilla/5.0 (Linux; Android 7.0;) AppleWebKit/537.36 (KHTML, like Gecko) Mobile Safari/537.36 (compatible; PetalBot;+https://webmaster.petalsearch.com/site/petalbot)"
40.77.167.78 - - [13/Oct/2025:05:12:00 +0200] "GET /en/13-artist?q=Categories-AESPA-ATEEZ-BABYMONSTER-BLACKPINK-BOYNEXTDOOR-ENHYPEN-ILLIT-ITZY-JIHYO-KAI-LISA-NMIXX-TWICE-TXT-ZEROBASEONE-LE+SSERAFIM HTTP/2.0" 200 19902 "-" "Mozilla/5.0 AppleWebKit/537.36 (KHTML, like Gecko; compatible; bingbot/2.0; +http://www.bing.com/bingbot.htm) Chrome/116.0.1938.76 Safari/537.36"
217.113.194.103 - - [13/Oct/2025:05:12:04 +0200] "GET /en/13-artist?order=product.price.asc&q=Categories-RED+VELVET-WayV&page=20 HTTP/1.1" 200 18213 "-" "Mozilla/5.0 (compatible; Barkrowler/0.9; +https://babbar.tech/crawler)"
47.128.57.234 - - [13/Oct/2025:05:12:11 +0200] "GET /bg/13-artisti?SubmitCurrency=1&id_currency=1&q=%D0%9A%D0%B0%D1%82%D0%B5%D0%B3%D0%BE%D1%80%D0%B8%D0%B8-ENHYPEN-JIHYO-NCT-STAYC-TWICE-TXT-RED+VELVET HTTP/2.0" 200 21425 "-" "Mozilla/5.0 (compatible; Bytespider; spider-feedback@bytedance.com) AppleWebKit/537.36 (KHTML, like Gecko) Chrome/70.0.0.0 Safari/537.36"
217.113.194.104 - - [13/Oct/2025:05:12:21 +0200] "GET /en/13-artist?order=product.price.asc&q=Categories-RED+VELVET-WayV&page=4 HTTP/1.1" 200 19908 "-" "Mozilla/5.0 (compatible; Barkrowler/0.9; +https://babbar.tech/crawler)"
217.113.194.107 - - [13/Oct/2025:05:12:38 +0200] "GET /en/13-artist?order=product.price.asc&q=Categories-RED+VELVET-TREASURE HTTP/1.1" 200 19790 "-" "Mozilla/5.0 (compatible; Barkrowler/0.9; +https://babbar.tech/crawler)"
217.113.194.104 - - [13/Oct/2025:05:12:54 +0200] "GET /en/13-artist?order=product.price.asc&q=Categories-Kep1er-TREASURE-IVE HTTP/1.1" 200 19792 "-" "Mozilla/5.0 (compatible; Barkrowler/0.9; +https://babbar.tech/crawler)"
47.128.123.213 - - [13/Oct/2025:05:13:00 +0200] "GET /en/13-artist?q=Categories-AESPA-BTS-KAI-NCT+DREAM-NMIXX-RED+VELVET-TXT HTTP/2.0" 200 19748 "-" "Mozilla/5.0 (compatible; Bytespider; spider-feedback@bytedance.com) AppleWebKit/537.36 (KHTML, like Gecko) Chrome/70.0.0.0 Safari/537.36"
157.55.39.7 - - [13/Oct/2025:05:13:09 +0200] "GET /bg/13-artisti?q=%D0%9A%D0%B0%D1%82%D0%B5%D0%B3%D0%BE%D1%80%D0%B8%D0%B8-AESPA-BABYMONSTER-BLACKPINK-BOYNEXTDOOR-ENHYPEN-ILLIT-ITZY-JIHYO-KAI-LISA-NMIXX-P1Harmony-TREASURE-TWICE-TXT-ZEROBASEONE-IVE&page=20 HTTP/2.0" 200 19913 "-" "Mozilla/5.0 AppleWebKit/537.36 (KHTML, like Gecko; compatible; bingbot/2.0; +http://www.bing.com/bingbot.htm) Chrome/116.0.1938.76 Safari/537.36"
154.54.249.203 - - [13/Oct/2025:05:13:10 +0200] "GET /en/13-artist?order=product.price.asc&q=Categories-NMIXX-ATEEZ&page=19 HTTP/1.1" 200 20222 "-" "Mozilla/5.0 (compatible; Barkrowler/0.9; +https://babbar.tech/crawler)"
114.119.131.105 - - [13/Oct/2025:05:13:23 +0200] "GET /en/2-nachalo?q=Categories-ARTIST/Availability-Available-In%2Bstock/Brand-ADOR&order=product.sales.desc&page=14 HTTP/1.1" 200 12074 "https://kpopbg.com/en/2-nachalo?q=Categories-ARTIST/Availability-Available-In%2Bstock/Brand-ADOR&order=product.sales.desc&page=13" "Mozilla/5.0 (Linux; Android 7.0;) AppleWebKit/537.36 (KHTML, like Gecko) Mobile Safari/537.36 (compatible; PetalBot;+https://webmaster.petalsearch.com/site/petalbot)"
217.113.194.107 - - [13/Oct/2025:05:13:28 +0200] "GET /en/13-artist?order=product.price.asc&q=Categories-NMIXX-ATEEZ&page=18 HTTP/1.1" 200 19966 "-" "Mozilla/5.0 (compatible; Barkrowler/0.9; +https://babbar.tech/crawler)"
217.113.194.111 - - [13/Oct/2025:05:13:45 +0200] "GET /en/13-artist?order=product.price.asc&q=Categories-NMIXX-ATEEZ&page=4 HTTP/1.1" 200 19895 "-" "Mozilla/5.0 (compatible; Barkrowler/0.9; +https://babbar.tech/crawler)"
47.128.45.83 - - [13/Oct/2025:05:13:49 +0200] "GET /bg/13-artisti?order=product.price.desc&q=%D0%9A%D0%B0%D1%82%D0%B5%D0%B3%D0%BE%D1%80%D0%B8%D0%B8-ASTRO-BLACKPINK-ITZY-IVE-LE+SSERAFIM-NMIXX-TREASURE-TXT-%28G%29I%5C-DLE HTTP/2.0" 200 21520 "-" "Mozilla/5.0 (compatible; Bytespider; spider-feedback@bytedance.com) AppleWebKit/537.36 (KHTML, like Gecko) Chrome/70.0.0.0 Safari/537.36"
40.77.167.74 - - [13/Oct/2025:05:13:55 +0200] "GET /bg/13-artisti?q=%D0%9A%D0%B0%D1%82%D0%B5%D0%B3%D0%BE%D1%80%D0%B8%D0%B8-AESPA-BLACKPINK-BTS-ENHYPEN-GOT+THE+BEAT-ITZY-IVE-KAI-LISA-NCT-NCT+DREAM-STAYC-STRAYKIDS-TREASURE-TWICE-TXT/%D0%9D%D0%B0%D0%BB%D0%B8%D1%87%D0%BD%D0%BE%D1%81%D1%82-%D0%92+%D0%BD%D0%B0%D0%BB%D0%B8%D1%87%D0%BD%D0%BE%D1%81%D1%82&page=2 HTTP/2.0" 200 21716 "-" "Mozilla/5.0 AppleWebKit/537.36 (KHTML, like Gecko; compatible; bingbot/2.0; +http://www.bing.com/bingbot.htm) Chrome/116.0.1938.76 Safari/537.36"
217.113.194.247 - - [13/Oct/2025:05:14:02 +0200] "GET /en/13-artist?order=product.price.asc&q=Categories-NCT+127-AESPA&page=2 HTTP/1.1" 200 20064 "-" "Mozilla/5.0 (compatible; Barkrowler/0.9; +https://babbar.tech/crawler)"
217.113.194.106 - - [13/Oct/2025:05:14:19 +0200] "GET /en/13-artist?order=product.price.asc&q=Categories-NCT+DREAM-IVE&page=4 HTTP/1.1" 200 19901 "-" "Mozilla/5.0 (compatible; Barkrowler/0.9; +https://babbar.tech/crawler)"
40.77.167.78 - - [13/Oct/2025:05:14:30 +0200] "GET /bg/13-artisti?q=%D0%9A%D0%B0%D1%82%D0%B5%D0%B3%D0%BE%D1%80%D0%B8%D0%B8-AESPA-ASTRO-ATEEZ-BABYMONSTER-BTS-ENHYPEN-ILLIT-KAI-LE+SSERAFIM-LISA-NMIXX-SEVENTEEN-STRAYKIDS-TREASURE-TWICE-ITZY&page=20 HTTP/2.0" 200 19894 "-" "Mozilla/5.0 AppleWebKit/537.36 (KHTML, like Gecko; compatible; bingbot/2.0; +http://www.bing.com/bingbot.htm) Chrome/116.0.1938.76 Safari/537.36"
217.113.194.110 - - [13/Oct/2025:05:14:37 +0200] "GET /en/13-artist?order=product.price.asc&q=Categories-TXT-V+%28BTS%29&page=3 HTTP/1.1" 200 19810 "-" "Mozilla/5.0 (compatible; Barkrowler/0.9; +https://babbar.tech/crawler)"
47.128.55.61 - - [13/Oct/2025:05:14:37 +0200] "GET /bg/13-artisti?SubmitCurrency=1&id_currency=2&order=product.name.desc&q=%D0%9A%D0%B0%D1%82%D0%B5%D0%B3%D0%BE%D1%80%D0%B8%D0%B8-AESPA-ASTRO-NMIXX-STAYC-TXT-ITZY HTTP/2.0" 200 21592 "-" "Mozilla/5.0 (compatible; Bytespider; spider-feedback@bytedance.com) AppleWebKit/537.36 (KHTML, like Gecko) Chrome/70.0.0.0 Safari/537.36"
114.119.137.2 - - [13/Oct/2025:05:14:51 +0200] "GET /en/2-nachalo?q=Availability-Available/Categories-ARTIST&order=product.price.desc&page=5 HTTP/1.1" 200 16188 "https://kpopbg.com/en/2-nachalo?q=Availability-Available/Categories-ARTIST&order=product.price.desc&page=5" "Mozilla/5.0 (Linux; Android 7.0;) AppleWebKit/537.36 (KHTML, like Gecko) Mobile Safari/537.36 (compatible; PetalBot;+https://webmaster.petalsearch.com/site/petalbot)"
217.113.194.109 - - [13/Oct/2025:05:14:54 +0200] "GET /en/13-artist?order=product.price.asc&q=Categories-TWICE-NMIXX&page=17 HTTP/1.1" 200 19747 "-" "Mozilla/5.0 (compatible; Barkrowler/0.9; +https://babbar.tech/crawler)"
154.54.249.203 - - [13/Oct/2025:05:15:11 +0200] "GET /en/13-artist?order=product.price.asc&q=Categories-TWICE-NMIXX&page=19 HTTP/1.1" 200 20222 "-" "Mozilla/5.0 (compatible; Barkrowler/0.9; +https://babbar.tech/crawler)"
47.128.125.4 - - [13/Oct/2025:05:15:26 +0200] "GET /bg/13-artisti?SubmitCurrency=1&id_currency=2&order=product.name.asc&q=%D0%9A%D0%B0%D1%82%D0%B5%D0%B3%D0%BE%D1%80%D0%B8%D0%B8-AESPA-ASTRO-IVE-TREASURE-TXT-LE+SSERAFIM HTTP/2.0" 200 21102 "-" "Mozilla/5.0 (compatible; Bytespider; spider-feedback@bytedance.com) AppleWebKit/537.36 (KHTML, like Gecko) Chrome/70.0.0.0 Safari/537.36"
217.113.194.104 - - [13/Oct/2025:05:15:29 +0200] "GET /robots.txt HTTP/1.1" 404 11728 "-" "Mozilla/5.0 (compatible; Barkrowler/0.9; +https://babbar.tech/crawler)"
173.252.127.18 - - [13/Oct/2025:05:15:30 +0200] "GET /bg/nachalo/113-219-agust-d-bts-d-day-8809929741283 HTTP/2.0" 200 18663 "-" "meta-externalads/1.1 (+https://developers.facebook.com/docs/sharing/webmasters/crawler)"
173.252.127.18 - - [13/Oct/2025:05:15:31 +0200] "GET /img/logo-1663262496.jpg HTTP/2.0" 200 31447 "https://kpopbg.com/bg/nachalo/113-219-agust-d-bts-d-day-8809929741283" "meta-externalads/1.1 (+https://developers.facebook.com/docs/sharing/webmasters/crawler)"
173.252.127.18 - - [13/Oct/2025:05:15:31 +0200] "GET /themes/classic/assets/cache/theme-cdcaaa131.css HTTP/2.0" 200 453061 "https://kpopbg.com/bg/nachalo/113-219-agust-d-bts-d-day-8809929741283" "meta-externalads/1.1 (+https://developers.facebook.com/docs/sharing/webmasters/crawler)"
173.252.127.18 - - [13/Oct/2025:05:15:31 +0200] "GET /img/cms/Agust%20D%20(BTS)/suga-agust-d-d-day-set-wholesale.jpg HTTP/2.0" 200 568940 "https://kpopbg.com/bg/nachalo/113-219-agust-d-bts-d-day-8809929741283" "meta-externalads/1.1 (+https://developers.facebook.com/docs/sharing/webmasters/crawler)"
173.252.127.18 - - [13/Oct/2025:05:15:31 +0200] "GET /290-large_default/agust-d-bts-d-day.jpg HTTP/2.0" 200 25656 "https://kpopbg.com/bg/nachalo/113-219-agust-d-bts-d-day-8809929741283" "meta-externalads/1.1 (+https://developers.facebook.com/docs/sharing/webmasters/crawler)"
173.252.127.9 - - [13/Oct/2025:05:15:32 +0200] "GET /291-home_default/agust-d-bts-d-day.jpg HTTP/2.0" 200 6306 "https://kpopbg.com/bg/nachalo/113-219-agust-d-bts-d-day-8809929741283" "meta-externalads/1.1 (+https://developers.facebook.com/docs/sharing/webmasters/crawler)"
173.252.127.9 - - [13/Oct/2025:05:15:32 +0200] "GET /290-home_default/agust-d-bts-d-day.jpg HTTP/2.0" 200 5125 "https://kpopbg.com/bg/nachalo/113-219-agust-d-bts-d-day-8809929741283" "meta-externalads/1.1 (+https://developers.facebook.com/docs/sharing/webmasters/crawler)"
173.252.127.9 - - [13/Oct/2025:05:15:32 +0200] "GET /themes/classic/assets/css/740f1557cae714dc4b180b4d5de69375.svg HTTP/2.0" 200 5233 "https://kpopbg.com/themes/classic/assets/cache/theme-cdcaaa131.css" "meta-externalads/1.1 (+https://developers.facebook.com/docs/sharing/webmasters/crawler)"
173.252.127.9 - - [13/Oct/2025:05:15:32 +0200] "GET /themes/classic/assets/css/250c120c3f8b2b0bb58ea27ee36153fc.woff2 HTTP/2.0" 200 29860 "https://kpopbg.com/themes/classic/assets/cache/theme-cdcaaa131.css" "meta-externalads/1.1 (+https://developers.facebook.com/docs/sharing/webmasters/crawler)"
173.252.127.9 - - [13/Oct/2025:05:15:32 +0200] "GET /290-small_default/agust-d-bts-d-day.jpg HTTP/2.0" 200 1438 "https://kpopbg.com/bg/nachalo/113-219-agust-d-bts-d-day-8809929741283" "meta-externalads/1.1 (+https://developers.facebook.com/docs/sharing/webmasters/crawler)"
173.252.127.9 - - [13/Oct/2025:05:15:32 +0200] "GET /themes/classic/assets/css/dce0916af972e3040aa191f74b17dd46.woff2 HTTP/2.0" 200 30428 "https://kpopbg.com/themes/classic/assets/cache/theme-cdcaaa131.css" "meta-externalads/1.1 (+https://developers.facebook.com/docs/sharing/webmasters/crawler)"
173.252.127.9 - - [13/Oct/2025:05:15:32 +0200] "GET /290-medium_default/agust-d-bts-d-day.jpg HTTP/2.0" 200 12240 "https://kpopbg.com/bg/nachalo/113-219-agust-d-bts-d-day-8809929741283" "meta-externalads/1.1 (+https://developers.facebook.com/docs/sharing/webmasters/crawler)"
173.252.127.9 - - [13/Oct/2025:05:15:32 +0200] "GET /291-small_default/agust-d-bts-d-day.jpg HTTP/2.0" 200 1733 "https://kpopbg.com/bg/nachalo/113-219-agust-d-bts-d-day-8809929741283" "meta-externalads/1.1 (+https://developers.facebook.com/docs/sharing/webmasters/crawler)"
173.252.127.9 - - [13/Oct/2025:05:15:32 +0200] "GET /themes/classic/assets/css/52260854eea2d38939bf40e9e9687830.woff2 HTTP/2.0" 200 29756 "https://kpopbg.com/themes/classic/assets/cache/theme-cdcaaa131.css" "meta-externalads/1.1 (+https://developers.facebook.com/docs/sharing/webmasters/crawler)"
173.252.127.9 - - [13/Oct/2025:05:15:32 +0200] "GET /themes/classic/assets/css/12a47ed5fd5585f0f4227fa035a1a607.woff2 HTTP/2.0" 200 60840 "https://kpopbg.com/themes/classic/assets/cache/theme-cdcaaa131.css" "meta-externalads/1.1 (+https://developers.facebook.com/docs/sharing/webmasters/crawler)"
173.252.127.9 - - [13/Oct/2025:05:15:32 +0200] "GET /themes/classic/assets/cache/bottom-9263dd130.js HTTP/2.0" 200 1215137 "https://kpopbg.com/bg/nachalo/113-219-agust-d-bts-d-day-8809929741283" "meta-externalads/1.1 (+https://developers.facebook.com/docs/sharing/webmasters/crawler)"
173.252.127.63 - - [13/Oct/2025:05:15:33 +0200] "GET /img/favicon.ico?1663264323 HTTP/2.0" 200 5430 "https://kpopbg.com/bg/nachalo/113-219-agust-d-bts-d-day-8809929741283" "meta-externalads/1.1 (+https://developers.facebook.com/docs/sharing/webmasters/crawler)"
40.77.167.74 - - [13/Oct/2025:05:15:36 +0200] "GET /bg/13-artisti?q=%D0%9A%D0%B0%D1%82%D0%B5%D0%B3%D0%BE%D1%80%D0%B8%D0%B8-AESPA-ATEEZ-BABYMONSTER-BLACKPINK-BOYNEXTDOOR-ENHYPEN-GOT+THE+BEAT-ILLIT-IVE-JIHYO-LISA-P1Harmony-RM+%28BTS%29-STAYC-TWICE-WayV-ZEROBASEONE&page=2 HTTP/2.0" 200 21678 "-" "Mozilla/5.0 AppleWebKit/537.36 (KHTML, like Gecko; compatible; bingbot/2.0; +http://www.bing.com/bingbot.htm) Chrome/116.0.1938.76 Safari/537.36"
40.77.167.74 - - [13/Oct/2025:05:15:36 +0200] "GET /bg/13-artisti?q=%D0%9A%D0%B0%D1%82%D0%B5%D0%B3%D0%BE%D1%80%D0%B8%D0%B8-AESPA-BABYMONSTER-BLACKPINK-BOYNEXTDOOR-ENHYPEN-GOT+THE+BEAT-ILLIT-ITZY-IVE-JIHYO-LISA-NMIXX-STRAYKIDS-ZEROBASEONE-TXT HTTP/2.0" 200 21584 "-" "Mozilla/5.0 AppleWebKit/537.36 (KHTML, like Gecko; compatible; bingbot/2.0; +http://www.bing.com/bingbot.htm) Chrome/116.0.1938.76 Safari/537.36"
40.77.167.74 - - [13/Oct/2025:05:15:37 +0200] "GET /bg/13-artisti?q=%D0%9A%D0%B0%D1%82%D0%B5%D0%B3%D0%BE%D1%80%D0%B8%D0%B8-ATEEZ-BABYMONSTER-BLACKPINK-BOYNEXTDOOR-ENHYPEN-GOT+THE+BEAT-ILLIT-IVE-JIHYO-LISA+%28BLACKPINK%29-NEW+JEANS-RIIZE-ROSE+%28BLACKPINK%29-STAYC-TREASURE-TWICE-WayV-ZEROBASEONE-LE+SSERAFIM HTTP/2.0" 200 21682 "-" "Mozilla/5.0 AppleWebKit/537.36 (KHTML, like Gecko; compatible; bingbot/2.0; +http://www.bing.com/bingbot.htm) Chrome/116.0.1938.76 Safari/537.36"
217.113.194.106 - - [13/Oct/2025:05:15:46 +0200] "GET /en/13-artist?order=product.price.asc&q=Categories-TWICE-NMIXX&page=20 HTTP/1.1" 200 18192 "-" "Mozilla/5.0 (compatible; Barkrowler/0.9; +https://babbar.tech/crawler)"
40.77.167.78 - - [13/Oct/2025:05:15:59 +0200] "GET /en/13-artist?q=Categories-AESPA-Agust+D+%28BTS%29-BABYMONSTER-BOYNEXTDOOR-ENHYPEN-ILLIT-ITZY-JIHYO-NAYEON+%28TWICE%29-NMIXX-RED+VELVET-STAYC-STRAYKIDS-THE+BOYZ-TXT-WayV-ZEROBASEONE HTTP/2.0" 200 19959 "-" "Mozilla/5.0 AppleWebKit/537.36 (KHTML, like Gecko; compatible; bingbot/2.0; +http://www.bing.com/bingbot.htm) Chrome/116.0.1938.76 Safari/537.36"
217.113.194.224 - - [13/Oct/2025:05:16:03 +0200] "GET /en/13-artist?order=product.price.asc&q=Categories-ITZY-Kep1er&page=2 HTTP/1.1" 200 20049 "-" "Mozilla/5.0 (compatible; Barkrowler/0.9; +https://babbar.tech/crawler)"
114.119.158.94 - - [13/Oct/2025:05:16:10 +0200] "GET /en/2-nachalo?order=product.price.asc&q=Categories-ALBUM/Availability-In%2Bstock&page=4 HTTP/1.1" 200 16176 "https://kpopbg.com/en/2-nachalo?order=product.price.asc&q=Categories-ALBUM/Availability-In%2Bstock&page=4" "Mozilla/5.0 (Linux; Android 7.0;) AppleWebKit/537.36 (KHTML, like Gecko) Mobile Safari/537.36 (compatible; PetalBot;+https://webmaster.petalsearch.com/site/petalbot)"
47.128.99.247 - - [13/Oct/2025:05:16:14 +0200] "GET /bg/13-artisti?SubmitCurrency=1&id_currency=3&q=%D0%9A%D0%B0%D1%82%D0%B5%D0%B3%D0%BE%D1%80%D0%B8%D0%B8-BLACKPINK-GOT+THE+BEAT-LE+SSERAFIM HTTP/2.0" 200 21427 "-" "Mozilla/5.0 (compatible; Bytespider; spider-feedback@bytedance.com) AppleWebKit/537.36 (KHTML, like Gecko) Chrome/70.0.0.0 Safari/537.36"
57.141.4.2 - - [13/Oct/2025:05:16:19 +0200] "GET /bg/18-enhypen HTTP/2.0" 200 125117 "-" "meta-externalagent/1.1 (+https://developers.facebook.com/docs/sharing/webmasters/crawler)"
157.55.39.7 - - [13/Oct/2025:05:16:20 +0200] "GET /bg/13-artisti?q=%D0%9A%D0%B0%D1%82%D0%B5%D0%B3%D0%BE%D1%80%D0%B8%D0%B8-ATEEZ-BABYMONSTER-BLACKPINK-BOYNEXTDOOR-ENHYPEN-GOT+THE+BEAT-ILLIT-ITZY-IVE-LE+SSERAFIM-LISA-NMIXX-RIIZE-SEVENTEEN-STAYC-STRAYKIDS-TWICE-WayV-ZEROBASEONE-BTS HTTP/2.0" 200 21648 "-" "Mozilla/5.0 AppleWebKit/537.36 (KHTML, like Gecko; compatible; bingbot/2.0; +http://www.bing.com/bingbot.htm) Chrome/116.0.1938.76 Safari/537.36"
217.113.194.107 - - [13/Oct/2025:05:16:20 +0200] "GET /en/13-artist?order=product.price.asc&q=Categories-ITZY-Kep1er&page=3 HTTP/1.1" 200 19795 "-" "Mozilla/5.0 (compatible; Barkrowler/0.9; +https://babbar.tech/crawler)"
40.77.167.78 - - [13/Oct/2025:05:16:29 +0200] "GET /bg/13-artisti?q=%D0%9A%D0%B0%D1%82%D0%B5%D0%B3%D0%BE%D1%80%D0%B8%D0%B8-ATEEZ-BABYMONSTER-BLACKPINK-BOYNEXTDOOR-ENHYPEN-GOT+THE+BEAT-ILLIT-IVE-JENNIE+%28BLACKPINK%29-Kep1er-NEW+JEANS-RIIZE-ROSE+%28BLACKPINK%29-STRAYKIDS-TREASURE-TWICE-TXT-WayV-ZEROBASEONE HTTP/2.0" 200 21662 "-" "Mozilla/5.0 AppleWebKit/537.36 (KHTML, like Gecko; compatible; bingbot/2.0; +http://www.bing.com/bingbot.htm) Chrome/116.0.1938.76 Safari/537.36"
54.85.7.119 - - [13/Oct/2025:05:16:35 +0200] "GET /en/2-nachalo?order=product.reference.asc&page=5 HTTP/1.1" 200 16072 "-" "Mozilla/5.0 AppleWebKit/537.36 (KHTML, like Gecko; compatible; Amazonbot/0.1; +https://developer.amazon.com/support/amazonbot) Chrome/119.0.6045.214 Safari/537.36"
217.113.194.111 - - [13/Oct/2025:05:16:37 +0200] "GET /en/13-artist?order=product.price.asc&q=Categories-ITZY-Kep1er&page=20 HTTP/1.1" 200 18200 "-" "Mozilla/5.0 (compatible; Barkrowler/0.9; +https://babbar.tech/crawler)"
217.113.194.223 - - [13/Oct/2025:05:16:55 +0200] "GET /en/13-artist?order=product.price.asc&q=Categories-ITZY-RIIZE&page=4 HTTP/1.1" 200 19899 "-" "Mozilla/5.0 (compatible; Barkrowler/0.9; +https://babbar.tech/crawler)"
47.128.50.200 - - [13/Oct/2025:05:17:03 +0200] "GET /en/13-artist?order=product.reference.asc&q=Categories-LISA+%28BLACKPINK%29-V+%28BTS%29 HTTP/2.0" 200 19794 "-" "Mozilla/5.0 (compatible; Bytespider; spider-feedback@bytedance.com) AppleWebKit/537.36 (KHTML, like Gecko) Chrome/70.0.0.0 Safari/537.36"
217.113.194.106 - - [13/Oct/2025:05:17:12 +0200] "GET /en/13-artist?order=product.price.asc&q=Categories-ITZY-RIIZE&page=19 HTTP/1.1" 200 20216 "-" "Mozilla/5.0 (compatible; Barkrowler/0.9; +https://babbar.tech/crawler)"
40.77.167.78 - - [13/Oct/2025:05:17:20 +0200] "GET /bg/13-artisti?q=%D0%9A%D0%B0%D1%82%D0%B5%D0%B3%D0%BE%D1%80%D0%B8%D0%B8-AESPA-ATEEZ-BABYMONSTER-BLACKPINK-BOYNEXTDOOR-ENHYPEN-GOT+THE+BEAT-ILLIT-ITZY-JIHYO-KAI-LISA-NMIXX-STRAYKIDS-TXT-P1Harmony HTTP/2.0" 200 21504 "-" "Mozilla/5.0 AppleWebKit/537.36 (KHTML, like Gecko; compatible; bingbot/2.0; +http://www.bing.com/bingbot.htm) Chrome/116.0.1938.76 Safari/537.36"
217.113.194.104 - - [13/Oct/2025:05:17:30 +0200] "GET /en/13-artist?order=product.price.asc&q=Categories-ITZY-RIIZE&page=18 HTTP/1.1" 200 19962 "-" "Mozilla/5.0 (compatible; Barkrowler/0.9; +https://babbar.tech/crawler)"
114.119.158.94 - - [13/Oct/2025:05:17:31 +0200] "GET /en/13-artist?q=Categories-STRAYKIDS-TWICE-TXT-NEW%2BJEANS&order=product.price.asc&page=3 HTTP/1.1" 200 19886 "https://kpopbg.com/en/13-artist?q=Categories-STRAYKIDS-TWICE-TXT-NEW%2BJEANS&order=product.price.asc&page=3" "Mozilla/5.0 (Linux; Android 7.0;) AppleWebKit/537.36 (KHTML, like Gecko) Mobile Safari/537.36 (compatible; PetalBot;+https://webmaster.petalsearch.com/site/petalbot)"
157.55.39.7 - - [13/Oct/2025:05:17:41 +0200] "GET /bg/13-artisti?q=%D0%9A%D0%B0%D1%82%D0%B5%D0%B3%D0%BE%D1%80%D0%B8%D0%B8-AESPA-ATEEZ-BABYMONSTER-BLACKPINK-BOYNEXTDOOR-ENHYPEN-GOT+THE+BEAT-ITZY-IVE-JIHYO-LISA-NMIXX-RIIZE-SEVENTEEN-STAYC-STRAYKIDS-TREASURE-TWICE-WayV-ZEROBASEONE-ILLIT HTTP/2.0" 200 21625 "-" "Mozilla/5.0 AppleWebKit/537.36 (KHTML, like Gecko; compatible; bingbot/2.0; +http://www.bing.com/bingbot.htm) Chrome/116.0.1938.76 Safari/537.36"
217.113.194.106 - - [13/Oct/2025:05:17:48 +0200] "GET /en/13-artist?order=product.price.asc&q=Categories-XDINARY+HEROES&page=4 HTTP/1.1" 200 19902 "-" "Mozilla/5.0 (compatible; Barkrowler/0.9; +https://babbar.tech/crawler)"
47.128.41.42 - - [13/Oct/2025:05:17:52 +0200] "GET /bg/13-artisti?SubmitCurrency=1&id_currency=1&order=product.sales.desc&q=%D0%9A%D0%B0%D1%82%D0%B5%D0%B3%D0%BE%D1%80%D0%B8%D0%B8-ITZY-JUNG+KOOK+%28BTS%29-NCT-NMIXX-STAYC-TREASURE-TXT-LE+SSERAFIM HTTP/2.0" 200 17618 "-" "Mozilla/5.0 (compatible; Bytespider; spider-feedback@bytedance.com) AppleWebKit/537.36 (KHTML, like Gecko) Chrome/70.0.0.0 Safari/537.36"
217.113.194.102 - - [13/Oct/2025:05:18:06 +0200] "GET /en/13-artist?order=product.price.asc&q=Categories-XDINARY+HEROES&page=19 HTTP/1.1" 200 20237 "-" "Mozilla/5.0 (compatible; Barkrowler/0.9; +https://babbar.tech/crawler)"
217.113.194.247 - - [13/Oct/2025:05:18:25 +0200] "GET /en/13-artist?order=product.price.asc&q=Categories-XDINARY+HEROES&page=18 HTTP/1.1" 200 19970 "-" "Mozilla/5.0 (compatible; Barkrowler/0.9; +https://babbar.tech/crawler)"
40.77.167.5 - - [13/Oct/2025:05:18:26 +0200] "GET /bg/13-artisti?q=%D0%9A%D0%B0%D1%82%D0%B5%D0%B3%D0%BE%D1%80%D0%B8%D0%B8-AESPA-ATEEZ-BLACKPINK-BTS-ENHYPEN-GOT+THE+BEAT-ITZY-IVE-JISOO-JUNG+KOOK+%28BTS%29-KAI-LE+SSERAFIM-LISA-NCT-NCT+DREAM-STAYC-STRAYKIDS-TREASURE-TWICE-V+%28BTS%29-NEW+JEANS HTTP/2.0" 200 21669 "-" "Mozilla/5.0 AppleWebKit/537.36 (KHTML, like Gecko; compatible; bingbot/2.0; +http://www.bing.com/bingbot.htm) Chrome/116.0.1938.76 Safari/537.36"
40.77.167.5 - - [13/Oct/2025:05:18:27 +0200] "GET /bg/13-artisti?q=%D0%9A%D0%B0%D1%82%D0%B5%D0%B3%D0%BE%D1%80%D0%B8%D0%B8-BABYMONSTER-BLACKPINK-BOYNEXTDOOR-BTS-Dreamcatcher-ENHYPEN-ILLIT-ITZY-JIHYO-KAI-Kep1er-LISA-NMIXX-RIIZE-TREASURE-TWICE-TXT-ZEROBASEONE-LE+SSERAFIM HTTP/2.0" 200 21546 "-" "Mozilla/5.0 AppleWebKit/537.36 (KHTML, like Gecko; compatible; bingbot/2.0; +http://www.bing.com/bingbot.htm) Chrome/116.0.1938.76 Safari/537.36"
40.77.167.5 - - [13/Oct/2025:05:18:28 +0200] "GET /en/13-artist?q=Categories-%28G%29I%5C-DLE-ATEEZ-BABYMONSTER-BLACKPINK-BTS-ENHYPEN-ILLIT-ITZY-JIHYO-NCT+DREAM-NMIXX-P1Harmony-STAYC-STRAYKIDS-TWICE-V+%28BTS%29-xikers-ZEROBASEONE-KISS+OF+LIFE HTTP/2.0" 200 19956 "-" "Mozilla/5.0 AppleWebKit/537.36 (KHTML, like Gecko; compatible; bingbot/2.0; +http://www.bing.com/bingbot.htm) Chrome/116.0.1938.76 Safari/537.36"
40.77.167.5 - - [13/Oct/2025:05:18:29 +0200] "GET /bg/13-artisti?page=3 HTTP/2.0" 200 21238 "-" "Mozilla/5.0 AppleWebKit/537.36 (KHTML, like Gecko; compatible; bingbot/2.0; +http://www.bing.com/bingbot.htm) Chrome/116.0.1938.76 Safari/537.36"
40.77.167.78 - - [13/Oct/2025:05:18:29 +0200] "GET /bg/13-artisti?q=%D0%9A%D0%B0%D1%82%D0%B5%D0%B3%D0%BE%D1%80%D0%B8%D0%B8-ATEEZ-BABYMONSTER-BLACKPINK-BOYNEXTDOOR-BTS-ENHYPEN-GOT+THE+BEAT-ILLIT-IVE-JISOO+%28BLACKPINK%29-LISA+%28BLACKPINK%29-NMIXX-P1Harmony-RIIZE-ROSE+%28BLACKPINK%29-SEVENTEEN-STAYC-STRAYKIDS-TREASURE-TWICE-TXT-WayV-ZEROBASEONE-xikers&order=product.price.asc HTTP/2.0" 200 21775 "-" "Mozilla/5.0 AppleWebKit/537.36 (KHTML, like Gecko; compatible; bingbot/2.0; +http://www.bing.com/bingbot.htm) Chrome/116.0.1938.76 Safari/537.36"
40.77.167.78 - - [13/Oct/2025:05:18:30 +0200] "GET /bg/13-artisti?q=%D0%9A%D0%B0%D1%82%D0%B5%D0%B3%D0%BE%D1%80%D0%B8%D0%B8-AESPA-BABYMONSTER-BLACKPINK-BOYNEXTDOOR-Dreamcatcher-ENHYPEN-GOT+THE+BEAT-ILLIT-IVE-JIHYO-Kep1er-LISA-NMIXX-RIIZE-STRAYKIDS-TWICE-WayV-ZEROBASEONE-BTS HTTP/2.0" 200 21573 "-" "Mozilla/5.0 AppleWebKit/537.36 (KHTML, like Gecko; compatible; bingbot/2.0; +http://www.bing.com/bingbot.htm) Chrome/116.0.1938.76 Safari/537.36"
157.55.39.7 - - [13/Oct/2025:05:18:30 +0200] "GET /bg/13-artisti?q=%D0%9A%D0%B0%D1%82%D0%B5%D0%B3%D0%BE%D1%80%D0%B8%D0%B8-AESPA-ATEEZ-BABYMONSTER-BOYNEXTDOOR-Dreamcatcher-ENHYPEN-ILLIT-ITZY-IVE-JIHYO-LISA-NCT+DOYOUNG-NMIXX-RIIZE-ROSE+%28BLACKPINK%29-SEVENTEEN-STAYC-WayV HTTP/2.0" 200 21554 "-" "Mozilla/5.0 AppleWebKit/537.36 (KHTML, like Gecko; compatible; bingbot/2.0; +http://www.bing.com/bingbot.htm) Chrome/116.0.1938.76 Safari/537.36"
157.55.39.7 - - [13/Oct/2025:05:18:31 +0200] "GET /bg/13-artisti?q=%D0%9A%D0%B0%D1%82%D0%B5%D0%B3%D0%BE%D1%80%D0%B8%D0%B8-AESPA-BABYMONSTER-BLACKPINK-BOYNEXTDOOR-ENHYPEN-GOT+THE+BEAT-ILLIT-ITZY-KAI-LISA-NAYEON+%28TWICE%29-NMIXX-SEVENTEEN-ZEROBASEONE-ATEEZ HTTP/2.0" 200 21609 "-" "Mozilla/5.0 AppleWebKit/537.36 (KHTML, like Gecko; compatible; bingbot/2.0; +http://www.bing.com/bingbot.htm) Chrome/116.0.1938.76 Safari/537.36"
40.77.167.78 - - [13/Oct/2025:05:18:31 +0200] "GET /bg/13-artisti?q=%D0%9A%D0%B0%D1%82%D0%B5%D0%B3%D0%BE%D1%80%D0%B8%D0%B8-AESPA-BABYMONSTER-BOYNEXTDOOR-ENHYPEN-ILLIT-ITZY-JIHYO-KAI-LE+SSERAFIM-LISA-NAYEON+%28TWICE%29-NCT+127-NCT+DREAM-NMIXX-RIIZE-SEVENTEEN-THE+BOYZ-TWICE-WayV-ZEROBASEONE-Kep1er&page=3 HTTP/2.0" 200 21815 "-" "Mozilla/5.0 AppleWebKit/537.36 (KHTML, like Gecko; compatible; bingbot/2.0; +http://www.bing.com/bingbot.htm) Chrome/116.0.1938.76 Safari/537.36"
157.55.39.7 - - [13/Oct/2025:05:18:32 +0200] "GET /bg/13-artisti?q=%D0%9A%D0%B0%D1%82%D0%B5%D0%B3%D0%BE%D1%80%D0%B8%D0%B8-ATEEZ-BABYMONSTER-BOYNEXTDOOR-ENHYPEN-GOT+THE+BEAT-ILLIT-IVE-JIHYO-LISA+%28BLACKPINK%29-NEW+JEANS-NMIXX-RIIZE-SEVENTEEN-TREASURE-TWICE-WayV-ZEROBASEONE-V+%28BTS%29 HTTP/2.0" 200 21655 "-" "Mozilla/5.0 AppleWebKit/537.36 (KHTML, like Gecko; compatible; bingbot/2.0; +http://www.bing.com/bingbot.htm) Chrome/116.0.1938.76 Safari/537.36"
157.55.39.7 - - [13/Oct/2025:05:18:33 +0200] "GET /bg/13-artisti?q=%D0%9A%D0%B0%D1%82%D0%B5%D0%B3%D0%BE%D1%80%D0%B8%D0%B8-AESPA-BABYMONSTER-BLACKPINK-BOYNEXTDOOR-Dreamcatcher-ENHYPEN-ILLIT-ITZY-LE+SSERAFIM-LISA-NCT+DREAM-P1Harmony-RIIZE-SEVENTEEN-STAYC-STRAYKIDS-TXT-WayV-ZEROBASEONE-YEJI+%28ITZY%29 HTTP/2.0" 200 21685 "-" "Mozilla/5.0 AppleWebKit/537.36 (KHTML, like Gecko; compatible; bingbot/2.0; +http://www.bing.com/bingbot.htm) Chrome/116.0.1938.76 Safari/537.36"
47.128.119.222 - - [13/Oct/2025:05:18:40 +0200] "GET /bg/13-artisti?order=product.position.asc&q=%D0%9A%D0%B0%D1%82%D0%B5%D0%B3%D0%BE%D1%80%D0%B8%D0%B8-AESPA-Agust+D+%28BTS%29-BTS-ITZY-KAI-LISA-STAYC-TREASURE-TXT-ATEEZ HTTP/2.0" 200 21190 "-" "Mozilla/5.0 (compatible; Bytespider; spider-feedback@bytedance.com) AppleWebKit/537.36 (KHTML, like Gecko) Chrome/70.0.0.0 Safari/537.36"
217.113.194.224 - - [13/Oct/2025:05:18:43 +0200] "GET /en/13-artist?order=product.price.asc&q=Categories-WayV-P1Harmony&page=20 HTTP/1.1" 200 18188 "-" "Mozilla/5.0 (compatible; Barkrowler/0.9; +https://babbar.tech/crawler)"
40.77.167.5 - - [13/Oct/2025:05:18:45 +0200] "GET /bg/13-artisti?q=%D0%9A%D0%B0%D1%82%D0%B5%D0%B3%D0%BE%D1%80%D0%B8%D0%B8-AESPA-BABYMONSTER-BLACKPINK-BOYNEXTDOOR-ENHYPEN-ILLIT-ITZY-KAI-NAYEON+%28TWICE%29-NMIXX-RIIZE-SEVENTEEN-STAYC-STRAYKIDS-TREASURE-TWICE-WayV-ZEROBASEONE-LISA HTTP/2.0" 200 21641 "-" "Mozilla/5.0 AppleWebKit/537.36 (KHTML, like Gecko; compatible; bingbot/2.0; +http://www.bing.com/bingbot.htm) Chrome/116.0.1938.76 Safari/537.36"
40.77.167.16 - - [13/Oct/2025:05:18:49 +0200] "GET /bg/13-artisti?q=%D0%9A%D0%B0%D1%82%D0%B5%D0%B3%D0%BE%D1%80%D0%B8%D0%B8-ASTRO-ATEEZ-BTS-ENHYPEN-GOT+THE+BEAT-ITZY-JIHYO-KAI-LISA-NCT-NEW+JEANS-NMIXX-STRAYKIDS-TREASURE-TWICE-V+%28BTS%29 HTTP/2.0" 200 21519 "-" "Mozilla/5.0 AppleWebKit/537.36 (KHTML, like Gecko; compatible; bingbot/2.0; +http://www.bing.com/bingbot.htm) Chrome/116.0.1938.76 Safari/537.36"
40.77.167.16 - - [13/Oct/2025:05:18:50 +0200] "GET /bg/13-artisti?q=%D0%9A%D0%B0%D1%82%D0%B5%D0%B3%D0%BE%D1%80%D0%B8%D0%B8-AESPA-ATEEZ-BOYNEXTDOOR-ENHYPEN-ILLIT-JIHYO-Kep1er-LE+SSERAFIM-LISA-NMIXX-RIIZE-SEVENTEEN-TWICE-TXT-WayV-ZEROBASEONE-CHA+EUN+WOO+%28ASTRO%29 HTTP/2.0" 200 21581 "-" "Mozilla/5.0 AppleWebKit/537.36 (KHTML, like Gecko; compatible; bingbot/2.0; +http://www.bing.com/bingbot.htm) Chrome/116.0.1938.76 Safari/537.36"
157.55.39.7 - - [13/Oct/2025:05:18:50 +0200] "GET /bg/13-artisti?q=%D0%9A%D0%B0%D1%82%D0%B5%D0%B3%D0%BE%D1%80%D0%B8%D0%B8-ATEEZ-BOYNEXTDOOR-ENHYPEN-ILLIT-IVE-JIHYO-Kep1er-LE+SSERAFIM-LISA-NMIXX-RIIZE-SEVENTEEN-STAYC-TREASURE-TWICE-TXT-WayV-ZEROBASEONE HTTP/2.0" 200 21523 "-" "Mozilla/5.0 AppleWebKit/537.36 (KHTML, like Gecko; compatible; bingbot/2.0; +http://www.bing.com/bingbot.htm) Chrome/116.0.1938.76 Safari/537.36"
157.55.39.7 - - [13/Oct/2025:05:18:51 +0200] "GET /bg/13-artisti?q=%D0%9A%D0%B0%D1%82%D0%B5%D0%B3%D0%BE%D1%80%D0%B8%D0%B8-AESPA-ATEEZ-BABYMONSTER-BLACKPINK-BOYNEXTDOOR-BTS-ENHYPEN-GOT+THE+BEAT-ILLIT-IVE-JIHYO-LISA-NCT+DOYOUNG-NMIXX-RIIZE-SEVENTEEN-STAYC-TWICE-TXT-WayV-ZEROBASEONE-CHA+EUN+WOO+%28ASTRO%29 HTTP/2.0" 200 21684 "-" "Mozilla/5.0 AppleWebKit/537.36 (KHTML, like Gecko; compatible; bingbot/2.0; +http://www.bing.com/bingbot.htm) Chrome/116.0.1938.76 Safari/537.36"
114.119.151.63 - - [13/Oct/2025:05:18:55 +0200] "GET /en/13-artist?q=Categories-STAYC-STRAYKIDS-TXT-(G)I%5C-DLE&page=2 HTTP/1.1" 200 19867 "https://kpopbg.com/en/13-artist?q=Categories-STAYC-STRAYKIDS-TXT-(G)I%5C-DLE&page=2" "Mozilla/5.0 (Linux; Android 7.0;) AppleWebKit/537.36 (KHTML, like Gecko) Mobile Safari/537.36 (compatible; PetalBot;+https://webmaster.petalsearch.com/site/petalbot)"
40.77.167.5 - - [13/Oct/2025:05:18:55 +0200] "GET /bg/13-artisti?q=%D0%9A%D0%B0%D1%82%D0%B5%D0%B3%D0%BE%D1%80%D0%B8%D0%B8-AESPA-BABYMONSTER-BLACKPINK-ENHYPEN-ILLIT-ITZY-JIHYO-KAI-LISA-NAYEON+%28TWICE%29-NMIXX-SEVENTEEN-STAYC-TREASURE-TWICE-WayV-ZEROBASEONE-V+%28BTS%29 HTTP/2.0" 200 21571 "-" "Mozilla/5.0 AppleWebKit/537.36 (KHTML, like Gecko; compatible; bingbot/2.0; +http://www.bing.com/bingbot.htm) Chrome/116.0.1938.76 Safari/537.36"
217.113.194.224 - - [13/Oct/2025:05:19:00 +0200] "GET /en/13-artist?order=product.price.asc&q=Categories-WayV-P1Harmony&page=3 HTTP/1.1" 200 19805 "-" "Mozilla/5.0 (compatible; Barkrowler/0.9; +https://babbar.tech/crawler)"
217.113.194.102 - - [13/Oct/2025:05:19:17 +0200] "GET /en/13-artist?order=product.price.asc&q=Categories-TREASURE-RED+VELVET HTTP/1.1" 200 19797 "-" "Mozilla/5.0 (compatible; Barkrowler/0.9; +https://babbar.tech/crawler)"
157.55.39.7 - - [13/Oct/2025:05:19:20 +0200] "GET /bg/13-artisti?q=%D0%9A%D0%B0%D1%82%D0%B5%D0%B3%D0%BE%D1%80%D0%B8%D0%B8-AESPA-BLACKPINK-BTS-ENHYPEN-JISOO-KAI-NCT+DREAM-NMIXX-STAYC-TREASURE/%D0%9D%D0%B0%D0%BB%D0%B8%D1%87%D0%BD%D0%BE%D1%81%D1%82-%D0%92+%D0%BD%D0%B0%D0%BB%D0%B8%D1%87%D0%BD%D0%BE%D1%81%D1%82-%D0%9D%D1%8F%D0%BC%D0%B0+%D0%BD%D0%B0%D0%BB%D0%B8%D1%87%D0%BD%D0%BE%D1%81%D1%82 HTTP/2.0" 200 21666 "-" "Mozilla/5.0 AppleWebKit/537.36 (KHTML, like Gecko; compatible; bingbot/2.0; +http://www.bing.com/bingbot.htm) Chrome/116.0.1938.76 Safari/537.36"
47.128.45.103 - - [13/Oct/2025:05:19:29 +0200] "GET /bg/13-artisti?SubmitCurrency=1&id_currency=3&order=product.name.desc&q=%D0%9A%D0%B0%D1%82%D0%B5%D0%B3%D0%BE%D1%80%D0%B8%D0%B8-BTS-NMIXX-STAYC-TREASURE-LISA HTTP/2.0" 200 21585 "-" "Mozilla/5.0 (compatible; Bytespider; spider-feedback@bytedance.com) AppleWebKit/537.36 (KHTML, like Gecko) Chrome/70.0.0.0 Safari/537.36"
157.55.39.7 - - [13/Oct/2025:05:19:30 +0200] "GET /bg/13-artisti?q=%D0%9A%D0%B0%D1%82%D0%B5%D0%B3%D0%BE%D1%80%D0%B8%D0%B8-AESPA-BABYMONSTER-BLACKPINK-BOYNEXTDOOR-ENHYPEN-ILLIT-ITZY-JIHYO-JUNG+KOOK+%28BTS%29-Kep1er-LISA-NAYEON+%28TWICE%29-NCT+DOYOUNG-NCT+DREAM-NMIXX-TXT-WayV-ZEROBASEONE-ATEEZ HTTP/2.0" 200 21680 "-" "Mozilla/5.0 AppleWebKit/537.36 (KHTML, like Gecko; compatible; bingbot/2.0; +http://www.bing.com/bingbot.htm) Chrome/116.0.1938.76 Safari/537.36"
157.55.39.7 - - [13/Oct/2025:05:19:30 +0200] "GET /en/13-artist?q=Categories-AESPA-ATEEZ-BABYMONSTER-BLACKPINK-BOYNEXTDOOR-ENHYPEN-ILLIT-ITZY-LISA-NMIXX-STAYC-TWICE-TXT-ZEROBASEONE-JIMIN+%28BTS%29 HTTP/2.0" 200 19903 "-" "Mozilla/5.0 AppleWebKit/537.36 (KHTML, like Gecko; compatible; bingbot/2.0; +http://www.bing.com/bingbot.htm) Chrome/116.0.1938.76 Safari/537.36"
157.55.39.7 - - [13/Oct/2025:05:19:31 +0200] "GET /en/13-artist?q=%D0%9A%D0%B0%D1%82%D0%B5%D0%B3%D0%BE%D1%80%D0%B8%D0%B8-AESPA-BABYMONSTER-BLACKPINK-BOYNEXTDOOR-BTS-GOT+THE+BEAT-ILLIT-JIHYO-NMIXX-P1Harmony-STRAYKIDS-TWICE-WayV-ZEROBASEONE&order=product.name.asc&page=3 HTTP/2.0" 200 19882 "-" "Mozilla/5.0 AppleWebKit/537.36 (KHTML, like Gecko; compatible; bingbot/2.0; +http://www.bing.com/bingbot.htm) Chrome/116.0.1938.76 Safari/537.36"
217.113.194.111 - - [13/Oct/2025:05:19:35 +0200] "GET /en/13-artist?order=product.price.asc&q=Categories-IVE-TWICE-TXT&page=2 HTTP/1.1" 200 20058 "-" "Mozilla/5.0 (compatible; Barkrowler/0.9; +https://babbar.tech/crawler)"
40.77.167.5 - - [13/Oct/2025:05:19:39 +0200] "GET /en/13-artist?q=Categories-AESPA-Agust+D+%28BTS%29-BABYMONSTER-BLACKPINK-BOYNEXTDOOR-ENHYPEN-ILLIT-JUNG+KOOK+%28BTS%29-NCT+DOYOUNG-NCT+DREAM-NMIXX-P1Harmony-SEVENTEEN-V+%28BTS%29-ZEROBASEONE-BTS HTTP/2.0" 200 19959 "-" "Mozilla/5.0 AppleWebKit/537.36 (KHTML, like Gecko; compatible; bingbot/2.0; +http://www.bing.com/bingbot.htm) Chrome/116.0.1938.76 Safari/537.36"
40.77.167.5 - - [13/Oct/2025:05:19:46 +0200] "GET /bg/13-artisti?q=%D0%9A%D0%B0%D1%82%D0%B5%D0%B3%D0%BE%D1%80%D0%B8%D0%B8-AESPA-BABYMONSTER-BLACKPINK-BOYNEXTDOOR-ENHYPEN-GOT+THE+BEAT-ILLIT-JIHYO-LISA-NAYEON+%28TWICE%29-NMIXX-RIIZE-STRAYKIDS-TREASURE-TWICE-WayV-ZEROBASEONE-NCT+WISH HTTP/2.0" 200 21660 "-" "Mozilla/5.0 AppleWebKit/537.36 (KHTML, like Gecko; compatible; bingbot/2.0; +http://www.bing.com/bingbot.htm) Chrome/116.0.1938.76 Safari/537.36"
217.113.194.108 - - [13/Oct/2025:05:19:52 +0200] "GET /en/13-artist?q=%D0%9A%D0%B0%D1%82%D0%B5%D0%B3%D0%BE%D1%80%D0%B8%D0%B8-Kep1er-TXT&page=19 HTTP/1.1" 200 19917 "-" "Mozilla/5.0 (compatible; Barkrowler/0.9; +https://babbar.tech/crawler)"
40.77.167.5 - - [13/Oct/2025:05:20:06 +0200] "GET /en/13-artist?q=Categories-%28G%29I%5C-DLE-AESPA-BLACKPINK-BOYNEXTDOOR-ENHYPEN-ILLIT-ITZY-JIHYO-KAI-KISS+OF+LIFE-LISA-NCT+WISH-NMIXX-P1Harmony-RIIZE-SEVENTEEN-TXT-V+%28BTS%29-WayV-ZEROBASEONE HTTP/2.0" 200 19983 "-" "Mozilla/5.0 AppleWebKit/537.36 (KHTML, like Gecko; compatible; bingbot/2.0; +http://www.bing.com/bingbot.htm) Chrome/116.0.1938.76 Safari/537.36"
40.77.167.5 - - [13/Oct/2025:05:20:07 +0200] "GET /bg/13-artisti?q=%D0%9A%D0%B0%D1%82%D0%B5%D0%B3%D0%BE%D1%80%D0%B8%D0%B8-AESPA-BLACKPINK-ENHYPEN-JISOO-NCT-NEW+JEANS-TWICE/%D0%9C%D0%B0%D1%80%D0%BA%D0%B0-SM+Entertainment&page=20 HTTP/2.0" 200 19875 "-" "Mozilla/5.0 AppleWebKit/537.36 (KHTML, like Gecko; compatible; bingbot/2.0; +http://www.bing.com/bingbot.htm) Chrome/116.0.1938.76 Safari/537.36"
154.54.249.203 - - [13/Oct/2025:05:20:08 +0200] "GET /en/13-artist?q=%D0%9A%D0%B0%D1%82%D0%B5%D0%B3%D0%BE%D1%80%D0%B8%D0%B8-Kep1er-TXT&page=18 HTTP/1.1" 200 19904 "-" "Mozilla/5.0 (compatible; Barkrowler/0.9; +https://babbar.tech/crawler)"
89.25.83.168 - - [13/Oct/2025:05:20:17 +0200] "GET //mails/themes/modern/assets/baseline-local_shipping-24px.png HTTP/2.0" 200 343 "-" "Mozilla/5.0 (Linux; Android 15; 2211133G Build/AQ3A.240912.001; wv) AppleWebKit/537.36 (KHTML, like Gecko) Version/4.0 Chrome/140.0.7339.207 Mobile Safari/537.36"
89.25.83.168 - - [13/Oct/2025:05:20:17 +0200] "GET //mails/themes/modern/assets/baseline-location_on-24px.png HTTP/2.0" 200 361 "-" "Mozilla/5.0 (Linux; Android 15; 2211133G Build/AQ3A.240912.001; wv) AppleWebKit/537.36 (KHTML, like Gecko) Version/4.0 Chrome/140.0.7339.207 Mobile Safari/537.36"
89.25.83.168 - - [13/Oct/2025:05:20:17 +0200] "GET //mails/themes/modern/assets/baseline-credit_card-24px.png HTTP/2.0" 200 240 "-" "Mozilla/5.0 (Linux; Android 15; 2211133G Build/AQ3A.240912.001; wv) AppleWebKit/537.36 (KHTML, like Gecko) Version/4.0 Chrome/140.0.7339.207 Mobile Safari/537.36"
47.128.120.76 - - [13/Oct/2025:05:20:18 +0200] "GET /bg/13-artisti?q=%D0%9A%D0%B0%D1%82%D0%B5%D0%B3%D0%BE%D1%80%D0%B8%D0%B8-ASTRO-ITZY-JIMIN+%28BTS%29-NCT+DREAM-NEW+JEANS-TWICE-V+%28BTS%29-NMIXX HTTP/2.0" 200 21428 "-" "Mozilla/5.0 (compatible; Bytespider; spider-feedback@bytedance.com) AppleWebKit/537.36 (KHTML, like Gecko) Chrome/70.0.0.0 Safari/537.36"
40.77.167.16 - - [13/Oct/2025:05:20:18 +0200] "GET /bg/13-artisti?q=%D0%9A%D0%B0%D1%82%D0%B5%D0%B3%D0%BE%D1%80%D0%B8%D0%B8-AESPA-ASTRO-BABYMONSTER-BLACKPINK-BOYNEXTDOOR-ENHYPEN-GOT+THE+BEAT-ILLIT-ITZY-JIHYO-KAI-LISA-NMIXX-SEVENTEEN-STAYC-STRAYKIDS-TREASURE-TXT-ZEROBASEONE-IVE HTTP/2.0" 200 21560 "-" "Mozilla/5.0 AppleWebKit/537.36 (KHTML, like Gecko; compatible; bingbot/2.0; +http://www.bing.com/bingbot.htm) Chrome/116.0.1938.76 Safari/537.36"
114.119.136.175 - - [13/Oct/2025:05:20:19 +0200] "GET /en/13-artist?q=Categories-STAYC-STRAYKIDS-TWICE-JENNIE%2B(BLACKPINK)&order=product.position.asc&page=3 HTTP/1.1" 200 19885 "https://kpopbg.com/en/13-artist?q=Categories-STAYC-STRAYKIDS-TWICE-JENNIE%2B(BLACKPINK)&order=product.position.asc&page=3" "Mozilla/5.0 (Linux; Android 7.0;) AppleWebKit/537.36 (KHTML, like Gecko) Mobile Safari/537.36 (compatible; PetalBot;+https://webmaster.petalsearch.com/site/petalbot)"
217.113.194.106 - - [13/Oct/2025:05:20:25 +0200] "GET /en/13-artist?q=%D0%9A%D0%B0%D1%82%D0%B5%D0%B3%D0%BE%D1%80%D0%B8%D0%B8-STRAYKIDS-BTS&page=19 HTTP/1.1" 200 19920 "-" "Mozilla/5.0 (compatible; Barkrowler/0.9; +https://babbar.tech/crawler)"
40.77.167.5 - - [13/Oct/2025:05:20:26 +0200] "GET /bg/13-artisti?q=%D0%9A%D0%B0%D1%82%D0%B5%D0%B3%D0%BE%D1%80%D0%B8%D0%B8-AESPA-ATEEZ-BABYMONSTER-BLACKPINK-BTS-ENHYPEN-ILLIT-ITZY-JIHYO-KAI-Kep1er-LISA-NAYEON+%28TWICE%29-NMIXX-RIIZE-SEVENTEEN-STRAYKIDS-TREASURE-TXT-xikers-ZEROBASEONE-NCT+WISH HTTP/2.0" 200 21655 "-" "Mozilla/5.0 AppleWebKit/537.36 (KHTML, like Gecko; compatible; bingbot/2.0; +http://www.bing.com/bingbot.htm) Chrome/116.0.1938.76 Safari/537.36"
40.77.167.5 - - [13/Oct/2025:05:20:27 +0200] "GET /bg/13-artisti?q=%D0%9A%D0%B0%D1%82%D0%B5%D0%B3%D0%BE%D1%80%D0%B8%D0%B8-ATEEZ-BABYMONSTER-BLACKPINK-BOYNEXTDOOR-BTS-ENHYPEN-GOT+THE+BEAT-ILLIT-IVE-JIHYO-Kep1er-LISA+%28BLACKPINK%29-NMIXX-RIIZE-ROSE+%28BLACKPINK%29-STAYC-TWICE-WayV-ZEROBASEONE-ITZY&order=product.position.asc HTTP/2.0" 200 21369 "-" "Mozilla/5.0 AppleWebKit/537.36 (KHTML, like Gecko; compatible; bingbot/2.0; +http://www.bing.com/bingbot.htm) Chrome/116.0.1938.76 Safari/537.36"
40.77.167.5 - - [13/Oct/2025:05:20:36 +0200] "GET /bg/13-artisti?q=%D0%9A%D0%B0%D1%82%D0%B5%D0%B3%D0%BE%D1%80%D0%B8%D0%B8-AESPA-ATEEZ-BABYMONSTER-BLACKPINK-BTS-ENHYPEN-ILLIT-ITZY-JIHYO-KAI-Kep1er-LISA-NMIXX-SEVENTEEN-TREASURE-TWICE-TXT-WayV-ZEROBASEONE-STRAYKIDS HTTP/2.0" 200 21531 "-" "Mozilla/5.0 AppleWebKit/537.36 (KHTML, like Gecko; compatible; bingbot/2.0; +http://www.bing.com/bingbot.htm) Chrome/116.0.1938.76 Safari/537.36"
40.77.167.5 - - [13/Oct/2025:05:20:37 +0200] "GET /bg/13-artisti?q=%D0%9A%D0%B0%D1%82%D0%B5%D0%B3%D0%BE%D1%80%D0%B8%D0%B8-ATEEZ-BABYMONSTER-BOYNEXTDOOR-ENHYPEN-GOT+THE+BEAT-ILLIT-IVE-JIHYO-JISOO+%28BLACKPINK%29-LISA+%28BLACKPINK%29-NEW+JEANS-NMIXX-RIIZE-TREASURE-TWICE-WayV-ZEROBASEONE&order=product.name.asc HTTP/2.0" 200 21361 "-" "Mozilla/5.0 AppleWebKit/537.36 (KHTML, like Gecko; compatible; bingbot/2.0; +http://www.bing.com/bingbot.htm) Chrome/116.0.1938.76 Safari/537.36"
40.77.167.5 - - [13/Oct/2025:05:20:38 +0200] "GET /bg/13-artisti?q=%D0%9A%D0%B0%D1%82%D0%B5%D0%B3%D0%BE%D1%80%D0%B8%D0%B8-AESPA-BABYMONSTER-BTS-ENHYPEN-ITZY-KAI-LE+SSERAFIM-LISA-NMIXX-STRAYKIDS-THE+BOYZ-TREASURE-TWICE-NCT+127 HTTP/2.0" 200 21495 "-" "Mozilla/5.0 AppleWebKit/537.36 (KHTML, like Gecko; compatible; bingbot/2.0; +http://www.bing.com/bingbot.htm) Chrome/116.0.1938.76 Safari/537.36"
40.77.167.5 - - [13/Oct/2025:05:20:38 +0200] "GET /en/13-artist?q=Categories-BLACKPINK-BOYNEXTDOOR-LE+SSERAFIM-NMIXX-xikers&order=product.sales.desc HTTP/2.0" 200 16028 "-" "Mozilla/5.0 AppleWebKit/537.36 (KHTML, like Gecko; compatible; bingbot/2.0; +http://www.bing.com/bingbot.htm) Chrome/116.0.1938.76 Safari/537.36"
157.55.39.7 - - [13/Oct/2025:05:20:41 +0200] "GET /bg/13-artisti?q=%D0%9A%D0%B0%D1%82%D0%B5%D0%B3%D0%BE%D1%80%D0%B8%D0%B8-AESPA-BLACKPINK-BTS-ENHYPEN-JISOO-NCT+127-NCT+DREAM-NMIXX-TWICE-ITZY/%D0%9D%D0%B0%D0%BB%D0%B8%D1%87%D0%BD%D0%BE%D1%81%D1%82-%D0%92+%D0%BD%D0%B0%D0%BB%D0%B8%D1%87%D0%BD%D0%BE%D1%81%D1%82 HTTP/2.0" 200 21602 "-" "Mozilla/5.0 AppleWebKit/537.36 (KHTML, like Gecko; compatible; bingbot/2.0; +http://www.bing.com/bingbot.htm) Chrome/116.0.1938.76 Safari/537.36"
217.113.194.103 - - [13/Oct/2025:05:20:44 +0200] "GET /en/13-artist?q=%D0%9A%D0%B0%D1%82%D0%B5%D0%B3%D0%BE%D1%80%D0%B8%D0%B8-STRAYKIDS-BTS&page=18 HTTP/1.1" 200 19913 "-" "Mozilla/5.0 (compatible; Barkrowler/0.9; +https://babbar.tech/crawler)"
40.77.167.16 - - [13/Oct/2025:05:20:49 +0200] "GET /bg/13-artisti?q=%D0%9A%D0%B0%D1%82%D0%B5%D0%B3%D0%BE%D1%80%D0%B8%D0%B8-AESPA-ASTRO-BABYMONSTER-BLACKPINK-BTS-ENHYPEN-ILLIT-KAI-LISA-NMIXX-SEVENTEEN-STRAYKIDS-ZEROBASEONE-LE+SSERAFIM HTTP/2.0" 200 21478 "-" "Mozilla/5.0 AppleWebKit/537.36 (KHTML, like Gecko; compatible; bingbot/2.0; +http://www.bing.com/bingbot.htm) Chrome/116.0.1938.76 Safari/537.36"
40.77.167.5 - - [13/Oct/2025:05:20:56 +0200] "GET /en/13-artist?q=%D0%9A%D0%B0%D1%82%D0%B5%D0%B3%D0%BE%D1%80%D0%B8%D0%B8-AESPA-BABYMONSTER-BLACKPINK-BOYNEXTDOOR-BTS-ENHYPEN-ILLIT-ITZY-IVE-JIHYO-LISA-NCT+DREAM-NCT+JAEHYUN-NMIXX-RIIZE-RM+%28BTS%29-SEVENTEEN-TXT-WayV-ZEROBASEONE-LE+SSERAFIM&page=18 HTTP/2.0" 200 20149 "-" "Mozilla/5.0 AppleWebKit/537.36 (KHTML, like Gecko; compatible; bingbot/2.0; +http://www.bing.com/bingbot.htm) Chrome/116.0.1938.76 Safari/537.36"
40.77.167.5 - - [13/Oct/2025:05:20:57 +0200] "GET /bg/13-artisti?q=%D0%9A%D0%B0%D1%82%D0%B5%D0%B3%D0%BE%D1%80%D0%B8%D0%B8-ATEEZ-BABYMONSTER-BLACKPINK-BOYNEXTDOOR-ENHYPEN-GOT+THE+BEAT-ILLIT-IVE-JENNIE+%28BLACKPINK%29-JIHYO-KISS+OF+LIFE-NAYEON+%28TWICE%29-RIIZE-SEVENTEEN-TXT-WayV-ZEROBASEONE-LISA+%28BLACKPINK%29 HTTP/2.0" 200 21681 "-" "Mozilla/5.0 AppleWebKit/537.36 (KHTML, like Gecko; compatible; bingbot/2.0; +http://www.bing.com/bingbot.htm) Chrome/116.0.1938.76 Safari/537.36"
40.77.167.16 - - [13/Oct/2025:05:20:59 +0200] "GET /bg/13-artisti?q=%D0%9A%D0%B0%D1%82%D0%B5%D0%B3%D0%BE%D1%80%D0%B8%D0%B8-AESPA-BABYMONSTER-BLACKPINK-BOYNEXTDOOR-GOT+THE+BEAT-ILLIT-JIHYO-Kep1er-LISA-NMIXX-RIIZE-STRAYKIDS-TWICE-WayV-ZEROBASEONE-ITZY HTTP/2.0" 200 21538 "-" "Mozilla/5.0 AppleWebKit/537.36 (KHTML, like Gecko; compatible; bingbot/2.0; +http://www.bing.com/bingbot.htm) Chrome/116.0.1938.76 Safari/537.36"
40.77.167.16 - - [13/Oct/2025:05:20:59 +0200] "GET /bg/13-artisti?q=%D0%9A%D0%B0%D1%82%D0%B5%D0%B3%D0%BE%D1%80%D0%B8%D0%B8-BABYMONSTER-BLACKPINK-BOYNEXTDOOR-ENHYPEN-GOT+THE+BEAT-ILLIT-ITZY-IVE-NEW+JEANS-NMIXX-RIIZE-ROSE+%28BLACKPINK%29-SEVENTEEN-STAYC-TWICE-TXT-WayV-ZEROBASEONE-xikers HTTP/2.0" 200 21622 "-" "Mozilla/5.0 AppleWebKit/537.36 (KHTML, like Gecko; compatible; bingbot/2.0; +http://www.bing.com/bingbot.htm) Chrome/116.0.1938.76 Safari/537.36"
217.113.194.110 - - [13/Oct/2025:05:21:01 +0200] "GET /en/13-artist?q=%D0%9A%D0%B0%D1%82%D0%B5%D0%B3%D0%BE%D1%80%D0%B8%D0%B8-STRAYKIDS-BTS&page=4 HTTP/1.1" 200 20054 "-" "Mozilla/5.0 (compatible; Barkrowler/0.9; +https://babbar.tech/crawler)"
207.46.13.168 - - [13/Oct/2025:05:21:01 +0200] "GET /bg/13-artisti?q=%D0%9A%D0%B0%D1%82%D0%B5%D0%B3%D0%BE%D1%80%D0%B8%D0%B8-AESPA-BABYMONSTER-BLACKPINK-BOYNEXTDOOR-ENHYPEN-ILLIT-ITZY-JIHYO-KAI-LISA-NEW+JEANS-NMIXX-RIIZE-TREASURE-TWICE-WayV-ZEROBASEONE-BTS HTTP/2.0" 200 21608 "-" "Mozilla/5.0 AppleWebKit/537.36 (KHTML, like Gecko; compatible; bingbot/2.0; +http://www.bing.com/bingbot.htm) Chrome/116.0.1938.76 Safari/537.36"
207.46.13.168 - - [13/Oct/2025:05:21:01 +0200] "GET /bg/13-artisti?q=%D0%9A%D0%B0%D1%82%D0%B5%D0%B3%D0%BE%D1%80%D0%B8%D0%B8-ATEEZ-BLACKPINK-BOYNEXTDOOR-ENHYPEN-GOT+THE+BEAT-ILLIT-IVE-JIHYO-KAI-LISA-NCT+127-NCT+DOYOUNG-NMIXX-RIIZE-SEVENTEEN-TWICE-WayV-ZEROBASEONE-YEJI+%28ITZY%29 HTTP/2.0" 200 21592 "-" "Mozilla/5.0 AppleWebKit/537.36 (KHTML, like Gecko; compatible; bingbot/2.0; +http://www.bing.com/bingbot.htm) Chrome/116.0.1938.76 Safari/537.36"
207.46.13.168 - - [13/Oct/2025:05:21:01 +0200] "GET /bg/13-artisti?q=%D0%9A%D0%B0%D1%82%D0%B5%D0%B3%D0%BE%D1%80%D0%B8%D0%B8-AESPA-ATEEZ-BABYMONSTER-BOYNEXTDOOR-ENHYPEN-GOT+THE+BEAT-ILLIT-JIHYO-LISA-NMIXX-RIIZE-STRAYKIDS-TWICE-WayV-ZEROBASEONE-ROSE+%28BLACKPINK%29 HTTP/2.0" 200 21550 "-" "Mozilla/5.0 AppleWebKit/537.36 (KHTML, like Gecko; compatible; bingbot/2.0; +http://www.bing.com/bingbot.htm) Chrome/116.0.1938.76 Safari/537.36"
207.46.13.168 - - [13/Oct/2025:05:21:02 +0200] "GET /bg/13-artisti?q=%D0%9A%D0%B0%D1%82%D0%B5%D0%B3%D0%BE%D1%80%D0%B8%D0%B8-AESPA-BLACKPINK-BTS-ENHYPEN-JIHYO-JISOO-NCT-NMIXX-STAYC-TWICE-ITZY/%D0%9D%D0%B0%D0%BB%D0%B8%D1%87%D0%BD%D0%BE%D1%81%D1%82-%D0%92+%D0%BD%D0%B0%D0%BB%D0%B8%D1%87%D0%BD%D0%BE%D1%81%D1%82-%D0%9D%D1%8F%D0%BC%D0%B0+%D0%BD%D0%B0%D0%BB%D0%B8%D1%87%D0%BD%D0%BE%D1%81%D1%82 HTTP/2.0" 200 21668 "-" "Mozilla/5.0 AppleWebKit/537.36 (KHTML, like Gecko; compatible; bingbot/2.0; +http://www.bing.com/bingbot.htm) Chrome/116.0.1938.76 Safari/537.36"
47.128.124.45 - - [13/Oct/2025:05:21:06 +0200] "GET /en/13-artist?order=product.position.asc&q=Categories-IVE-Dreamcatcher HTTP/2.0" 200 19554 "-" "Mozilla/5.0 (compatible; Bytespider; spider-feedback@bytedance.com) AppleWebKit/537.36 (KHTML, like Gecko) Chrome/70.0.0.0 Safari/537.36"
217.113.194.103 - - [13/Oct/2025:05:21:18 +0200] "GET /en/13-artist?q=%D0%9A%D0%B0%D1%82%D0%B5%D0%B3%D0%BE%D1%80%D0%B8%D0%B8-ATEEZ-TXT&page=19 HTTP/1.1" 200 19911 "-" "Mozilla/5.0 (compatible; Barkrowler/0.9; +https://babbar.tech/crawler)"
40.77.167.5 - - [13/Oct/2025:05:21:20 +0200] "GET /bg/13-artisti?q=%D0%9A%D0%B0%D1%82%D0%B5%D0%B3%D0%BE%D1%80%D0%B8%D0%B8-AESPA-ATEEZ-BABYMONSTER-BLACKPINK-BOYNEXTDOOR-BTS-ENHYPEN-ILLIT-ITZY-JIHYO-LISA-NMIXX-STAYC-STRAYKIDS-TREASURE-TWICE-TXT-ZEROBASEONE-SEVENTEEN&order=product.name.asc HTTP/2.0" 200 21240 "-" "Mozilla/5.0 AppleWebKit/537.36 (KHTML, like Gecko; compatible; bingbot/2.0; +http://www.bing.com/bingbot.htm) Chrome/116.0.1938.76 Safari/537.36"
207.46.13.168 - - [13/Oct/2025:05:21:21 +0200] "GET /bg/13-artisti?q=%D0%9A%D0%B0%D1%82%D0%B5%D0%B3%D0%BE%D1%80%D0%B8%D0%B8-AESPA-BABYMONSTER-BOYNEXTDOOR-ENHYPEN-GOT+THE+BEAT-ITZY-JIHYO-LISA-NMIXX-P1Harmony-RIIZE-ROSE+%28BLACKPINK%29-STRAYKIDS-TREASURE-TWICE-TXT-WayV-ZEROBASEONE-V+%28BTS%29&order=product.price.desc HTTP/2.0" 200 21724 "-" "Mozilla/5.0 AppleWebKit/537.36 (KHTML, like Gecko; compatible; bingbot/2.0; +http://www.bing.com/bingbot.htm) Chrome/116.0.1938.76 Safari/537.36"
217.113.194.108 - - [13/Oct/2025:05:21:35 +0200] "GET /en/13-artist?q=%D0%9A%D0%B0%D1%82%D0%B5%D0%B3%D0%BE%D1%80%D0%B8%D0%B8-ATEEZ-TXT&page=18 HTTP/1.1" 200 19907 "-" "Mozilla/5.0 (compatible; Barkrowler/0.9; +https://babbar.tech/crawler)"
114.119.128.20 - - [13/Oct/2025:05:21:43 +0200] "GET /en/13-artist?q=Categories-STAYC-STRAYKIDS-TREASURE/Availability-Available/Brand-HIGHUP%2BENTERTAINMENT&order=product.price.asc HTTP/1.1" 200 19917 "https://kpopbg.com/en/13-artist?q=Categories-STAYC-STRAYKIDS-TREASURE/Availability-Available/Brand-HIGHUP%2BENTERTAINMENT&order=product.price.asc" "Mozilla/5.0 (Linux; Android 7.0;) AppleWebKit/537.36 (KHTML, like Gecko) Mobile Safari/537.36 (compatible; PetalBot;+https://webmaster.petalsearch.com/site/petalbot)"
