52.167.144.210 - - [13/Oct/2025:01:16:23 +0200] "GET /bg/13-artisti?q=%D0%9A%D0%B0%D1%82%D0%B5%D0%B3%D0%BE%D1%80%D0%B8%D0%B8-ATEEZ-BABYMONSTER-BLACKPINK-BOYNEXTDOOR-ENHYPEN-GOT+THE+BEAT-ILLIT-IVE-JIHYO-Kep1er-LISA+%28BLACKPINK%29-NMIXX-RIIZE-ROSE+%28BLACKPINK%29-STAYC-WayV-ZEROBASEONE HTTP/2.0" 200 21623 "-" "Mozilla/5.0 AppleWebKit/537.36 (KHTML, like Gecko; compatible; bingbot/2.0; +http://www.bing.com/bingbot.htm) Chrome/116.0.1938.76 Safari/537.36"
52.167.144.172 - - [13/Oct/2025:01:16:23 +0200] "GET /bg/13-artisti?q=%D0%9A%D0%B0%D1%82%D0%B5%D0%B3%D0%BE%D1%80%D0%B8%D0%B8-BABYMONSTER-BLACKPINK-BOYNEXTDOOR-GOT+THE+BEAT-ILLIT-ITZY-IVE-JIHYO-LISA-NAYEON+%28TWICE%29-NCT+127-ROSE+%28BLACKPINK%29-SEVENTEEN-STAYC-TWICE-TXT-ZEROBASEONE-KAI HTTP/2.0" 200 21611 "-" "Mozilla/5.0 AppleWebKit/537.36 (KHTML, like Gecko; compatible; bingbot/2.0; +http://www.bing.com/bingbot.htm) Chrome/116.0.1938.76 Safari/537.36"
52.167.144.172 - - [13/Oct/2025:01:16:23 +0200] "GET /en/13-artist?q=%D0%9A%D0%B0%D1%82%D0%B5%D0%B3%D0%BE%D1%80%D0%B8%D0%B8-AESPA-BABYMONSTER-BLACKPINK-BTS-ENHYPEN-ILLIT-ITZY-KAI-LISA-NAYEON+%28TWICE%29-NMIXX-SEVENTEEN-ZEROBASEONE-JIMIN+%28BTS%29 HTTP/2.0" 200 19960 "-" "Mozilla/5.0 AppleWebKit/537.36 (KHTML, like Gecko; compatible; bingbot/2.0; +http://www.bing.com/bingbot.htm) Chrome/116.0.1938.76 Safari/537.36"
52.167.144.210 - - [13/Oct/2025:01:16:24 +0200] "GET /bg/13-artisti?q=%D0%9A%D0%B0%D1%82%D0%B5%D0%B3%D0%BE%D1%80%D0%B8%D0%B8-ATEEZ-BABYMONSTER-BLACKPINK-BOYNEXTDOOR-ENHYPEN-GOT+THE+BEAT-ILLIT-JENNIE+%28BLACKPINK%29-JIHYO-LISA+%28BLACKPINK%29-NMIXX-RIIZE-ROSE+%28BLACKPINK%29-STAYC-STRAYKIDS-TREASURE-WayV-ZEROBASEONE-IVE HTTP/2.0" 200 21674 "-" "Mozilla/5.0 AppleWebKit/537.36 (KHTML, like Gecko; compatible; bingbot/2.0; +http://www.bing.com/bingbot.htm) Chrome/116.0.1938.76 Safari/537.36"
217.113.194.105 - - [13/Oct/2025:01:16:24 +0200] "GET /en/13-artist?q=Categories-JUNG+KOOK+%28BTS%29-TWICE&page=2 HTTP/1.1" 200 19810 "-" "Mozilla/5.0 (compatible; Barkrowler/0.9; +https://babbar.tech/crawler)"
52.167.144.172 - - [13/Oct/2025:01:16:24 +0200] "GET /bg/13-artisti?q=%D0%9A%D0%B0%D1%82%D0%B5%D0%B3%D0%BE%D1%80%D0%B8%D0%B8-ATEEZ-BOYNEXTDOOR-ENHYPEN-ILLIT-IVE-JIHYO-LISA-NMIXX-RIIZE-SEVENTEEN-TXT-WayV-ZEROBASEONE-GOT+THE+BEAT HTTP/2.0" 200 21476 "-" "Mozilla/5.0 AppleWebKit/537.36 (KHTML, like Gecko; compatible; bingbot/2.0; +http://www.bing.com/bingbot.htm) Chrome/116.0.1938.76 Safari/537.36"
52.167.144.172 - - [13/Oct/2025:01:16:26 +0200] "GET /en/13-artist?q=Categories-ITZY-TREASURE-TWICE-KAI&order=product.price.asc HTTP/2.0" 200 19796 "-" "Mozilla/5.0 AppleWebKit/537.36 (KHTML, like Gecko; compatible; bingbot/2.0; +http://www.bing.com/bingbot.htm) Chrome/116.0.1938.76 Safari/537.36"
52.167.144.172 - - [13/Oct/2025:01:16:27 +0200] "GET /bg/13-artisti?q=%D0%9A%D0%B0%D1%82%D0%B5%D0%B3%D0%BE%D1%80%D0%B8%D0%B8-ATEEZ-BABYMONSTER-BLACKPINK-BOYNEXTDOOR-ENHYPEN-ILLIT-ITZY-JENNIE+%28BLACKPINK%29-NMIXX-RIIZE-ROSE+%28BLACKPINK%29-SEVENTEEN-STAYC-STRAYKIDS-TREASURE-TWICE-WayV-ZEROBASEONE-P1Harmony HTTP/2.0" 200 21652 "-" "Mozilla/5.0 AppleWebKit/537.36 (KHTML, like Gecko; compatible; bingbot/2.0; +http://www.bing.com/bingbot.htm) Chrome/116.0.1938.76 Safari/537.36"
114.119.131.105 - - [13/Oct/2025:01:16:29 +0200] "GET /en/13-artist?q=Categories-TWICE-JISOO&order=product.reference.desc HTTP/1.1" 200 19806 "https://kpopbg.com/en/13-artist?q=Categories-TWICE-JISOO&order=product.reference.desc&page=6" "Mozilla/5.0 (Linux; Android 7.0;) AppleWebKit/537.36 (KHTML, like Gecko) Mobile Safari/537.36 (compatible; PetalBot;+https://webmaster.petalsearch.com/site/petalbot)"
198.44.159.35 - - [13/Oct/2025:01:16:29 +0200] "GET /wp-content/backup/wp.tar.gz HTTP/2.0" 404 77099 "-" "Mozilla/5.0 (iPhone; CPU iPhone OS 17_5 like Mac OS X) AppleWebKit/605.1.15 (KHTML, like Gecko) Version/17.5 Mobile/15E148 Safari/604.1"
66.249.66.15 - - [13/Oct/2025:01:16:34 +0200] "GET /179-home_default/itzy-it-z-me-2nd-mini-album-.jpg HTTP/1.1" 200 12384 "-" "Googlebot-Image/1.0"
40.77.167.151 - - [13/Oct/2025:01:16:37 +0200] "GET /bg/13-artisti?q=%D0%9A%D0%B0%D1%82%D0%B5%D0%B3%D0%BE%D1%80%D0%B8%D0%B8-AESPA-ATEEZ-BABYMONSTER-BTS-ENHYPEN-KAI-LE+SSERAFIM-LISA-NMIXX-P1Harmony-STRAYKIDS-TREASURE-TWICE-SEVENTEEN HTTP/2.0" 200 21471 "-" "Mozilla/5.0 AppleWebKit/537.36 (KHTML, like Gecko; compatible; bingbot/2.0; +http://www.bing.com/bingbot.htm) Chrome/116.0.1938.76 Safari/537.36"
40.77.167.151 - - [13/Oct/2025:01:16:38 +0200] "GET /en/13-artist?q=Categories-AESPA-BABYMONSTER-BLACKPINK-BOYNEXTDOOR-ENHYPEN-ILLIT-ITZY-JIHYO-KAI-LISA-NMIXX-RED+VELVET-SEVENTEEN-TXT-ZEROBASEONE-NAYEON+%28TWICE%29 HTTP/2.0" 200 19940 "-" "Mozilla/5.0 AppleWebKit/537.36 (KHTML, like Gecko; compatible; bingbot/2.0; +http://www.bing.com/bingbot.htm) Chrome/116.0.1938.76 Safari/537.36"
40.77.167.151 - - [13/Oct/2025:01:16:39 +0200] "GET /bg/13-artisti?q=%D0%9A%D0%B0%D1%82%D0%B5%D0%B3%D0%BE%D1%80%D0%B8%D0%B8-ATEEZ-BABYMONSTER-BLACKPINK-BOYNEXTDOOR-ENHYPEN-GOT+THE+BEAT-ILLIT-IVE-JIHYO-Kep1er-LISA+%28BLACKPINK%29-NEW+JEANS-NMIXX-RIIZE-ROSE+%28BLACKPINK%29-STRAYKIDS-TREASURE-TWICE-TXT-WayV-ZEROBASEONE-NCT+JAEHYUN HTTP/2.0" 200 21715 "-" "Mozilla/5.0 AppleWebKit/537.36 (KHTML, like Gecko; compatible; bingbot/2.0; +http://www.bing.com/bingbot.htm) Chrome/116.0.1938.76 Safari/537.36"
52.167.144.210 - - [13/Oct/2025:01:16:42 +0200] "GET /bg/13-artisti?q=%D0%9A%D0%B0%D1%82%D0%B5%D0%B3%D0%BE%D1%80%D0%B8%D0%B8-AESPA-Agust+D+%28BTS%29-BABYMONSTER-BLACKPINK-BTS-ENHYPEN-ILLIT-ITZY-JIHYO-KAI-KISS+OF+LIFE-LISA-NMIXX-P1Harmony-STRAYKIDS-THE+BOYZ-TREASURE-ZEROBASEONE-NCT+127 HTTP/2.0" 200 21650 "-" "Mozilla/5.0 AppleWebKit/537.36 (KHTML, like Gecko; compatible; bingbot/2.0; +http://www.bing.com/bingbot.htm) Chrome/116.0.1938.76 Safari/537.36"
52.167.144.210 - - [13/Oct/2025:01:16:43 +0200] "GET /bg/13-artisti?q=%D0%9A%D0%B0%D1%82%D0%B5%D0%B3%D0%BE%D1%80%D0%B8%D0%B8-AESPA-ATEEZ-BABYMONSTER-BLACKPINK-BOYNEXTDOOR-BTS-ENHYPEN-ILLIT-JIHYO-LISA-NCT+DOYOUNG-NMIXX-P1Harmony-RIIZE-SEVENTEEN-WayV-ZEROBASEONE-JENNIE+%28BLACKPINK%29 HTTP/2.0" 200 21625 "-" "Mozilla/5.0 AppleWebKit/537.36 (KHTML, like Gecko; compatible; bingbot/2.0; +http://www.bing.com/bingbot.htm) Chrome/116.0.1938.76 Safari/537.36"
217.113.194.111 - - [13/Oct/2025:01:16:43 +0200] "GET /en/13-artist?q=Categories-JIHYO-Kep1er&order=product.position.asc&page=4 HTTP/1.1" 200 19915 "-" "Mozilla/5.0 (compatible; Barkrowler/0.9; +https://babbar.tech/crawler)"
40.77.167.151 - - [13/Oct/2025:01:16:45 +0200] "GET /bg/13-artisti?q=%D0%9A%D0%B0%D1%82%D0%B5%D0%B3%D0%BE%D1%80%D0%B8%D0%B8-ATEEZ-BABYMONSTER-BLACKPINK-BOYNEXTDOOR-ENHYPEN-ITZY-IVE-JENNIE+%28BLACKPINK%29-JIHYO-LISA+%28BLACKPINK%29-NMIXX-RIIZE-ROSE+%28BLACKPINK%29-SEVENTEEN-STAYC-STRAYKIDS-TREASURE-TWICE-WayV-ZEROBASEONE-ILLIT HTTP/2.0" 200 21673 "-" "Mozilla/5.0 AppleWebKit/537.36 (KHTML, like Gecko; compatible; bingbot/2.0; +http://www.bing.com/bingbot.htm) Chrome/116.0.1938.76 Safari/537.36"
40.77.167.14 - - [13/Oct/2025:01:16:56 +0200] "GET /en/13-artist?q=Categories-%28G%29I%5C-DLE-AESPA-BABYMONSTER-BTS-Dreamcatcher-GOT+THE+BEAT-ILLIT-ITZY-JUNG+KOOK+%28BTS%29-KAI-LISA-NMIXX-P1Harmony-SEVENTEEN-STAYC-TWICE-TXT-ZEROBASEONE-Agust+D+%28BTS%29 HTTP/2.0" 200 20070 "-" "Mozilla/5.0 AppleWebKit/537.36 (KHTML, like Gecko; compatible; bingbot/2.0; +http://www.bing.com/bingbot.htm) Chrome/116.0.1938.76 Safari/537.36"
40.77.167.151 - - [13/Oct/2025:01:16:57 +0200] "GET /bg/13-artisti?q=%D0%9A%D0%B0%D1%82%D0%B5%D0%B3%D0%BE%D1%80%D0%B8%D0%B8-AESPA-ATEEZ-BLACKPINK-BOYNEXTDOOR-BTS-ENHYPEN-ILLIT-IVE-JIHYO-LISA-NCT+DOYOUNG-NCT+JAEHYUN-NMIXX-RIIZE-SEVENTEEN-TWICE-WayV-ZEROBASEONE-V+%28BTS%29 HTTP/2.0" 200 21561 "-" "Mozilla/5.0 AppleWebKit/537.36 (KHTML, like Gecko; compatible; bingbot/2.0; +http://www.bing.com/bingbot.htm) Chrome/116.0.1938.76 Safari/537.36"
217.113.194.223 - - [13/Oct/2025:01:17:00 +0200] "GET /en/13-artist?q=Categories-JIHYO-Kep1er&order=product.price.asc&page=19 HTTP/1.1" 200 20234 "-" "Mozilla/5.0 (compatible; Barkrowler/0.9; +https://babbar.tech/crawler)"
217.113.194.102 - - [13/Oct/2025:01:17:19 +0200] "GET /en/13-artist?q=Categories-JIHYO-Kep1er&order=product.price.asc&page=18 HTTP/1.1" 200 19989 "-" "Mozilla/5.0 (compatible; Barkrowler/0.9; +https://babbar.tech/crawler)"
40.77.167.14 - - [13/Oct/2025:01:17:20 +0200] "GET /en/13-artist?q=Categories-%28G%29I%5C-DLE-AESPA-ATEEZ-BABYMONSTER-BLACKPINK-BOYNEXTDOOR-ENHYPEN-ILLIT-ITZY-IVE-JIHYO-KAI-LISA-NMIXX-P1Harmony-SEVENTEEN-TWICE-TXT-WayV-ZEROBASEONE-LE+SSERAFIM&page=20 HTTP/2.0" 200 18349 "-" "Mozilla/5.0 AppleWebKit/537.36 (KHTML, like Gecko; compatible; bingbot/2.0; +http://www.bing.com/bingbot.htm) Chrome/116.0.1938.76 Safari/537.36"
40.77.167.151 - - [13/Oct/2025:01:17:23 +0200] "GET /bg/13-artisti?q=%D0%9A%D0%B0%D1%82%D0%B5%D0%B3%D0%BE%D1%80%D0%B8%D0%B8-ATEEZ-BOYNEXTDOOR-ENHYPEN-ILLIT-IVE-JIHYO-Kep1er-LISA-NMIXX-P1Harmony-RIIZE-SEVENTEEN-STRAYKIDS-TREASURE-TXT-WayV-ZEROBASEONE HTTP/2.0" 200 21512 "-" "Mozilla/5.0 AppleWebKit/537.36 (KHTML, like Gecko; compatible; bingbot/2.0; +http://www.bing.com/bingbot.htm) Chrome/116.0.1938.76 Safari/537.36"
40.77.167.151 - - [13/Oct/2025:01:17:24 +0200] "GET /bg/13-artisti?q=%D0%9A%D0%B0%D1%82%D0%B5%D0%B3%D0%BE%D1%80%D0%B8%D0%B8-AESPA-ATEEZ-BABYMONSTER-BLACKPINK-BOYNEXTDOOR-ENHYPEN-ILLIT-ITZY-IVE-LISA-NMIXX-SEVENTEEN-STRAYKIDS-ZEROBASEONE-JIMIN+%28BTS%29 HTTP/2.0" 200 21506 "-" "Mozilla/5.0 AppleWebKit/537.36 (KHTML, like Gecko; compatible; bingbot/2.0; +http://www.bing.com/bingbot.htm) Chrome/116.0.1938.76 Safari/537.36"
40.77.167.151 - - [13/Oct/2025:01:17:33 +0200] "GET /en/13-artist?q=Categories-AESPA-ATEEZ-BABYMONSTER-BTS-ENHYPEN-ILLIT-ITZY-KAI-LISA-NAYEON+%28TWICE%29-NMIXX-SEVENTEEN-STAYC-TWICE-ZEROBASEONE-TREASURE HTTP/2.0" 200 19913 "-" "Mozilla/5.0 AppleWebKit/537.36 (KHTML, like Gecko; compatible; bingbot/2.0; +http://www.bing.com/bingbot.htm) Chrome/116.0.1938.76 Safari/537.36"
217.113.194.106 - - [13/Oct/2025:01:17:36 +0200] "GET /en/13-artist?q=Categories-JIHYO-WayV-AESPA&order=product.position.asc HTTP/1.1" 200 19575 "-" "Mozilla/5.0 (compatible; Barkrowler/0.9; +https://babbar.tech/crawler)"
66.249.66.15 - - [13/Oct/2025:01:17:41 +0200] "GET /754-home_default/zerobaseone-blue-paradise-the-5th-mini-album-.jpg HTTP/1.1" 404 11819 "-" "Googlebot-Image/1.0"
114.119.153.232 - - [13/Oct/2025:01:17:52 +0200] "GET /en/13-artist?q=Categories-TREASURE-TXT-ASTRO/Availability-Available&order=product.price.desc HTTP/1.1" 200 19919 "https://kpopbg.com/en/13-artist?q=Categories-TREASURE-TXT-ASTRO/Availability-Available&order=product.name.asc" "Mozilla/5.0 (Linux; Android 7.0;) AppleWebKit/537.36 (KHTML, like Gecko) Mobile Safari/537.36 (compatible; PetalBot;+https://webmaster.petalsearch.com/site/petalbot)"
154.54.249.203 - - [13/Oct/2025:01:17:53 +0200] "GET /en/13-artist?q=Categories-JIHYO-LE+SSERAFIM-STAYC&page=19 HTTP/1.1" 200 19834 "-" "Mozilla/5.0 (compatible; Barkrowler/0.9; +https://babbar.tech/crawler)"
40.77.167.151 - - [13/Oct/2025:01:17:53 +0200] "GET /bg/13-artisti?q=%D0%9A%D0%B0%D1%82%D0%B5%D0%B3%D0%BE%D1%80%D0%B8%D0%B8-ATEEZ-BABYMONSTER-BLACKPINK-BOYNEXTDOOR-ENHYPEN-GOT+THE+BEAT-ILLIT-IVE-JENNIE+%28BLACKPINK%29-JIHYO-LE+SSERAFIM-LISA-RIIZE-SEVENTEEN-TXT-WayV-ZEROBASEONE-xikers HTTP/2.0" 200 21652 "-" "Mozilla/5.0 AppleWebKit/537.36 (KHTML, like Gecko; compatible; bingbot/2.0; +http://www.bing.com/bingbot.htm) Chrome/116.0.1938.76 Safari/537.36"
40.77.167.14 - - [13/Oct/2025:01:17:56 +0200] "GET /bg/13-artisti?q=%D0%9A%D0%B0%D1%82%D0%B5%D0%B3%D0%BE%D1%80%D0%B8%D0%B8-ATEEZ-BABYMONSTER-BLACKPINK-BOYNEXTDOOR-ENHYPEN-GOT+THE+BEAT-ILLIT-JENNIE+%28BLACKPINK%29-JIHYO-NEW+JEANS-NMIXX-RIIZE-ROSE+%28BLACKPINK%29-SEVENTEEN-STAYC-TWICE-WayV-ZEROBASEONE-TREASURE HTTP/2.0" 200 21675 "-" "Mozilla/5.0 AppleWebKit/537.36 (KHTML, like Gecko; compatible; bingbot/2.0; +http://www.bing.com/bingbot.htm) Chrome/116.0.1938.76 Safari/537.36"
40.77.167.14 - - [13/Oct/2025:01:17:57 +0200] "GET /bg/13-artisti?q=%D0%9A%D0%B0%D1%82%D0%B5%D0%B3%D0%BE%D1%80%D0%B8%D0%B8-AESPA-BABYMONSTER-BLACKPINK-BOYNEXTDOOR-BTS-ENHYPEN-ILLIT-ITZY-JIHYO-LISA-NMIXX-STAYC-TWICE-TXT-ZEROBASEONE-STRAYKIDS HTTP/2.0" 200 21511 "-" "Mozilla/5.0 AppleWebKit/537.36 (KHTML, like Gecko; compatible; bingbot/2.0; +http://www.bing.com/bingbot.htm) Chrome/116.0.1938.76 Safari/537.36"
52.167.144.210 - - [13/Oct/2025:01:18:03 +0200] "GET /bg/13-artisti?q=%D0%9A%D0%B0%D1%82%D0%B5%D0%B3%D0%BE%D1%80%D0%B8%D0%B8-AESPA-ATEEZ-BABYMONSTER-BTS-ENHYPEN-ILLIT-ITZY-JIHYO-KAI-LISA-NMIXX-RIIZE-SEVENTEEN-STAYC-STRAYKIDS-TREASURE-TWICE-WayV-ZEROBASEONE-P1Harmony HTTP/2.0" 200 21534 "-" "Mozilla/5.0 AppleWebKit/537.36 (KHTML, like Gecko; compatible; bingbot/2.0; +http://www.bing.com/bingbot.htm) Chrome/116.0.1938.76 Safari/537.36"
52.167.144.210 - - [13/Oct/2025:01:18:04 +0200] "GET /bg/13-artisti?q=%D0%9A%D0%B0%D1%82%D0%B5%D0%B3%D0%BE%D1%80%D0%B8%D0%B8-ATEEZ-BABYMONSTER-BOYNEXTDOOR-BTS-ENHYPEN-GOT+THE+BEAT-ILLIT-JIHYO-LE+SSERAFIM-NMIXX-P1Harmony-RIIZE-SEVENTEEN-STRAYKIDS-TREASURE-TXT-WayV-ZEROBASEONE HTTP/2.0" 200 21574 "-" "Mozilla/5.0 AppleWebKit/537.36 (KHTML, like Gecko; compatible; bingbot/2.0; +http://www.bing.com/bingbot.htm) Chrome/116.0.1938.76 Safari/537.36"
52.167.144.210 - - [13/Oct/2025:01:18:05 +0200] "GET /bg/13-artisti?q=%D0%9A%D0%B0%D1%82%D0%B5%D0%B3%D0%BE%D1%80%D0%B8%D0%B8-AESPA-BLACKPINK-ENHYPEN-KAI-LISA-NCT-NMIXX-STAYC-STRAYKIDS-ATEEZ/%D0%9D%D0%B0%D0%BB%D0%B8%D1%87%D0%BD%D0%BE%D1%81%D1%82-%D0%92+%D0%BD%D0%B0%D0%BB%D0%B8%D1%87%D0%BD%D0%BE%D1%81%D1%82 HTTP/2.0" 200 21568 "-" "Mozilla/5.0 AppleWebKit/537.36 (KHTML, like Gecko; compatible; bingbot/2.0; +http://www.bing.com/bingbot.htm) Chrome/116.0.1938.76 Safari/537.36"
217.113.194.108 - - [13/Oct/2025:01:18:10 +0200] "GET /en/13-artist?q=Categories-JIHYO-LE+SSERAFIM-STAYC&page=13 HTTP/1.1" 200 19792 "-" "Mozilla/5.0 (compatible; Barkrowler/0.9; +https://babbar.tech/crawler)"
40.77.167.14 - - [13/Oct/2025:01:18:16 +0200] "GET /en/13-artist?q=Categories-AESPA-BOYNEXTDOOR-NCT+DOYOUNG-RIIZE-ZEROBASEONE-JENNIE+%28BLACKPINK%29&order=product.reference.asc HTTP/2.0" 200 19922 "-" "Mozilla/5.0 AppleWebKit/537.36 (KHTML, like Gecko; compatible; bingbot/2.0; +http://www.bing.com/bingbot.htm) Chrome/116.0.1938.76 Safari/537.36"
40.77.167.14 - - [13/Oct/2025:01:18:17 +0200] "GET /en/13-artist?q=Categories-AESPA-ATEEZ-Kep1er-BTS&order=product.name.asc HTTP/2.0" 200 19362 "-" "Mozilla/5.0 AppleWebKit/537.36 (KHTML, like Gecko; compatible; bingbot/2.0; +http://www.bing.com/bingbot.htm) Chrome/116.0.1938.76 Safari/537.36"
217.113.194.106 - - [13/Oct/2025:01:18:28 +0200] "GET /en/13-artist?q=Categories-JIHYO-LE+SSERAFIM-STAYC&page=17 HTTP/1.1" 200 19639 "-" "Mozilla/5.0 (compatible; Barkrowler/0.9; +https://babbar.tech/crawler)"
149.62.208.29 - - [13/Oct/2025:01:18:40 +0200] "GET /bg/15-straykids HTTP/2.0" 200 17225 "https://kpopbg.com/bg/nachalo/53-stray-kids-oddinary-standard-ver--8809755509934" "Mozilla/5.0 (Linux; Android 10; K) AppleWebKit/537.36 (KHTML, like Gecko) Chrome/141.0.0.0 Mobile Safari/537.36"
149.62.208.29 - - [13/Oct/2025:01:18:42 +0200] "GET /bg/15-straykids?from-xhr HTTP/2.0" 200 80301 "https://kpopbg.com/bg/15-straykids" "Mozilla/5.0 (Linux; Android 10; K) AppleWebKit/537.36 (KHTML, like Gecko) Chrome/141.0.0.0 Mobile Safari/537.36"
40.77.167.151 - - [13/Oct/2025:01:18:43 +0200] "GET /bg/13-artisti?q=%D0%9A%D0%B0%D1%82%D0%B5%D0%B3%D0%BE%D1%80%D0%B8%D0%B8-AESPA-ASTRO-ATEEZ-BTS-ENHYPEN-GOT+THE+BEAT-ITZY-JIHYO-KAI-NCT-NCT+DREAM-NMIXX-STAYC-STRAYKIDS-TREASURE-TWICE-V+%28BTS%29&page=20 HTTP/2.0" 200 19925 "-" "Mozilla/5.0 AppleWebKit/537.36 (KHTML, like Gecko; compatible; bingbot/2.0; +http://www.bing.com/bingbot.htm) Chrome/116.0.1938.76 Safari/537.36"
82.211.3.215 - - [13/Oct/2025:01:18:45 +0200] "GET /wp-content/backup/wp.zip HTTP/2.0" 404 77087 "-" "Mozilla/5.0 (Linux; Android 13; Pixel 7) AppleWebKit/537.36 (KHTML, like Gecko) Chrome/113.0.0.0 Mobile Safari/537.36"
217.113.194.103 - - [13/Oct/2025:01:18:45 +0200] "GET /en/13-artist?q=Categories-JIHYO-LE+SSERAFIM-STAYC&page=18 HTTP/1.1" 200 19880 "-" "Mozilla/5.0 (compatible; Barkrowler/0.9; +https://babbar.tech/crawler)"
149.62.208.29 - - [13/Oct/2025:01:18:47 +0200] "GET /bg/15-straykids?page=2&from-xhr HTTP/2.0" 200 35837 "https://kpopbg.com/bg/15-straykids" "Mozilla/5.0 (Linux; Android 10; K) AppleWebKit/537.36 (KHTML, like Gecko) Chrome/141.0.0.0 Mobile Safari/537.36"
149.62.208.29 - - [13/Oct/2025:01:18:47 +0200] "GET /196-home_default/stray-kids-in-life-1st-album-.jpg HTTP/2.0" 200 19550 "https://kpopbg.com/bg/15-straykids?page=2" "Mozilla/5.0 (Linux; Android 10; K) AppleWebKit/537.36 (KHTML, like Gecko) Chrome/141.0.0.0 Mobile Safari/537.36"
149.62.208.29 - - [13/Oct/2025:01:18:47 +0200] "GET /135-home_default/stray-kids-go-live-1st-full-album-standard-ver.jpg HTTP/2.0" 200 25811 "https://kpopbg.com/bg/15-straykids?page=2" "Mozilla/5.0 (Linux; Android 10; K) AppleWebKit/537.36 (KHTML, like Gecko) Chrome/141.0.0.0 Mobile Safari/537.36"
149.62.208.29 - - [13/Oct/2025:01:18:47 +0200] "GET /808-home_default/stray-kids-rock-star-star-rock-ver-roll-ver.jpg HTTP/2.0" 200 20104 "https://kpopbg.com/bg/15-straykids?page=2" "Mozilla/5.0 (Linux; Android 10; K) AppleWebKit/537.36 (KHTML, like Gecko) Chrome/141.0.0.0 Mobile Safari/537.36"
149.62.208.29 - - [13/Oct/2025:01:18:47 +0200] "GET /579-home_default/stray-kids-ate-mini-album-first-press.jpg HTTP/2.0" 200 22335 "https://kpopbg.com/bg/15-straykids?page=2" "Mozilla/5.0 (Linux; Android 10; K) AppleWebKit/537.36 (KHTML, like Gecko) Chrome/141.0.0.0 Mobile Safari/537.36"
149.62.208.29 - - [13/Oct/2025:01:18:47 +0200] "GET /300-home_default/stray-kids-cle-2-yellow-wood-special-album-standard-ver.jpg HTTP/2.0" 200 29284 "https://kpopbg.com/bg/15-straykids?page=2" "Mozilla/5.0 (Linux; Android 10; K) AppleWebKit/537.36 (KHTML, like Gecko) Chrome/141.0.0.0 Mobile Safari/537.36"
40.77.167.14 - - [13/Oct/2025:01:18:47 +0200] "GET /bg/13-artisti?q=%D0%9A%D0%B0%D1%82%D0%B5%D0%B3%D0%BE%D1%80%D0%B8%D0%B8-ATEEZ-BLACKPINK-BOYNEXTDOOR-ENHYPEN-GOT+THE+BEAT-ILLIT-IVE-JIHYO-LISA-NCT+DOYOUNG-NMIXX-RIIZE-ROSE+%28BLACKPINK%29-SEVENTEEN-TWICE-TXT-WayV-ZEROBASEONE-xikers HTTP/2.0" 200 21643 "-" "Mozilla/5.0 AppleWebKit/537.36 (KHTML, like Gecko; compatible; bingbot/2.0; +http://www.bing.com/bingbot.htm) Chrome/116.0.1938.76 Safari/537.36"
149.62.208.29 - - [13/Oct/2025:01:18:55 +0200] "GET /bg/nachalo/209-442-stray-kids-ate-mini-album-first-press-8809954229602 HTTP/2.0" 200 19218 "https://kpopbg.com/bg/15-straykids?page=2" "Mozilla/5.0 (Linux; Android 10; K) AppleWebKit/537.36 (KHTML, like Gecko) Chrome/141.0.0.0 Mobile Safari/537.36"
149.62.208.29 - - [13/Oct/2025:01:18:55 +0200] "GET /579-medium_default/stray-kids-ate-mini-album-first-press.jpg HTTP/2.0" 200 56782 "https://kpopbg.com/bg/nachalo/209-442-stray-kids-ate-mini-album-first-press-8809954229602" "Mozilla/5.0 (Linux; Android 10; K) AppleWebKit/537.36 (KHTML, like Gecko) Chrome/141.0.0.0 Mobile Safari/537.36"
149.62.208.29 - - [13/Oct/2025:01:18:56 +0200] "GET /579-large_default/stray-kids-ate-mini-album-first-press.jpg HTTP/2.0" 200 83090 "https://kpopbg.com/bg/nachalo/209-442-stray-kids-ate-mini-album-first-press-8809954229602" "Mozilla/5.0 (Linux; Android 10; K) AppleWebKit/537.36 (KHTML, like Gecko) Chrome/141.0.0.0 Mobile Safari/537.36"
149.62.208.29 - - [13/Oct/2025:01:18:56 +0200] "GET /579-small_default/stray-kids-ate-mini-album-first-press.jpg HTTP/2.0" 200 4836 "https://kpopbg.com/bg/nachalo/209-442-stray-kids-ate-mini-album-first-press-8809954229602" "Mozilla/5.0 (Linux; Android 10; K) AppleWebKit/537.36 (KHTML, like Gecko) Chrome/141.0.0.0 Mobile Safari/537.36"
149.62.208.29 - - [13/Oct/2025:01:18:56 +0200] "GET /img/cms/Stray%20Kids/ATE/stray-kids-ate-chk-chk-ver-boom-ver-wholesales-1.jpg HTTP/2.0" 200 349227 "https://kpopbg.com/bg/nachalo/209-442-stray-kids-ate-mini-album-first-press-8809954229602" "Mozilla/5.0 (Linux; Android 10; K) AppleWebKit/537.36 (KHTML, like Gecko) Chrome/141.0.0.0 Mobile Safari/537.36"
217.113.194.106 - - [13/Oct/2025:01:19:02 +0200] "GET /en/13-artist?q=Categories-JIHYO-NMIXX-ENHYPEN&page=18 HTTP/1.1" 200 19872 "-" "Mozilla/5.0 (compatible; Barkrowler/0.9; +https://babbar.tech/crawler)"
149.62.208.29 - - [13/Oct/2025:01:19:09 +0200] "POST /bg/module/ps_facebook/Ajax HTTP/2.0" 200 20 "https://kpopbg.com/bg/nachalo/209-442-stray-kids-ate-mini-album-first-press-8809954229602" "Mozilla/5.0 (Linux; Android 10; K) AppleWebKit/537.36 (KHTML, like Gecko) Chrome/141.0.0.0 Mobile Safari/537.36"
149.62.208.29 - - [13/Oct/2025:01:19:09 +0200] "POST /bg/module/ps_facebook/Ajax HTTP/2.0" 200 20 "https://kpopbg.com/bg/nachalo/209-442-stray-kids-ate-mini-album-first-press-8809954229602" "Mozilla/5.0 (Linux; Android 10; K) AppleWebKit/537.36 (KHTML, like Gecko) Chrome/141.0.0.0 Mobile Safari/537.36"
149.62.208.29 - - [13/Oct/2025:01:19:09 +0200] "POST /bg/index.php?controller=product&token=cc931d60bd7d9392ca22625436865d96&id_product=209&id_customization=0&group%5B5%5D=26&qty=1 HTTP/2.0" 200 23505 "https://kpopbg.com/bg/nachalo/209-442-stray-kids-ate-mini-album-first-press-8809954229602" "Mozilla/5.0 (Linux; Android 10; K) AppleWebKit/537.36 (KHTML, like Gecko) Chrome/141.0.0.0 Mobile Safari/537.36"
114.119.158.94 - - [13/Oct/2025:01:19:16 +0200] "GET /en/13-artist?q=Categories-TREASURE-TWICE/Availability-In%2Bstock&order=product.price.desc&page=11 HTTP/1.1" 200 19857 "https://kpopbg.com/en/13-artist?q=Categories-TREASURE-TWICE/Availability-In%2Bstock&order=product.price.desc&page=11" "Mozilla/5.0 (Linux; Android 7.0;) AppleWebKit/537.36 (KHTML, like Gecko) Mobile Safari/537.36 (compatible; PetalBot;+https://webmaster.petalsearch.com/site/petalbot)"
217.113.194.108 - - [13/Oct/2025:01:19:19 +0200] "GET /en/13-artist?q=Categories-JIHYO-NMIXX-ENHYPEN&page=19 HTTP/1.1" 200 19816 "-" "Mozilla/5.0 (compatible; Barkrowler/0.9; +https://babbar.tech/crawler)"
217.113.194.108 - - [13/Oct/2025:01:19:37 +0200] "GET /en/13-artist?q=Categories-JIHYO-NMIXX-ENHYPEN&page=4 HTTP/1.1" 200 20012 "-" "Mozilla/5.0 (compatible; Barkrowler/0.9; +https://babbar.tech/crawler)"
40.77.167.14 - - [13/Oct/2025:01:19:47 +0200] "GET /bg/13-artisti?q=%D0%9A%D0%B0%D1%82%D0%B5%D0%B3%D0%BE%D1%80%D0%B8%D0%B8-AESPA-ATEEZ-BABYMONSTER-BOYNEXTDOOR-ENHYPEN-ILLIT-IVE-JIHYO-LISA-RIIZE-TWICE-WayV-ZEROBASEONE-BTS HTTP/2.0" 200 21450 "-" "Mozilla/5.0 AppleWebKit/537.36 (KHTML, like Gecko; compatible; bingbot/2.0; +http://www.bing.com/bingbot.htm) Chrome/116.0.1938.76 Safari/537.36"
217.113.194.105 - - [13/Oct/2025:01:19:54 +0200] "GET /en/13-artist?q=Categories-JIHYO-TWICE&order=product.name.asc&page=18 HTTP/1.1" 200 19478 "-" "Mozilla/5.0 (compatible; Barkrowler/0.9; +https://babbar.tech/crawler)"
40.77.167.151 - - [13/Oct/2025:01:20:04 +0200] "GET /en/13-artist?q=Categories-AESPA-ASTRO-ATEEZ-BABYMONSTER-BLACKPINK-BTS-ENHYPEN-ILLIT-ITZY-KAI-LISA-NMIXX-THE+BOYZ-ZEROBASEONE-P1Harmony HTTP/2.0" 200 19890 "-" "Mozilla/5.0 AppleWebKit/537.36 (KHTML, like Gecko; compatible; bingbot/2.0; +http://www.bing.com/bingbot.htm) Chrome/116.0.1938.76 Safari/537.36"
217.113.194.107 - - [13/Oct/2025:01:20:11 +0200] "GET /en/13-artist?q=Categories-JIHYO-TWICE&order=product.name.asc&page=4 HTTP/1.1" 200 19721 "-" "Mozilla/5.0 (compatible; Barkrowler/0.9; +https://babbar.tech/crawler)"
52.167.144.210 - - [13/Oct/2025:01:20:23 +0200] "GET /bg/13-artisti?q=%D0%9A%D0%B0%D1%82%D0%B5%D0%B3%D0%BE%D1%80%D0%B8%D0%B8-ATEEZ-BABYMONSTER-BLACKPINK-BOYNEXTDOOR-ENHYPEN-ILLIT-ITZY-JIHYO-KAI-NAYEON+%28TWICE%29-NMIXX-STAYC-TREASURE-WayV-ZEROBASEONE HTTP/2.0" 200 21597 "-" "Mozilla/5.0 AppleWebKit/537.36 (KHTML, like Gecko; compatible; bingbot/2.0; +http://www.bing.com/bingbot.htm) Chrome/116.0.1938.76 Safari/537.36"
40.77.167.14 - - [13/Oct/2025:01:20:26 +0200] "GET /bg/13-artisti?q=%D0%9A%D0%B0%D1%82%D0%B5%D0%B3%D0%BE%D1%80%D0%B8%D0%B8-AESPA-ATEEZ-BABYMONSTER-BLACKPINK-BOYNEXTDOOR-ENHYPEN-ILLIT-ITZY-KAI-Kep1er-LISA-NMIXX-SEVENTEEN-STRAYKIDS-TWICE-TXT-xikers-ZEROBASEONE-JIHYO HTTP/2.0" 200 21528 "-" "Mozilla/5.0 AppleWebKit/537.36 (KHTML, like Gecko; compatible; bingbot/2.0; +http://www.bing.com/bingbot.htm) Chrome/116.0.1938.76 Safari/537.36"
217.113.194.223 - - [13/Oct/2025:01:20:28 +0200] "GET /en/13-artist?q=Categories-JIHYO-TWICE&order=product.name.asc&page=19 HTTP/1.1" 200 19912 "-" "Mozilla/5.0 (compatible; Barkrowler/0.9; +https://babbar.tech/crawler)"
40.77.167.14 - - [13/Oct/2025:01:20:36 +0200] "GET /bg/13-artisti?q=%D0%9A%D0%B0%D1%82%D0%B5%D0%B3%D0%BE%D1%80%D0%B8%D0%B8-ATEEZ-BABYMONSTER-BOYNEXTDOOR-ENHYPEN-ILLIT-IVE-Jin+%28BTS%29-Kep1er-NAYEON+%28TWICE%29-NEW+JEANS-NMIXX-RIIZE-STAYC-STRAYKIDS-TXT-WayV-ZEROBASEONE HTTP/2.0" 200 21565 "-" "Mozilla/5.0 AppleWebKit/537.36 (KHTML, like Gecko; compatible; bingbot/2.0; +http://www.bing.com/bingbot.htm) Chrome/116.0.1938.76 Safari/537.36"
114.119.136.175 - - [13/Oct/2025:01:20:43 +0200] "GET /en/13-artist?q=Categories-TREASURE-TWICE-TXT/Brand-BigHit%2BMusic&order=product.price.asc&page=2 HTTP/1.1" 200 20191 "https://kpopbg.com/en/13-artist?q=Categories-TREASURE-TWICE-TXT/Brand-BigHit%2BMusic&order=product.price.asc&page=2" "Mozilla/5.0 (Linux; Android 7.0;) AppleWebKit/537.36 (KHTML, like Gecko) Mobile Safari/537.36 (compatible; PetalBot;+https://webmaster.petalsearch.com/site/petalbot)"
217.113.194.102 - - [13/Oct/2025:01:20:45 +0200] "GET /en/13-artist?q=Categories-JIHYO-TWICE-NCT+WISH&page=20 HTTP/1.1" 200 18155 "-" "Mozilla/5.0 (compatible; Barkrowler/0.9; +https://babbar.tech/crawler)"
82.211.8.197 - - [13/Oct/2025:01:20:52 +0200] "GET /wp-content/backup/wp.rar HTTP/2.0" 404 77083 "-" "Mozilla/5.0 (Macintosh; Intel Mac OS X 13_6) AppleWebKit/605.1.15 (KHTML, like Gecko) Version/16.0 Safari/605.1.15"
217.113.194.109 - - [13/Oct/2025:01:21:02 +0200] "GET /en/13-artist?q=Categories-JIHYO-TWICE-NCT+WISH&page=3 HTTP/1.1" 200 19813 "-" "Mozilla/5.0 (compatible; Barkrowler/0.9; +https://babbar.tech/crawler)"
40.77.167.14 - - [13/Oct/2025:01:21:07 +0200] "GET /bg/13-artisti?q=%D0%9A%D0%B0%D1%82%D0%B5%D0%B3%D0%BE%D1%80%D0%B8%D0%B8-AESPA-ATEEZ-BABYMONSTER-BOYNEXTDOOR-ENHYPEN-GOT+THE+BEAT-ILLIT-IVE-JIHYO-LISA-NMIXX-P1Harmony-RIIZE-RM+%28BTS%29-ROSE+%28BLACKPINK%29-STAYC-TWICE-WayV-ZEROBASEONE-ITZY&page=2 HTTP/2.0" 200 21735 "-" "Mozilla/5.0 AppleWebKit/537.36 (KHTML, like Gecko; compatible; bingbot/2.0; +http://www.bing.com/bingbot.htm) Chrome/116.0.1938.76 Safari/537.36"
149.62.208.29 - - [13/Oct/2025:01:21:11 +0200] "POST /bg/index.php?controller=product&token=cc931d60bd7d9392ca22625436865d96&id_product=209&id_customization=0&group%5B5%5D=27&qty=1 HTTP/2.0" 200 22549 "https://kpopbg.com/bg/nachalo/209-442-stray-kids-ate-mini-album-first-press-8809954229602" "Mozilla/5.0 (Linux; Android 10; K) AppleWebKit/537.36 (KHTML, like Gecko) Chrome/141.0.0.0 Mobile Safari/537.36"
149.62.208.29 - - [13/Oct/2025:01:21:12 +0200] "GET /bg/15-straykids?page=2 HTTP/2.0" 200 15810 "https://kpopbg.com/bg/nachalo/53-stray-kids-oddinary-standard-ver--8809755509934" "Mozilla/5.0 (Linux; Android 10; K) AppleWebKit/537.36 (KHTML, like Gecko) Chrome/141.0.0.0 Mobile Safari/537.36"
66.249.66.15 - - [13/Oct/2025:01:21:12 +0200] "GET /bg/nachalo/359-nct-wish-color-photobook-ver-3rd-mini-album--8804775457432 HTTP/1.1" 200 18355 "-" "Mozilla/5.0 (Linux; Android 6.0.1; Nexus 5X Build/MMB29P) AppleWebKit/537.36 (KHTML, like Gecko) Chrome/140.0.7339.207 Mobile Safari/537.36 (compatible; Googlebot/2.1; +http://www.google.com/bot.html)"
149.62.208.29 - - [13/Oct/2025:01:21:17 +0200] "GET /bg/nachalo/89-164-stray-kids-in-life-1st-album--8809633189081 HTTP/2.0" 200 18853 "https://kpopbg.com/bg/15-straykids?page=2" "Mozilla/5.0 (Linux; Android 10; K) AppleWebKit/537.36 (KHTML, like Gecko) Chrome/141.0.0.0 Mobile Safari/537.36"
149.62.208.29 - - [13/Oct/2025:01:21:17 +0200] "GET /198-medium_default/stray-kids-in-life-1st-album-.jpg HTTP/2.0" 200 32765 "https://kpopbg.com/bg/nachalo/89-164-stray-kids-in-life-1st-album--8809633189081" "Mozilla/5.0 (Linux; Android 10; K) AppleWebKit/537.36 (KHTML, like Gecko) Chrome/141.0.0.0 Mobile Safari/537.36"
149.62.208.29 - - [13/Oct/2025:01:21:17 +0200] "GET /198-large_default/stray-kids-in-life-1st-album-.jpg HTTP/2.0" 200 52749 "https://kpopbg.com/bg/nachalo/89-164-stray-kids-in-life-1st-album--8809633189081" "Mozilla/5.0 (Linux; Android 10; K) AppleWebKit/537.36 (KHTML, like Gecko) Chrome/141.0.0.0 Mobile Safari/537.36"
149.62.208.29 - - [13/Oct/2025:01:21:17 +0200] "GET /198-home_default/stray-kids-in-life-1st-album-.jpg HTTP/2.0" 200 12629 "https://kpopbg.com/bg/nachalo/89-164-stray-kids-in-life-1st-album--8809633189081" "Mozilla/5.0 (Linux; Android 10; K) AppleWebKit/537.36 (KHTML, like Gecko) Chrome/141.0.0.0 Mobile Safari/537.36"
149.62.208.29 - - [13/Oct/2025:01:21:17 +0200] "GET /195-home_default/stray-kids-in-life-1st-album-.jpg HTTP/2.0" 200 19550 "https://kpopbg.com/bg/nachalo/89-164-stray-kids-in-life-1st-album--8809633189081" "Mozilla/5.0 (Linux; Android 10; K) AppleWebKit/537.36 (KHTML, like Gecko) Chrome/141.0.0.0 Mobile Safari/537.36"
149.62.208.29 - - [13/Oct/2025:01:21:17 +0200] "GET /img/cms/Stray%20Kids/In%20Life/ef967d385d1e7c65c01662b1d445afcde3e6e3487ad08bc272bda7f0209ebe41_0214a1b0-62ea-4aef-8933-81eb56b063ef_720x.jpg HTTP/2.0" 200 326369 "https://kpopbg.com/bg/nachalo/89-164-stray-kids-in-life-1st-album--8809633189081" "Mozilla/5.0 (Linux; Android 10; K) AppleWebKit/537.36 (KHTML, like Gecko) Chrome/141.0.0.0 Mobile Safari/537.36"
149.62.208.29 - - [13/Oct/2025:01:21:17 +0200] "GET /198-small_default/stray-kids-in-life-1st-album-.jpg HTTP/2.0" 200 3327 "https://kpopbg.com/bg/nachalo/89-164-stray-kids-in-life-1st-album--8809633189081" "Mozilla/5.0 (Linux; Android 10; K) AppleWebKit/537.36 (KHTML, like Gecko) Chrome/141.0.0.0 Mobile Safari/537.36"
149.62.208.29 - - [13/Oct/2025:01:21:17 +0200] "GET /195-small_default/stray-kids-in-life-1st-album-.jpg HTTP/2.0" 200 6221 "https://kpopbg.com/bg/nachalo/89-164-stray-kids-in-life-1st-album--8809633189081" "Mozilla/5.0 (Linux; Android 10; K) AppleWebKit/537.36 (KHTML, like Gecko) Chrome/141.0.0.0 Mobile Safari/537.36"
217.113.194.109 - - [13/Oct/2025:01:21:19 +0200] "GET /en/13-artist?q=Categories-JIHYO-ILLIT&order=product.price.desc&page=20 HTTP/1.1" 200 18284 "-" "Mozilla/5.0 (compatible; Barkrowler/0.9; +https://babbar.tech/crawler)"
149.62.208.29 - - [13/Oct/2025:01:21:26 +0200] "GET /bg/15-straykids?page=2 HTTP/2.0" 200 15807 "https://kpopbg.com/bg/nachalo/53-stray-kids-oddinary-standard-ver--8809755509934" "Mozilla/5.0 (Linux; Android 10; K) AppleWebKit/537.36 (KHTML, like Gecko) Chrome/141.0.0.0 Mobile Safari/537.36"
149.62.208.29 - - [13/Oct/2025:01:21:32 +0200] "GET /index.php?controller=new-products HTTP/2.0" 302 0 "https://kpopbg.com/bg/15-straykids?page=2" "Mozilla/5.0 (Linux; Android 10; K) AppleWebKit/537.36 (KHTML, like Gecko) Chrome/141.0.0.0 Mobile Safari/537.36"
149.62.208.29 - - [13/Oct/2025:01:21:33 +0200] "GET /bg/%D0%BD%D0%BE%D0%B2%D0%B8-%D0%BF%D1%80%D0%BE%D0%B4%D1%83%D0%BA%D1%82%D0%B8 HTTP/2.0" 200 17155 "https://kpopbg.com/bg/15-straykids?page=2" "Mozilla/5.0 (Linux; Android 10; K) AppleWebKit/537.36 (KHTML, like Gecko) Chrome/141.0.0.0 Mobile Safari/537.36"
149.62.208.29 - - [13/Oct/2025:01:21:33 +0200] "GET /1018-home_default/cortis-color-outside-the-lines-the-1st-ep-.jpg HTTP/2.0" 200 19384 "https://kpopbg.com/bg/%D0%BD%D0%BE%D0%B2%D0%B8-%D0%BF%D1%80%D0%BE%D0%B4%D1%83%D0%BA%D1%82%D0%B8" "Mozilla/5.0 (Linux; Android 10; K) AppleWebKit/537.36 (KHTML, like Gecko) Chrome/141.0.0.0 Mobile Safari/537.36"
149.62.208.29 - - [13/Oct/2025:01:21:33 +0200] "GET /1014-home_default/haechan-nct-taste-savory-ver-1st-album-.jpg HTTP/2.0" 200 9091 "https://kpopbg.com/bg/%D0%BD%D0%BE%D0%B2%D0%B8-%D0%BF%D1%80%D0%BE%D0%B4%D1%83%D0%BA%D1%82%D0%B8" "Mozilla/5.0 (Linux; Android 10; K) AppleWebKit/537.36 (KHTML, like Gecko) Chrome/141.0.0.0 Mobile Safari/537.36"
149.62.208.29 - - [13/Oct/2025:01:21:33 +0200] "GET /1003-home_default/ive-ive-secret-the-4th-ep-.jpg HTTP/2.0" 200 20327 "https://kpopbg.com/bg/%D0%BD%D0%BE%D0%B2%D0%B8-%D0%BF%D1%80%D0%BE%D0%B4%D1%83%D0%BA%D1%82%D0%B8" "Mozilla/5.0 (Linux; Android 10; K) AppleWebKit/537.36 (KHTML, like Gecko) Chrome/141.0.0.0 Mobile Safari/537.36"
149.62.208.29 - - [13/Oct/2025:01:21:33 +0200] "GET /1017-home_default/moon-byul-mamamoo-laundri-laundry-ver-4th-mini-album-.jpg HTTP/2.0" 200 28549 "https://kpopbg.com/bg/%D0%BD%D0%BE%D0%B2%D0%B8-%D0%BF%D1%80%D0%BE%D0%B4%D1%83%D0%BA%D1%82%D0%B8" "Mozilla/5.0 (Linux; Android 10; K) AppleWebKit/537.36 (KHTML, like Gecko) Chrome/141.0.0.0 Mobile Safari/537.36"
149.62.208.29 - - [13/Oct/2025:01:21:33 +0200] "GET /1016-home_default/amperone-loud-proud-3rd-mini-album-.jpg HTTP/2.0" 200 23732 "https://kpopbg.com/bg/%D0%BD%D0%BE%D0%B2%D0%B8-%D0%BF%D1%80%D0%BE%D0%B4%D1%83%D0%BA%D1%82%D0%B8" "Mozilla/5.0 (Linux; Android 10; K) AppleWebKit/537.36 (KHTML, like Gecko) Chrome/141.0.0.0 Mobile Safari/537.36"
149.62.208.29 - - [13/Oct/2025:01:21:33 +0200] "GET /1015-home_default/chanyeol-exo-upside-down-photo-book-ver-2nd-mini-album-.jpg HTTP/2.0" 200 28070 "https://kpopbg.com/bg/%D0%BD%D0%BE%D0%B2%D0%B8-%D0%BF%D1%80%D0%BE%D0%B4%D1%83%D0%BA%D1%82%D0%B8" "Mozilla/5.0 (Linux; Android 10; K) AppleWebKit/537.36 (KHTML, like Gecko) Chrome/141.0.0.0 Mobile Safari/537.36"
149.62.208.29 - - [13/Oct/2025:01:21:33 +0200] "GET /1013-home_default/yuqi-i-dle-motivation-1st-single-.jpg HTTP/2.0" 200 18371 "https://kpopbg.com/bg/%D0%BD%D0%BE%D0%B2%D0%B8-%D0%BF%D1%80%D0%BE%D0%B4%D1%83%D0%BA%D1%82%D0%B8" "Mozilla/5.0 (Linux; Android 10; K) AppleWebKit/537.36 (KHTML, like Gecko) Chrome/141.0.0.0 Mobile Safari/537.36"
149.62.208.29 - - [13/Oct/2025:01:21:33 +0200] "GET /1008-home_default/treasure-love-pulse-3rd-mini-album-.jpg HTTP/2.0" 200 12188 "https://kpopbg.com/bg/%D0%BD%D0%BE%D0%B2%D0%B8-%D0%BF%D1%80%D0%BE%D0%B4%D1%83%D0%BA%D1%82%D0%B8" "Mozilla/5.0 (Linux; Android 10; K) AppleWebKit/537.36 (KHTML, like Gecko) Chrome/141.0.0.0 Mobile Safari/537.36"
149.62.208.29 - - [13/Oct/2025:01:21:33 +0200] "GET /1007-home_default/key-shinee-hunter-archive-ver-3rd-album-.jpg HTTP/2.0" 200 16017 "https://kpopbg.com/bg/%D0%BD%D0%BE%D0%B2%D0%B8-%D0%BF%D1%80%D0%BE%D0%B4%D1%83%D0%BA%D1%82%D0%B8" "Mozilla/5.0 (Linux; Android 10; K) AppleWebKit/537.36 (KHTML, like Gecko) Chrome/141.0.0.0 Mobile Safari/537.36"
149.62.208.29 - - [13/Oct/2025:01:21:33 +0200] "GET /1006-home_default/chaeyoung-twice-lil-fantasy-vol1-the-1st-album-.jpg HTTP/2.0" 200 14621 "https://kpopbg.com/bg/%D0%BD%D0%BE%D0%B2%D0%B8-%D0%BF%D1%80%D0%BE%D0%B4%D1%83%D0%BA%D1%82%D0%B8" "Mozilla/5.0 (Linux; Android 10; K) AppleWebKit/537.36 (KHTML, like Gecko) Chrome/141.0.0.0 Mobile Safari/537.36"
40.77.167.151 - - [13/Oct/2025:01:21:33 +0200] "GET /en/13-artist?q=Categories-BABYMONSTER-BTS-ENHYPEN-ILLIT-NMIXX-STRAYKIDS-TXT-ZEROBASEONE-LE+SSERAFIM HTTP/2.0" 200 19829 "-" "Mozilla/5.0 AppleWebKit/537.36 (KHTML, like Gecko; compatible; bingbot/2.0; +http://www.bing.com/bingbot.htm) Chrome/116.0.1938.76 Safari/537.36"
217.113.194.105 - - [13/Oct/2025:01:21:36 +0200] "GET /en/13-artist?q=Categories-JIHYO-TREASURE&order=product.name.desc&page=20 HTTP/1.1" 200 18136 "-" "Mozilla/5.0 (compatible; Barkrowler/0.9; +https://babbar.tech/crawler)"
149.62.208.29 - - [13/Oct/2025:01:21:39 +0200] "GET /bg/nachalo/372-663-amperone-loud-proud-3rd-mini-album--8804775456930 HTTP/2.0" 200 19829 "https://kpopbg.com/bg/%D0%BD%D0%BE%D0%B2%D0%B8-%D0%BF%D1%80%D0%BE%D0%B4%D1%83%D0%BA%D1%82%D0%B8" "Mozilla/5.0 (Linux; Android 10; K) AppleWebKit/537.36 (KHTML, like Gecko) Chrome/141.0.0.0 Mobile Safari/537.36"
149.62.208.29 - - [13/Oct/2025:01:21:40 +0200] "GET /1016-medium_default/amperone-loud-proud-3rd-mini-album-.jpg HTTP/2.0" 200 58929 "https://kpopbg.com/bg/nachalo/372-663-amperone-loud-proud-3rd-mini-album--8804775456930" "Mozilla/5.0 (Linux; Android 10; K) AppleWebKit/537.36 (KHTML, like Gecko) Chrome/141.0.0.0 Mobile Safari/537.36"
149.62.208.29 - - [13/Oct/2025:01:21:40 +0200] "GET /1016-small_default/amperone-loud-proud-3rd-mini-album-.jpg HTTP/2.0" 200 5035 "https://kpopbg.com/bg/nachalo/372-663-amperone-loud-proud-3rd-mini-album--8804775456930" "Mozilla/5.0 (Linux; Android 10; K) AppleWebKit/537.36 (KHTML, like Gecko) Chrome/141.0.0.0 Mobile Safari/537.36"
149.62.208.29 - - [13/Oct/2025:01:21:40 +0200] "GET /img/cms/AMPER&ONE/ampers-one-3rd-mini-album-loud-proud-wholesale.jpg HTTP/2.0" 200 567115 "https://kpopbg.com/bg/nachalo/372-663-amperone-loud-proud-3rd-mini-album--8804775456930" "Mozilla/5.0 (Linux; Android 10; K) AppleWebKit/537.36 (KHTML, like Gecko) Chrome/141.0.0.0 Mobile Safari/537.36"
149.62.208.29 - - [13/Oct/2025:01:21:40 +0200] "GET /1016-large_default/amperone-loud-proud-3rd-mini-album-.jpg HTTP/2.0" 200 83505 "https://kpopbg.com/bg/nachalo/372-663-amperone-loud-proud-3rd-mini-album--8804775456930" "Mozilla/5.0 (Linux; Android 10; K) AppleWebKit/537.36 (KHTML, like Gecko) Chrome/141.0.0.0 Mobile Safari/537.36"
217.113.194.223 - - [13/Oct/2025:01:21:53 +0200] "GET /en/13-artist?q=Categories-JIHYO-TREASURE&order=product.price.asc&page=4 HTTP/1.1" 200 19924 "-" "Mozilla/5.0 (compatible; Barkrowler/0.9; +https://babbar.tech/crawler)"
114.119.151.63 - - [13/Oct/2025:01:22:03 +0200] "GET /en/13-artist?q=Categories-TREASURE-TWICE-TXT-V%2B(BTS)&order=product.name.desc HTTP/1.1" 200 20022 "https://kpopbg.com/en/13-artist?q=Categories-TREASURE-TWICE-TXT-V%2B%28BTS%29&order=product.reference.desc&page=3" "Mozilla/5.0 (Linux; Android 7.0;) AppleWebKit/537.36 (KHTML, like Gecko) Mobile Safari/537.36 (compatible; PetalBot;+https://webmaster.petalsearch.com/site/petalbot)"
40.77.167.151 - - [13/Oct/2025:01:22:03 +0200] "GET /bg/13-artisti?q=%D0%9A%D0%B0%D1%82%D0%B5%D0%B3%D0%BE%D1%80%D0%B8%D0%B8-AESPA-BABYMONSTER-BLACKPINK-BOYNEXTDOOR-ENHYPEN-ILLIT-ITZY-JIHYO-LISA-NMIXX-P1Harmony-STRAYKIDS-TREASURE-TWICE-TXT-ZEROBASEONE-IVE&page=2 HTTP/2.0" 200 21629 "-" "Mozilla/5.0 AppleWebKit/537.36 (KHTML, like Gecko; compatible; bingbot/2.0; +http://www.bing.com/bingbot.htm) Chrome/116.0.1938.76 Safari/537.36"
52.167.144.210 - - [13/Oct/2025:01:22:12 +0200] "GET /bg/13-artisti?q=%D0%9A%D0%B0%D1%82%D0%B5%D0%B3%D0%BE%D1%80%D0%B8%D0%B8-AESPA-ATEEZ-BABYMONSTER-BLACKPINK-BOYNEXTDOOR-BTS-ENHYPEN-GOT+THE+BEAT-ILLIT-IVE-JIHYO-LISA-NCT+DOYOUNG-NMIXX-RIIZE-SEVENTEEN-STAYC-TWICE-TXT-WayV-ZEROBASEONE-NCT+DREAM HTTP/2.0" 200 21647 "-" "Mozilla/5.0 AppleWebKit/537.36 (KHTML, like Gecko; compatible; bingbot/2.0; +http://www.bing.com/bingbot.htm) Chrome/116.0.1938.76 Safari/537.36"
217.113.194.224 - - [13/Oct/2025:01:22:12 +0200] "GET /en/13-artist?q=Categories-JIHYO-STAYC&order=product.price.asc&page=18 HTTP/1.1" 200 19972 "-" "Mozilla/5.0 (compatible; Barkrowler/0.9; +https://babbar.tech/crawler)"
40.77.167.14 - - [13/Oct/2025:01:22:27 +0200] "GET /bg/13-artisti?q=%D0%9A%D0%B0%D1%82%D0%B5%D0%B3%D0%BE%D1%80%D0%B8%D0%B8-BLACKPINK-BTS-ENHYPEN-GOT+THE+BEAT-ITZY-IVE-JIHYO-KAI-LISA-NCT-NCT+DREAM-NMIXX-STAYC-STRAYKIDS-TREASURE-V+%28BTS%29 HTTP/2.0" 200 21511 "-" "Mozilla/5.0 AppleWebKit/537.36 (KHTML, like Gecko; compatible; bingbot/2.0; +http://www.bing.com/bingbot.htm) Chrome/116.0.1938.76 Safari/537.36"
217.113.194.103 - - [13/Oct/2025:01:22:30 +0200] "GET /en/13-artist?q=Categories-JIHYO-STAYC&order=product.price.asc&page=19 HTTP/1.1" 200 20230 "-" "Mozilla/5.0 (compatible; Barkrowler/0.9; +https://babbar.tech/crawler)"
40.77.167.14 - - [13/Oct/2025:01:22:37 +0200] "GET /bg/13-artisti?q=%D0%9A%D0%B0%D1%82%D0%B5%D0%B3%D0%BE%D1%80%D0%B8%D0%B8-ATEEZ-BABYMONSTER-BLACKPINK-BOYNEXTDOOR-BTS-ENHYPEN-GOT+THE+BEAT-ILLIT-Kep1er-LISA+%28BLACKPINK%29-NMIXX-RIIZE-ROSE+%28BLACKPINK%29-SEVENTEEN-STAYC-TWICE-WayV-ZEROBASEONE-TREASURE&page=20 HTTP/2.0" 200 19993 "-" "Mozilla/5.0 AppleWebKit/537.36 (KHTML, like Gecko; compatible; bingbot/2.0; +http://www.bing.com/bingbot.htm) Chrome/116.0.1938.76 Safari/537.36"
217.113.194.109 - - [13/Oct/2025:01:22:48 +0200] "GET /en/13-artist?q=Categories-JIHYO-STAYC&order=product.price.asc&page=4 HTTP/1.1" 200 19917 "-" "Mozilla/5.0 (compatible; Barkrowler/0.9; +https://babbar.tech/crawler)"
217.113.194.103 - - [13/Oct/2025:01:23:05 +0200] "GET /en/13-artist?q=Categories-JIHYO-STRAYKIDS-V+%28BTS%29&page=3 HTTP/1.1" 200 19834 "-" "Mozilla/5.0 (compatible; Barkrowler/0.9; +https://babbar.tech/crawler)"
64.42.180.122 - - [13/Oct/2025:01:23:08 +0200] "GET /wp-content/backup/wp.sql HTTP/2.0" 404 77087 "-" "Mozilla/5.0 (Linux; Android 12; SM-G991B) AppleWebKit/537.36 (KHTML, like Gecko) Chrome/113.0.0.0 Mobile Safari/537.36"
52.167.144.210 - - [13/Oct/2025:01:23:15 +0200] "GET /bg/13-artisti?q=%D0%9A%D0%B0%D1%82%D0%B5%D0%B3%D0%BE%D1%80%D0%B8%D0%B8-ATEEZ-BABYMONSTER-BLACKPINK-BOYNEXTDOOR-ENHYPEN-ILLIT-ITZY-JIHYO-KAI-Kep1er-NEW+JEANS-P1Harmony-TREASURE-WayV-ZEROBASEONE-SEVENTEEN HTTP/2.0" 200 21593 "-" "Mozilla/5.0 AppleWebKit/537.36 (KHTML, like Gecko; compatible; bingbot/2.0; +http://www.bing.com/bingbot.htm) Chrome/116.0.1938.76 Safari/537.36"
217.113.194.108 - - [13/Oct/2025:01:23:23 +0200] "GET /en/13-artist?q=Categories-Jin+%28BTS%29-TWICE-BLACKPINK&page=18 HTTP/1.1" 200 19881 "-" "Mozilla/5.0 (compatible; Barkrowler/0.9; +https://babbar.tech/crawler)"
114.119.136.175 - - [13/Oct/2025:01:23:26 +0200] "GET /en/13-artist?q=Categories-TREASURE-TWICE-TXT-P1Harmony&order=product.position.asc&page=4 HTTP/1.1" 200 19939 "https://kpopbg.com/en/13-artist?q=Categories-TREASURE-TWICE-TXT-P1Harmony&order=product.position.asc&page=3" "Mozilla/5.0 (Linux; Android 7.0;) AppleWebKit/537.36 (KHTML, like Gecko) Mobile Safari/537.36 (compatible; PetalBot;+https://webmaster.petalsearch.com/site/petalbot)"
217.113.194.105 - - [13/Oct/2025:01:23:40 +0200] "GET /en/13-artist?q=Categories-Jin+%28BTS%29-TWICE-BLACKPINK&page=19 HTTP/1.1" 200 19840 "-" "Mozilla/5.0 (compatible; Barkrowler/0.9; +https://babbar.tech/crawler)"
217.113.194.110 - - [13/Oct/2025:01:23:57 +0200] "GET /en/13-artist?q=Categories-Jin+%28BTS%29-TWICE-BLACKPINK&page=4 HTTP/1.1" 200 20033 "-" "Mozilla/5.0 (compatible; Barkrowler/0.9; +https://babbar.tech/crawler)"
40.77.167.151 - - [13/Oct/2025:01:24:12 +0200] "GET /en/13-artist?q=%D0%9A%D0%B0%D1%82%D0%B5%D0%B3%D0%BE%D1%80%D0%B8%D0%B8-AESPA-BABYMONSTER-BLACKPINK-BOYNEXTDOOR-BTS-ENHYPEN-ILLIT-ITZY-JIHYO-LISA-NAYEON+%28TWICE%29-NMIXX-RIIZE-SEVENTEEN-TWICE-WayV-ZEROBASEONE-STRAYKIDS HTTP/2.0" 200 20015 "-" "Mozilla/5.0 AppleWebKit/537.36 (KHTML, like Gecko; compatible; bingbot/2.0; +http://www.bing.com/bingbot.htm) Chrome/116.0.1938.76 Safari/537.36"
40.77.167.151 - - [13/Oct/2025:01:24:12 +0200] "GET /bg/13-artisti?q=%D0%9A%D0%B0%D1%82%D0%B5%D0%B3%D0%BE%D1%80%D0%B8%D0%B8-AESPA-BABYMONSTER-BLACKPINK-BOYNEXTDOOR-ENHYPEN-GOT+THE+BEAT-ILLIT-JIHYO-LISA-NMIXX-RIIZE-ROSE+%28BLACKPINK%29-STRAYKIDS-TREASURE-TWICE-TXT-WayV-ZEROBASEONE-Jin+%28BTS%29 HTTP/2.0" 200 21663 "-" "Mozilla/5.0 AppleWebKit/537.36 (KHTML, like Gecko; compatible; bingbot/2.0; +http://www.bing.com/bingbot.htm) Chrome/116.0.1938.76 Safari/537.36"
217.113.194.111 - - [13/Oct/2025:01:24:15 +0200] "GET /en/13-artist?q=Categories-Jin+%28BTS%29-TWICE-SEVENTEEN&page=17 HTTP/1.1" 200 19658 "-" "Mozilla/5.0 (compatible; Barkrowler/0.9; +https://babbar.tech/crawler)"
40.77.167.14 - - [13/Oct/2025:01:24:27 +0200] "GET /bg/13-artisti?q=%D0%9A%D0%B0%D1%82%D0%B5%D0%B3%D0%BE%D1%80%D0%B8%D0%B8-ATEEZ-BABYMONSTER-BLACKPINK-BOYNEXTDOOR-ENHYPEN-ILLIT-IVE-JENNIE+%28BLACKPINK%29-LE+SSERAFIM-LISA+%28BLACKPINK%29-NMIXX-P1Harmony-RIIZE-SEVENTEEN-TXT-WayV-ZEROBASEONE-ITZY HTTP/2.0" 200 21643 "-" "Mozilla/5.0 AppleWebKit/537.36 (KHTML, like Gecko; compatible; bingbot/2.0; +http://www.bing.com/bingbot.htm) Chrome/116.0.1938.76 Safari/537.36"
217.113.194.224 - - [13/Oct/2025:01:24:33 +0200] "GET /en/13-artist?q=Categories-Jin+%28BTS%29-TWICE-SEVENTEEN&page=13 HTTP/1.1" 200 19800 "-" "Mozilla/5.0 (compatible; Barkrowler/0.9; +https://babbar.tech/crawler)"
57.141.4.59 - - [13/Oct/2025:01:24:48 +0200] "GET /bg/67-jin-bts HTTP/2.0" 200 98603 "-" "meta-externalagent/1.1 (+https://developers.facebook.com/docs/sharing/webmasters/crawler)"
217.113.194.106 - - [13/Oct/2025:01:24:49 +0200] "GET /en/13-artist?q=Categories-Jin+%28BTS%29-TWICE-SEVENTEEN&page=19 HTTP/1.1" 200 19836 "-" "Mozilla/5.0 (compatible; Barkrowler/0.9; +https://babbar.tech/crawler)"
114.119.153.232 - - [13/Oct/2025:01:24:51 +0200] "GET /en/13-artist?q=Categories-TREASURE-TWICE-GOT%2BTHE%2BBEAT/Availability-Available&order=product.price.desc&page=14 HTTP/1.1" 200 19957 "https://kpopbg.com/en/13-artist?q=Categories-TREASURE-TWICE-GOT%2BTHE%2BBEAT/Availability-Available&order=product.price.desc&page=13" "Mozilla/5.0 (Linux; Android 7.0;) AppleWebKit/537.36 (KHTML, like Gecko) Mobile Safari/537.36 (compatible; PetalBot;+https://webmaster.petalsearch.com/site/petalbot)"
40.77.167.14 - - [13/Oct/2025:01:24:58 +0200] "GET /bg/13-artisti?q=%D0%9A%D0%B0%D1%82%D0%B5%D0%B3%D0%BE%D1%80%D0%B8%D0%B8-ATEEZ-BABYMONSTER-BLACKPINK-BOYNEXTDOOR-ENHYPEN-ILLIT-ITZY-IVE-JENNIE+%28BLACKPINK%29-JIHYO-LISA+%28BLACKPINK%29-NEW+JEANS-NMIXX-RIIZE-ROSE+%28BLACKPINK%29-SEVENTEEN-STAYC-STRAYKIDS-TREASURE-TWICE-WayV-ZEROBASEONE-GOT+THE+BEAT HTTP/2.0" 200 21723 "-" "Mozilla/5.0 AppleWebKit/537.36 (KHTML, like Gecko; compatible; bingbot/2.0; +http://www.bing.com/bingbot.htm) Chrome/116.0.1938.76 Safari/537.36"
40.77.167.151 - - [13/Oct/2025:01:25:04 +0200] "GET /bg/13-artisti?q=%D0%9A%D0%B0%D1%82%D0%B5%D0%B3%D0%BE%D1%80%D0%B8%D0%B8-ASTRO-BLACKPINK-ENHYPEN-ITZY-IVE-KAI-LISA-NCT-NMIXX-STRAYKIDS-TREASURE-TWICE-V+%28BTS%29-LE+SSERAFIM&page=2 HTTP/2.0" 200 21529 "-" "Mozilla/5.0 AppleWebKit/537.36 (KHTML, like Gecko; compatible; bingbot/2.0; +http://www.bing.com/bingbot.htm) Chrome/116.0.1938.76 Safari/537.36"
217.113.194.223 - - [13/Oct/2025:01:25:07 +0200] "GET /en/13-artist?q=Categories-Jin+%28BTS%29-TWICE-SEVENTEEN&page=18 HTTP/1.1" 200 19886 "-" "Mozilla/5.0 (compatible; Barkrowler/0.9; +https://babbar.tech/crawler)"
40.77.167.151 - - [13/Oct/2025:01:25:23 +0200] "GET /bg/13-artisti?q=%D0%9A%D0%B0%D1%82%D0%B5%D0%B3%D0%BE%D1%80%D0%B8%D0%B8-AESPA-BABYMONSTER-BOYNEXTDOOR-ENHYPEN-GOT+THE+BEAT-ITZY-JIHYO-LISA-P1Harmony-RIIZE-STAYC-STRAYKIDS-TREASURE-TWICE-WayV-ZEROBASEONE-V+%28BTS%29 HTTP/2.0" 200 21575 "-" "Mozilla/5.0 AppleWebKit/537.36 (KHTML, like Gecko; compatible; bingbot/2.0; +http://www.bing.com/bingbot.htm) Chrome/116.0.1938.76 Safari/537.36"
40.77.167.151 - - [13/Oct/2025:01:25:24 +0200] "GET /bg/13-artisti?q=%D0%9A%D0%B0%D1%82%D0%B5%D0%B3%D0%BE%D1%80%D0%B8%D0%B8-ATEEZ-BABYMONSTER-BLACKPINK-BOYNEXTDOOR-Dreamcatcher-ENHYPEN-GOT+THE+BEAT-ILLIT-IVE-JENNIE+%28BLACKPINK%29-JIHYO-Kep1er-NMIXX-RIIZE-RM+%28BTS%29-STRAYKIDS-TREASURE-TWICE-WayV-ZEROBASEONE HTTP/2.0" 200 21679 "-" "Mozilla/5.0 AppleWebKit/537.36 (KHTML, like Gecko; compatible; bingbot/2.0; +http://www.bing.com/bingbot.htm) Chrome/116.0.1938.76 Safari/537.36"
217.113.194.104 - - [13/Oct/2025:01:25:25 +0200] "GET /en/13-artist?q=Categories-Jin+%28BTS%29-TWICE&order=product.name.asc HTTP/1.1" 200 19366 "-" "Mozilla/5.0 (compatible; Barkrowler/0.9; +https://babbar.tech/crawler)"
40.77.167.14 - - [13/Oct/2025:01:25:36 +0200] "GET /en/13-artist?q=%D0%9A%D0%B0%D1%82%D0%B5%D0%B3%D0%BE%D1%80%D0%B8%D0%B8-AESPA-BABYMONSTER-BLACKPINK-BOYNEXTDOOR-ENHYPEN-ILLIT-JIHYO-LISA-RIIZE-STRAYKIDS-TWICE-WayV-ZEROBASEONE-Tzuyu+%28TWICE%29 HTTP/2.0" 200 20023 "-" "Mozilla/5.0 AppleWebKit/537.36 (KHTML, like Gecko; compatible; bingbot/2.0; +http://www.bing.com/bingbot.htm) Chrome/116.0.1938.76 Safari/537.36"
82.211.9.148 - - [13/Oct/2025:01:25:38 +0200] "GET /wp-content/backup/site-backup.tar.gz HTTP/2.0" 404 77135 "-" "Mozilla/5.0 (Macintosh; Intel Mac OS X 14_5) AppleWebKit/537.36 (KHTML, like Gecko) Chrome/133.0.0.0 Safari/537.36"
217.113.194.108 - - [13/Oct/2025:01:25:41 +0200] "GET /en/13-artist?q=Categories-YEJI+%28ITZY%29-ENHYPEN&page=3 HTTP/1.1" 200 19819 "-" "Mozilla/5.0 (compatible; Barkrowler/0.9; +https://babbar.tech/crawler)"
40.77.167.151 - - [13/Oct/2025:01:25:44 +0200] "GET /bg/13-artisti?q=%D0%9A%D0%B0%D1%82%D0%B5%D0%B3%D0%BE%D1%80%D0%B8%D0%B8-AESPA-ATEEZ-BABYMONSTER-BLACKPINK-ENHYPEN-ILLIT-ITZY-JIHYO-KAI-Kep1er-LISA-NCT+DREAM-NMIXX-RIIZE-TREASURE-TXT-ZEROBASEONE HTTP/2.0" 200 21505 "-" "Mozilla/5.0 AppleWebKit/537.36 (KHTML, like Gecko; compatible; bingbot/2.0; +http://www.bing.com/bingbot.htm) Chrome/116.0.1938.76 Safari/537.36"
217.113.194.223 - - [13/Oct/2025:01:25:57 +0200] "GET /en/13-artist?q=Categories-YEJI+%28ITZY%29-ENHYPEN&page=2 HTTP/1.1" 200 19794 "-" "Mozilla/5.0 (compatible; Barkrowler/0.9; +https://babbar.tech/crawler)"
40.77.167.151 - - [13/Oct/2025:01:26:03 +0200] "GET /en/13-artist?q=Categories-ASTRO-ATEEZ-BABYMONSTER-BLACKPINK-BOYNEXTDOOR-ENHYPEN-ILLIT-ITZY-JIHYO-KAI-LISA-NMIXX-SEVENTEEN-TWICE-TXT-ZEROBASEONE-LE+SSERAFIM HTTP/2.0" 200 19921 "-" "Mozilla/5.0 AppleWebKit/537.36 (KHTML, like Gecko; compatible; bingbot/2.0; +http://www.bing.com/bingbot.htm) Chrome/116.0.1938.76 Safari/537.36"
114.119.151.63 - - [13/Oct/2025:01:26:13 +0200] "GET /en/13-artist?q=Categories-TREASURE-JISOO&page=5 HTTP/1.1" 200 19896 "https://kpopbg.com/en/13-artist?q=Categories-TREASURE-JISOO&page=6" "Mozilla/5.0 (Linux; Android 7.0;) AppleWebKit/537.36 (KHTML, like Gecko) Mobile Safari/537.36 (compatible; PetalBot;+https://webmaster.petalsearch.com/site/petalbot)"
217.113.194.104 - - [13/Oct/2025:01:26:15 +0200] "GET /en/13-artist?q=Categories-YEJI+%28ITZY%29-ENHYPEN&page=20 HTTP/1.1" 200 18157 "-" "Mozilla/5.0 (compatible; Barkrowler/0.9; +https://babbar.tech/crawler)"
217.113.194.102 - - [13/Oct/2025:01:26:32 +0200] "GET /en/13-artist?q=Categories-KAI-ZEROBASEONE&order=product.name.asc&page=3 HTTP/1.1" 200 19621 "-" "Mozilla/5.0 (compatible; Barkrowler/0.9; +https://babbar.tech/crawler)"
66.249.66.13 - - [13/Oct/2025:01:26:35 +0200] "GET /264-large_default/treasure-reboot-2nd-full-album-photobook-ver.jpg HTTP/1.1" 200 71739 "-" "Googlebot-Image/1.0"
217.113.194.102 - - [13/Oct/2025:01:26:49 +0200] "GET /en/13-artist?q=Categories-KAI-ZEROBASEONE&order=product.name.asc&page=2 HTTP/1.1" 200 19562 "-" "Mozilla/5.0 (compatible; Barkrowler/0.9; +https://babbar.tech/crawler)"
