104.199.32.134 - - [13/Oct/2025:02:04:06 +0200] "GET /index.php?fc=module&module=ps_eventbus&controller=apiHealthCheck&job_id=repeat%3Ashop-content-synchronization-57ba67c7-a7c0-4110-b070-0d784f58b908%3A1760310000000&call_id=xy8l7g1cv-0 HTTP/1.1" 200 341 "-" "prestashop-cloudsync/1.0"
104.199.32.134 - - [13/Oct/2025:02:04:07 +0200] "GET /index.php?fc=module&module=ps_eventbus&controller=apiDeletedObjects&job_id=repeat%3Ashop-content-synchronization-57ba67c7-a7c0-4110-b070-0d784f58b908%3A1760310000000&call_id=yul4zpm2z-0 HTTP/1.1" 200 45 "-" "prestashop-cloudsync/1.0"
40.77.167.78 - - [13/Oct/2025:02:04:07 +0200] "GET /bg/13-artisti?q=%D0%9A%D0%B0%D1%82%D0%B5%D0%B3%D0%BE%D1%80%D0%B8%D0%B8-AESPA-BABYMONSTER-BOYNEXTDOOR-ENHYPEN-ILLIT-ITZY-JIHYO-JUNG+KOOK+%28BTS%29-LISA-NMIXX-RIIZE-RM+%28BTS%29-SEVENTEEN-STRAYKIDS-TWICE-WayV-XDINARY+HEROES-xikers-ZEROBASEONE-JENNIE+%28BLACKPINK%29 HTTP/2.0" 200 21708 "-" "Mozilla/5.0 AppleWebKit/537.36 (KHTML, like Gecko; compatible; bingbot/2.0; +http://www.bing.com/bingbot.htm) Chrome/116.0.1938.76 Safari/537.36"
104.199.32.134 - - [13/Oct/2025:02:04:07 +0200] "POST /index.php?fc=module&module=ps_eventbus&controller=apiInfo&job_id=repeat%3Ashop-content-synchronization-57ba67c7-a7c0-4110-b070-0d784f58b908%3A1760310000000&limit=1&full=1&call_id=1pi5rsv58-0 HTTP/1.1" 201 258 "-" "prestashop-cloudsync/1.0"
104.199.32.134 - - [13/Oct/2025:02:04:07 +0200] "POST /index.php?fc=module&module=ps_eventbus&controller=apiInfo&job_id=repeat%3Ashop-content-synchronization-57ba67c7-a7c0-4110-b070-0d784f58b908%3A1760310000000&limit=1&call_id=fltlxpofb-0 HTTP/1.1" 201 258 "-" "prestashop-cloudsync/1.0"
104.199.32.134 - - [13/Oct/2025:02:04:07 +0200] "POST /index.php?fc=module&module=ps_eventbus&controller=apiModules&job_id=repeat%3Ashop-content-synchronization-57ba67c7-a7c0-4110-b070-0d784f58b908%3A1760310000000&limit=1&full=1&call_id=v8rwon0s7-0 HTTP/1.1" 201 471 "-" "prestashop-cloudsync/1.0"
104.199.32.134 - - [13/Oct/2025:02:04:07 +0200] "POST /index.php?fc=module&module=ps_eventbus&controller=apiModules&job_id=repeat%3Ashop-content-synchronization-57ba67c7-a7c0-4110-b070-0d784f58b908%3A1760310000000&limit=100&call_id=pgce9bz6y-0 HTTP/1.1" 201 472 "-" "prestashop-cloudsync/1.0"
40.77.167.78 - - [13/Oct/2025:02:04:08 +0200] "GET /bg/12-albumi?q=%D0%9D%D0%B0%D0%BB%D0%B8%D1%87%D0%BD%D0%BE%D1%81%D1%82-%D0%92+%D0%BD%D0%B0%D0%BB%D0%B8%D1%87%D0%BD%D0%BE%D1%81%D1%82-%D0%9D%D0%B0%D0%BB%D0%B8%D1%87%D0%B5%D0%BD-%D0%9D%D1%8F%D0%BC%D0%B0+%D0%BD%D0%B0%D0%BB%D0%B8%D1%87%D0%BD%D0%BE%D1%81%D1%82/%D0%9C%D0%B0%D1%80%D0%BA%D0%B0-ADOR-BigHit+Music-CUBE+ENTERTAINMENT-FANTAGIO+MUSIC-SM+Entertainment HTTP/2.0" 200 17995 "-" "Mozilla/5.0 AppleWebKit/537.36 (KHTML, like Gecko; compatible; bingbot/2.0; +http://www.bing.com/bingbot.htm) Chrome/116.0.1938.76 Safari/537.36"
104.199.32.134 - - [13/Oct/2025:02:04:08 +0200] "POST /index.php?fc=module&module=ps_eventbus&controller=apiModules&job_id=repeat%3Ashop-content-synchronization-57ba67c7-a7c0-4110-b070-0d784f58b908%3A1760310000000&limit=100&call_id=fjqjdbquk-0 HTTP/1.1" 201 471 "-" "prestashop-cloudsync/1.0"
104.199.32.134 - - [13/Oct/2025:02:04:08 +0200] "POST /index.php?fc=module&module=ps_eventbus&controller=apiThemes&job_id=repeat%3Ashop-content-synchronization-57ba67c7-a7c0-4110-b070-0d784f58b908%3A1760310000000&limit=1&full=1&call_id=tttuio1v2-0 HTTP/1.1" 201 258 "-" "prestashop-cloudsync/1.0"
104.199.32.134 - - [13/Oct/2025:02:04:08 +0200] "POST /index.php?fc=module&module=ps_eventbus&controller=apiThemes&job_id=repeat%3Ashop-content-synchronization-57ba67c7-a7c0-4110-b070-0d784f58b908%3A1760310000000&limit=10&call_id=iz8pd591w-0 HTTP/1.1" 201 258 "-" "prestashop-cloudsync/1.0"
104.199.32.134 - - [13/Oct/2025:02:04:09 +0200] "POST /index.php?fc=module&module=ps_eventbus&controller=apiOrders&job_id=repeat%3Ashop-content-synchronization-57ba67c7-a7c0-4110-b070-0d784f58b908%3A1760310000000&limit=10&call_id=0rmhgltfc-0 HTTP/1.1" 201 476 "-" "prestashop-cloudsync/1.0"
104.199.32.134 - - [13/Oct/2025:02:04:09 +0200] "POST /index.php?fc=module&module=ps_eventbus&controller=apiCarriers&job_id=repeat%3Ashop-content-synchronization-57ba67c7-a7c0-4110-b070-0d784f58b908%3A1760310000000&limit=10&lang_iso=bg&call_id=lvm4qyntg-0 HTTP/1.1" 200 245 "-" "prestashop-cloudsync/1.0"
104.199.32.134 - - [13/Oct/2025:02:04:09 +0200] "POST /index.php?fc=module&module=ps_eventbus&controller=apiCarriers&job_id=repeat%3Ashop-content-synchronization-57ba67c7-a7c0-4110-b070-0d784f58b908%3A1760310000000&limit=10&lang_iso=en&call_id=z5g0hyim8-0 HTTP/1.1" 200 245 "-" "prestashop-cloudsync/1.0"
104.199.32.134 - - [13/Oct/2025:02:04:09 +0200] "POST /index.php?fc=module&module=ps_eventbus&controller=apiProducts&job_id=repeat%3Ashop-content-synchronization-57ba67c7-a7c0-4110-b070-0d784f58b908%3A1760310000000&limit=10&lang_iso=bg&call_id=xnnj286om-0 HTTP/1.1" 200 245 "-" "prestashop-cloudsync/1.0"
104.199.32.134 - - [13/Oct/2025:02:04:09 +0200] "POST /index.php?fc=module&module=ps_eventbus&controller=apiProducts&job_id=repeat%3Ashop-content-synchronization-57ba67c7-a7c0-4110-b070-0d784f58b908%3A1760310000000&limit=10&lang_iso=en&call_id=1ul97kra9-0 HTTP/1.1" 200 245 "-" "prestashop-cloudsync/1.0"
104.199.32.134 - - [13/Oct/2025:02:04:09 +0200] "POST /index.php?fc=module&module=ps_eventbus&controller=apiCategories&job_id=repeat%3Ashop-content-synchronization-57ba67c7-a7c0-4110-b070-0d784f58b908%3A1760310000000&limit=10&call_id=uqckoxfd6-0 HTTP/1.1" 200 247 "-" "prestashop-cloudsync/1.0"
104.199.32.134 - - [13/Oct/2025:02:04:09 +0200] "POST /index.php?fc=module&module=ps_eventbus&controller=apiGoogleTaxonomies&job_id=repeat%3Ashop-content-synchronization-57ba67c7-a7c0-4110-b070-0d784f58b908%3A1760310000000&limit=10&call_id=gtbjllmlk-0 HTTP/1.1" 200 247 "-" "prestashop-cloudsync/1.0"
104.199.32.134 - - [13/Oct/2025:02:04:09 +0200] "POST /index.php?fc=module&module=ps_eventbus&controller=apiSpecificPrices&job_id=repeat%3Ashop-content-synchronization-57ba67c7-a7c0-4110-b070-0d784f58b908%3A1760310000000&limit=10&call_id=3kocego2c-0 HTTP/1.1" 200 252 "-" "prestashop-cloudsync/1.0"
104.199.32.134 - - [13/Oct/2025:02:04:10 +0200] "POST /index.php?fc=module&module=ps_eventbus&job_id=repeat%3Ashop-content-synchronization-57ba67c7-a7c0-4110-b070-0d784f58b908%3A1760310000000&limit=10&lang_iso=bg&call_id=c104dvdaz-0 HTTP/1.1" 404 218 "-" "prestashop-cloudsync/1.0"
104.199.32.134 - - [13/Oct/2025:02:04:10 +0200] "POST /index.php?fc=module&module=ps_eventbus&job_id=repeat%3Ashop-content-synchronization-57ba67c7-a7c0-4110-b070-0d784f58b908%3A1760310000000&limit=1&lang_iso=bg&call_id=8mr9w23yu-0 HTTP/1.1" 404 218 "-" "prestashop-cloudsync/1.0"
104.199.32.134 - - [13/Oct/2025:02:04:11 +0200] "POST /index.php?fc=module&module=ps_eventbus&job_id=repeat%3Ashop-content-synchronization-57ba67c7-a7c0-4110-b070-0d784f58b908%3A1760310000000&limit=10&lang_iso=en&call_id=8e5qdt6a3-0 HTTP/1.1" 404 218 "-" "prestashop-cloudsync/1.0"
104.199.32.134 - - [13/Oct/2025:02:04:12 +0200] "POST /index.php?fc=module&module=ps_eventbus&job_id=repeat%3Ashop-content-synchronization-57ba67c7-a7c0-4110-b070-0d784f58b908%3A1760310000000&limit=1&lang_iso=en&call_id=wr7vhau8f-0 HTTP/1.1" 404 218 "-" "prestashop-cloudsync/1.0"
104.199.32.134 - - [13/Oct/2025:02:04:12 +0200] "POST /index.php?fc=module&module=ps_eventbus&job_id=repeat%3Ashop-content-synchronization-57ba67c7-a7c0-4110-b070-0d784f58b908%3A1760310000000&limit=10&lang_iso=bg&call_id=qqhe2k8ii-0 HTTP/1.1" 404 218 "-" "prestashop-cloudsync/1.0"
217.113.194.102 - - [13/Oct/2025:02:04:12 +0200] "GET /en/13-artist?q=Categories-BLACKPINK-NCT+JAEHYUN&page=4 HTTP/1.1" 200 20002 "-" "Mozilla/5.0 (compatible; Barkrowler/0.9; +https://babbar.tech/crawler)"
104.199.32.134 - - [13/Oct/2025:02:04:13 +0200] "POST /index.php?fc=module&module=ps_eventbus&job_id=repeat%3Ashop-content-synchronization-57ba67c7-a7c0-4110-b070-0d784f58b908%3A1760310000000&limit=1&lang_iso=bg&call_id=sq87s5xhy-0 HTTP/1.1" 404 218 "-" "prestashop-cloudsync/1.0"
104.199.32.134 - - [13/Oct/2025:02:04:13 +0200] "POST /index.php?fc=module&module=ps_eventbus&job_id=repeat%3Ashop-content-synchronization-57ba67c7-a7c0-4110-b070-0d784f58b908%3A1760310000000&limit=10&lang_iso=en&call_id=l0kpm69ms-0 HTTP/1.1" 404 218 "-" "prestashop-cloudsync/1.0"
104.199.32.134 - - [13/Oct/2025:02:04:14 +0200] "POST /index.php?fc=module&module=ps_eventbus&job_id=repeat%3Ashop-content-synchronization-57ba67c7-a7c0-4110-b070-0d784f58b908%3A1760310000000&limit=1&lang_iso=en&call_id=ujcsdderr-0 HTTP/1.1" 404 218 "-" "prestashop-cloudsync/1.0"
104.199.32.134 - - [13/Oct/2025:02:04:14 +0200] "POST /index.php?fc=module&module=ps_eventbus&controller=apiCustomProductCarriers&job_id=repeat%3Ashop-content-synchronization-57ba67c7-a7c0-4110-b070-0d784f58b908%3A1760310000000&limit=10&call_id=aos6fc5zd-0 HTTP/1.1" 200 260 "-" "prestashop-cloudsync/1.0"
104.199.32.134 - - [13/Oct/2025:02:04:14 +0200] "POST /index.php?fc=module&module=ps_eventbus&job_id=repeat%3Ashop-content-synchronization-57ba67c7-a7c0-4110-b070-0d784f58b908%3A1760310000000&limit=10&lang_iso=bg&call_id=a2eckc1z4-0 HTTP/1.1" 404 218 "-" "prestashop-cloudsync/1.0"
104.199.32.134 - - [13/Oct/2025:02:04:15 +0200] "POST /index.php?fc=module&module=ps_eventbus&job_id=repeat%3Ashop-content-synchronization-57ba67c7-a7c0-4110-b070-0d784f58b908%3A1760310000000&limit=1&lang_iso=bg&call_id=57tj775rx-0 HTTP/1.1" 404 218 "-" "prestashop-cloudsync/1.0"
104.199.32.134 - - [13/Oct/2025:02:04:15 +0200] "POST /index.php?fc=module&module=ps_eventbus&job_id=repeat%3Ashop-content-synchronization-57ba67c7-a7c0-4110-b070-0d784f58b908%3A1760310000000&limit=10&lang_iso=en&call_id=k47tbqup9-0 HTTP/1.1" 404 218 "-" "prestashop-cloudsync/1.0"
104.199.32.134 - - [13/Oct/2025:02:04:16 +0200] "POST /index.php?fc=module&module=ps_eventbus&job_id=repeat%3Ashop-content-synchronization-57ba67c7-a7c0-4110-b070-0d784f58b908%3A1760310000000&limit=1&lang_iso=en&call_id=cb358ff34-0 HTTP/1.1" 404 218 "-" "prestashop-cloudsync/1.0"
104.199.32.134 - - [13/Oct/2025:02:04:16 +0200] "POST /index.php?fc=module&module=ps_eventbus&job_id=repeat%3Ashop-content-synchronization-57ba67c7-a7c0-4110-b070-0d784f58b908%3A1760310000000&limit=10&lang_iso=bg&call_id=jz4x23koj-0 HTTP/1.1" 404 218 "-" "prestashop-cloudsync/1.0"
104.199.32.134 - - [13/Oct/2025:02:04:17 +0200] "POST /index.php?fc=module&module=ps_eventbus&job_id=repeat%3Ashop-content-synchronization-57ba67c7-a7c0-4110-b070-0d784f58b908%3A1760310000000&limit=1&lang_iso=bg&call_id=kg7aqrxdn-0 HTTP/1.1" 404 218 "-" "prestashop-cloudsync/1.0"
104.199.32.134 - - [13/Oct/2025:02:04:18 +0200] "POST /index.php?fc=module&module=ps_eventbus&job_id=repeat%3Ashop-content-synchronization-57ba67c7-a7c0-4110-b070-0d784f58b908%3A1760310000000&limit=10&lang_iso=en&call_id=u69juy779-0 HTTP/1.1" 404 218 "-" "prestashop-cloudsync/1.0"
104.199.32.134 - - [13/Oct/2025:02:04:19 +0200] "POST /index.php?fc=module&module=ps_eventbus&job_id=repeat%3Ashop-content-synchronization-57ba67c7-a7c0-4110-b070-0d784f58b908%3A1760310000000&limit=1&lang_iso=en&call_id=n6sxdl6am-0 HTTP/1.1" 404 218 "-" "prestashop-cloudsync/1.0"
104.199.32.134 - - [13/Oct/2025:02:04:19 +0200] "POST /index.php?fc=module&module=ps_eventbus&job_id=repeat%3Ashop-content-synchronization-57ba67c7-a7c0-4110-b070-0d784f58b908%3A1760310000000&limit=10&call_id=asntxpjwa-0 HTTP/1.1" 404 218 "-" "prestashop-cloudsync/1.0"
104.199.32.134 - - [13/Oct/2025:02:04:20 +0200] "POST /index.php?fc=module&module=ps_eventbus&job_id=repeat%3Ashop-content-synchronization-57ba67c7-a7c0-4110-b070-0d784f58b908%3A1760310000000&limit=1&call_id=vjtue6zkz-0 HTTP/1.1" 404 218 "-" "prestashop-cloudsync/1.0"
104.199.32.134 - - [13/Oct/2025:02:04:20 +0200] "POST /index.php?fc=module&module=ps_eventbus&job_id=repeat%3Ashop-content-synchronization-57ba67c7-a7c0-4110-b070-0d784f58b908%3A1760310000000&limit=10&call_id=xlr4jsm84-0 HTTP/1.1" 404 218 "-" "prestashop-cloudsync/1.0"
104.199.32.134 - - [13/Oct/2025:02:04:21 +0200] "POST /index.php?fc=module&module=ps_eventbus&job_id=repeat%3Ashop-content-synchronization-57ba67c7-a7c0-4110-b070-0d784f58b908%3A1760310000000&limit=1&call_id=ep68007e1-0 HTTP/1.1" 404 218 "-" "prestashop-cloudsync/1.0"
104.199.32.134 - - [13/Oct/2025:02:04:21 +0200] "POST /index.php?fc=module&module=ps_eventbus&job_id=repeat%3Ashop-content-synchronization-57ba67c7-a7c0-4110-b070-0d784f58b908%3A1760310000000&limit=10&call_id=3cpoqzbkr-0 HTTP/1.1" 404 218 "-" "prestashop-cloudsync/1.0"
104.199.32.134 - - [13/Oct/2025:02:04:22 +0200] "POST /index.php?fc=module&module=ps_eventbus&job_id=repeat%3Ashop-content-synchronization-57ba67c7-a7c0-4110-b070-0d784f58b908%3A1760310000000&limit=1&call_id=hlti7l0bh-0 HTTP/1.1" 404 218 "-" "prestashop-cloudsync/1.0"
104.199.32.134 - - [13/Oct/2025:02:04:23 +0200] "POST /index.php?fc=module&module=ps_eventbus&job_id=repeat%3Ashop-content-synchronization-57ba67c7-a7c0-4110-b070-0d784f58b908%3A1760310000000&limit=10&call_id=dp6ubusmf-0 HTTP/1.1" 404 218 "-" "prestashop-cloudsync/1.0"
104.199.32.134 - - [13/Oct/2025:02:04:23 +0200] "POST /index.php?fc=module&module=ps_eventbus&job_id=repeat%3Ashop-content-synchronization-57ba67c7-a7c0-4110-b070-0d784f58b908%3A1760310000000&limit=1&call_id=t8q7dkpup-0 HTTP/1.1" 404 218 "-" "prestashop-cloudsync/1.0"
104.199.32.134 - - [13/Oct/2025:02:04:24 +0200] "POST /index.php?fc=module&module=ps_eventbus&controller=apiCurrencies&job_id=repeat%3Ashop-content-synchronization-57ba67c7-a7c0-4110-b070-0d784f58b908%3A1760310000000&limit=10&call_id=hluh9zkq3-0 HTTP/1.1" 200 247 "-" "prestashop-cloudsync/1.0"
104.199.32.134 - - [13/Oct/2025:02:04:24 +0200] "POST /index.php?fc=module&module=ps_eventbus&controller=apiCarts&job_id=repeat%3Ashop-content-synchronization-57ba67c7-a7c0-4110-b070-0d784f58b908%3A1760310000000&limit=10&call_id=7jxg0prj1-0 HTTP/1.1" 201 477 "-" "prestashop-cloudsync/1.0"
104.199.32.134 - - [13/Oct/2025:02:04:24 +0200] "POST /index.php?fc=module&module=ps_eventbus&controller=apiCartRules&job_id=repeat%3Ashop-content-synchronization-57ba67c7-a7c0-4110-b070-0d784f58b908%3A1760310000000&limit=10&call_id=fu0p6f9gt-0 HTTP/1.1" 404 218 "-" "prestashop-cloudsync/1.0"
104.199.32.134 - - [13/Oct/2025:02:04:25 +0200] "POST /index.php?fc=module&module=ps_eventbus&controller=apiCartRules&job_id=repeat%3Ashop-content-synchronization-57ba67c7-a7c0-4110-b070-0d784f58b908%3A1760310000000&limit=1&call_id=er9ftn481-0 HTTP/1.1" 404 218 "-" "prestashop-cloudsync/1.0"
104.199.32.134 - - [13/Oct/2025:02:04:25 +0200] "POST /index.php?fc=module&module=ps_eventbus&job_id=repeat%3Ashop-content-synchronization-57ba67c7-a7c0-4110-b070-0d784f58b908%3A1760310000000&limit=10&call_id=tgej9pxf1-0 HTTP/1.1" 404 218 "-" "prestashop-cloudsync/1.0"
40.77.167.243 - - [13/Oct/2025:02:04:26 +0200] "GET /bg/13-artisti?q=%D0%9A%D0%B0%D1%82%D0%B5%D0%B3%D0%BE%D1%80%D0%B8%D0%B8-AESPA-BABYMONSTER-BOYNEXTDOOR-ENHYPEN-ILLIT-ITZY-JIHYO-LISA-NMIXX-SEVENTEEN-STAYC-TREASURE-WayV-ZEROBASEONE-STRAYKIDS HTTP/2.0" 200 21511 "-" "Mozilla/5.0 AppleWebKit/537.36 (KHTML, like Gecko; compatible; bingbot/2.0; +http://www.bing.com/bingbot.htm) Chrome/116.0.1938.76 Safari/537.36"
104.199.32.134 - - [13/Oct/2025:02:04:26 +0200] "POST /index.php?fc=module&module=ps_eventbus&job_id=repeat%3Ashop-content-synchronization-57ba67c7-a7c0-4110-b070-0d784f58b908%3A1760310000000&limit=1&call_id=8ocnya7gp-0 HTTP/1.1" 404 218 "-" "prestashop-cloudsync/1.0"
40.77.167.243 - - [13/Oct/2025:02:04:27 +0200] "GET /bg/13-artisti?q=%D0%9A%D0%B0%D1%82%D0%B5%D0%B3%D0%BE%D1%80%D0%B8%D0%B8-AESPA-ATEEZ-BABYMONSTER-BLACKPINK-BOYNEXTDOOR-ENHYPEN-ILLIT-IVE-KAI-LISA-NMIXX-P1Harmony-STRAYKIDS-ZEROBASEONE-LE+SSERAFIM HTTP/2.0" 200 21507 "-" "Mozilla/5.0 AppleWebKit/537.36 (KHTML, like Gecko; compatible; bingbot/2.0; +http://www.bing.com/bingbot.htm) Chrome/116.0.1938.76 Safari/537.36"
47.128.23.82 - - [13/Oct/2025:02:04:29 +0200] "GET /bg/13-artisti?SubmitCurrency=1&id_currency=1&q=%D0%9A%D0%B0%D1%82%D0%B5%D0%B3%D0%BE%D1%80%D0%B8%D0%B8-ATEEZ-BTS-NCT+127-NCT+DREAM-TXT HTTP/2.0" 200 21404 "-" "Mozilla/5.0 (compatible; Bytespider; spider-feedback@bytedance.com) AppleWebKit/537.36 (KHTML, like Gecko) Chrome/70.0.0.0 Safari/537.36"
217.113.194.108 - - [13/Oct/2025:02:04:30 +0200] "GET /en/13-artist?q=Categories-BLACKPINK-NCT+JAEHYUN&page=17 HTTP/1.1" 200 19625 "-" "Mozilla/5.0 (compatible; Barkrowler/0.9; +https://babbar.tech/crawler)"
40.77.167.7 - - [13/Oct/2025:02:04:33 +0200] "GET /bg/13-artisti?q=%D0%9A%D0%B0%D1%82%D0%B5%D0%B3%D0%BE%D1%80%D0%B8%D0%B8-AESPA-Agust+D+%28BTS%29-BABYMONSTER-BLACKPINK-BOYNEXTDOOR-ENHYPEN-GOT+THE+BEAT-ILLIT-NMIXX-P1Harmony-RIIZE-SEVENTEEN-TWICE-WayV-xikers-ZEROBASEONE-Kep1er HTTP/2.0" 200 21571 "-" "Mozilla/5.0 AppleWebKit/537.36 (KHTML, like Gecko; compatible; bingbot/2.0; +http://www.bing.com/bingbot.htm) Chrome/116.0.1938.76 Safari/537.36"
154.54.249.203 - - [13/Oct/2025:02:04:47 +0200] "GET /en/13-artist?q=Categories-BLACKPINK-NCT+JAEHYUN&page=19 HTTP/1.1" 200 19818 "-" "Mozilla/5.0 (compatible; Barkrowler/0.9; +https://babbar.tech/crawler)"
40.77.167.7 - - [13/Oct/2025:02:04:48 +0200] "GET /bg/13-artisti?q=%D0%9A%D0%B0%D1%82%D0%B5%D0%B3%D0%BE%D1%80%D0%B8%D0%B8-AESPA-BABYMONSTER-BLACKPINK-BOYNEXTDOOR-BTS-ENHYPEN-ILLIT-ITZY-JIHYO-KAI-NAYEON+%28TWICE%29-NMIXX-RIIZE-TREASURE-TWICE-WayV-ZEROBASEONE-SEVENTEEN HTTP/2.0" 200 21580 "-" "Mozilla/5.0 AppleWebKit/537.36 (KHTML, like Gecko; compatible; bingbot/2.0; +http://www.bing.com/bingbot.htm) Chrome/116.0.1938.76 Safari/537.36"
40.77.167.7 - - [13/Oct/2025:02:04:48 +0200] "GET /en/13-artist?q=Categories-BLACKPINK-BOYNEXTDOOR-Kep1er-LISA-SEVENTEEN&order=product.name.asc HTTP/2.0" 200 19394 "-" "Mozilla/5.0 AppleWebKit/537.36 (KHTML, like Gecko; compatible; bingbot/2.0; +http://www.bing.com/bingbot.htm) Chrome/116.0.1938.76 Safari/537.36"
40.77.167.7 - - [13/Oct/2025:02:04:49 +0200] "GET /bg/13-artisti?q=%D0%9A%D0%B0%D1%82%D0%B5%D0%B3%D0%BE%D1%80%D0%B8%D0%B8-ATEEZ-BABYMONSTER-BOYNEXTDOOR-ENHYPEN-ILLIT-IVE-Jin+%28BTS%29-Kep1er-NEW+JEANS-NMIXX-P1Harmony-RIIZE-STAYC-STRAYKIDS-TXT-WayV-ZEROBASEONE-GOT+THE+BEAT HTTP/2.0" 200 21581 "-" "Mozilla/5.0 AppleWebKit/537.36 (KHTML, like Gecko; compatible; bingbot/2.0; +http://www.bing.com/bingbot.htm) Chrome/116.0.1938.76 Safari/537.36"
40.77.167.7 - - [13/Oct/2025:02:04:49 +0200] "GET /bg/13-artisti?q=%D0%9A%D0%B0%D1%82%D0%B5%D0%B3%D0%BE%D1%80%D0%B8%D0%B8-AESPA-ATEEZ-BLACKPINK-BTS-ENHYPEN-GOT+THE+BEAT-ITZY-IVE-JISOO-JUNG+KOOK+%28BTS%29-KAI-LE+SSERAFIM-LISA-NCT-NCT+DREAM-STAYC-STRAYKIDS-TREASURE HTTP/2.0" 200 21558 "-" "Mozilla/5.0 AppleWebKit/537.36 (KHTML, like Gecko; compatible; bingbot/2.0; +http://www.bing.com/bingbot.htm) Chrome/116.0.1938.76 Safari/537.36"
40.77.167.7 - - [13/Oct/2025:02:04:49 +0200] "GET /bg/13-artisti?q=%D0%9A%D0%B0%D1%82%D0%B5%D0%B3%D0%BE%D1%80%D0%B8%D0%B8-JIHYO-STRAYKIDS-TWICE-NCT/%D0%9D%D0%B0%D0%BB%D0%B8%D1%87%D0%BD%D0%BE%D1%81%D1%82-%D0%92+%D0%BD%D0%B0%D0%BB%D0%B8%D1%87%D0%BD%D0%BE%D1%81%D1%82 HTTP/2.0" 200 21477 "-" "Mozilla/5.0 AppleWebKit/537.36 (KHTML, like Gecko; compatible; bingbot/2.0; +http://www.bing.com/bingbot.htm) Chrome/116.0.1938.76 Safari/537.36"
40.77.167.243 - - [13/Oct/2025:02:04:55 +0200] "GET /bg/13-artisti?q=%D0%9A%D0%B0%D1%82%D0%B5%D0%B3%D0%BE%D1%80%D0%B8%D0%B8-AESPA-ASTRO-BABYMONSTER-BLACKPINK-BOYNEXTDOOR-BTS-ILLIT-ITZY-JIHYO-KAI-LISA-NCT+127-NMIXX-SEVENTEEN-STRAYKIDS-TXT-ZEROBASEONE-P1Harmony HTTP/2.0" 200 21530 "-" "Mozilla/5.0 AppleWebKit/537.36 (KHTML, like Gecko; compatible; bingbot/2.0; +http://www.bing.com/bingbot.htm) Chrome/116.0.1938.76 Safari/537.36"
217.113.194.103 - - [13/Oct/2025:02:05:05 +0200] "GET /en/13-artist?q=Categories-BLACKPINK-TWICE-xikers&order=product.name.desc HTTP/1.1" 200 19961 "-" "Mozilla/5.0 (compatible; Barkrowler/0.9; +https://babbar.tech/crawler)"
40.77.167.78 - - [13/Oct/2025:02:05:06 +0200] "GET /bg/13-artisti?q=%D0%9A%D0%B0%D1%82%D0%B5%D0%B3%D0%BE%D1%80%D0%B8%D0%B8-ATEEZ-BABYMONSTER-BOYNEXTDOOR-ENHYPEN-GOT+THE+BEAT-ILLIT-IVE-JIHYO-NMIXX-P1Harmony-RIIZE-SEVENTEEN-STRAYKIDS-THE+BOYZ-TXT-V+%28BTS%29-ZEROBASEONE-TWICE HTTP/2.0" 200 21571 "-" "Mozilla/5.0 AppleWebKit/537.36 (KHTML, like Gecko; compatible; bingbot/2.0; +http://www.bing.com/bingbot.htm) Chrome/116.0.1938.76 Safari/537.36"
40.77.167.7 - - [13/Oct/2025:02:05:07 +0200] "GET /bg/13-artisti?q=%D0%9A%D0%B0%D1%82%D0%B5%D0%B3%D0%BE%D1%80%D0%B8%D0%B8-AESPA-BABYMONSTER-BLACKPINK-BOYNEXTDOOR-ENHYPEN-ILLIT-ITZY-KAI-LISA-NMIXX-STAYC-TWICE-TXT-ZEROBASEONE HTTP/2.0" 200 21533 "-" "Mozilla/5.0 AppleWebKit/537.36 (KHTML, like Gecko; compatible; bingbot/2.0; +http://www.bing.com/bingbot.htm) Chrome/116.0.1938.76 Safari/537.36"
47.128.34.167 - - [13/Oct/2025:02:05:17 +0200] "GET /bg/13-artisti?SubmitCurrency=1&id_currency=1&order=product.price.asc&q=%D0%9A%D0%B0%D1%82%D0%B5%D0%B3%D0%BE%D1%80%D0%B8%D0%B8-%28G%29I%5C-DLE-SEVENTEEN-V+%28BTS%29-GOT+THE+BEAT HTTP/2.0" 200 21482 "-" "Mozilla/5.0 (compatible; Bytespider; spider-feedback@bytedance.com) AppleWebKit/537.36 (KHTML, like Gecko) Chrome/70.0.0.0 Safari/537.36"
114.119.153.232 - - [13/Oct/2025:02:05:20 +0200] "GET /en/13-artist?q=Categories-STAYC-TREASURE-TWICE-TXT-SEVENTEEN&order=product.reference.asc&page=3 HTTP/1.1" 200 19725 "https://kpopbg.com/en/13-artist?q=Categories-STAYC-TREASURE-TWICE-TXT-SEVENTEEN&order=product.reference.asc&page=3" "Mozilla/5.0 (Linux; Android 7.0;) AppleWebKit/537.36 (KHTML, like Gecko) Mobile Safari/537.36 (compatible; PetalBot;+https://webmaster.petalsearch.com/site/petalbot)"
217.113.194.105 - - [13/Oct/2025:02:05:22 +0200] "GET /en/13-artist?q=Categories-BLACKPINK-JIHYO&order=product.name.desc&page=3 HTTP/1.1" 200 19414 "-" "Mozilla/5.0 (compatible; Barkrowler/0.9; +https://babbar.tech/crawler)"
217.113.194.108 - - [13/Oct/2025:02:05:39 +0200] "GET /en/13-artist?q=Categories-BLACKPINK-JIHYO&order=product.name.desc&page=2 HTTP/1.1" 200 19837 "-" "Mozilla/5.0 (compatible; Barkrowler/0.9; +https://babbar.tech/crawler)"
40.77.167.78 - - [13/Oct/2025:02:05:50 +0200] "GET /en/13-artist?q=%D0%9A%D0%B0%D1%82%D0%B5%D0%B3%D0%BE%D1%80%D0%B8%D0%B8-AESPA-ATEEZ-BABYMONSTER-BOYNEXTDOOR-ENHYPEN-GOT+THE+BEAT-ILLIT-IVE-JENNIE+%28BLACKPINK%29-JIHYO-LISA-NMIXX-RIIZE-SEVENTEEN-TWICE-WayV-ZEROBASEONE-Jin+%28BTS%29 HTTP/2.0" 200 20033 "-" "Mozilla/5.0 AppleWebKit/537.36 (KHTML, like Gecko; compatible; bingbot/2.0; +http://www.bing.com/bingbot.htm) Chrome/116.0.1938.76 Safari/537.36"
217.113.194.247 - - [13/Oct/2025:02:05:56 +0200] "GET /en/13-artist?q=Categories-BLACKPINK-YEJI+%28ITZY%29&page=20 HTTP/1.1" 200 18155 "-" "Mozilla/5.0 (compatible; Barkrowler/0.9; +https://babbar.tech/crawler)"
47.128.62.109 - - [13/Oct/2025:02:06:05 +0200] "GET /bg/13-artisti?SubmitCurrency=1&id_currency=1&q=%D0%9A%D0%B0%D1%82%D0%B5%D0%B3%D0%BE%D1%80%D0%B8%D0%B8-ITZY-TREASURE-TXT%2F%D0%9D%D0%B0%D0%BB%D0%B8%D1%87%D0%BD%D0%BE%D1%81%D1%82-%D0%92+%D0%BD%D0%B0%D0%BB%D0%B8%D1%87%D0%BD%D0%BE%D1%81%D1%82 HTTP/2.0" 200 21533 "-" "Mozilla/5.0 (compatible; Bytespider; spider-feedback@bytedance.com) AppleWebKit/537.36 (KHTML, like Gecko) Chrome/70.0.0.0 Safari/537.36"
40.77.167.7 - - [13/Oct/2025:02:06:09 +0200] "GET /bg/13-artisti?q=%D0%9A%D0%B0%D1%82%D0%B5%D0%B3%D0%BE%D1%80%D0%B8%D0%B8-AESPA-ATEEZ-BLACKPINK-BTS-ENHYPEN-ITZY-IVE-KAI-LE+SSERAFIM-LISA-NCT-NCT+DREAM-NMIXX-STAYC-TREASURE-TWICE-TXT/%D0%9D%D0%B0%D0%BB%D0%B8%D1%87%D0%BD%D0%BE%D1%81%D1%82-%D0%92+%D0%BD%D0%B0%D0%BB%D0%B8%D1%87%D0%BD%D0%BE%D1%81%D1%82/%D0%9C%D0%B0%D1%80%D0%BA%D0%B0-YG+Entertainment HTTP/2.0" 200 21775 "-" "Mozilla/5.0 AppleWebKit/537.36 (KHTML, like Gecko; compatible; bingbot/2.0; +http://www.bing.com/bingbot.htm) Chrome/116.0.1938.76 Safari/537.36"
40.77.167.243 - - [13/Oct/2025:02:06:10 +0200] "GET /bg/13-artisti?q=%D0%9A%D0%B0%D1%82%D0%B5%D0%B3%D0%BE%D1%80%D0%B8%D0%B8-ATEEZ-BABYMONSTER-BLACKPINK-BOYNEXTDOOR-ILLIT-IVE-JENNIE+%28BLACKPINK%29-JIHYO-LISA+%28BLACKPINK%29-NAYEON+%28TWICE%29-NMIXX-RIIZE-SEVENTEEN-STAYC-STRAYKIDS-TREASURE-TWICE-WayV-ZEROBASEONE-KISS+OF+LIFE HTTP/2.0" 200 21679 "-" "Mozilla/5.0 AppleWebKit/537.36 (KHTML, like Gecko; compatible; bingbot/2.0; +http://www.bing.com/bingbot.htm) Chrome/116.0.1938.76 Safari/537.36"
40.77.167.78 - - [13/Oct/2025:02:06:11 +0200] "GET /en/nachalo/308-itzy-girls-will-be-girls-photobook-ver-8809954227578 HTTP/2.0" 200 16352 "-" "Mozilla/5.0 AppleWebKit/537.36 (KHTML, like Gecko; compatible; bingbot/2.0; +http://www.bing.com/bingbot.htm) Chrome/116.0.1938.76 Safari/537.36"
217.113.194.102 - - [13/Oct/2025:02:06:14 +0200] "GET /en/13-artist?q=Categories-BLACKPINK-KAI-ILLIT&order=product.price.desc HTTP/1.1" 200 19866 "-" "Mozilla/5.0 (compatible; Barkrowler/0.9; +https://babbar.tech/crawler)"
217.113.194.111 - - [13/Oct/2025:02:06:31 +0200] "GET /en/13-artist?q=Categories-BLACKPINK-KAI-LISA&order=product.price.desc&page=4 HTTP/1.1" 200 19966 "-" "Mozilla/5.0 (compatible; Barkrowler/0.9; +https://babbar.tech/crawler)"
52.3.26.180 - - [13/Oct/2025:02:06:31 +0200] "GET /bg/nachalo/129-257-ateez-the-world-epfin-will-8809704426909 HTTP/1.1" 200 18674 "-" "Mozilla/5.0 AppleWebKit/537.36 (KHTML, like Gecko; compatible; Amazonbot/0.1; +https://developer.amazon.com/support/amazonbot) Chrome/119.0.6045.214 Safari/537.36"
114.119.136.175 - - [13/Oct/2025:02:06:39 +0200] "GET /en/13-artist?q=Categories-STAYC-TREASURE-TWICE-TXT-JUNG%2BKOOK%2B(BTS)&order=product.price.desc&page=2 HTTP/1.1" 200 20169 "https://kpopbg.com/en/13-artist?q=Categories-STAYC-TREASURE-TWICE-TXT-JUNG%2BKOOK%2B%28BTS%29&order=product.price.desc&page=2" "Mozilla/5.0 (Linux; Android 7.0;) AppleWebKit/537.36 (KHTML, like Gecko) Mobile Safari/537.36 (compatible; PetalBot;+https://webmaster.petalsearch.com/site/petalbot)"
217.113.194.224 - - [13/Oct/2025:02:06:50 +0200] "GET /en/13-artist?q=Categories-BLACKPINK-BTS-TXT&order=product.position.asc HTTP/1.1" 200 19563 "-" "Mozilla/5.0 (compatible; Barkrowler/0.9; +https://babbar.tech/crawler)"
40.77.167.7 - - [13/Oct/2025:02:06:53 +0200] "GET /en/13-artist?q=Categories-ATEEZ-BABYMONSTER-BLACKPINK-BOYNEXTDOOR-ENHYPEN-ILLIT-ITZY-JIHYO-LISA-NMIXX-SEVENTEEN-TWICE-TXT-ZEROBASEONE-AESPA HTTP/2.0" 200 19888 "-" "Mozilla/5.0 AppleWebKit/537.36 (KHTML, like Gecko; compatible; bingbot/2.0; +http://www.bing.com/bingbot.htm) Chrome/116.0.1938.76 Safari/537.36"
47.128.60.149 - - [13/Oct/2025:02:06:56 +0200] "GET /en/13-artist?q=Categories-BLACKPINK-BTS-ENHYPEN-ITZY-NMIXX-TREASURE-TXT-NAYEON+%28TWICE%29 HTTP/2.0" 200 19835 "-" "Mozilla/5.0 (compatible; Bytespider; spider-feedback@bytedance.com) AppleWebKit/537.36 (KHTML, like Gecko) Chrome/70.0.0.0 Safari/537.36"
40.77.167.243 - - [13/Oct/2025:02:06:56 +0200] "GET /bg/13-artisti?q=%D0%9A%D0%B0%D1%82%D0%B5%D0%B3%D0%BE%D1%80%D0%B8%D0%B8-AESPA-ASTRO-BLACKPINK-ITZY-JISOO-KAI-NCT-NCT+DREAM-NMIXX-STAYC-TWICE/%D0%9D%D0%B0%D0%BB%D0%B8%D1%87%D0%BD%D0%BE%D1%81%D1%82-%D0%9D%D1%8F%D0%BC%D0%B0+%D0%BD%D0%B0%D0%BB%D0%B8%D1%87%D0%BD%D0%BE%D1%81%D1%82 HTTP/2.0" 200 21626 "-" "Mozilla/5.0 AppleWebKit/537.36 (KHTML, like Gecko; compatible; bingbot/2.0; +http://www.bing.com/bingbot.htm) Chrome/116.0.1938.76 Safari/537.36"
40.77.167.243 - - [13/Oct/2025:02:06:57 +0200] "GET /en/13-artist?q=Categories-AESPA-BABYMONSTER-BLACKPINK-BOYNEXTDOOR-ENHYPEN-JIHYO-Kep1er-KISS+OF+LIFE-NCT+WISH-P1Harmony-STRAYKIDS-ZEROBASEONE-TWICE HTTP/2.0" 200 19916 "-" "Mozilla/5.0 AppleWebKit/537.36 (KHTML, like Gecko; compatible; bingbot/2.0; +http://www.bing.com/bingbot.htm) Chrome/116.0.1938.76 Safari/537.36"
217.113.194.108 - - [13/Oct/2025:02:07:08 +0200] "GET /en/13-artist?q=Categories-BLACKPINK-BTS-IVE&order=product.price.desc&page=2 HTTP/1.1" 200 20079 "-" "Mozilla/5.0 (compatible; Barkrowler/0.9; +https://babbar.tech/crawler)"
40.77.167.7 - - [13/Oct/2025:02:07:08 +0200] "GET /en/13-artist?q=Categories-AESPA-ATEEZ-BABYMONSTER-BLACKPINK-CHA+EUN+WOO+%28ASTRO%29-ILLIT-ITZY-JIHYO-JUNG+KOOK+%28BTS%29-NAYEON+%28TWICE%29-NMIXX-P1Harmony-SEVENTEEN-TWICE-TXT-XDINARY+HEROES-ZEROBASEONE-STRAYKIDS HTTP/2.0" 200 20015 "-" "Mozilla/5.0 AppleWebKit/537.36 (KHTML, like Gecko; compatible; bingbot/2.0; +http://www.bing.com/bingbot.htm) Chrome/116.0.1938.76 Safari/537.36"
40.77.167.7 - - [13/Oct/2025:02:07:18 +0200] "GET /bg/13-artisti?q=%D0%9A%D0%B0%D1%82%D0%B5%D0%B3%D0%BE%D1%80%D0%B8%D0%B8-AESPA-BLACKPINK-BTS-ENHYPEN-JISOO-KAI-NCT-NCT+DREAM-NMIXX-STAYC-STRAYKIDS-TREASURE-JIHYO/%D0%9D%D0%B0%D0%BB%D0%B8%D1%87%D0%BD%D0%BE%D1%81%D1%82-%D0%92+%D0%BD%D0%B0%D0%BB%D0%B8%D1%87%D0%BD%D0%BE%D1%81%D1%82 HTTP/2.0" 200 21647 "-" "Mozilla/5.0 AppleWebKit/537.36 (KHTML, like Gecko; compatible; bingbot/2.0; +http://www.bing.com/bingbot.htm) Chrome/116.0.1938.76 Safari/537.36"
40.77.167.7 - - [13/Oct/2025:02:07:19 +0200] "GET /en/13-artist?q=%D0%9A%D0%B0%D1%82%D0%B5%D0%B3%D0%BE%D1%80%D0%B8%D0%B8-AESPA-ATEEZ-BABYMONSTER-BLACKPINK-BOYNEXTDOOR-ENHYPEN-GOT+THE+BEAT-ILLIT-JENNIE+%28BLACKPINK%29-LISA+%28BLACKPINK%29-NMIXX-RIIZE-ROSE+%28BLACKPINK%29-SEVENTEEN-STAYC-STRAYKIDS-TREASURE-TWICE-TXT-WayV-ZEROBASEONE-Jin+%28BTS%29&page=2 HTTP/2.0" 200 20197 "-" "Mozilla/5.0 AppleWebKit/537.36 (KHTML, like Gecko; compatible; bingbot/2.0; +http://www.bing.com/bingbot.htm) Chrome/116.0.1938.76 Safari/537.36"
40.77.167.7 - - [13/Oct/2025:02:07:19 +0200] "GET /bg/13-artisti?q=%D0%9A%D0%B0%D1%82%D0%B5%D0%B3%D0%BE%D1%80%D0%B8%D0%B8-AESPA-ENHYPEN-ITZY-JIHYO-JISOO-KAI-NCT-NMIXX-STAYC-STRAYKIDS-TREASURE-NCT+DREAM/%D0%9D%D0%B0%D0%BB%D0%B8%D1%87%D0%BD%D0%BE%D1%81%D1%82-%D0%92+%D0%BD%D0%B0%D0%BB%D0%B8%D1%87%D0%BD%D0%BE%D1%81%D1%82 HTTP/2.0" 200 21648 "-" "Mozilla/5.0 AppleWebKit/537.36 (KHTML, like Gecko; compatible; bingbot/2.0; +http://www.bing.com/bingbot.htm) Chrome/116.0.1938.76 Safari/537.36"
154.54.249.203 - - [13/Oct/2025:02:07:25 +0200] "GET /en/13-artist?q=Categories-BLACKPINK-BTS-IVE&order=product.price.desc&page=3 HTTP/1.1" 200 19840 "-" "Mozilla/5.0 (compatible; Barkrowler/0.9; +https://babbar.tech/crawler)"
40.77.167.7 - - [13/Oct/2025:02:07:27 +0200] "GET /bg/13-artisti?q=%D0%9A%D0%B0%D1%82%D0%B5%D0%B3%D0%BE%D1%80%D0%B8%D0%B8-ATEEZ-BABYMONSTER-BOYNEXTDOOR-ENHYPEN-ILLIT-IVE-Jin+%28BTS%29-Kep1er-NCT+127-NEW+JEANS-NMIXX-P1Harmony-RIIZE-SEVENTEEN-STAYC-STRAYKIDS-TXT-WayV-ZEROBASEONE-AESPA&order=product.price.desc HTTP/2.0" 200 21729 "-" "Mozilla/5.0 AppleWebKit/537.36 (KHTML, like Gecko; compatible; bingbot/2.0; +http://www.bing.com/bingbot.htm) Chrome/116.0.1938.76 Safari/537.36"
40.77.167.243 - - [13/Oct/2025:02:07:31 +0200] "GET /bg/13-artisti?q=%D0%9A%D0%B0%D1%82%D0%B5%D0%B3%D0%BE%D1%80%D0%B8%D0%B8-AESPA-ATEEZ-BLACKPINK-BTS-ENHYPEN-JIHYO-STAYC-TWICE/%D0%9D%D0%B0%D0%BB%D0%B8%D1%87%D0%BD%D0%BE%D1%81%D1%82-%D0%92+%D0%BD%D0%B0%D0%BB%D0%B8%D1%87%D0%BD%D0%BE%D1%81%D1%82-%D0%9D%D1%8F%D0%BC%D0%B0+%D0%BD%D0%B0%D0%BB%D0%B8%D1%87%D0%BD%D0%BE%D1%81%D1%82&page=20 HTTP/2.0" 200 19976 "-" "Mozilla/5.0 AppleWebKit/537.36 (KHTML, like Gecko; compatible; bingbot/2.0; +http://www.bing.com/bingbot.htm) Chrome/116.0.1938.76 Safari/537.36"
52.167.144.218 - - [13/Oct/2025:02:07:36 +0200] "GET /bg/13-artisti?q=%D0%9A%D0%B0%D1%82%D0%B5%D0%B3%D0%BE%D1%80%D0%B8%D0%B8-ATEEZ-BABYMONSTER-BLACKPINK-BOYNEXTDOOR-ENHYPEN-GOT+THE+BEAT-ILLIT-IVE-JENNIE+%28BLACKPINK%29-JIHYO-JISOO+%28BLACKPINK%29-NAYEON+%28TWICE%29-NMIXX-P1Harmony-RIIZE-SEVENTEEN-STAYC-STRAYKIDS-TREASURE-TWICE-TXT-WayV-ZEROBASEONE&page=2 HTTP/2.0" 200 21824 "-" "Mozilla/5.0 AppleWebKit/537.36 (KHTML, like Gecko; compatible; bingbot/2.0; +http://www.bing.com/bingbot.htm) Chrome/116.0.1938.76 Safari/537.36"
217.113.194.102 - - [13/Oct/2025:02:07:42 +0200] "GET /en/13-artist?q=Categories-BLACKPINK-BTS-IVE&order=product.price.desc&page=20 HTTP/1.1" 200 18289 "-" "Mozilla/5.0 (compatible; Barkrowler/0.9; +https://babbar.tech/crawler)"
47.128.36.107 - - [13/Oct/2025:02:07:43 +0200] "GET /bg/13-artisti?SubmitCurrency=1&id_currency=3&q=%D0%9A%D0%B0%D1%82%D0%B5%D0%B3%D0%BE%D1%80%D0%B8%D0%B8-CHA+EUN+WOO+%28ASTRO%29-IVE-RED+VELVET-TREASURE-TXT-SEVENTEEN HTTP/2.0" 200 21484 "-" "Mozilla/5.0 (compatible; Bytespider; spider-feedback@bytedance.com) AppleWebKit/537.36 (KHTML, like Gecko) Chrome/70.0.0.0 Safari/537.36"
40.77.167.7 - - [13/Oct/2025:02:07:59 +0200] "GET /bg/13-artisti?q=%D0%9A%D0%B0%D1%82%D0%B5%D0%B3%D0%BE%D1%80%D0%B8%D0%B8-AESPA-ATEEZ-BABYMONSTER-BLACKPINK-BOYNEXTDOOR-ENHYPEN-ILLIT-ITZY-JIHYO-LISA-NMIXX-P1Harmony-SEVENTEEN-TWICE-TXT-ZEROBASEONE HTTP/2.0" 200 21497 "-" "Mozilla/5.0 AppleWebKit/537.36 (KHTML, like Gecko; compatible; bingbot/2.0; +http://www.bing.com/bingbot.htm) Chrome/116.0.1938.76 Safari/537.36"
217.113.194.109 - - [13/Oct/2025:02:07:59 +0200] "GET /en/13-artist?q=Categories-BLACKPINK-TREASURE&order=product.price.asc&page=20 HTTP/1.1" 200 18189 "-" "Mozilla/5.0 (compatible; Barkrowler/0.9; +https://babbar.tech/crawler)"
114.119.153.232 - - [13/Oct/2025:02:08:01 +0200] "GET /en/13-artist?q=Categories-STAYC-TREASURE-TWICE-LISA%2B(BLACKPINK)&order=product.price.desc&page=2 HTTP/1.1" 200 20151 "https://kpopbg.com/en/13-artist?q=Categories-STAYC-TREASURE-TWICE-LISA%2B(BLACKPINK)&order=product.price.desc&page=2" "Mozilla/5.0 (Linux; Android 7.0;) AppleWebKit/537.36 (KHTML, like Gecko) Mobile Safari/537.36 (compatible; PetalBot;+https://webmaster.petalsearch.com/site/petalbot)"
217.113.194.105 - - [13/Oct/2025:02:08:17 +0200] "GET /en/13-artist?q=Categories-BLACKPINK-SEVENTEEN&order=product.position.asc&page=4 HTTP/1.1" 200 19911 "-" "Mozilla/5.0 (compatible; Barkrowler/0.9; +https://babbar.tech/crawler)"
217.113.194.223 - - [13/Oct/2025:02:08:35 +0200] "GET /en/13-artist?q=Categories-BLACKPINK-SEVENTEEN-RED+VELVET&page=3 HTTP/1.1" 200 19836 "-" "Mozilla/5.0 (compatible; Barkrowler/0.9; +https://babbar.tech/crawler)"
52.167.144.218 - - [13/Oct/2025:02:08:37 +0200] "GET /bg/13-artisti?q=%D0%9A%D0%B0%D1%82%D0%B5%D0%B3%D0%BE%D1%80%D0%B8%D0%B8-AESPA-ATEEZ-BABYMONSTER-BOYNEXTDOOR-Dreamcatcher-ENHYPEN-GOT+THE+BEAT-ILLIT-IVE-JIHYO-LISA-NCT+DREAM-NMIXX-SEVENTEEN-TWICE-TXT-WayV-ZEROBASEONE-RIIZE HTTP/2.0" 200 21565 "-" "Mozilla/5.0 AppleWebKit/537.36 (KHTML, like Gecko; compatible; bingbot/2.0; +http://www.bing.com/bingbot.htm) Chrome/116.0.1938.76 Safari/537.36"
40.77.167.7 - - [13/Oct/2025:02:08:38 +0200] "GET /bg/12-albumi?q=%D0%9D%D0%B0%D0%BB%D0%B8%D1%87%D0%BD%D0%BE%D1%81%D1%82-%D0%92+%D0%BD%D0%B0%D0%BB%D0%B8%D1%87%D0%BD%D0%BE%D1%81%D1%82-%D0%9D%D0%B0%D0%BB%D0%B8%D1%87%D0%B5%D0%BD-%D0%9D%D1%8F%D0%BC%D0%B0+%D0%BD%D0%B0%D0%BB%D0%B8%D1%87%D0%BD%D0%BE%D1%81%D1%82/%D0%9C%D0%B0%D1%80%D0%BA%D0%B0-BigHit+Entertainment-CUBE+ENTERTAINMENT-STARSHIP+ENTERAINMENT-YG+Entertainment HTTP/2.0" 200 17964 "-" "Mozilla/5.0 AppleWebKit/537.36 (KHTML, like Gecko; compatible; bingbot/2.0; +http://www.bing.com/bingbot.htm) Chrome/116.0.1938.76 Safari/537.36"
40.77.167.243 - - [13/Oct/2025:02:08:41 +0200] "GET /bg/13-artisti?q=%D0%9A%D0%B0%D1%82%D0%B5%D0%B3%D0%BE%D1%80%D0%B8%D0%B8-AESPA-ATEEZ-BABYMONSTER-BOYNEXTDOOR-ENHYPEN-GOT+THE+BEAT-ILLIT-IVE-JIHYO-LISA+%28BLACKPINK%29-NMIXX-RIIZE-ROSE+%28BLACKPINK%29-STAYC-STRAYKIDS-TWICE-WayV-ZEROBASEONE-BTS HTTP/2.0" 200 21633 "-" "Mozilla/5.0 AppleWebKit/537.36 (KHTML, like Gecko; compatible; bingbot/2.0; +http://www.bing.com/bingbot.htm) Chrome/116.0.1938.76 Safari/537.36"
40.77.167.243 - - [13/Oct/2025:02:08:50 +0200] "GET /bg/13-artisti?q=%D0%9A%D0%B0%D1%82%D0%B5%D0%B3%D0%BE%D1%80%D0%B8%D0%B8-BABYMONSTER-BLACKPINK-BOYNEXTDOOR-ENHYPEN-GOT+THE+BEAT-ILLIT-IVE-JENNIE+%28BLACKPINK%29-JIHYO-JIMIN+%28BTS%29-LE+SSERAFIM-LISA+%28BLACKPINK%29-NMIXX-P1Harmony-RIIZE-SEVENTEEN-TXT-WayV-ZEROBASEONE-TREASURE HTTP/2.0" 200 21683 "-" "Mozilla/5.0 AppleWebKit/537.36 (KHTML, like Gecko; compatible; bingbot/2.0; +http://www.bing.com/bingbot.htm) Chrome/116.0.1938.76 Safari/537.36"
40.77.167.243 - - [13/Oct/2025:02:08:50 +0200] "GET /bg/13-artisti?q=%D0%9A%D0%B0%D1%82%D0%B5%D0%B3%D0%BE%D1%80%D0%B8%D0%B8-AESPA-ASTRO-ATEEZ-BLACKPINK-BTS-ENHYPEN-ITZY-IVE-JISOO-KAI-LE+SSERAFIM-LISA-NCT-NCT+DREAM-NEW+JEANS-STAYC-STRAYKIDS-JIHYO HTTP/2.0" 200 21523 "-" "Mozilla/5.0 AppleWebKit/537.36 (KHTML, like Gecko; compatible; bingbot/2.0; +http://www.bing.com/bingbot.htm) Chrome/116.0.1938.76 Safari/537.36"
217.113.194.103 - - [13/Oct/2025:02:08:53 +0200] "GET /en/13-artist?q=Categories-BLACKPINK-SEVENTEEN-RED+VELVET&page=2 HTTP/1.1" 200 19833 "-" "Mozilla/5.0 (compatible; Barkrowler/0.9; +https://babbar.tech/crawler)"
40.77.167.243 - - [13/Oct/2025:02:09:00 +0200] "GET /bg/13-artisti?q=%D0%9A%D0%B0%D1%82%D0%B5%D0%B3%D0%BE%D1%80%D0%B8%D0%B8-AESPA-BABYMONSTER-BLACKPINK-GOT+THE+BEAT-ILLIT-ITZY-KAI-LISA-NMIXX-SEVENTEEN-STRAYKIDS-TWICE-ZEROBASEONE-TREASURE HTTP/2.0" 200 21512 "-" "Mozilla/5.0 AppleWebKit/537.36 (KHTML, like Gecko; compatible; bingbot/2.0; +http://www.bing.com/bingbot.htm) Chrome/116.0.1938.76 Safari/537.36"
217.113.194.108 - - [13/Oct/2025:02:09:11 +0200] "GET /en/13-artist?q=Categories-BLACKPINK-SEVENTEEN-RED+VELVET&page=17 HTTP/1.1" 200 19648 "-" "Mozilla/5.0 (compatible; Barkrowler/0.9; +https://babbar.tech/crawler)"
52.167.144.218 - - [13/Oct/2025:02:09:17 +0200] "GET /bg/13-artisti?q=%D0%9A%D0%B0%D1%82%D0%B5%D0%B3%D0%BE%D1%80%D0%B8%D0%B8-AESPA-BLACKPINK-BOYNEXTDOOR-CHA+EUN+WOO+%28ASTRO%29-Dreamcatcher-ENHYPEN-GOT+THE+BEAT-ILLIT-ITZY-IVE-JENNIE+%28BLACKPINK%29-JIHYO-NCT+WISH-NMIXX-TXT-XDINARY+HEROES-ZEROBASEONE-SEVENTEEN HTTP/2.0" 200 21686 "-" "Mozilla/5.0 AppleWebKit/537.36 (KHTML, like Gecko; compatible; bingbot/2.0; +http://www.bing.com/bingbot.htm) Chrome/116.0.1938.76 Safari/537.36"
114.119.131.105 - - [13/Oct/2025:02:09:24 +0200] "GET /en/13-artist?q=Categories-STAYC-TREASURE-BTS&order=product.price.asc HTTP/1.1" 200 19797 "https://kpopbg.com/en/13-artist?q=Categories-STAYC-TREASURE-BTS&order=product.price.asc" "Mozilla/5.0 (Linux; Android 7.0;) AppleWebKit/537.36 (KHTML, like Gecko) Mobile Safari/537.36 (compatible; PetalBot;+https://webmaster.petalsearch.com/site/petalbot)"
217.113.194.111 - - [13/Oct/2025:02:09:28 +0200] "GET /en/13-artist?q=Categories-BLACKPINK-SEVENTEEN-RED+VELVET&page=13 HTTP/1.1" 200 19791 "-" "Mozilla/5.0 (compatible; Barkrowler/0.9; +https://babbar.tech/crawler)"
217.113.194.109 - - [13/Oct/2025:02:09:45 +0200] "GET /en/13-artist?q=Categories-BLACKPINK-SEVENTEEN-RED+VELVET&page=19 HTTP/1.1" 200 19840 "-" "Mozilla/5.0 (compatible; Barkrowler/0.9; +https://babbar.tech/crawler)"
52.167.144.218 - - [13/Oct/2025:02:09:46 +0200] "GET /bg/13-artisti?q=%D0%9A%D0%B0%D1%82%D0%B5%D0%B3%D0%BE%D1%80%D0%B8%D0%B8-AESPA-ASTRO-BLACKPINK-ENHYPEN-JISOO-LE+SSERAFIM-LISA-NCT-NCT+DREAM-NMIXX-STAYC-TREASURE-STRAYKIDS/%D0%9D%D0%B0%D0%BB%D0%B8%D1%87%D0%BD%D0%BE%D1%81%D1%82-%D0%92+%D0%BD%D0%B0%D0%BB%D0%B8%D1%87%D0%BD%D0%BE%D1%81%D1%82&page=20 HTTP/2.0" 200 20029 "-" "Mozilla/5.0 AppleWebKit/537.36 (KHTML, like Gecko; compatible; bingbot/2.0; +http://www.bing.com/bingbot.htm) Chrome/116.0.1938.76 Safari/537.36"
217.113.194.107 - - [13/Oct/2025:02:10:03 +0200] "GET /en/13-artist?q=Categories-BLACKPINK-SEVENTEEN-RED+VELVET&page=18 HTTP/1.1" 200 19874 "-" "Mozilla/5.0 (compatible; Barkrowler/0.9; +https://babbar.tech/crawler)"
40.77.167.7 - - [13/Oct/2025:02:10:20 +0200] "GET /bg/13-artisti?q=%D0%9A%D0%B0%D1%82%D0%B5%D0%B3%D0%BE%D1%80%D0%B8%D0%B8-AESPA-BABYMONSTER-BLACKPINK-BOYNEXTDOOR-BTS-ENHYPEN-ILLIT-ITZY-KAI-LISA-NMIXX-SEVENTEEN-STAYC-STRAYKIDS-JIHYO HTTP/2.0" 200 21497 "-" "Mozilla/5.0 AppleWebKit/537.36 (KHTML, like Gecko; compatible; bingbot/2.0; +http://www.bing.com/bingbot.htm) Chrome/116.0.1938.76 Safari/537.36"
52.167.144.218 - - [13/Oct/2025:02:10:21 +0200] "GET /bg/13-artisti?q=%D0%9A%D0%B0%D1%82%D0%B5%D0%B3%D0%BE%D1%80%D0%B8%D0%B8-AESPA-ATEEZ-BABYMONSTER-BLACKPINK-BOYNEXTDOOR-ENHYPEN-ILLIT-ITZY-JIHYO-KAI-Kep1er-LISA-NMIXX-RIIZE-SEVENTEEN-TREASURE-TWICE-TXT-ZEROBASEONE-BTS HTTP/2.0" 200 21537 "-" "Mozilla/5.0 AppleWebKit/537.36 (KHTML, like Gecko; compatible; bingbot/2.0; +http://www.bing.com/bingbot.htm) Chrome/116.0.1938.76 Safari/537.36"
217.113.194.102 - - [13/Oct/2025:02:10:21 +0200] "GET /en/13-artist?q=Categories-RM+%28BTS%29-TXT&order=product.name.asc&page=20 HTTP/1.1" 200 18368 "-" "Mozilla/5.0 (compatible; Barkrowler/0.9; +https://babbar.tech/crawler)"
40.77.167.7 - - [13/Oct/2025:02:10:21 +0200] "GET /bg/13-artisti?q=%D0%9A%D0%B0%D1%82%D0%B5%D0%B3%D0%BE%D1%80%D0%B8%D0%B8-AESPA-ATEEZ-BABYMONSTER-BLACKPINK-BOYNEXTDOOR-GOT+THE+BEAT-ILLIT-IVE-JENNIE+%28BLACKPINK%29-JIHYO-LE+SSERAFIM-NMIXX-P1Harmony-RIIZE-ROSE+%28BLACKPINK%29-SEVENTEEN-STAYC-STRAYKIDS-TREASURE-TWICE-WayV-ZEROBASEONE-ENHYPEN HTTP/2.0" 200 21715 "-" "Mozilla/5.0 AppleWebKit/537.36 (KHTML, like Gecko; compatible; bingbot/2.0; +http://www.bing.com/bingbot.htm) Chrome/116.0.1938.76 Safari/537.36"
40.77.167.243 - - [13/Oct/2025:02:10:25 +0200] "GET /bg/13-artisti?q=%D0%9A%D0%B0%D1%82%D0%B5%D0%B3%D0%BE%D1%80%D0%B8%D0%B8-ATEEZ-BOYNEXTDOOR-ENHYPEN-ILLIT-IVE-JIHYO-Kep1er-LISA-NCT+DREAM-NMIXX-RIIZE-ROSE+%28BLACKPINK%29-SEVENTEEN-STRAYKIDS-TXT-WayV-ZEROBASEONE-V+%28BTS%29&page=3 HTTP/2.0" 200 21725 "-" "Mozilla/5.0 AppleWebKit/537.36 (KHTML, like Gecko; compatible; bingbot/2.0; +http://www.bing.com/bingbot.htm) Chrome/116.0.1938.76 Safari/537.36"
40.77.167.243 - - [13/Oct/2025:02:10:26 +0200] "GET /bg/13-artisti?q=%D0%9A%D0%B0%D1%82%D0%B5%D0%B3%D0%BE%D1%80%D0%B8%D0%B8-AESPA-ATEEZ-BABYMONSTER-BLACKPINK-BOYNEXTDOOR-ENHYPEN-ILLIT-ITZY-KAI-LISA-STRAYKIDS-ZEROBASEONE-TWICE&page=3 HTTP/2.0" 200 21604 "-" "Mozilla/5.0 AppleWebKit/537.36 (KHTML, like Gecko; compatible; bingbot/2.0; +http://www.bing.com/bingbot.htm) Chrome/116.0.1938.76 Safari/537.36"
217.113.194.223 - - [13/Oct/2025:02:10:39 +0200] "GET /en/13-artist?q=Categories-RM+%28BTS%29-TXT&order=product.name.asc&page=3 HTTP/1.1" 200 19634 "-" "Mozilla/5.0 (compatible; Barkrowler/0.9; +https://babbar.tech/crawler)"
52.167.144.218 - - [13/Oct/2025:02:10:47 +0200] "GET /bg/13-artisti?q=%D0%9A%D0%B0%D1%82%D0%B5%D0%B3%D0%BE%D1%80%D0%B8%D0%B8-AESPA-ASTRO-BLACKPINK-GOT+THE+BEAT-ITZY-IVE-JISOO-KAI-LISA-NCT-NCT+DREAM-NEW+JEANS-NMIXX-STAYC-STRAYKIDS-TREASURE-TWICE/%D0%9C%D0%B0%D1%80%D0%BA%D0%B0-STARSHIP+ENTERAINMENT HTTP/2.0" 200 21684 "-" "Mozilla/5.0 AppleWebKit/537.36 (KHTML, like Gecko; compatible; bingbot/2.0; +http://www.bing.com/bingbot.htm) Chrome/116.0.1938.76 Safari/537.36"
114.119.137.2 - - [13/Oct/2025:02:10:48 +0200] "GET /en/13-artist?q=Categories-STAYC-STRAYKIDS-TWICE-TXT-ENHYPEN&page=3 HTTP/1.1" 200 19825 "https://kpopbg.com/en/13-artist?q=Categories-STAYC-STRAYKIDS-TWICE-TXT-ENHYPEN" "Mozilla/5.0 (Linux; Android 7.0;) AppleWebKit/537.36 (KHTML, like Gecko) Mobile Safari/537.36 (compatible; PetalBot;+https://webmaster.petalsearch.com/site/petalbot)"
40.77.167.243 - - [13/Oct/2025:02:10:55 +0200] "GET /bg/13-artisti?q=%D0%9A%D0%B0%D1%82%D0%B5%D0%B3%D0%BE%D1%80%D0%B8%D0%B8-AESPA-ASTRO-BABYMONSTER-BLACKPINK-BOYNEXTDOOR-BTS-ILLIT-ITZY-JIHYO-KAI-LISA-NMIXX-SEVENTEEN-STRAYKIDS-TREASURE-TXT-ZEROBASEONE-TWICE HTTP/2.0" 200 21518 "-" "Mozilla/5.0 AppleWebKit/537.36 (KHTML, like Gecko; compatible; bingbot/2.0; +http://www.bing.com/bingbot.htm) Chrome/116.0.1938.76 Safari/537.36"
52.167.144.218 - - [13/Oct/2025:02:10:57 +0200] "GET /bg/13-artisti?q=%D0%9A%D0%B0%D1%82%D0%B5%D0%B3%D0%BE%D1%80%D0%B8%D0%B8-AESPA-ASTRO-BLACKPINK-ENHYPEN-JISOO-KAI-NMIXX-STAYC-TWICE-IVE/%D0%9D%D0%B0%D0%BB%D0%B8%D1%87%D0%BD%D0%BE%D1%81%D1%82-%D0%92+%D0%BD%D0%B0%D0%BB%D0%B8%D1%87%D0%BD%D0%BE%D1%81%D1%82-%D0%9D%D1%8F%D0%BC%D0%B0+%D0%BD%D0%B0%D0%BB%D0%B8%D1%87%D0%BD%D0%BE%D1%81%D1%82 HTTP/2.0" 200 21655 "-" "Mozilla/5.0 AppleWebKit/537.36 (KHTML, like Gecko; compatible; bingbot/2.0; +http://www.bing.com/bingbot.htm) Chrome/116.0.1938.76 Safari/537.36"
217.113.194.107 - - [13/Oct/2025:02:10:57 +0200] "GET /en/13-artist?q=Categories-RM+%28BTS%29-TXT&order=product.name.asc&page=2 HTTP/1.1" 200 19577 "-" "Mozilla/5.0 (compatible; Barkrowler/0.9; +https://babbar.tech/crawler)"
40.77.167.7 - - [13/Oct/2025:02:11:00 +0200] "GET /bg/13-artisti?q=%D0%9A%D0%B0%D1%82%D0%B5%D0%B3%D0%BE%D1%80%D0%B8%D0%B8-AESPA-BLACKPINK-ENHYPEN-GOT+THE+BEAT-ITZY-IVE-JISOO-KAI-LE+SSERAFIM-LISA-NCT-NCT+DREAM-STRAYKIDS-TREASURE-JIHYO HTTP/2.0" 200 21501 "-" "Mozilla/5.0 AppleWebKit/537.36 (KHTML, like Gecko; compatible; bingbot/2.0; +http://www.bing.com/bingbot.htm) Chrome/116.0.1938.76 Safari/537.36"
52.167.144.186 - - [13/Oct/2025:02:11:10 +0200] "GET /bg/13-artisti?q=%D0%9A%D0%B0%D1%82%D0%B5%D0%B3%D0%BE%D1%80%D0%B8%D0%B8-AESPA-ATEEZ-BLACKPINK-BOYNEXTDOOR-ENHYPEN-ILLIT-IVE-JIHYO-JUNG+KOOK+%28BTS%29-LISA-NCT+DOYOUNG-NCT+WISH-NMIXX-RIIZE-SEVENTEEN-TWICE-WayV-ZEROBASEONE-TREASURE HTTP/2.0" 200 21581 "-" "Mozilla/5.0 AppleWebKit/537.36 (KHTML, like Gecko; compatible; bingbot/2.0; +http://www.bing.com/bingbot.htm) Chrome/116.0.1938.76 Safari/537.36"
217.113.194.105 - - [13/Oct/2025:02:11:15 +0200] "GET /en/13-artist?q=Categories-RM+%28BTS%29-WayV&order=product.name.asc&page=18 HTTP/1.1" 200 19533 "-" "Mozilla/5.0 (compatible; Barkrowler/0.9; +https://babbar.tech/crawler)"
40.77.167.243 - - [13/Oct/2025:02:11:16 +0200] "GET /bg/13-artisti?q=%D0%9A%D0%B0%D1%82%D0%B5%D0%B3%D0%BE%D1%80%D0%B8%D0%B8-AESPA-ASTRO-BLACKPINK-ENHYPEN-ITZY-IVE-JIHYO-JISOO-KAI-NMIXX-STAYC-TREASURE-TXT/%D0%9D%D0%B0%D0%BB%D0%B8%D1%87%D0%BD%D0%BE%D1%81%D1%82-%D0%92+%D0%BD%D0%B0%D0%BB%D0%B8%D1%87%D0%BD%D0%BE%D1%81%D1%82 HTTP/2.0" 200 21637 "-" "Mozilla/5.0 AppleWebKit/537.36 (KHTML, like Gecko; compatible; bingbot/2.0; +http://www.bing.com/bingbot.htm) Chrome/116.0.1938.76 Safari/537.36"
154.54.249.203 - - [13/Oct/2025:02:11:33 +0200] "GET /en/13-artist?q=Categories-RM+%28BTS%29-WayV&order=product.name.asc&page=19 HTTP/1.1" 200 19938 "-" "Mozilla/5.0 (compatible; Barkrowler/0.9; +https://babbar.tech/crawler)"
217.113.194.103 - - [13/Oct/2025:02:11:50 +0200] "GET /en/13-artist?q=Categories-RM+%28BTS%29-WayV&order=product.name.asc&page=4 HTTP/1.1" 200 19728 "-" "Mozilla/5.0 (compatible; Barkrowler/0.9; +https://babbar.tech/crawler)"
217.113.194.104 - - [13/Oct/2025:02:12:08 +0200] "GET /en/13-artist?q=Categories-RM+%28BTS%29-WayV&order=product.price.asc&page=3 HTTP/1.1" 200 19848 "-" "Mozilla/5.0 (compatible; Barkrowler/0.9; +https://babbar.tech/crawler)"
114.119.131.105 - - [13/Oct/2025:02:12:11 +0200] "GET /en/best-sales?order=product.reference.desc&id_currency=3&page=9 HTTP/1.1" 200 15913 "https://kpopbg.com/en/best-sales?order=product.reference.desc&=1&id_currency=3&page=9" "Mozilla/5.0 (Linux; Android 7.0;) AppleWebKit/537.36 (KHTML, like Gecko) Mobile Safari/537.36 (compatible; PetalBot;+https://webmaster.petalsearch.com/site/petalbot)"
217.113.194.224 - - [13/Oct/2025:02:12:27 +0200] "GET /en/13-artist?q=Categories-RM+%28BTS%29-WayV&order=product.price.asc&page=2 HTTP/1.1" 200 20078 "-" "Mozilla/5.0 (compatible; Barkrowler/0.9; +https://babbar.tech/crawler)"
217.113.194.106 - - [13/Oct/2025:02:12:45 +0200] "GET /en/13-artist?q=Categories-RM+%28BTS%29-WayV&order=product.price.asc&page=20 HTTP/1.1" 200 18207 "-" "Mozilla/5.0 (compatible; Barkrowler/0.9; +https://babbar.tech/crawler)"
185.191.171.4 - - [13/Oct/2025:02:12:51 +0200] "GET /bg/90-moon-byul-mamamoo HTTP/1.1" 200 14862 "-" "Mozilla/5.0 (compatible; SemrushBot/7~bl; +http://www.semrush.com/bot.html)"
217.113.194.103 - - [13/Oct/2025:02:13:02 +0200] "GET /en/13-artist?q=Categories-RIIZE-STAYC-TXT&order=product.name.asc&page=3 HTTP/1.1" 200 19624 "-" "Mozilla/5.0 (compatible; Barkrowler/0.9; +https://babbar.tech/crawler)"
52.167.144.145 - - [13/Oct/2025:02:13:16 +0200] "GET /en/13-artist?q=%D0%9A%D0%B0%D1%82%D0%B5%D0%B3%D0%BE%D1%80%D0%B8%D0%B8-AESPA-ATEEZ-BABYMONSTER-BLACKPINK-BOYNEXTDOOR-BTS-ENHYPEN-GOT+THE+BEAT-ILLIT-IVE-JIHYO-LISA-NMIXX-P1Harmony-SEVENTEEN-TWICE-TXT-Tzuyu+%28TWICE%29-WayV-ZEROBASEONE-NEW+JEANS HTTP/2.0" 200 20045 "-" "Mozilla/5.0 AppleWebKit/537.36 (KHTML, like Gecko; compatible; bingbot/2.0; +http://www.bing.com/bingbot.htm) Chrome/116.0.1938.76 Safari/537.36"
217.113.194.107 - - [13/Oct/2025:02:13:20 +0200] "GET /en/13-artist?q=Categories-RIIZE-STAYC-TXT&order=product.name.asc&page=2 HTTP/1.1" 200 19575 "-" "Mozilla/5.0 (compatible; Barkrowler/0.9; +https://babbar.tech/crawler)"
52.167.144.218 - - [13/Oct/2025:02:13:28 +0200] "GET /bg/13-artisti?q=%D0%9A%D0%B0%D1%82%D0%B5%D0%B3%D0%BE%D1%80%D0%B8%D0%B8-ATEEZ-BABYMONSTER-BOYNEXTDOOR-BTS-ENHYPEN-GOT+THE+BEAT-ILLIT-IVE-NMIXX-RIIZE-ROSE+%28BLACKPINK%29-SEVENTEEN-STAYC-STRAYKIDS-TREASURE-TWICE-V+%28BTS%29-WayV-ZEROBASEONE-JIMIN+%28BTS%29 HTTP/2.0" 200 21668 "-" "Mozilla/5.0 AppleWebKit/537.36 (KHTML, like Gecko; compatible; bingbot/2.0; +http://www.bing.com/bingbot.htm) Chrome/116.0.1938.76 Safari/537.36"
114.119.151.63 - - [13/Oct/2025:02:13:35 +0200] "GET /en/best-sales?order=product.name.desc&page=3&id_currency=1 HTTP/1.1" 200 15719 "https://kpopbg.com/en/best-sales?order=product.name.desc&page=4&id_currency=1&=1" "Mozilla/5.0 (Linux; Android 7.0;) AppleWebKit/537.36 (KHTML, like Gecko) Mobile Safari/537.36 (compatible; PetalBot;+https://webmaster.petalsearch.com/site/petalbot)"
217.113.194.223 - - [13/Oct/2025:02:13:37 +0200] "GET /en/13-artist?q=Categories-RIIZE-STAYC-TXT&order=product.name.desc&page=18 HTTP/1.1" 200 19538 "-" "Mozilla/5.0 (compatible; Barkrowler/0.9; +https://babbar.tech/crawler)"
52.167.144.145 - - [13/Oct/2025:02:13:52 +0200] "GET /bg/13-artisti?q=%D0%9A%D0%B0%D1%82%D0%B5%D0%B3%D0%BE%D1%80%D0%B8%D0%B8-ATEEZ-BABYMONSTER-BOYNEXTDOOR-ENHYPEN-ILLIT-IVE-JIHYO-LISA-NMIXX-RIIZE-SEVENTEEN-STRAYKIDS-TREASURE-TXT-V+%28BTS%29-WayV-ZEROBASEONE-RM+%28BTS%29 HTTP/2.0" 200 21559 "-" "Mozilla/5.0 AppleWebKit/537.36 (KHTML, like Gecko; compatible; bingbot/2.0; +http://www.bing.com/bingbot.htm) Chrome/116.0.1938.76 Safari/537.36"
52.167.144.145 - - [13/Oct/2025:02:13:52 +0200] "GET /bg/13-artisti?q=%D0%9A%D0%B0%D1%82%D0%B5%D0%B3%D0%BE%D1%80%D0%B8%D0%B8-ATEEZ-BABYMONSTER-BLACKPINK-BOYNEXTDOOR-ENHYPEN-GOT+THE+BEAT-ILLIT-ITZY-JENNIE+%28BLACKPINK%29-JIHYO-JISOO+%28BLACKPINK%29-LISA+%28BLACKPINK%29-NMIXX-RIIZE-ROSE+%28BLACKPINK%29-STRAYKIDS-TREASURE-TWICE-WayV HTTP/2.0" 200 21674 "-" "Mozilla/5.0 AppleWebKit/537.36 (KHTML, like Gecko; compatible; bingbot/2.0; +http://www.bing.com/bingbot.htm) Chrome/116.0.1938.76 Safari/537.36"
217.113.194.106 - - [13/Oct/2025:02:13:54 +0200] "GET /en/13-artist?q=Categories-RIIZE-STAYC-TXT&order=product.name.desc&page=4 HTTP/1.1" 200 19727 "-" "Mozilla/5.0 (compatible; Barkrowler/0.9; +https://babbar.tech/crawler)"
