217.113.194.105 - - [13/Oct/2025:04:08:50 +0200] "GET /en/13-artist?order=product.name.asc&q=Categories-IVE-RIIZE-TXT&page=20 HTTP/1.1" 200 18351 "-" "Mozilla/5.0 (compatible; Barkrowler/0.9; +https://babbar.tech/crawler)"
216.244.66.233 - - [13/Oct/2025:04:09:00 +0200] "GET /en/13-artist?page=11 HTTP/1.1" 301 5 "-" "Mozilla/5.0 (compatible; DotBot/1.2; +https://opensiteexplorer.org/dotbot; help@moz.com)"
217.113.194.111 - - [13/Oct/2025:04:09:06 +0200] "GET /en/13-artist?order=product.name.asc&q=Categories-IVE-RM+%28BTS%29&page=3 HTTP/1.1" 200 19627 "-" "Mozilla/5.0 (compatible; Barkrowler/0.9; +https://babbar.tech/crawler)"
114.119.133.146 - - [13/Oct/2025:04:09:14 +0200] "GET /en/2-nachalo?q=Categories-ALBUM/Brand-ADOR-BigHit%2BEntertainment&order=product.sales.desc&page=8 HTTP/1.1" 200 12035 "https://kpopbg.com/en/2-nachalo?q=Categories-ALBUM/Brand-ADOR-BigHit%2BEntertainment&order=product.sales.desc" "Mozilla/5.0 (Linux; Android 7.0;) AppleWebKit/537.36 (KHTML, like Gecko) Mobile Safari/537.36 (compatible; PetalBot;+https://webmaster.petalsearch.com/site/petalbot)"
217.113.194.105 - - [13/Oct/2025:04:09:24 +0200] "GET /en/13-artist?order=product.name.asc&q=Categories-IVE-RM+%28BTS%29&page=2 HTTP/1.1" 200 19571 "-" "Mozilla/5.0 (compatible; Barkrowler/0.9; +https://babbar.tech/crawler)"
217.113.194.111 - - [13/Oct/2025:04:09:41 +0200] "GET /en/13-artist?order=product.name.asc&q=Categories-IVE-RM+%28BTS%29&page=20 HTTP/1.1" 200 18374 "-" "Mozilla/5.0 (compatible; Barkrowler/0.9; +https://babbar.tech/crawler)"
217.113.194.107 - - [13/Oct/2025:04:09:58 +0200] "GET /en/13-artist?order=product.name.asc&q=Categories-ENHYPEN-IVE&page=20 HTTP/1.1" 200 18346 "-" "Mozilla/5.0 (compatible; Barkrowler/0.9; +https://babbar.tech/crawler)"
34.96.41.155 - - [13/Oct/2025:04:09:59 +0200] "GET / HTTP/1.1" 302 5 "-" "Mozilla/5.0 (Macintosh; Intel Mac OS X 10_15_7) AppleWebKit/537.36 (KHTML, like Gecko) Chrome/114.0.0.0 Safari/537.36"
34.96.41.155 - - [13/Oct/2025:04:10:00 +0200] "GET /bg/ HTTP/1.1" 200 16061 "https://kpopbg.com" "Mozilla/5.0 (Macintosh; Intel Mac OS X 10_15_7) AppleWebKit/537.36 (KHTML, like Gecko) Chrome/114.0.0.0 Safari/537.36"
52.167.144.213 - - [13/Oct/2025:04:10:03 +0200] "GET /bg/13-artisti?q=%D0%9A%D0%B0%D1%82%D0%B5%D0%B3%D0%BE%D1%80%D0%B8%D0%B8-AESPA-BABYMONSTER-BTS-ENHYPEN-ILLIT-ITZY-JIHYO-KAI-LISA-NMIXX-P1Harmony-RIIZE-SEVENTEEN-STRAYKIDS-TREASURE-TWICE-TXT-WayV-ZEROBASEONE-BLACKPINK HTTP/2.0" 200 21560 "-" "Mozilla/5.0 AppleWebKit/537.36 (KHTML, like Gecko; compatible; bingbot/2.0; +http://www.bing.com/bingbot.htm) Chrome/116.0.1938.76 Safari/537.36"
52.167.144.213 - - [13/Oct/2025:04:10:03 +0200] "GET /en/13-artist?q=Categories-BTS-ENHYPEN-LISA-NCT-P1Harmony-STAYC-ZEROBASEONE-TREASURE HTTP/2.0" 200 19742 "-" "Mozilla/5.0 AppleWebKit/537.36 (KHTML, like Gecko; compatible; bingbot/2.0; +http://www.bing.com/bingbot.htm) Chrome/116.0.1938.76 Safari/537.36"
52.167.144.213 - - [13/Oct/2025:04:10:04 +0200] "GET /bg/13-artisti?q=%D0%9A%D0%B0%D1%82%D0%B5%D0%B3%D0%BE%D1%80%D0%B8%D0%B8-AESPA-BLACKPINK-BTS-ENHYPEN-GOT+THE+BEAT-JIHYO-JISOO-NEW+JEANS-STRAYKIDS-TWICE/%D0%9D%D0%B0%D0%BB%D0%B8%D1%87%D0%BD%D0%BE%D1%81%D1%82-%D0%92+%D0%BD%D0%B0%D0%BB%D0%B8%D1%87%D0%BD%D0%BE%D1%81%D1%82 HTTP/2.0" 200 21624 "-" "Mozilla/5.0 AppleWebKit/537.36 (KHTML, like Gecko; compatible; bingbot/2.0; +http://www.bing.com/bingbot.htm) Chrome/116.0.1938.76 Safari/537.36"
52.167.144.213 - - [13/Oct/2025:04:10:05 +0200] "GET /bg/13-artisti?q=%D0%9A%D0%B0%D1%82%D0%B5%D0%B3%D0%BE%D1%80%D0%B8%D0%B8-AESPA-Agust+D+%28BTS%29-BABYMONSTER-BLACKPINK-BOYNEXTDOOR-ILLIT-ITZY-IVE-JIMIN+%28BTS%29-KAI-LISA-NCT+127-NMIXX-P1Harmony-RM+%28BTS%29-SEVENTEEN-TWICE-ZEROBASEONE&order=product.name.desc HTTP/2.0" 200 21807 "-" "Mozilla/5.0 AppleWebKit/537.36 (KHTML, like Gecko; compatible; bingbot/2.0; +http://www.bing.com/bingbot.htm) Chrome/116.0.1938.76 Safari/537.36"
40.77.167.243 - - [13/Oct/2025:04:10:08 +0200] "GET /bg/13-artisti?q=%D0%9A%D0%B0%D1%82%D0%B5%D0%B3%D0%BE%D1%80%D0%B8%D0%B8-AESPA-BABYMONSTER-BLACKPINK-BOYNEXTDOOR-ENHYPEN-ILLIT-ITZY-KAI-LISA-NCT+JAEHYUN-NMIXX-P1Harmony-RM+%28BTS%29-STAYC-TREASURE-TWICE-TXT-V+%28BTS%29-ZEROBASEONE-NCT+DOYOUNG&order=product.reference.asc HTTP/2.0" 200 21724 "-" "Mozilla/5.0 AppleWebKit/537.36 (KHTML, like Gecko; compatible; bingbot/2.0; +http://www.bing.com/bingbot.htm) Chrome/116.0.1938.76 Safari/537.36"
40.77.167.52 - - [13/Oct/2025:04:10:10 +0200] "GET /bg/13-artisti?q=%D0%9A%D0%B0%D1%82%D0%B5%D0%B3%D0%BE%D1%80%D0%B8%D0%B8-AESPA-ATEEZ-BABYMONSTER-BLACKPINK-BOYNEXTDOOR-ENHYPEN-ILLIT-IVE-JIHYO-LISA-RIIZE-SEVENTEEN-STRAYKIDS-TXT-V+%28BTS%29-WayV-ZEROBASEONE HTTP/2.0" 200 21515 "-" "Mozilla/5.0 AppleWebKit/537.36 (KHTML, like Gecko; compatible; bingbot/2.0; +http://www.bing.com/bingbot.htm) Chrome/116.0.1938.76 Safari/537.36"
40.77.167.243 - - [13/Oct/2025:04:10:10 +0200] "GET /bg/13-artisti?q=%D0%9A%D0%B0%D1%82%D0%B5%D0%B3%D0%BE%D1%80%D0%B8%D0%B8-AESPA-BLACKPINK-ENHYPEN-ITZY-NCT-NEW+JEANS-STRAYKIDS-TWICE-JIMIN HTTP/2.0" 200 21411 "-" "Mozilla/5.0 AppleWebKit/537.36 (KHTML, like Gecko; compatible; bingbot/2.0; +http://www.bing.com/bingbot.htm) Chrome/116.0.1938.76 Safari/537.36"
40.77.167.52 - - [13/Oct/2025:04:10:11 +0200] "GET /en/13-artist?q=Categories-AESPA-ATEEZ-BABYMONSTER-BTS-ENHYPEN-ILLIT-ITZY-LISA-NCT+127-NMIXX-SEVENTEEN-STAYC-STRAYKIDS-TXT-Tzuyu+%28TWICE%29-ZEROBASEONE-%28G%29I%5C-DLE HTTP/2.0" 200 19934 "-" "Mozilla/5.0 AppleWebKit/537.36 (KHTML, like Gecko; compatible; bingbot/2.0; +http://www.bing.com/bingbot.htm) Chrome/116.0.1938.76 Safari/537.36"
40.77.167.243 - - [13/Oct/2025:04:10:12 +0200] "GET /bg/13-artisti?q=%D0%9A%D0%B0%D1%82%D0%B5%D0%B3%D0%BE%D1%80%D0%B8%D0%B8-ATEEZ-BABYMONSTER-BOYNEXTDOOR-ENHYPEN-ILLIT-IVE-Jin+%28BTS%29-Kep1er-NAYEON+%28TWICE%29-NEW+JEANS-NMIXX-RIIZE-SEVENTEEN-STAYC-STRAYKIDS-TXT-WayV-ZEROBASEONE-NCT+WISH HTTP/2.0" 200 21659 "-" "Mozilla/5.0 AppleWebKit/537.36 (KHTML, like Gecko; compatible; bingbot/2.0; +http://www.bing.com/bingbot.htm) Chrome/116.0.1938.76 Safari/537.36"
40.77.167.52 - - [13/Oct/2025:04:10:12 +0200] "GET /bg/13-artisti?q=%D0%9A%D0%B0%D1%82%D0%B5%D0%B3%D0%BE%D1%80%D0%B8%D0%B8-ATEEZ-BABYMONSTER-BLACKPINK-BOYNEXTDOOR-ILLIT-IVE-JENNIE+%28BLACKPINK%29-JIHYO-JISOO+%28BLACKPINK%29-LISA+%28BLACKPINK%29-NMIXX-RIIZE-ROSE+%28BLACKPINK%29-SEVENTEEN-STAYC-STRAYKIDS-TREASURE-TWICE-WayV-ZEROBASEONE-JIMIN+%28BTS%29 HTTP/2.0" 200 21692 "-" "Mozilla/5.0 AppleWebKit/537.36 (KHTML, like Gecko; compatible; bingbot/2.0; +http://www.bing.com/bingbot.htm) Chrome/116.0.1938.76 Safari/537.36"
40.77.167.52 - - [13/Oct/2025:04:10:13 +0200] "GET /bg/13-artisti?q=%D0%9A%D0%B0%D1%82%D0%B5%D0%B3%D0%BE%D1%80%D0%B8%D0%B8-AESPA-BABYMONSTER-BLACKPINK-BOYNEXTDOOR-ILLIT-IVE-JIHYO-JUNG+KOOK+%28BTS%29-KAI-LISA-NAYEON+%28TWICE%29-NCT+JAEHYUN-NCT+WISH-NMIXX-P1Harmony-RIIZE-SEVENTEEN-STAYC-STRAYKIDS-TWICE-WayV-ZEROBASEONE HTTP/2.0" 200 21718 "-" "Mozilla/5.0 AppleWebKit/537.36 (KHTML, like Gecko; compatible; bingbot/2.0; +http://www.bing.com/bingbot.htm) Chrome/116.0.1938.76 Safari/537.36"
217.113.194.107 - - [13/Oct/2025:04:10:15 +0200] "GET /en/13-artist?order=product.name.asc&q=Categories-RED+VELVET-WayV&page=3 HTTP/1.1" 200 19623 "-" "Mozilla/5.0 (compatible; Barkrowler/0.9; +https://babbar.tech/crawler)"
52.167.144.213 - - [13/Oct/2025:04:10:22 +0200] "GET /bg/13-artisti?q=%D0%9A%D0%B0%D1%82%D0%B5%D0%B3%D0%BE%D1%80%D0%B8%D0%B8-AESPA-ASTRO-ATEEZ-BLACKPINK-BTS-ENHYPEN-GOT+THE+BEAT-ITZY-KAI-LISA-NCT-NCT+DREAM-NMIXX-STAYC-TREASURE-TWICE-LE+SSERAFIM&page=20 HTTP/2.0" 200 19920 "-" "Mozilla/5.0 AppleWebKit/537.36 (KHTML, like Gecko; compatible; bingbot/2.0; +http://www.bing.com/bingbot.htm) Chrome/116.0.1938.76 Safari/537.36"
52.167.144.213 - - [13/Oct/2025:04:10:22 +0200] "GET /bg/13-artisti?q=%D0%9A%D0%B0%D1%82%D0%B5%D0%B3%D0%BE%D1%80%D0%B8%D0%B8-AESPA-ATEEZ-BLACKPINK-BTS-ENHYPEN-GOT+THE+BEAT-ITZY-IVE-JISOO-KAI-NCT-NMIXX-STAYC-STRAYKIDS-TREASURE-TWICE-TXT-LISA/%D0%9D%D0%B0%D0%BB%D0%B8%D1%87%D0%BD%D0%BE%D1%81%D1%82-%D0%92+%D0%BD%D0%B0%D0%BB%D0%B8%D1%87%D0%BD%D0%BE%D1%81%D1%82 HTTP/2.0" 200 21679 "-" "Mozilla/5.0 AppleWebKit/537.36 (KHTML, like Gecko; compatible; bingbot/2.0; +http://www.bing.com/bingbot.htm) Chrome/116.0.1938.76 Safari/537.36"
52.167.144.213 - - [13/Oct/2025:04:10:23 +0200] "GET /bg/13-artisti?q=%D0%9A%D0%B0%D1%82%D0%B5%D0%B3%D0%BE%D1%80%D0%B8%D0%B8-AESPA-ASTRO-ATEEZ-ENHYPEN-GOT+THE+BEAT-ITZY-IVE-JIHYO-JISOO-JUNG+KOOK+%28BTS%29-KAI-LISA-STRAYKIDS-BTS HTTP/2.0" 200 21484 "-" "Mozilla/5.0 AppleWebKit/537.36 (KHTML, like Gecko; compatible; bingbot/2.0; +http://www.bing.com/bingbot.htm) Chrome/116.0.1938.76 Safari/537.36"
216.244.66.233 - - [13/Oct/2025:04:10:25 +0200] "GET /en/12-album?page=11 HTTP/1.1" 301 5 "-" "Mozilla/5.0 (compatible; DotBot/1.2; +https://opensiteexplorer.org/dotbot; help@moz.com)"
40.77.167.243 - - [13/Oct/2025:04:10:28 +0200] "GET /bg/13-artisti?q=%D0%9A%D0%B0%D1%82%D0%B5%D0%B3%D0%BE%D1%80%D0%B8%D0%B8-ATEEZ-BABYMONSTER-BLACKPINK-BOYNEXTDOOR-ENHYPEN-GOT+THE+BEAT-ITZY-IVE-JENNIE+%28BLACKPINK%29-JIHYO-LISA+%28BLACKPINK%29-NMIXX-RIIZE-ROSE+%28BLACKPINK%29-SEVENTEEN-STAYC-TREASURE-WayV-ZEROBASEONE-ILLIT HTTP/2.0" 200 21680 "-" "Mozilla/5.0 AppleWebKit/537.36 (KHTML, like Gecko; compatible; bingbot/2.0; +http://www.bing.com/bingbot.htm) Chrome/116.0.1938.76 Safari/537.36"
40.77.167.52 - - [13/Oct/2025:04:10:29 +0200] "GET /bg/13-artisti?q=%D0%9A%D0%B0%D1%82%D0%B5%D0%B3%D0%BE%D1%80%D0%B8%D0%B8-AESPA-BABYMONSTER-BLACKPINK-ENHYPEN-GOT+THE+BEAT-ILLIT-ITZY-KAI-LE+SSERAFIM-LISA-NMIXX-SEVENTEEN-STRAYKIDS-TWICE HTTP/2.0" 200 21566 "-" "Mozilla/5.0 AppleWebKit/537.36 (KHTML, like Gecko; compatible; bingbot/2.0; +http://www.bing.com/bingbot.htm) Chrome/116.0.1938.76 Safari/537.36"
40.77.167.243 - - [13/Oct/2025:04:10:29 +0200] "GET /en/13-artist?q=Categories-ATEEZ-BABYMONSTER-BLACKPINK-BOYNEXTDOOR-ENHYPEN-ILLIT-ITZY-JIHYO-KAI-LISA-NMIXX-TREASURE-ZEROBASEONE-IVE HTTP/2.0" 200 19879 "-" "Mozilla/5.0 AppleWebKit/537.36 (KHTML, like Gecko; compatible; bingbot/2.0; +http://www.bing.com/bingbot.htm) Chrome/116.0.1938.76 Safari/537.36"
217.113.194.106 - - [13/Oct/2025:04:10:32 +0200] "GET /en/13-artist?order=product.name.asc&q=Categories-RED+VELVET-WayV&page=2 HTTP/1.1" 200 19575 "-" "Mozilla/5.0 (compatible; Barkrowler/0.9; +https://babbar.tech/crawler)"
114.119.151.63 - - [13/Oct/2025:04:10:38 +0200] "GET /en/2-nachalo?q=Categories-ALBUM/Availability-Available/Brand-BigHit%2BMusic&order=product.position.asc&page=9 HTTP/1.1" 200 15968 "https://kpopbg.com/en/2-nachalo?q=Categories-ALBUM/Availability-Available/Brand-BigHit%2BMusic&order=product.position.asc&page=8" "Mozilla/5.0 (Linux; Android 7.0;) AppleWebKit/537.36 (KHTML, like Gecko) Mobile Safari/537.36 (compatible; PetalBot;+https://webmaster.petalsearch.com/site/petalbot)"
52.167.144.213 - - [13/Oct/2025:04:10:43 +0200] "GET /en/13-artist?q=Categories-BABYMONSTER-BTS-ENHYPEN-ILLIT-NCT-TXT-V+%28BTS%29-ZEROBASEONE-ASTRO HTTP/2.0" 200 19824 "-" "Mozilla/5.0 AppleWebKit/537.36 (KHTML, like Gecko; compatible; bingbot/2.0; +http://www.bing.com/bingbot.htm) Chrome/116.0.1938.76 Safari/537.36"
52.167.144.213 - - [13/Oct/2025:04:10:43 +0200] "GET /bg/13-artisti?q=%D0%9A%D0%B0%D1%82%D0%B5%D0%B3%D0%BE%D1%80%D0%B8%D0%B8-AESPA-ASTRO-BABYMONSTER-BLACKPINK-BTS-ENHYPEN-ILLIT-ITZY-KAI-LISA-NEW+JEANS-NMIXX-TREASURE-V+%28BTS%29-CHA+EUN+WOO+%28ASTRO%29 HTTP/2.0" 200 21523 "-" "Mozilla/5.0 AppleWebKit/537.36 (KHTML, like Gecko; compatible; bingbot/2.0; +http://www.bing.com/bingbot.htm) Chrome/116.0.1938.76 Safari/537.36"
52.167.144.213 - - [13/Oct/2025:04:10:44 +0200] "GET /en/13-artist?q=Categories-AESPA-BLACKPINK-BOYNEXTDOOR-ILLIT-KISS+OF+LIFE-NMIXX-P1Harmony-RM+%28BTS%29-THE+BOYZ-TXT-xikers-ZEROBASEONE-NCT+DREAM HTTP/2.0" 200 19947 "-" "Mozilla/5.0 AppleWebKit/537.36 (KHTML, like Gecko; compatible; bingbot/2.0; +http://www.bing.com/bingbot.htm) Chrome/116.0.1938.76 Safari/537.36"
52.167.144.213 - - [13/Oct/2025:04:10:45 +0200] "GET /bg/13-artisti?q=%D0%9A%D0%B0%D1%82%D0%B5%D0%B3%D0%BE%D1%80%D0%B8%D0%B8-AESPA-ATEEZ-BTS-ENHYPEN-JUNG+KOOK+%28BTS%29-KAI-LE+SSERAFIM-LISA-NMIXX-STRAYKIDS-TREASURE-TWICE-BLACKPINK HTTP/2.0" 200 21483 "-" "Mozilla/5.0 AppleWebKit/537.36 (KHTML, like Gecko; compatible; bingbot/2.0; +http://www.bing.com/bingbot.htm) Chrome/116.0.1938.76 Safari/537.36"
217.113.194.111 - - [13/Oct/2025:04:10:48 +0200] "GET /en/13-artist?order=product.name.asc&q=Categories-RED+VELVET-WayV&page=20 HTTP/1.1" 200 18379 "-" "Mozilla/5.0 (compatible; Barkrowler/0.9; +https://babbar.tech/crawler)"
40.77.167.243 - - [13/Oct/2025:04:10:48 +0200] "GET /bg/13-artisti?q=%D0%9A%D0%B0%D1%82%D0%B5%D0%B3%D0%BE%D1%80%D0%B8%D0%B8-AESPA-ATEEZ-BABYMONSTER-BOYNEXTDOOR-ENHYPEN-ILLIT-IVE-JENNIE+%28BLACKPINK%29-JIHYO-Jin+%28BTS%29-NCT+JAEHYUN-NMIXX-RIIZE-ROSE+%28BLACKPINK%29-SEVENTEEN-STAYC-STRAYKIDS-TWICE-WayV-ZEROBASEONE-GOT+THE+BEAT HTTP/2.0" 200 21685 "-" "Mozilla/5.0 AppleWebKit/537.36 (KHTML, like Gecko; compatible; bingbot/2.0; +http://www.bing.com/bingbot.htm) Chrome/116.0.1938.76 Safari/537.36"
40.77.167.243 - - [13/Oct/2025:04:10:49 +0200] "GET /bg/13-artisti?q=%D0%9A%D0%B0%D1%82%D0%B5%D0%B3%D0%BE%D1%80%D0%B8%D0%B8-AESPA-BABYMONSTER-BLACKPINK-BOYNEXTDOOR-BTS-ENHYPEN-GOT+THE+BEAT-ILLIT-JIHYO-JUNG+KOOK+%28BTS%29-Kep1er-LISA-NMIXX-RIIZE-TWICE-WayV-ZEROBASEONE-xikers HTTP/2.0" 200 21588 "-" "Mozilla/5.0 AppleWebKit/537.36 (KHTML, like Gecko; compatible; bingbot/2.0; +http://www.bing.com/bingbot.htm) Chrome/116.0.1938.76 Safari/537.36"
40.77.167.52 - - [13/Oct/2025:04:10:49 +0200] "GET /bg/13-artisti?q=%D0%9A%D0%B0%D1%82%D0%B5%D0%B3%D0%BE%D1%80%D0%B8%D0%B8-BABYMONSTER-BLACKPINK-BOYNEXTDOOR-ENHYPEN-GOT+THE+BEAT-ILLIT-IVE-JENNIE+%28BLACKPINK%29-JIHYO-JISOO+%28BLACKPINK%29-NMIXX-RIIZE-SEVENTEEN-STAYC-STRAYKIDS-TREASURE-TWICE-WayV-ZEROBASEONE-NCT+DOYOUNG HTTP/2.0" 200 21665 "-" "Mozilla/5.0 AppleWebKit/537.36 (KHTML, like Gecko; compatible; bingbot/2.0; +http://www.bing.com/bingbot.htm) Chrome/116.0.1938.76 Safari/537.36"
40.77.167.52 - - [13/Oct/2025:04:10:49 +0200] "GET /en/13-artist?q=%D0%9A%D0%B0%D1%82%D0%B5%D0%B3%D0%BE%D1%80%D0%B8%D0%B8-ATEEZ-BABYMONSTER-BLACKPINK-BOYNEXTDOOR-ENHYPEN-ILLIT-ITZY-IVE-JENNIE+%28BLACKPINK%29-JIHYO-LISA+%28BLACKPINK%29-NMIXX-P1Harmony-RIIZE-ROSE+%28BLACKPINK%29-STAYC-STRAYKIDS-TREASURE-TWICE-WayV-ZEROBASEONE-SEVENTEEN HTTP/2.0" 200 20176 "-" "Mozilla/5.0 AppleWebKit/537.36 (KHTML, like Gecko; compatible; bingbot/2.0; +http://www.bing.com/bingbot.htm) Chrome/116.0.1938.76 Safari/537.36"
40.77.167.52 - - [13/Oct/2025:04:10:50 +0200] "GET /bg/13-artisti?q=%D0%9A%D0%B0%D1%82%D0%B5%D0%B3%D0%BE%D1%80%D0%B8%D0%B8-ATEEZ-BABYMONSTER-BLACKPINK-BOYNEXTDOOR-ENHYPEN-GOT+THE+BEAT-ILLIT-JENNIE+%28BLACKPINK%29-NEW+JEANS-NMIXX-RIIZE-SEVENTEEN-TWICE-TXT-WayV-ZEROBASEONE-Tzuyu+%28TWICE%29 HTTP/2.0" 200 21653 "-" "Mozilla/5.0 AppleWebKit/537.36 (KHTML, like Gecko; compatible; bingbot/2.0; +http://www.bing.com/bingbot.htm) Chrome/116.0.1938.76 Safari/537.36"
40.77.167.243 - - [13/Oct/2025:04:10:50 +0200] "GET /bg/13-artisti?q=%D0%9A%D0%B0%D1%82%D0%B5%D0%B3%D0%BE%D1%80%D0%B8%D0%B8-ATEEZ-BABYMONSTER-BLACKPINK-BOYNEXTDOOR-ENHYPEN-GOT+THE+BEAT-ILLIT-IVE-JENNIE+%28BLACKPINK%29-JIHYO-JIMIN+%28BTS%29-LE+SSERAFIM-NMIXX-SEVENTEEN-STRAYKIDS-TWICE-TXT-WayV-ZEROBASEONE-TREASURE HTTP/2.0" 200 21687 "-" "Mozilla/5.0 AppleWebKit/537.36 (KHTML, like Gecko; compatible; bingbot/2.0; +http://www.bing.com/bingbot.htm) Chrome/116.0.1938.76 Safari/537.36"
40.77.167.243 - - [13/Oct/2025:04:10:52 +0200] "GET /en/13-artist?q=%D0%9A%D0%B0%D1%82%D0%B5%D0%B3%D0%BE%D1%80%D0%B8%D0%B8-AESPA-BABYMONSTER-BLACKPINK-BOYNEXTDOOR-ENHYPEN-ILLIT-ITZY-JIHYO-Kep1er-LE+SSERAFIM-LISA-NMIXX-RIIZE-RM+%28BTS%29-STRAYKIDS-TWICE-ZEROBASEONE-GOT+THE+BEAT HTTP/2.0" 200 20090 "-" "Mozilla/5.0 AppleWebKit/537.36 (KHTML, like Gecko; compatible; bingbot/2.0; +http://www.bing.com/bingbot.htm) Chrome/116.0.1938.76 Safari/537.36"
40.77.167.52 - - [13/Oct/2025:04:10:59 +0200] "GET /en/13-artist?q=Categories-AESPA-RIIZE-WayV&order=product.price.asc HTTP/2.0" 200 19787 "-" "Mozilla/5.0 AppleWebKit/537.36 (KHTML, like Gecko; compatible; bingbot/2.0; +http://www.bing.com/bingbot.htm) Chrome/116.0.1938.76 Safari/537.36"
40.77.167.243 - - [13/Oct/2025:04:11:00 +0200] "GET /bg/13-artisti?q=%D0%9A%D0%B0%D1%82%D0%B5%D0%B3%D0%BE%D1%80%D0%B8%D0%B8-AESPA-BLACKPINK-ENHYPEN-JISOO-KAI-LISA-NCT-NMIXX-TREASURE-ITZY/%D0%9D%D0%B0%D0%BB%D0%B8%D1%87%D0%BD%D0%BE%D1%81%D1%82-%D0%92+%D0%BD%D0%B0%D0%BB%D0%B8%D1%87%D0%BD%D0%BE%D1%81%D1%82&page=20 HTTP/2.0" 200 19946 "-" "Mozilla/5.0 AppleWebKit/537.36 (KHTML, like Gecko; compatible; bingbot/2.0; +http://www.bing.com/bingbot.htm) Chrome/116.0.1938.76 Safari/537.36"
40.77.167.243 - - [13/Oct/2025:04:11:02 +0200] "GET /bg/13-artisti?q=%D0%9A%D0%B0%D1%82%D0%B5%D0%B3%D0%BE%D1%80%D0%B8%D0%B8-ATEEZ-BABYMONSTER-BLACKPINK-BOYNEXTDOOR-ENHYPEN-GOT+THE+BEAT-ILLIT-ITZY-IVE-JENNIE+%28BLACKPINK%29-JIHYO-JISOO+%28BLACKPINK%29-LE+SSERAFIM-LISA+%28BLACKPINK%29-NMIXX-RIIZE-ROSE+%28BLACKPINK%29-SEVENTEEN-STRAYKIDS-TREASURE-TWICE-WayV-ZEROBASEONE-P1Harmony HTTP/2.0" 200 21758 "-" "Mozilla/5.0 AppleWebKit/537.36 (KHTML, like Gecko; compatible; bingbot/2.0; +http://www.bing.com/bingbot.htm) Chrome/116.0.1938.76 Safari/537.36"
52.167.144.213 - - [13/Oct/2025:04:11:03 +0200] "GET /bg/12-albumi?q=%D0%9D%D0%B0%D0%BB%D0%B8%D1%87%D0%BD%D0%BE%D1%81%D1%82-%D0%92+%D0%BD%D0%B0%D0%BB%D0%B8%D1%87%D0%BD%D0%BE%D1%81%D1%82-%D0%9D%D0%B0%D0%BB%D0%B8%D1%87%D0%B5%D0%BD-%D0%9D%D1%8F%D0%BC%D0%B0+%D0%BD%D0%B0%D0%BB%D0%B8%D1%87%D0%BD%D0%BE%D1%81%D1%82/%D0%9C%D0%B0%D1%80%D0%BA%D0%B0-ADOR-BigHit+Music-FANTAGIO+MUSIC-JYP+Entertainment-KQ+Entertainment-STARSHIP+ENTERAINMENT HTTP/2.0" 200 18008 "-" "Mozilla/5.0 AppleWebKit/537.36 (KHTML, like Gecko; compatible; bingbot/2.0; +http://www.bing.com/bingbot.htm) Chrome/116.0.1938.76 Safari/537.36"
217.113.194.102 - - [13/Oct/2025:04:11:05 +0200] "GET /en/13-artist?order=product.name.asc&q=Categories-Kep1er-NCT+127&page=19 HTTP/1.1" 200 19895 "-" "Mozilla/5.0 (compatible; Barkrowler/0.9; +https://babbar.tech/crawler)"
40.77.167.52 - - [13/Oct/2025:04:11:19 +0200] "GET /bg/13-artisti?q=%D0%9A%D0%B0%D1%82%D0%B5%D0%B3%D0%BE%D1%80%D0%B8%D0%B8-ATEEZ-BTS-ENHYPEN-GOT+THE+BEAT-ITZY-IVE-KAI-LISA-NCT-NCT+DREAM-NEW+JEANS-NMIXX-JIHYO HTTP/2.0" 200 21481 "-" "Mozilla/5.0 AppleWebKit/537.36 (KHTML, like Gecko; compatible; bingbot/2.0; +http://www.bing.com/bingbot.htm) Chrome/116.0.1938.76 Safari/537.36"
217.113.194.107 - - [13/Oct/2025:04:11:22 +0200] "GET /en/13-artist?order=product.name.asc&q=Categories-Kep1er-NCT+127&page=18 HTTP/1.1" 200 19491 "-" "Mozilla/5.0 (compatible; Barkrowler/0.9; +https://babbar.tech/crawler)"
40.77.167.243 - - [13/Oct/2025:04:11:23 +0200] "GET /bg/13-artisti?q=%D0%9A%D0%B0%D1%82%D0%B5%D0%B3%D0%BE%D1%80%D0%B8%D0%B8-AESPA-Agust+D+%28BTS%29-BABYMONSTER-BLACKPINK-BOYNEXTDOOR-ENHYPEN-GOT+THE+BEAT-ILLIT-Kep1er-LE+SSERAFIM-LISA-NCT+DOYOUNG-NMIXX-P1Harmony-RIIZE-SEVENTEEN-STRAYKIDS-TWICE-WayV-ZEROBASEONE-IVE HTTP/2.0" 200 21689 "-" "Mozilla/5.0 AppleWebKit/537.36 (KHTML, like Gecko; compatible; bingbot/2.0; +http://www.bing.com/bingbot.htm) Chrome/116.0.1938.76 Safari/537.36"
52.167.144.213 - - [13/Oct/2025:04:11:23 +0200] "GET /bg/13-artisti?q=%D0%9A%D0%B0%D1%82%D0%B5%D0%B3%D0%BE%D1%80%D0%B8%D0%B8-ATEEZ-BABYMONSTER-BLACKPINK-BOYNEXTDOOR-ENHYPEN-ILLIT-ITZY-JIHYO-LISA-NMIXX-SEVENTEEN-STAYC-TREASURE-TWICE-TXT-ZEROBASEONE-AESPA HTTP/2.0" 200 21582 "-" "Mozilla/5.0 AppleWebKit/537.36 (KHTML, like Gecko; compatible; bingbot/2.0; +http://www.bing.com/bingbot.htm) Chrome/116.0.1938.76 Safari/537.36"
217.113.194.102 - - [13/Oct/2025:04:11:38 +0200] "GET /en/13-artist?order=product.name.asc&q=Categories-Kep1er-NCT+127&page=4 HTTP/1.1" 200 19700 "-" "Mozilla/5.0 (compatible; Barkrowler/0.9; +https://babbar.tech/crawler)"
216.244.66.233 - - [13/Oct/2025:04:11:48 +0200] "GET /en/brand/7-sone-music-entertainment?order=product.sales.desc HTTP/1.1" 302 5 "-" "Mozilla/5.0 (compatible; DotBot/1.2; +https://opensiteexplorer.org/dotbot; help@moz.com)"
40.77.167.52 - - [13/Oct/2025:04:11:50 +0200] "GET /en/13-artist?q=Categories-%28G%29I%5C-DLE-BABYMONSTER-BOYNEXTDOOR-BTS-ENHYPEN-ILLIT-ITZY-LISA-NMIXX-SEVENTEEN-STRAYKIDS-TWICE-TXT-ZEROBASEONE HTTP/2.0" 200 19894 "-" "Mozilla/5.0 AppleWebKit/537.36 (KHTML, like Gecko; compatible; bingbot/2.0; +http://www.bing.com/bingbot.htm) Chrome/116.0.1938.76 Safari/537.36"
217.113.194.104 - - [13/Oct/2025:04:11:56 +0200] "GET /en/13-artist?order=product.name.asc&q=Categories-JIMIN+%28BTS%29&page=4 HTTP/1.1" 200 19706 "-" "Mozilla/5.0 (compatible; Barkrowler/0.9; +https://babbar.tech/crawler)"
34.96.41.83 - - [13/Oct/2025:04:11:57 +0200] "GET / HTTP/2.0" 302 0 "-" "Go-http-client/2.0"
34.96.41.83 - - [13/Oct/2025:04:11:58 +0200] "GET /bg/ HTTP/2.0" 200 16041 "https://kpopbg.com" "Go-http-client/2.0"
40.77.167.243 - - [13/Oct/2025:04:11:58 +0200] "GET /bg/13-artisti?q=%D0%9A%D0%B0%D1%82%D0%B5%D0%B3%D0%BE%D1%80%D0%B8%D0%B8-ATEEZ-BABYMONSTER-BLACKPINK-BOYNEXTDOOR-ENHYPEN-GOT+THE+BEAT-ILLIT-IVE-JENNIE+%28BLACKPINK%29-NAYEON+%28TWICE%29-NCT+DOYOUNG-NMIXX-P1Harmony-RIIZE-SEVENTEEN-STRAYKIDS-TREASURE-TWICE-TXT-WayV-ZEROBASEONE-NCT+DREAM HTTP/2.0" 200 21719 "-" "Mozilla/5.0 AppleWebKit/537.36 (KHTML, like Gecko; compatible; bingbot/2.0; +http://www.bing.com/bingbot.htm) Chrome/116.0.1938.76 Safari/537.36"
40.77.167.243 - - [13/Oct/2025:04:11:58 +0200] "GET /bg/13-artisti?q=%D0%9A%D0%B0%D1%82%D0%B5%D0%B3%D0%BE%D1%80%D0%B8%D0%B8-AESPA-ASTRO-BABYMONSTER-BLACKPINK-BOYNEXTDOOR-ENHYPEN-GOT+THE+BEAT-ILLIT-ITZY-JIHYO-KAI-LISA-NMIXX-STAYC-STRAYKIDS-TREASURE-TXT-ZEROBASEONE-IVE HTTP/2.0" 200 21549 "-" "Mozilla/5.0 AppleWebKit/537.36 (KHTML, like Gecko; compatible; bingbot/2.0; +http://www.bing.com/bingbot.htm) Chrome/116.0.1938.76 Safari/537.36"
52.167.144.213 - - [13/Oct/2025:04:11:59 +0200] "GET /bg/13-artisti?q=%D0%9A%D0%B0%D1%82%D0%B5%D0%B3%D0%BE%D1%80%D0%B8%D0%B8-AESPA-Agust+D+%28BTS%29-BABYMONSTER-BLACKPINK-BOYNEXTDOOR-CHA+EUN+WOO+%28ASTRO%29-ENHYPEN-ILLIT-IVE-JIMIN+%28BTS%29-KAI-LISA-NCT+WISH-NMIXX-RIIZE-SEVENTEEN-TWICE-WayV-ZEROBASEONE-NAYEON+%28TWICE%29&page=2 HTTP/2.0" 200 21785 "-" "Mozilla/5.0 AppleWebKit/537.36 (KHTML, like Gecko; compatible; bingbot/2.0; +http://www.bing.com/bingbot.htm) Chrome/116.0.1938.76 Safari/537.36"
52.167.144.213 - - [13/Oct/2025:04:12:00 +0200] "GET /bg/13-artisti?q=%D0%9A%D0%B0%D1%82%D0%B5%D0%B3%D0%BE%D1%80%D0%B8%D0%B8-AESPA-BABYMONSTER-BLACKPINK-BOYNEXTDOOR-ILLIT-ITZY-JIHYO-LISA-NMIXX-SEVENTEEN-STAYC-STRAYKIDS-TREASURE-TWICE-TXT-ZEROBASEONE-P1Harmony HTTP/2.0" 200 21549 "-" "Mozilla/5.0 AppleWebKit/537.36 (KHTML, like Gecko; compatible; bingbot/2.0; +http://www.bing.com/bingbot.htm) Chrome/116.0.1938.76 Safari/537.36"
52.167.144.213 - - [13/Oct/2025:04:12:01 +0200] "GET /en/13-artist?q=Categories-%28G%29I%5C-DLE-AESPA-BABYMONSTER-BTS-ENHYPEN-ILLIT-ITZY-JIHYO-Jin+%28BTS%29-NCT+127-NMIXX-P1Harmony-SEVENTEEN-TWICE-V+%28BTS%29-WayV-ZEROBASEONE-THE+BOYZ HTTP/2.0" 200 19940 "-" "Mozilla/5.0 AppleWebKit/537.36 (KHTML, like Gecko; compatible; bingbot/2.0; +http://www.bing.com/bingbot.htm) Chrome/116.0.1938.76 Safari/537.36"
114.119.128.20 - - [13/Oct/2025:04:12:02 +0200] "GET /en/2-nachalo?q=Categories-ALBUM-ARTIST/Brand-CUBE%2BENTERTAINMENT&order=product.position.asc&page=5 HTTP/1.1" 200 16166 "https://kpopbg.com/en/2-nachalo?q=Categories-ALBUM-ARTIST/Brand-CUBE%2BENTERTAINMENT&order=product.position.asc&page=5" "Mozilla/5.0 (Linux; Android 7.0;) AppleWebKit/537.36 (KHTML, like Gecko) Mobile Safari/537.36 (compatible; PetalBot;+https://webmaster.petalsearch.com/site/petalbot)"
52.167.144.213 - - [13/Oct/2025:04:12:02 +0200] "GET /bg/13-artisti?q=%D0%9A%D0%B0%D1%82%D0%B5%D0%B3%D0%BE%D1%80%D0%B8%D0%B8-AESPA-ASTRO-BABYMONSTER-BLACKPINK-BOYNEXTDOOR-BTS-ILLIT-ITZY-JIHYO-KAI-LISA-NAYEON+%28TWICE%29-NMIXX-SEVENTEEN-STAYC-STRAYKIDS-TXT-ZEROBASEONE-P1Harmony HTTP/2.0" 200 21561 "-" "Mozilla/5.0 AppleWebKit/537.36 (KHTML, like Gecko; compatible; bingbot/2.0; +http://www.bing.com/bingbot.htm) Chrome/116.0.1938.76 Safari/537.36"
154.54.249.203 - - [13/Oct/2025:04:12:14 +0200] "GET /en/13-artist?order=product.name.asc&q=Categories-JIMIN+%28BTS%29&page=19 HTTP/1.1" 200 19893 "-" "Mozilla/5.0 (compatible; Barkrowler/0.9; +https://babbar.tech/crawler)"
40.77.167.27 - - [13/Oct/2025:04:12:26 +0200] "GET /bg/13-artisti?q=%D0%9A%D0%B0%D1%82%D0%B5%D0%B3%D0%BE%D1%80%D0%B8%D0%B8-AESPA-BABYMONSTER-BLACKPINK-BOYNEXTDOOR-ENHYPEN-GOT+THE+BEAT-ILLIT-JIHYO-LISA-NCT+JAEHYUN-NMIXX-RIIZE-STRAYKIDS-TREASURE-TWICE-WayV-ZEROBASEONE-SEVENTEEN&order=product.name.asc HTTP/2.0" 200 21290 "-" "Mozilla/5.0 AppleWebKit/537.36 (KHTML, like Gecko; compatible; bingbot/2.0; +http://www.bing.com/bingbot.htm) Chrome/116.0.1938.76 Safari/537.36"
40.77.167.27 - - [13/Oct/2025:04:12:26 +0200] "GET /bg/13-artisti?q=%D0%9A%D0%B0%D1%82%D0%B5%D0%B3%D0%BE%D1%80%D0%B8%D0%B8-ATEEZ-BABYMONSTER-BLACKPINK-BOYNEXTDOOR-ENHYPEN-ILLIT-ITZY-JIHYO-KAI-Kep1er-NAYEON+%28TWICE%29-NEW+JEANS-NMIXX-RIIZE-TREASURE-TWICE-WayV-ZEROBASEONE-NCT+127 HTTP/2.0" 200 21659 "-" "Mozilla/5.0 AppleWebKit/537.36 (KHTML, like Gecko; compatible; bingbot/2.0; +http://www.bing.com/bingbot.htm) Chrome/116.0.1938.76 Safari/537.36"
40.77.167.27 - - [13/Oct/2025:04:12:27 +0200] "GET /bg/13-artisti?q=%D0%9A%D0%B0%D1%82%D0%B5%D0%B3%D0%BE%D1%80%D0%B8%D0%B8-AESPA-ATEEZ-BABYMONSTER-BOYNEXTDOOR-BTS-ENHYPEN-ILLIT-ITZY-IVE-JIHYO-LISA-NCT+DREAM-NCT+JAEHYUN-NMIXX-RIIZE-ROSE+%28BLACKPINK%29-SEVENTEEN-TWICE-TXT-WayV-ZEROBASEONE-KAI HTTP/2.0" 200 21650 "-" "Mozilla/5.0 AppleWebKit/537.36 (KHTML, like Gecko; compatible; bingbot/2.0; +http://www.bing.com/bingbot.htm) Chrome/116.0.1938.76 Safari/537.36"
40.77.167.243 - - [13/Oct/2025:04:12:28 +0200] "GET /bg/13-artisti?q=%D0%9A%D0%B0%D1%82%D0%B5%D0%B3%D0%BE%D1%80%D0%B8%D0%B8-BABYMONSTER-BLACKPINK-BOYNEXTDOOR-ENHYPEN-GOT+THE+BEAT-ILLIT-IVE-JENNIE+%28BLACKPINK%29-JIHYO-JISOO+%28BLACKPINK%29-LISA+%28BLACKPINK%29-NMIXX-ROSE+%28BLACKPINK%29-SEVENTEEN-STAYC-STRAYKIDS-TREASURE-TWICE-WayV-ZEROBASEONE-xikers HTTP/2.0" 200 21687 "-" "Mozilla/5.0 AppleWebKit/537.36 (KHTML, like Gecko; compatible; bingbot/2.0; +http://www.bing.com/bingbot.htm) Chrome/116.0.1938.76 Safari/537.36"
40.77.167.243 - - [13/Oct/2025:04:12:28 +0200] "GET /bg/13-artisti?q=%D0%9A%D0%B0%D1%82%D0%B5%D0%B3%D0%BE%D1%80%D0%B8%D0%B8-ATEEZ-BABYMONSTER-BLACKPINK-BOYNEXTDOOR-Dreamcatcher-ENHYPEN-GOT+THE+BEAT-ILLIT-IVE-JENNIE+%28BLACKPINK%29-JIHYO-JISOO+%28BLACKPINK%29-Kep1er-LISA+%28BLACKPINK%29-NMIXX-RIIZE-SEVENTEEN-STAYC-STRAYKIDS-TREASURE-TWICE-WayV HTTP/2.0" 200 21707 "-" "Mozilla/5.0 AppleWebKit/537.36 (KHTML, like Gecko; compatible; bingbot/2.0; +http://www.bing.com/bingbot.htm) Chrome/116.0.1938.76 Safari/537.36"
217.113.194.103 - - [13/Oct/2025:04:12:31 +0200] "GET /en/13-artist?order=product.name.asc&q=Categories-JIMIN+%28BTS%29&page=18 HTTP/1.1" 200 19498 "-" "Mozilla/5.0 (compatible; Barkrowler/0.9; +https://babbar.tech/crawler)"
52.167.144.213 - - [13/Oct/2025:04:12:32 +0200] "GET /bg/13-artisti?q=%D0%9A%D0%B0%D1%82%D0%B5%D0%B3%D0%BE%D1%80%D0%B8%D0%B8-AESPA-ASTRO-BLACKPINK-ENHYPEN-JISOO-KAI-NCT-NEW+JEANS-NMIXX-STAYC-TWICE-JEON+SOMI/%D0%9D%D0%B0%D0%BB%D0%B8%D1%87%D0%BD%D0%BE%D1%81%D1%82-%D0%92+%D0%BD%D0%B0%D0%BB%D0%B8%D1%87%D0%BD%D0%BE%D1%81%D1%82-%D0%9D%D1%8F%D0%BC%D0%B0+%D0%BD%D0%B0%D0%BB%D0%B8%D1%87%D0%BD%D0%BE%D1%81%D1%82 HTTP/2.0" 200 21721 "-" "Mozilla/5.0 AppleWebKit/537.36 (KHTML, like Gecko; compatible; bingbot/2.0; +http://www.bing.com/bingbot.htm) Chrome/116.0.1938.76 Safari/537.36"
52.167.144.213 - - [13/Oct/2025:04:12:33 +0200] "GET /en/13-artist?q=Categories-ATEEZ-BABYMONSTER-BLACKPINK-BOYNEXTDOOR-ENHYPEN-ILLIT-ITZY-JIHYO-NCT+WISH-NMIXX-SEVENTEEN-TWICE-TXT-ZEROBASEONE-TREASURE HTTP/2.0" 200 19902 "-" "Mozilla/5.0 AppleWebKit/537.36 (KHTML, like Gecko; compatible; bingbot/2.0; +http://www.bing.com/bingbot.htm) Chrome/116.0.1938.76 Safari/537.36"
40.77.167.27 - - [13/Oct/2025:04:12:36 +0200] "GET /bg/13-artisti?q=%D0%9A%D0%B0%D1%82%D0%B5%D0%B3%D0%BE%D1%80%D0%B8%D0%B8-ATEEZ-BABYMONSTER-BLACKPINK-BOYNEXTDOOR-ENHYPEN-GOT+THE+BEAT-ILLIT-IVE-Kep1er-NEW+JEANS-NMIXX-RIIZE-ROSE+%28BLACKPINK%29-SEVENTEEN-STAYC-TWICE-WayV-ZEROBASEONE-Dreamcatcher HTTP/2.0" 200 21668 "-" "Mozilla/5.0 AppleWebKit/537.36 (KHTML, like Gecko; compatible; bingbot/2.0; +http://www.bing.com/bingbot.htm) Chrome/116.0.1938.76 Safari/537.36"
40.77.167.27 - - [13/Oct/2025:04:12:37 +0200] "GET /en/13-artist?q=Categories-%28G%29I%5C-DLE-BABYMONSTER-ILLIT-ITZY-JIHYO-LISA-NCT+JAEHYUN-NMIXX-RM+%28BTS%29-SEVENTEEN-TWICE-TXT-ZEROBASEONE-KISS+OF+LIFE HTTP/2.0" 200 19934 "-" "Mozilla/5.0 AppleWebKit/537.36 (KHTML, like Gecko; compatible; bingbot/2.0; +http://www.bing.com/bingbot.htm) Chrome/116.0.1938.76 Safari/537.36"
40.77.167.27 - - [13/Oct/2025:04:12:37 +0200] "GET /en/13-artist?q=Categories-AESPA-BABYMONSTER-BLACKPINK-BOYNEXTDOOR-ENHYPEN-ILLIT-ITZY-IVE-JIHYO-LE+SSERAFIM-LISA-NMIXX-P1Harmony-STAYC-STRAYKIDS-TWICE-XDINARY+HEROES HTTP/2.0" 200 19934 "-" "Mozilla/5.0 AppleWebKit/537.36 (KHTML, like Gecko; compatible; bingbot/2.0; +http://www.bing.com/bingbot.htm) Chrome/116.0.1938.76 Safari/537.36"
40.77.167.243 - - [13/Oct/2025:04:12:38 +0200] "GET /bg/13-artisti?q=%D0%9A%D0%B0%D1%82%D0%B5%D0%B3%D0%BE%D1%80%D0%B8%D0%B8-ATEEZ-BABYMONSTER-BOYNEXTDOOR-ENHYPEN-ILLIT-NMIXX-RIIZE-SEVENTEEN-STAYC-TREASURE-TWICE-WayV-ZEROBASEONE HTTP/2.0" 200 21477 "-" "Mozilla/5.0 AppleWebKit/537.36 (KHTML, like Gecko; compatible; bingbot/2.0; +http://www.bing.com/bingbot.htm) Chrome/116.0.1938.76 Safari/537.36"
40.77.167.27 - - [13/Oct/2025:04:12:38 +0200] "GET /bg/13-artisti?q=%D0%9A%D0%B0%D1%82%D0%B5%D0%B3%D0%BE%D1%80%D0%B8%D0%B8-BABYMONSTER-BLACKPINK-BOYNEXTDOOR-ENHYPEN-GOT+THE+BEAT-ILLIT-ITZY-JIHYO-LISA-NMIXX-RIIZE-STRAYKIDS-TWICE-WayV-ZEROBASEONE-NAYEON+%28TWICE%29 HTTP/2.0" 200 21536 "-" "Mozilla/5.0 AppleWebKit/537.36 (KHTML, like Gecko; compatible; bingbot/2.0; +http://www.bing.com/bingbot.htm) Chrome/116.0.1938.76 Safari/537.36"
40.77.167.243 - - [13/Oct/2025:04:12:39 +0200] "GET /en/13-artist?q=Categories-AESPA-ATEEZ-BABYMONSTER-BOYNEXTDOOR-ENHYPEN-ILLIT-ITZY-JIHYO-LISA-NMIXX-P1Harmony-TREASURE-TWICE-TXT-ZEROBASEONE-NAYEON+%28TWICE%29 HTTP/2.0" 200 19921 "-" "Mozilla/5.0 AppleWebKit/537.36 (KHTML, like Gecko; compatible; bingbot/2.0; +http://www.bing.com/bingbot.htm) Chrome/116.0.1938.76 Safari/537.36"
40.77.167.27 - - [13/Oct/2025:04:12:39 +0200] "GET /bg/13-artisti?q=%D0%9A%D0%B0%D1%82%D0%B5%D0%B3%D0%BE%D1%80%D0%B8%D0%B8-AESPA-ATEEZ-BABYMONSTER-BLACKPINK-BOYNEXTDOOR-BTS-ENHYPEN-ILLIT-ITZY-KAI-LISA-NMIXX-SEVENTEEN-STRAYKIDS-TWICE HTTP/2.0" 200 21464 "-" "Mozilla/5.0 AppleWebKit/537.36 (KHTML, like Gecko; compatible; bingbot/2.0; +http://www.bing.com/bingbot.htm) Chrome/116.0.1938.76 Safari/537.36"
52.167.144.213 - - [13/Oct/2025:04:12:44 +0200] "GET /bg/13-artisti?q=%D0%9A%D0%B0%D1%82%D0%B5%D0%B3%D0%BE%D1%80%D0%B8%D0%B8-ASTRO-ATEEZ-BLACKPINK-BTS-ENHYPEN-KAI-LISA-NCT-NMIXX-STAYC/%D0%9D%D0%B0%D0%BB%D0%B8%D1%87%D0%BD%D0%BE%D1%81%D1%82-%D0%92+%D0%BD%D0%B0%D0%BB%D0%B8%D1%87%D0%BD%D0%BE%D1%81%D1%82 HTTP/2.0" 200 21559 "-" "Mozilla/5.0 AppleWebKit/537.36 (KHTML, like Gecko; compatible; bingbot/2.0; +http://www.bing.com/bingbot.htm) Chrome/116.0.1938.76 Safari/537.36"
217.113.194.223 - - [13/Oct/2025:04:12:47 +0200] "GET /en/13-artist?order=product.name.asc&q=Categories-V+%28BTS%29-WayV&page=18 HTTP/1.1" 200 19494 "-" "Mozilla/5.0 (compatible; Barkrowler/0.9; +https://babbar.tech/crawler)"
40.77.167.27 - - [13/Oct/2025:04:12:50 +0200] "GET /bg/13-artisti?q=%D0%9A%D0%B0%D1%82%D0%B5%D0%B3%D0%BE%D1%80%D0%B8%D0%B8-AESPA-ASTRO-ATEEZ-BLACKPINK-BTS-ENHYPEN-IVE-JIHYO-JISOO-KAI-NCT-NMIXX-STAYC-TWICE-NCT+127/%D0%9D%D0%B0%D0%BB%D0%B8%D1%87%D0%BD%D0%BE%D1%81%D1%82-%D0%92+%D0%BD%D0%B0%D0%BB%D0%B8%D1%87%D0%BD%D0%BE%D1%81%D1%82-%D0%9D%D1%8F%D0%BC%D0%B0+%D0%BD%D0%B0%D0%BB%D0%B8%D1%87%D0%BD%D0%BE%D1%81%D1%82 HTTP/2.0" 200 21736 "-" "Mozilla/5.0 AppleWebKit/537.36 (KHTML, like Gecko; compatible; bingbot/2.0; +http://www.bing.com/bingbot.htm) Chrome/116.0.1938.76 Safari/537.36"
40.77.167.27 - - [13/Oct/2025:04:12:51 +0200] "GET /bg/13-artisti?q=%D0%9A%D0%B0%D1%82%D0%B5%D0%B3%D0%BE%D1%80%D0%B8%D0%B8-ATEEZ-BLACKPINK-BTS-ENHYPEN-GOT+THE+BEAT-ITZY-KAI-LISA-NCT-NCT+DREAM-NEW+JEANS-STRAYKIDS-TREASURE-TWICE HTTP/2.0" 200 21475 "-" "Mozilla/5.0 AppleWebKit/537.36 (KHTML, like Gecko; compatible; bingbot/2.0; +http://www.bing.com/bingbot.htm) Chrome/116.0.1938.76 Safari/537.36"
217.113.194.111 - - [13/Oct/2025:04:13:04 +0200] "GET /en/13-artist?order=product.name.asc&q=Categories-V+%28BTS%29-WayV&page=19 HTTP/1.1" 200 19893 "-" "Mozilla/5.0 (compatible; Barkrowler/0.9; +https://babbar.tech/crawler)"
40.77.167.27 - - [13/Oct/2025:04:13:19 +0200] "GET /bg/12-albumi?q=%D0%9D%D0%B0%D0%BB%D0%B8%D1%87%D0%BD%D0%BE%D1%81%D1%82-%D0%92+%D0%BD%D0%B0%D0%BB%D0%B8%D1%87%D0%BD%D0%BE%D1%81%D1%82-%D0%9D%D0%B0%D0%BB%D0%B8%D1%87%D0%B5%D0%BD-%D0%9D%D1%8F%D0%BC%D0%B0+%D0%BD%D0%B0%D0%BB%D0%B8%D1%87%D0%BD%D0%BE%D1%81%D1%82/%D0%9C%D0%B0%D1%80%D0%BA%D0%B0-BigHit+Entertainment-CUBE+ENTERTAINMENT-HIGHUP+ENTERTAINMENT-KQ+Entertainment HTTP/2.0" 200 17962 "-" "Mozilla/5.0 AppleWebKit/537.36 (KHTML, like Gecko; compatible; bingbot/2.0; +http://www.bing.com/bingbot.htm) Chrome/116.0.1938.76 Safari/537.36"
47.128.57.238 - - [13/Oct/2025:04:13:19 +0200] "GET /bg/13-artisti?SubmitCurrency=1&id_currency=1&q=%D0%9A%D0%B0%D1%82%D0%B5%D0%B3%D0%BE%D1%80%D0%B8%D0%B8-Agust+D+%28BTS%29-JUNG+KOOK+%28BTS%29-NCT-NEW+JEANS-GOT+THE+BEAT HTTP/2.0" 200 21480 "-" "Mozilla/5.0 (compatible; Bytespider; spider-feedback@bytedance.com) AppleWebKit/537.36 (KHTML, like Gecko) Chrome/70.0.0.0 Safari/537.36"
217.113.194.102 - - [13/Oct/2025:04:13:22 +0200] "GET /en/13-artist?order=product.name.asc&q=Categories-V+%28BTS%29-WayV&page=4 HTTP/1.1" 200 19693 "-" "Mozilla/5.0 (compatible; Barkrowler/0.9; +https://babbar.tech/crawler)"
40.77.167.76 - - [13/Oct/2025:04:13:23 +0200] "GET /bg/13-artisti?q=%D0%9A%D0%B0%D1%82%D0%B5%D0%B3%D0%BE%D1%80%D0%B8%D0%B8-ATEEZ-BABYMONSTER-BLACKPINK-BOYNEXTDOOR-ENHYPEN-GOT+THE+BEAT-ILLIT-ITZY-IVE-JENNIE+%28BLACKPINK%29-LISA+%28BLACKPINK%29-NCT+JAEHYUN-NMIXX-RIIZE-ROSE+%28BLACKPINK%29-SEVENTEEN-STAYC-TREASURE-WayV-ZEROBASEONE HTTP/2.0" 200 21696 "-" "Mozilla/5.0 AppleWebKit/537.36 (KHTML, like Gecko; compatible; bingbot/2.0; +http://www.bing.com/bingbot.htm) Chrome/116.0.1938.76 Safari/537.36"
114.119.137.2 - - [13/Oct/2025:04:13:27 +0200] "GET /en/2-nachalo?q=Categories-ALBUM-ARTIST/Brand-BigHit%2BEntertainment&order=product.position.asc&page=6 HTTP/1.1" 200 15961 "https://kpopbg.com/en/2-nachalo?q=Categories-ALBUM-ARTIST/Brand-BigHit%2BEntertainment&order=product.position.asc&page=6" "Mozilla/5.0 (Linux; Android 7.0;) AppleWebKit/537.36 (KHTML, like Gecko) Mobile Safari/537.36 (compatible; PetalBot;+https://webmaster.petalsearch.com/site/petalbot)"
216.244.66.233 - - [13/Oct/2025:04:13:29 +0200] "GET /bg/%D0%BD%D0%BE%D0%B2%D0%B8-%D0%BF%D1%80%D0%BE%D0%B4%D1%83%D0%BA%D1%82%D0%B8?order=product.date_add.desc&SubmitCurrency=1&id_currency=2 HTTP/1.1" 301 5 "-" "Mozilla/5.0 (compatible; DotBot/1.2; +https://opensiteexplorer.org/dotbot; help@moz.com)"
216.244.66.233 - - [13/Oct/2025:04:13:31 +0200] "GET /bg/brand/23-stone-music-entertainment?order=product.position.asc HTTP/1.1" 302 5 "-" "Mozilla/5.0 (compatible; DotBot/1.2; +https://opensiteexplorer.org/dotbot; help@moz.com)"
216.244.66.233 - - [13/Oct/2025:04:13:38 +0200] "GET /bg/brand/24-wakeone?order=product.name.asc HTTP/1.1" 302 5 "-" "Mozilla/5.0 (compatible; DotBot/1.2; +https://opensiteexplorer.org/dotbot; help@moz.com)"
217.113.194.111 - - [13/Oct/2025:04:13:40 +0200] "GET /en/13-artist?order=product.name.asc&q=Categories-ITZY-TREASURE&page=3 HTTP/1.1" 200 19613 "-" "Mozilla/5.0 (compatible; Barkrowler/0.9; +https://babbar.tech/crawler)"
217.113.194.223 - - [13/Oct/2025:04:13:58 +0200] "GET /en/13-artist?order=product.name.asc&q=Categories-ITZY-TREASURE&page=2 HTTP/1.1" 200 19555 "-" "Mozilla/5.0 (compatible; Barkrowler/0.9; +https://babbar.tech/crawler)"
40.77.167.27 - - [13/Oct/2025:04:14:00 +0200] "GET /en/13-artist?q=Categories-%28G%29I%5C-DLE-AESPA-BABYMONSTER-ENHYPEN-ILLIT-ITZY-JIHYO-JIMIN+%28BTS%29-KAI-LISA-NCT+127-NCT+JAEHYUN-NMIXX-SEVENTEEN-TWICE-TXT-Tzuyu+%28TWICE%29-WayV-xikers-ZEROBASEONE-BOYNEXTDOOR HTTP/2.0" 200 19998 "-" "Mozilla/5.0 AppleWebKit/537.36 (KHTML, like Gecko; compatible; bingbot/2.0; +http://www.bing.com/bingbot.htm) Chrome/116.0.1938.76 Safari/537.36"
47.128.52.63 - - [13/Oct/2025:04:14:08 +0200] "GET /bg/13-artisti?SubmitCurrency=1&id_currency=2&order=product.sales.desc&q=%D0%9A%D0%B0%D1%82%D0%B5%D0%B3%D0%BE%D1%80%D0%B8%D0%B8-ENHYPEN-ITZY-NCT-STAYC-GOT+THE+BEAT HTTP/2.0" 200 17571 "-" "Mozilla/5.0 (compatible; Bytespider; spider-feedback@bytedance.com) AppleWebKit/537.36 (KHTML, like Gecko) Chrome/70.0.0.0 Safari/537.36"
216.244.66.233 - - [13/Oct/2025:04:14:15 +0200] "GET /bg/%D0%BD%D0%BE%D0%B2%D0%B8-%D0%BF%D1%80%D0%BE%D0%B4%D1%83%D0%BA%D1%82%D0%B8?order=product.reference.asc&SubmitCurrency=1&id_currency=1 HTTP/1.1" 301 5 "-" "Mozilla/5.0 (compatible; DotBot/1.2; +https://opensiteexplorer.org/dotbot; help@moz.com)"
217.113.194.223 - - [13/Oct/2025:04:14:16 +0200] "GET /en/13-artist?order=product.name.asc&q=Categories-ITZY-ILLIT&page=20 HTTP/1.1" 200 18354 "-" "Mozilla/5.0 (compatible; Barkrowler/0.9; +https://babbar.tech/crawler)"
40.77.167.243 - - [13/Oct/2025:04:14:29 +0200] "GET /bg/13-artisti?q=%D0%9A%D0%B0%D1%82%D0%B5%D0%B3%D0%BE%D1%80%D0%B8%D0%B8-ATEEZ-BABYMONSTER-BOYNEXTDOOR-ENHYPEN-ILLIT-IVE-Jin+%28BTS%29-Kep1er-NMIXX-P1Harmony-RIIZE-SEVENTEEN-STAYC-STRAYKIDS-TXT-WayV-ZEROBASEONE&page=20 HTTP/2.0" 200 19937 "-" "Mozilla/5.0 AppleWebKit/537.36 (KHTML, like Gecko; compatible; bingbot/2.0; +http://www.bing.com/bingbot.htm) Chrome/116.0.1938.76 Safari/537.36"
217.113.194.107 - - [13/Oct/2025:04:14:34 +0200] "GET /en/13-artist?order=product.name.asc&q=Categories-ITZY-Kep1er&page=20 HTTP/1.1" 200 18351 "-" "Mozilla/5.0 (compatible; Barkrowler/0.9; +https://babbar.tech/crawler)"
114.119.137.2 - - [13/Oct/2025:04:14:50 +0200] "GET /en/2-nachalo?SubmitCurrency=1&id_currency=3&order=product.price.asc&q=Brand-ADOR-HIGHUP%2BENTERTAINMENT HTTP/1.1" 200 16056 "https://kpopbg.com/en/2-nachalo?SubmitCurrency=1&id_currency=3&order=product.name.asc&q=Brand-ADOR-HIGHUP%2BENTERTAINMENT" "Mozilla/5.0 (Linux; Android 7.0;) AppleWebKit/537.36 (KHTML, like Gecko) Mobile Safari/537.36 (compatible; PetalBot;+https://webmaster.petalsearch.com/site/petalbot)"
217.113.194.104 - - [13/Oct/2025:04:14:51 +0200] "GET /en/13-artist?order=product.name.asc&q=Categories-ITZY-ATEEZ&page=3 HTTP/1.1" 200 19613 "-" "Mozilla/5.0 (compatible; Barkrowler/0.9; +https://babbar.tech/crawler)"
47.128.35.30 - - [13/Oct/2025:04:14:57 +0200] "GET /bg/13-artisti?order=product.name.asc&q=%D0%9A%D0%B0%D1%82%D0%B5%D0%B3%D0%BE%D1%80%D0%B8%D0%B8-CHA+EUN+WOO+%28ASTRO%29-ITZY-JIHYO-JUNG+KOOK+%28BTS%29-TREASURE-TWICE HTTP/2.0" 200 21087 "-" "Mozilla/5.0 (compatible; Bytespider; spider-feedback@bytedance.com) AppleWebKit/537.36 (KHTML, like Gecko) Chrome/70.0.0.0 Safari/537.36"
40.77.167.27 - - [13/Oct/2025:04:15:00 +0200] "GET /bg/13-artisti?q=%D0%9A%D0%B0%D1%82%D0%B5%D0%B3%D0%BE%D1%80%D0%B8%D0%B8-AESPA-ATEEZ-ENHYPEN-GOT+THE+BEAT-ITZY-JIHYO-KAI-LISA-NMIXX-STAYC-STRAYKIDS-TREASURE-TWICE-TXT&page=19 HTTP/2.0" 200 21532 "-" "Mozilla/5.0 AppleWebKit/537.36 (KHTML, like Gecko; compatible; bingbot/2.0; +http://www.bing.com/bingbot.htm) Chrome/116.0.1938.76 Safari/537.36"
66.249.66.14 - - [13/Oct/2025:04:15:08 +0200] "GET /bg/13-artisti?q=Categories-AESPA-LISA&order=product.price.asc&page=5 HTTP/1.1" 200 21341 "-" "Mozilla/5.0 (Linux; Android 6.0.1; Nexus 5X Build/MMB29P) AppleWebKit/537.36 (KHTML, like Gecko) Chrome/140.0.7339.207 Mobile Safari/537.36 (compatible; Googlebot/2.1; +http://www.google.com/bot.html)"
154.54.249.203 - - [13/Oct/2025:04:15:09 +0200] "GET /en/13-artist?order=product.name.asc&q=Categories-ITZY-ATEEZ&page=2 HTTP/1.1" 200 19554 "-" "Mozilla/5.0 (compatible; Barkrowler/0.9; +https://babbar.tech/crawler)"
216.244.66.233 - - [13/Oct/2025:04:15:24 +0200] "GET /bg/%D0%BD%D0%B0%D0%B9-%D0%BF%D1%80%D0%BE%D0%B4%D0%B0%D0%B2%D0%B0%D0%BD%D0%B8?order=product.name.desc&page=2 HTTP/1.1" 301 5 "-" "Mozilla/5.0 (compatible; DotBot/1.2; +https://opensiteexplorer.org/dotbot; help@moz.com)"
217.113.194.111 - - [13/Oct/2025:04:15:27 +0200] "GET /en/13-artist?order=product.name.asc&q=Categories-ITZY-ATEEZ&page=20 HTTP/1.1" 200 18351 "-" "Mozilla/5.0 (compatible; Barkrowler/0.9; +https://babbar.tech/crawler)"
217.113.194.104 - - [13/Oct/2025:04:15:45 +0200] "GET /en/13-artist?order=product.name.asc&q=Categories-TREASURE-ATEEZ&page=20 HTTP/1.1" 200 18355 "-" "Mozilla/5.0 (compatible; Barkrowler/0.9; +https://babbar.tech/crawler)"
47.128.19.134 - - [13/Oct/2025:04:15:45 +0200] "GET /en/13-artist?page=2&q=Categories-AESPA-BLACKPINK-BTS-ITZY-STRAYKIDS-ENHYPEN HTTP/2.0" 200 19806 "-" "Mozilla/5.0 (compatible; Bytespider; spider-feedback@bytedance.com) AppleWebKit/537.36 (KHTML, like Gecko) Chrome/70.0.0.0 Safari/537.36"
52.255.111.14 - - [13/Oct/2025:04:15:46 +0200] "GET / HTTP/2.0" 302 0 "-" "Mozilla/5.0 AppleWebKit/537.36 (KHTML, like Gecko); compatible; ChatGPT-User/1.0; +https://openai.com/bot"
52.255.111.14 - - [13/Oct/2025:04:15:46 +0200] "GET /en/ HTTP/2.0" 200 14794 "-" "Mozilla/5.0 AppleWebKit/537.36 (KHTML, like Gecko); compatible; ChatGPT-User/1.0; +https://openai.com/bot"
40.77.167.27 - - [13/Oct/2025:04:15:52 +0200] "GET /bg/13-artisti?q=%D0%9A%D0%B0%D1%82%D0%B5%D0%B3%D0%BE%D1%80%D0%B8%D0%B8-AESPA-ATEEZ-BABYMONSTER-BOYNEXTDOOR-ENHYPEN-GOT+THE+BEAT-ILLIT-IVE-JIHYO-LISA-NCT+JAEHYUN-NMIXX-P1Harmony-RIIZE-STAYC-TWICE-WayV-ZEROBASEONE-SEVENTEEN HTTP/2.0" 200 21548 "-" "Mozilla/5.0 AppleWebKit/537.36 (KHTML, like Gecko; compatible; bingbot/2.0; +http://www.bing.com/bingbot.htm) Chrome/116.0.1938.76 Safari/537.36"
217.113.194.111 - - [13/Oct/2025:04:16:02 +0200] "GET /en/13-artist?order=product.name.asc&q=Categories-TREASURE-RED+VELVET HTTP/1.1" 200 19360 "-" "Mozilla/5.0 (compatible; Barkrowler/0.9; +https://babbar.tech/crawler)"
114.119.131.105 - - [13/Oct/2025:04:16:14 +0200] "GET /en/2-nachalo?SubmitCurrency=1&id_currency=3&order=product.name.asc&page=2 HTTP/1.1" 200 15850 "https://kpopbg.com/en/2-nachalo?SubmitCurrency=1&id_currency=3&order=product.name.asc&page=3" "Mozilla/5.0 (Linux; Android 7.0;) AppleWebKit/537.36 (KHTML, like Gecko) Mobile Safari/537.36 (compatible; PetalBot;+https://webmaster.petalsearch.com/site/petalbot)"
217.113.194.104 - - [13/Oct/2025:04:16:19 +0200] "GET /en/13-artist?order=product.name.asc&q=Categories-ILLIT-IVE-TWICE&page=4 HTTP/1.1" 200 19695 "-" "Mozilla/5.0 (compatible; Barkrowler/0.9; +https://babbar.tech/crawler)"
40.77.167.243 - - [13/Oct/2025:04:16:19 +0200] "GET /bg/13-artisti?q=%D0%9A%D0%B0%D1%82%D0%B5%D0%B3%D0%BE%D1%80%D0%B8%D0%B8-ATEEZ-BABYMONSTER-BLACKPINK-BOYNEXTDOOR-BTS-ENHYPEN-ILLIT-ITZY-JIHYO-KAI-Kep1er-LISA-NEW+JEANS-P1Harmony-SEVENTEEN-TWICE-WayV-ZEROBASEONE-STRAYKIDS HTTP/2.0" 200 21568 "-" "Mozilla/5.0 AppleWebKit/537.36 (KHTML, like Gecko; compatible; bingbot/2.0; +http://www.bing.com/bingbot.htm) Chrome/116.0.1938.76 Safari/537.36"
40.77.167.27 - - [13/Oct/2025:04:16:30 +0200] "GET /bg/13-artisti?q=%D0%9A%D0%B0%D1%82%D0%B5%D0%B3%D0%BE%D1%80%D0%B8%D0%B8-AESPA-BABYMONSTER-BLACKPINK-BOYNEXTDOOR-ENHYPEN-GOT+THE+BEAT-ILLIT-ITZY-IVE-KAI-LISA-ZEROBASEONE-NCT HTTP/2.0" 200 21534 "-" "Mozilla/5.0 AppleWebKit/537.36 (KHTML, like Gecko; compatible; bingbot/2.0; +http://www.bing.com/bingbot.htm) Chrome/116.0.1938.76 Safari/537.36"
47.128.50.85 - - [13/Oct/2025:04:16:34 +0200] "GET /bg/13-artisti?q=%D0%9A%D0%B0%D1%82%D0%B5%D0%B3%D0%BE%D1%80%D0%B8%D0%B8-GOT+THE+BEAT-JUNG+KOOK+%28BTS%29-KAI-STAYC-STRAYKIDS-TREASURE HTTP/2.0" 200 21411 "-" "Mozilla/5.0 (compatible; Bytespider; spider-feedback@bytedance.com) AppleWebKit/537.36 (KHTML, like Gecko) Chrome/70.0.0.0 Safari/537.36"
217.113.194.223 - - [13/Oct/2025:04:16:35 +0200] "GET /en/13-artist?order=product.name.asc&q=Categories-ILLIT-IVE-TWICE&page=19 HTTP/1.1" 200 19885 "-" "Mozilla/5.0 (compatible; Barkrowler/0.9; +https://babbar.tech/crawler)"
217.113.194.247 - - [13/Oct/2025:04:16:52 +0200] "GET /en/13-artist?order=product.name.asc&q=Categories-ILLIT-IVE-TWICE&page=18 HTTP/1.1" 200 19486 "-" "Mozilla/5.0 (compatible; Barkrowler/0.9; +https://babbar.tech/crawler)"
217.113.194.247 - - [13/Oct/2025:04:17:09 +0200] "GET /en/13-artist?order=product.name.asc&q=Categories-BTS-KAI-xikers&page=20 HTTP/1.1" 200 18361 "-" "Mozilla/5.0 (compatible; Barkrowler/0.9; +https://babbar.tech/crawler)"
40.77.167.27 - - [13/Oct/2025:04:17:20 +0200] "GET /bg/13-artisti?q=%D0%9A%D0%B0%D1%82%D0%B5%D0%B3%D0%BE%D1%80%D0%B8%D0%B8-Agust+D+%28BTS%29-ATEEZ-BABYMONSTER-BLACKPINK-BOYNEXTDOOR-ENHYPEN-GOT+THE+BEAT-ILLIT-IVE-JENNIE+%28BLACKPINK%29-KISS+OF+LIFE-NAYEON+%28TWICE%29-NMIXX-P1Harmony-RIIZE-SEVENTEEN-STRAYKIDS-TREASURE-TWICE-TXT-WayV-ZEROBASEONE-CHA+EUN+WOO+%28ASTRO%29 HTTP/2.0" 200 21786 "-" "Mozilla/5.0 AppleWebKit/537.36 (KHTML, like Gecko; compatible; bingbot/2.0; +http://www.bing.com/bingbot.htm) Chrome/116.0.1938.76 Safari/537.36"
47.128.124.10 - - [13/Oct/2025:04:17:23 +0200] "GET /en/13-artist?order=product.price.desc&q=Categories-NCT+JAEHYUN-THE+BOYZ HTTP/2.0" 200 19860 "-" "Mozilla/5.0 (compatible; Bytespider; spider-feedback@bytedance.com) AppleWebKit/537.36 (KHTML, like Gecko) Chrome/70.0.0.0 Safari/537.36"
217.113.194.103 - - [13/Oct/2025:04:17:27 +0200] "GET /en/13-artist?order=product.name.asc&q=Categories-BTS-KAI-ENHYPEN HTTP/1.1" 200 19354 "-" "Mozilla/5.0 (compatible; Barkrowler/0.9; +https://babbar.tech/crawler)"
40.77.167.243 - - [13/Oct/2025:04:17:29 +0200] "GET /bg/13-artisti?q=%D0%9A%D0%B0%D1%82%D0%B5%D0%B3%D0%BE%D1%80%D0%B8%D0%B8-ATEEZ-BLACKPINK-BOYNEXTDOOR-ENHYPEN-ITZY-JIHYO-NEW+JEANS-NMIXX-P1Harmony-RIIZE-SEVENTEEN-STRAYKIDS-TREASURE-TWICE-WayV-ZEROBASEONE&page=19 HTTP/2.0" 200 21567 "-" "Mozilla/5.0 AppleWebKit/537.36 (KHTML, like Gecko; compatible; bingbot/2.0; +http://www.bing.com/bingbot.htm) Chrome/116.0.1938.76 Safari/537.36"
114.119.128.20 - - [13/Oct/2025:04:17:37 +0200] "GET /en/13-artist?q=Categories-TWICE-AESPA/Availability-Available&order=product.position.asc HTTP/1.1" 200 19617 "https://kpopbg.com/en/13-artist?q=Categories-TWICE-AESPA/Availability-Available&order=product.position.asc&page=5" "Mozilla/5.0 (Linux; Android 7.0;) AppleWebKit/537.36 (KHTML, like Gecko) Mobile Safari/537.36 (compatible; PetalBot;+https://webmaster.petalsearch.com/site/petalbot)"
217.113.194.110 - - [13/Oct/2025:04:17:44 +0200] "GET /en/13-artist?order=product.name.asc&q=Categories-BTS-IVE-SEVENTEEN&page=4 HTTP/1.1" 200 19701 "-" "Mozilla/5.0 (compatible; Barkrowler/0.9; +https://babbar.tech/crawler)"
217.113.194.111 - - [13/Oct/2025:04:18:02 +0200] "GET /en/13-artist?order=product.name.asc&q=Categories-BTS-IVE-SEVENTEEN&page=19 HTTP/1.1" 200 19888 "-" "Mozilla/5.0 (compatible; Barkrowler/0.9; +https://babbar.tech/crawler)"
47.128.123.73 - - [13/Oct/2025:04:18:11 +0200] "GET /bg/13-artisti?q=%D0%9A%D0%B0%D1%82%D0%B5%D0%B3%D0%BE%D1%80%D0%B8%D0%B8-AESPA-Agust+D+%28BTS%29-CHA+EUN+WOO+%28ASTRO%29-ITZY-JIHYO-JUNG+KOOK+%28BTS%29-KAI-STRAYKIDS-TREASURE-NCT HTTP/2.0" 200 21488 "-" "Mozilla/5.0 (compatible; Bytespider; spider-feedback@bytedance.com) AppleWebKit/537.36 (KHTML, like Gecko) Chrome/70.0.0.0 Safari/537.36"
217.113.194.110 - - [13/Oct/2025:04:18:20 +0200] "GET /en/13-artist?order=product.name.asc&q=Categories-BTS-IVE-SEVENTEEN&page=18 HTTP/1.1" 200 19494 "-" "Mozilla/5.0 (compatible; Barkrowler/0.9; +https://babbar.tech/crawler)"
40.77.167.27 - - [13/Oct/2025:04:18:21 +0200] "GET /bg/13-artisti?q=%D0%9A%D0%B0%D1%82%D0%B5%D0%B3%D0%BE%D1%80%D0%B8%D0%B8-ATEEZ-BABYMONSTER-BLACKPINK-BOYNEXTDOOR-ENHYPEN-ILLIT-ITZY-JIHYO-KAI-LISA-NAYEON+%28TWICE%29-NMIXX-SEVENTEEN-TXT-ZEROBASEONE-THE+BOYZ HTTP/2.0" 200 21610 "-" "Mozilla/5.0 AppleWebKit/537.36 (KHTML, like Gecko; compatible; bingbot/2.0; +http://www.bing.com/bingbot.htm) Chrome/116.0.1938.76 Safari/537.36"
40.77.167.27 - - [13/Oct/2025:04:18:23 +0200] "GET /bg/13-artisti?q=%D0%9A%D0%B0%D1%82%D0%B5%D0%B3%D0%BE%D1%80%D0%B8%D0%B8-ATEEZ-BABYMONSTER-BOYNEXTDOOR-BTS-ENHYPEN-GOT+THE+BEAT-ILLIT-IVE-LE+SSERAFIM-NMIXX-RIIZE-SEVENTEEN-STRAYKIDS-TREASURE-TXT-ZEROBASEONE&page=3 HTTP/2.0" 200 21719 "-" "Mozilla/5.0 AppleWebKit/537.36 (KHTML, like Gecko; compatible; bingbot/2.0; +http://www.bing.com/bingbot.htm) Chrome/116.0.1938.76 Safari/537.36"
40.77.167.27 - - [13/Oct/2025:04:18:33 +0200] "GET /bg/13-artisti?q=%D0%9A%D0%B0%D1%82%D0%B5%D0%B3%D0%BE%D1%80%D0%B8%D0%B8-AESPA-BABYMONSTER-BOYNEXTDOOR-BTS-ENHYPEN-ILLIT-ITZY-KAI-LISA-NMIXX-SEVENTEEN-STRAYKIDS-TREASURE-TWICE-ZEROBASEONE-NCT+DREAM HTTP/2.0" 200 21527 "-" "Mozilla/5.0 AppleWebKit/537.36 (KHTML, like Gecko; compatible; bingbot/2.0; +http://www.bing.com/bingbot.htm) Chrome/116.0.1938.76 Safari/537.36"
217.113.194.103 - - [13/Oct/2025:04:18:38 +0200] "GET /en/13-artist?order=product.name.asc&q=Categories-BTS-IVE-Kep1er&page=20 HTTP/1.1" 200 18365 "-" "Mozilla/5.0 (compatible; Barkrowler/0.9; +https://babbar.tech/crawler)"
217.113.194.109 - - [13/Oct/2025:04:18:55 +0200] "GET /en/13-artist?order=product.name.asc&q=Categories-BTS-IVE-TXT&page=19 HTTP/1.1" 200 19884 "-" "Mozilla/5.0 (compatible; Barkrowler/0.9; +https://babbar.tech/crawler)"
47.128.123.99 - - [13/Oct/2025:04:19:00 +0200] "GET /bg/13-artisti?SubmitCurrency=1&id_currency=1&order=product.sales.desc&q=%D0%9A%D0%B0%D1%82%D0%B5%D0%B3%D0%BE%D1%80%D0%B8%D0%B8-ASTRO-CHA+EUN+WOO+%28ASTRO%29-ITZY-KAI-NCT-TXT-SEVENTEEN HTTP/2.0" 200 17602 "-" "Mozilla/5.0 (compatible; Bytespider; spider-feedback@bytedance.com) AppleWebKit/537.36 (KHTML, like Gecko) Chrome/70.0.0.0 Safari/537.36"
114.119.137.2 - - [13/Oct/2025:04:19:00 +0200] "GET /en/13-artist?q=Categories-STRAYKIDS-TWICE-TXT-(G)I%5C-DLE&order=product.name.desc&page=17 HTTP/1.1" 200 19652 "https://kpopbg.com/en/13-artist?q=Categories-STRAYKIDS-TWICE-TXT-(G)I%5C-DLE&order=product.name.desc&page=7" "Mozilla/5.0 (Linux; Android 7.0;) AppleWebKit/537.36 (KHTML, like Gecko) Mobile Safari/537.36 (compatible; PetalBot;+https://webmaster.petalsearch.com/site/petalbot)"
