52.167.144.215 - - [13/Oct/2025:02:37:22 +0200] "GET /bg/13-artisti?q=%D0%9A%D0%B0%D1%82%D0%B5%D0%B3%D0%BE%D1%80%D0%B8%D0%B8-AESPA-BLACKPINK-ENHYPEN-ITZY-IVE-JISOO-KAI-NMIXX-STRAYKIDS-TWICE-STAYC/%D0%9D%D0%B0%D0%BB%D0%B8%D1%87%D0%BD%D0%BE%D1%81%D1%82-%D0%92+%D0%BD%D0%B0%D0%BB%D0%B8%D1%87%D0%BD%D0%BE%D1%81%D1%82-%D0%9D%D1%8F%D0%BC%D0%B0+%D0%BD%D0%B0%D0%BB%D0%B8%D1%87%D0%BD%D0%BE%D1%81%D1%82 HTTP/2.0" 200 21658 "-" "Mozilla/5.0 AppleWebKit/537.36 (KHTML, like Gecko; compatible; bingbot/2.0; +http://www.bing.com/bingbot.htm) Chrome/116.0.1938.76 Safari/537.36"
52.167.144.215 - - [13/Oct/2025:02:37:30 +0200] "GET /bg/13-artisti?q=%D0%9A%D0%B0%D1%82%D0%B5%D0%B3%D0%BE%D1%80%D0%B8%D0%B8-ATEEZ-BABYMONSTER-BLACKPINK-BOYNEXTDOOR-ENHYPEN-ILLIT-ITZY-JIHYO-KAI-Kep1er-LE+SSERAFIM-LISA-NMIXX-P1Harmony-TREASURE-TXT-WayV-xikers-ZEROBASEONE-SEVENTEEN HTTP/2.0" 200 21647 "-" "Mozilla/5.0 AppleWebKit/537.36 (KHTML, like Gecko; compatible; bingbot/2.0; +http://www.bing.com/bingbot.htm) Chrome/116.0.1938.76 Safari/537.36"
52.167.144.215 - - [13/Oct/2025:02:37:32 +0200] "GET /bg/13-artisti?q=%D0%9A%D0%B0%D1%82%D0%B5%D0%B3%D0%BE%D1%80%D0%B8%D0%B8-ATEEZ-BABYMONSTER-BLACKPINK-BOYNEXTDOOR-Dreamcatcher-ENHYPEN-GOT+THE+BEAT-ILLIT-JENNIE+%28BLACKPINK%29-JIHYO-JISOO+%28BLACKPINK%29-LISA+%28BLACKPINK%29-NMIXX-RIIZE-SEVENTEEN-STAYC-STRAYKIDS-TREASURE-TWICE-WayV-ZEROBASEONE-xikers HTTP/2.0" 200 21727 "-" "Mozilla/5.0 AppleWebKit/537.36 (KHTML, like Gecko; compatible; bingbot/2.0; +http://www.bing.com/bingbot.htm) Chrome/116.0.1938.76 Safari/537.36"
40.77.167.7 - - [13/Oct/2025:02:37:33 +0200] "GET /en/13-artist?q=Categories-%28G%29I%5C-DLE-AESPA-BABYMONSTER-ENHYPEN-ILLIT-JIHYO-Jin+%28BTS%29-KAI-LISA-NCT+WISH-NMIXX-P1Harmony-ROSE+%28BLACKPINK%29-SEVENTEEN-STRAYKIDS-TWICE-TXT-WayV-RIIZE HTTP/2.0" 200 19957 "-" "Mozilla/5.0 AppleWebKit/537.36 (KHTML, like Gecko; compatible; bingbot/2.0; +http://www.bing.com/bingbot.htm) Chrome/116.0.1938.76 Safari/537.36"
217.113.194.108 - - [13/Oct/2025:02:37:34 +0200] "GET /en/13-artist?q=Categories-Dreamcatcher-LE+SSERAFIM-ENHYPEN&page=2 HTTP/1.1" 200 19845 "-" "Mozilla/5.0 (compatible; Barkrowler/0.9; +https://babbar.tech/crawler)"
52.167.144.215 - - [13/Oct/2025:02:37:39 +0200] "GET /bg/13-artisti?q=%D0%9A%D0%B0%D1%82%D0%B5%D0%B3%D0%BE%D1%80%D0%B8%D0%B8-ATEEZ-BABYMONSTER-BLACKPINK-BOYNEXTDOOR-ENHYPEN-GOT+THE+BEAT-ILLIT-ITZY-JIHYO-KAI-NCT+WISH-NMIXX-RED+VELVET-RIIZE-SEVENTEEN-TXT-WayV-ZEROBASEONE-LISA HTTP/2.0" 200 21644 "-" "Mozilla/5.0 AppleWebKit/537.36 (KHTML, like Gecko; compatible; bingbot/2.0; +http://www.bing.com/bingbot.htm) Chrome/116.0.1938.76 Safari/537.36"
13.215.112.129 - - [13/Oct/2025:02:37:40 +0200] "GET /874-home_default/pre-order-illit-bomb-3rd-mini-album-.jpg HTTP/1.1" 404 10682 "-" "Mozilla/5.0 (compatible; crawler)"
40.77.167.7 - - [13/Oct/2025:02:37:43 +0200] "GET /en/13-artist?q=Categories-BOYNEXTDOOR-JIHYO-LISA-STAYC-STRAYKIDS-TWICE-Dreamcatcher&order=product.sales.desc HTTP/2.0" 200 16049 "-" "Mozilla/5.0 AppleWebKit/537.36 (KHTML, like Gecko; compatible; bingbot/2.0; +http://www.bing.com/bingbot.htm) Chrome/116.0.1938.76 Safari/537.36"
40.77.167.7 - - [13/Oct/2025:02:37:44 +0200] "GET /bg/13-artisti?q=%D0%9A%D0%B0%D1%82%D0%B5%D0%B3%D0%BE%D1%80%D0%B8%D0%B8-AESPA-ATEEZ-BABYMONSTER-BLACKPINK-BOYNEXTDOOR-ENHYPEN-GOT+THE+BEAT-ILLIT-IVE-JIHYO-LE+SSERAFIM-NMIXX-RIIZE-SEVENTEEN-STRAYKIDS-TXT-WayV-ZEROBASEONE-ITZY HTTP/2.0" 200 21570 "-" "Mozilla/5.0 AppleWebKit/537.36 (KHTML, like Gecko; compatible; bingbot/2.0; +http://www.bing.com/bingbot.htm) Chrome/116.0.1938.76 Safari/537.36"
40.77.167.7 - - [13/Oct/2025:02:37:45 +0200] "GET /bg/12-albumi?q=%D0%9D%D0%B0%D0%BB%D0%B8%D1%87%D0%BD%D0%BE%D1%81%D1%82-%D0%9D%D0%B0%D0%BB%D0%B8%D1%87%D0%B5%D0%BD-%D0%9D%D1%8F%D0%BC%D0%B0+%D0%BD%D0%B0%D0%BB%D0%B8%D1%87%D0%BD%D0%BE%D1%81%D1%82/%D0%9C%D0%B0%D1%80%D0%BA%D0%B0-CUBE+ENTERTAINMENT-SOURCE+MUSIC&order=product.position.asc HTTP/2.0" 200 17645 "-" "Mozilla/5.0 AppleWebKit/537.36 (KHTML, like Gecko; compatible; bingbot/2.0; +http://www.bing.com/bingbot.htm) Chrome/116.0.1938.76 Safari/537.36"
40.77.167.7 - - [13/Oct/2025:02:37:46 +0200] "GET /bg/13-artisti?q=%D0%9A%D0%B0%D1%82%D0%B5%D0%B3%D0%BE%D1%80%D0%B8%D0%B8-AESPA-ATEEZ-BABYMONSTER-BLACKPINK-BOYNEXTDOOR-GOT+THE+BEAT-ITZY-JIHYO-LISA-NEW+JEANS-NMIXX-P1Harmony-RIIZE-STRAYKIDS-TREASURE-TWICE-WayV-ZEROBASEONE-RM+%28BTS%29 HTTP/2.0" 200 21655 "-" "Mozilla/5.0 AppleWebKit/537.36 (KHTML, like Gecko; compatible; bingbot/2.0; +http://www.bing.com/bingbot.htm) Chrome/116.0.1938.76 Safari/537.36"
40.77.167.7 - - [13/Oct/2025:02:37:47 +0200] "GET /bg/13-artisti?q=%D0%9A%D0%B0%D1%82%D0%B5%D0%B3%D0%BE%D1%80%D0%B8%D0%B8-ATEEZ-BOYNEXTDOOR-ENHYPEN-ILLIT-IVE-JIHYO-Kep1er-LE+SSERAFIM-LISA-P1Harmony-RIIZE-SEVENTEEN-STRAYKIDS-TREASURE-TWICE-TXT-WayV-ZEROBASEONE-BTS HTTP/2.0" 200 21543 "-" "Mozilla/5.0 AppleWebKit/537.36 (KHTML, like Gecko; compatible; bingbot/2.0; +http://www.bing.com/bingbot.htm) Chrome/116.0.1938.76 Safari/537.36"
40.77.167.76 - - [13/Oct/2025:02:37:50 +0200] "GET /bg/13-artisti?q=%D0%9A%D0%B0%D1%82%D0%B5%D0%B3%D0%BE%D1%80%D0%B8%D0%B8-AESPA-ASTRO-ATEEZ-BLACKPINK-BTS-ENHYPEN-GOT+THE+BEAT-ITZY-JIHYO-JISOO-JUNG+KOOK+%28BTS%29-KAI-LISA-NCT-NCT+DREAM-STAYC-STRAYKIDS-TREASURE-TWICE-NEW+JEANS HTTP/2.0" 200 21586 "-" "Mozilla/5.0 AppleWebKit/537.36 (KHTML, like Gecko; compatible; bingbot/2.0; +http://www.bing.com/bingbot.htm) Chrome/116.0.1938.76 Safari/537.36"
40.77.167.76 - - [13/Oct/2025:02:37:51 +0200] "GET /bg/13-artisti?q=%D0%9A%D0%B0%D1%82%D0%B5%D0%B3%D0%BE%D1%80%D0%B8%D0%B8-AESPA-ASTRO-BLACKPINK-ENHYPEN-KAI-LE+SSERAFIM-LISA-NCT-NCT+DREAM-NMIXX-STAYC-STRAYKIDS-JIHYO/%D0%9D%D0%B0%D0%BB%D0%B8%D1%87%D0%BD%D0%BE%D1%81%D1%82-%D0%92+%D0%BD%D0%B0%D0%BB%D0%B8%D1%87%D0%BD%D0%BE%D1%81%D1%82 HTTP/2.0" 200 21659 "-" "Mozilla/5.0 AppleWebKit/537.36 (KHTML, like Gecko; compatible; bingbot/2.0; +http://www.bing.com/bingbot.htm) Chrome/116.0.1938.76 Safari/537.36"
47.128.116.194 - - [13/Oct/2025:02:37:52 +0200] "GET /bg/13-artisti?SubmitCurrency=1&id_currency=1&q=%D0%9A%D0%B0%D1%82%D0%B5%D0%B3%D0%BE%D1%80%D0%B8%D0%B8-P1Harmony-STAYC HTTP/2.0" 200 21382 "-" "Mozilla/5.0 (compatible; Bytespider; spider-feedback@bytedance.com) AppleWebKit/537.36 (KHTML, like Gecko) Chrome/70.0.0.0 Safari/537.36"
217.113.194.103 - - [13/Oct/2025:02:37:52 +0200] "GET /en/13-artist?q=Categories-Dreamcatcher-NEW+JEANS-STRAYKIDS&page=18 HTTP/1.1" 200 19880 "-" "Mozilla/5.0 (compatible; Barkrowler/0.9; +https://babbar.tech/crawler)"
40.77.167.76 - - [13/Oct/2025:02:37:52 +0200] "GET /en/13-artist?q=Categories-ATEEZ-BABYMONSTER-BLACKPINK-CHA+EUN+WOO+%28ASTRO%29-ENHYPEN-ILLIT-ITZY-JIHYO-JUNG+KOOK+%28BTS%29-LISA-NMIXX-SEVENTEEN-STAYC-TWICE-V+%28BTS%29-ZEROBASEONE-TXT&order=product.name.asc HTTP/2.0" 200 19660 "-" "Mozilla/5.0 AppleWebKit/537.36 (KHTML, like Gecko; compatible; bingbot/2.0; +http://www.bing.com/bingbot.htm) Chrome/116.0.1938.76 Safari/537.36"
40.77.167.7 - - [13/Oct/2025:02:37:53 +0200] "GET /bg/13-artisti?q=%D0%9A%D0%B0%D1%82%D0%B5%D0%B3%D0%BE%D1%80%D0%B8%D0%B8-AESPA-ATEEZ-BABYMONSTER-BLACKPINK-BOYNEXTDOOR-ENHYPEN-GOT+THE+BEAT-ILLIT-IVE-JIHYO-LE+SSERAFIM-NMIXX-RIIZE-SEVENTEEN-STAYC-TWICE-WayV-ZEROBASEONE-Kep1er HTTP/2.0" 200 21562 "-" "Mozilla/5.0 AppleWebKit/537.36 (KHTML, like Gecko; compatible; bingbot/2.0; +http://www.bing.com/bingbot.htm) Chrome/116.0.1938.76 Safari/537.36"
40.77.167.7 - - [13/Oct/2025:02:37:54 +0200] "GET /bg/13-artisti?q=%D0%9A%D0%B0%D1%82%D0%B5%D0%B3%D0%BE%D1%80%D0%B8%D0%B8-AESPA-BABYMONSTER-BLACKPINK-BOYNEXTDOOR-ENHYPEN-GOT+THE+BEAT-ILLIT-ITZY-KAI-LISA-NMIXX-SEVENTEEN-STRAYKIDS-ZEROBASEONE-NCT+127 HTTP/2.0" 200 21591 "-" "Mozilla/5.0 AppleWebKit/537.36 (KHTML, like Gecko; compatible; bingbot/2.0; +http://www.bing.com/bingbot.htm) Chrome/116.0.1938.76 Safari/537.36"
52.167.144.215 - - [13/Oct/2025:02:38:02 +0200] "GET /bg/13-artisti?q=%D0%9A%D0%B0%D1%82%D0%B5%D0%B3%D0%BE%D1%80%D0%B8%D0%B8-AESPA-BABYMONSTER-BLACKPINK-BOYNEXTDOOR-ENHYPEN-ILLIT-ITZY-JIHYO-JIMIN+%28BTS%29-KAI-LISA-NAYEON+%28TWICE%29-NMIXX-SEVENTEEN-STAYC-TWICE-TXT-Tzuyu+%28TWICE%29-ZEROBASEONE-LE+SSERAFIM&order=product.name.desc HTTP/2.0" 200 21899 "-" "Mozilla/5.0 AppleWebKit/537.36 (KHTML, like Gecko; compatible; bingbot/2.0; +http://www.bing.com/bingbot.htm) Chrome/116.0.1938.76 Safari/537.36"
217.113.194.224 - - [13/Oct/2025:02:38:09 +0200] "GET /en/13-artist?q=Categories-Dreamcatcher-NEW+JEANS-STRAYKIDS&page=19 HTTP/1.1" 200 19828 "-" "Mozilla/5.0 (compatible; Barkrowler/0.9; +https://babbar.tech/crawler)"
52.167.144.215 - - [13/Oct/2025:02:38:13 +0200] "GET /bg/13-artisti?q=%D0%9A%D0%B0%D1%82%D0%B5%D0%B3%D0%BE%D1%80%D0%B8%D0%B8-AESPA-ATEEZ-BABYMONSTER-BLACKPINK-BOYNEXTDOOR-ENHYPEN-ILLIT-IVE-JIHYO-LISA-NCT+DOYOUNG-NMIXX-RIIZE-STRAYKIDS-TWICE-WayV-ZEROBASEONE-ITZY HTTP/2.0" 200 21526 "-" "Mozilla/5.0 AppleWebKit/537.36 (KHTML, like Gecko; compatible; bingbot/2.0; +http://www.bing.com/bingbot.htm) Chrome/116.0.1938.76 Safari/537.36"
52.167.144.215 - - [13/Oct/2025:02:38:14 +0200] "GET /bg/13-artisti?q=%D0%9A%D0%B0%D1%82%D0%B5%D0%B3%D0%BE%D1%80%D0%B8%D0%B8-AESPA-BTS-ENHYPEN-ITZY-IVE-JISOO-KAI-LISA-NMIXX-STRAYKIDS-TREASURE-NCT/%D0%9D%D0%B0%D0%BB%D0%B8%D1%87%D0%BD%D0%BE%D1%81%D1%82-%D0%92+%D0%BD%D0%B0%D0%BB%D0%B8%D1%87%D0%BD%D0%BE%D1%81%D1%82 HTTP/2.0" 200 21622 "-" "Mozilla/5.0 AppleWebKit/537.36 (KHTML, like Gecko; compatible; bingbot/2.0; +http://www.bing.com/bingbot.htm) Chrome/116.0.1938.76 Safari/537.36"
52.167.144.215 - - [13/Oct/2025:02:38:15 +0200] "GET /bg/13-artisti?q=%D0%9A%D0%B0%D1%82%D0%B5%D0%B3%D0%BE%D1%80%D0%B8%D0%B8-AESPA-BABYMONSTER-BLACKPINK-BTS-GOT+THE+BEAT-ILLIT-ITZY-IVE-KAI-LISA-NMIXX-SEVENTEEN-STRAYKIDS-LE+SSERAFIM HTTP/2.0" 200 21552 "-" "Mozilla/5.0 AppleWebKit/537.36 (KHTML, like Gecko; compatible; bingbot/2.0; +http://www.bing.com/bingbot.htm) Chrome/116.0.1938.76 Safari/537.36"
52.167.144.215 - - [13/Oct/2025:02:38:16 +0200] "GET /bg/13-artisti?q=%D0%9A%D0%B0%D1%82%D0%B5%D0%B3%D0%BE%D1%80%D0%B8%D0%B8-AESPA-BLACKPINK-ENHYPEN-GOT+THE+BEAT-IVE-JISOO-NCT-TWICE/%D0%9C%D0%B0%D1%80%D0%BA%D0%B0-JYP+Entertainment HTTP/2.0" 200 21490 "-" "Mozilla/5.0 AppleWebKit/537.36 (KHTML, like Gecko; compatible; bingbot/2.0; +http://www.bing.com/bingbot.htm) Chrome/116.0.1938.76 Safari/537.36"
40.77.167.7 - - [13/Oct/2025:02:38:19 +0200] "GET /bg/13-artisti?q=%D0%9A%D0%B0%D1%82%D0%B5%D0%B3%D0%BE%D1%80%D0%B8%D0%B8-ATEEZ-BABYMONSTER-BLACKPINK-BOYNEXTDOOR-BTS-ENHYPEN-GOT+THE+BEAT-ILLIT-IVE-JIHYO-NMIXX-P1Harmony-RIIZE-ROSE+%28BLACKPINK%29-STAYC-TWICE-XDINARY+HEROES-ZEROBASEONE-Kep1er HTTP/2.0" 200 21653 "-" "Mozilla/5.0 AppleWebKit/537.36 (KHTML, like Gecko; compatible; bingbot/2.0; +http://www.bing.com/bingbot.htm) Chrome/116.0.1938.76 Safari/537.36"
40.77.167.7 - - [13/Oct/2025:02:38:19 +0200] "GET /en/13-artist?q=Categories-AESPA-Agust+D+%28BTS%29-ASTRO-ATEEZ-BABYMONSTER-BLACKPINK-BOYNEXTDOOR-ENHYPEN-ILLIT-ITZY-JIHYO-KAI-LISA-NMIXX-STRAYKIDS-TREASURE-TWICE-TXT-ZEROBASEONE-P1Harmony HTTP/2.0" 200 19974 "-" "Mozilla/5.0 AppleWebKit/537.36 (KHTML, like Gecko; compatible; bingbot/2.0; +http://www.bing.com/bingbot.htm) Chrome/116.0.1938.76 Safari/537.36"
40.77.167.7 - - [13/Oct/2025:02:38:20 +0200] "GET /bg/13-artisti?q=%D0%9A%D0%B0%D1%82%D0%B5%D0%B3%D0%BE%D1%80%D0%B8%D0%B8-ATEEZ-BABYMONSTER-BLACKPINK-BTS-ENHYPEN-ILLIT-ITZY-JIHYO-KAI-Kep1er-LISA-NCT+DOYOUNG-NMIXX-TREASURE-TWICE-TXT-ZEROBASEONE-LE+SSERAFIM HTTP/2.0" 200 21549 "-" "Mozilla/5.0 AppleWebKit/537.36 (KHTML, like Gecko; compatible; bingbot/2.0; +http://www.bing.com/bingbot.htm) Chrome/116.0.1938.76 Safari/537.36"
40.77.167.76 - - [13/Oct/2025:02:38:21 +0200] "GET /bg/12-albumi?q=%D0%9D%D0%B0%D0%BB%D0%B8%D1%87%D0%BD%D0%BE%D1%81%D1%82-%D0%92+%D0%BD%D0%B0%D0%BB%D0%B8%D1%87%D0%BD%D0%BE%D1%81%D1%82-%D0%9D%D0%B0%D0%BB%D0%B8%D1%87%D0%B5%D0%BD/%D0%9C%D0%B0%D1%80%D0%BA%D0%B0-ADOR-HIGHUP+ENTERTAINMENT-JYP+Entertainment-SM+Entertainment-STARSHIP+ENTERAINMENT HTTP/2.0" 200 17907 "-" "Mozilla/5.0 AppleWebKit/537.36 (KHTML, like Gecko; compatible; bingbot/2.0; +http://www.bing.com/bingbot.htm) Chrome/116.0.1938.76 Safari/537.36"
40.77.167.76 - - [13/Oct/2025:02:38:21 +0200] "GET /bg/13-artisti?q=%D0%9A%D0%B0%D1%82%D0%B5%D0%B3%D0%BE%D1%80%D0%B8%D0%B8-ATEEZ-BABYMONSTER-BLACKPINK-BOYNEXTDOOR-ENHYPEN-GOT+THE+BEAT-ILLIT-IVE-JENNIE+%28BLACKPINK%29-JIHYO-Kep1er-NMIXX-P1Harmony-RIIZE-SEVENTEEN-STRAYKIDS-TXT-WayV-ZEROBASEONE-CHA+EUN+WOO+%28ASTRO%29&page=2 HTTP/2.0" 200 21822 "-" "Mozilla/5.0 AppleWebKit/537.36 (KHTML, like Gecko; compatible; bingbot/2.0; +http://www.bing.com/bingbot.htm) Chrome/116.0.1938.76 Safari/537.36"
40.77.167.76 - - [13/Oct/2025:02:38:21 +0200] "GET /bg/13-artisti?q=%D0%9A%D0%B0%D1%82%D0%B5%D0%B3%D0%BE%D1%80%D0%B8%D0%B8-AESPA-ATEEZ-BOYNEXTDOOR-ENHYPEN-ILLIT-JIHYO-LISA-NMIXX-P1Harmony-RIIZE-SEVENTEEN-STRAYKIDS-TXT-WayV-ZEROBASEONE-IVE HTTP/2.0" 200 21499 "-" "Mozilla/5.0 AppleWebKit/537.36 (KHTML, like Gecko; compatible; bingbot/2.0; +http://www.bing.com/bingbot.htm) Chrome/116.0.1938.76 Safari/537.36"
40.77.167.7 - - [13/Oct/2025:02:38:21 +0200] "GET /bg/13-artisti?q=%D0%9A%D0%B0%D1%82%D0%B5%D0%B3%D0%BE%D1%80%D0%B8%D0%B8-AESPA-ASTRO-BLACKPINK-ENHYPEN-JISOO-KAI-LISA-NCT+127-NMIXX-TREASURE-TWICE-TXT-ITZY/%D0%9D%D0%B0%D0%BB%D0%B8%D1%87%D0%BD%D0%BE%D1%81%D1%82-%D0%92+%D0%BD%D0%B0%D0%BB%D0%B8%D1%87%D0%BD%D0%BE%D1%81%D1%82 HTTP/2.0" 200 21633 "-" "Mozilla/5.0 AppleWebKit/537.36 (KHTML, like Gecko; compatible; bingbot/2.0; +http://www.bing.com/bingbot.htm) Chrome/116.0.1938.76 Safari/537.36"
40.77.167.7 - - [13/Oct/2025:02:38:22 +0200] "GET /bg/13-artisti?q=%D0%9A%D0%B0%D1%82%D0%B5%D0%B3%D0%BE%D1%80%D0%B8%D0%B8-ATEEZ-BABYMONSTER-BTS-ENHYPEN-ITZY-LE+SSERAFIM-LISA-NMIXX-STRAYKIDS-KAI HTTP/2.0" 200 21425 "-" "Mozilla/5.0 AppleWebKit/537.36 (KHTML, like Gecko; compatible; bingbot/2.0; +http://www.bing.com/bingbot.htm) Chrome/116.0.1938.76 Safari/537.36"
217.113.194.247 - - [13/Oct/2025:02:38:28 +0200] "GET /en/13-artist?q=Categories-Dreamcatcher-NEW+JEANS-STRAYKIDS&page=4 HTTP/1.1" 200 20027 "-" "Mozilla/5.0 (compatible; Barkrowler/0.9; +https://babbar.tech/crawler)"
40.77.167.7 - - [13/Oct/2025:02:38:30 +0200] "GET /bg/13-artisti?q=%D0%9A%D0%B0%D1%82%D0%B5%D0%B3%D0%BE%D1%80%D0%B8%D0%B8-AESPA-BABYMONSTER-BLACKPINK-BOYNEXTDOOR-ENHYPEN-ILLIT-KAI-LISA-NMIXX-SEVENTEEN-STAYC-STRAYKIDS-TREASURE-TWICE-ZEROBASEONE HTTP/2.0" 200 21576 "-" "Mozilla/5.0 AppleWebKit/537.36 (KHTML, like Gecko; compatible; bingbot/2.0; +http://www.bing.com/bingbot.htm) Chrome/116.0.1938.76 Safari/537.36"
40.77.167.76 - - [13/Oct/2025:02:38:30 +0200] "GET /bg/13-artisti?q=%D0%9A%D0%B0%D1%82%D0%B5%D0%B3%D0%BE%D1%80%D0%B8%D0%B8-AESPA-BABYMONSTER-BLACKPINK-BOYNEXTDOOR-ENHYPEN-ILLIT-JIHYO-KAI-LISA-NAYEON+%28TWICE%29-NMIXX-SEVENTEEN-STAYC-TREASURE-WayV-ZEROBASEONE-STRAYKIDS HTTP/2.0" 200 21635 "-" "Mozilla/5.0 AppleWebKit/537.36 (KHTML, like Gecko; compatible; bingbot/2.0; +http://www.bing.com/bingbot.htm) Chrome/116.0.1938.76 Safari/537.36"
114.119.128.20 - - [13/Oct/2025:02:38:40 +0200] "GET /en/2-nachalo?q=Categories-ALBUM-ARTIST/Brand-ADOR-BigHit%2BMusic&order=product.position.asc HTTP/1.1" 200 15727 "https://kpopbg.com/en/2-nachalo?q=Categories-ALBUM-ARTIST/Brand-ADOR-BigHit%2BMusic&order=product.price.asc&page=2" "Mozilla/5.0 (Linux; Android 7.0;) AppleWebKit/537.36 (KHTML, like Gecko) Mobile Safari/537.36 (compatible; PetalBot;+https://webmaster.petalsearch.com/site/petalbot)"
47.128.59.172 - - [13/Oct/2025:02:38:40 +0200] "GET /bg/13-artisti?SubmitCurrency=1&id_currency=2&order=product.reference.desc&q=%D0%9A%D0%B0%D1%82%D0%B5%D0%B3%D0%BE%D1%80%D0%B8%D0%B8-ASTRO-BLACKPINK-BTS-GOT+THE+BEAT-IVE-NCT+127 HTTP/2.0" 200 21484 "-" "Mozilla/5.0 (compatible; Bytespider; spider-feedback@bytedance.com) AppleWebKit/537.36 (KHTML, like Gecko) Chrome/70.0.0.0 Safari/537.36"
217.113.194.108 - - [13/Oct/2025:02:38:46 +0200] "GET /en/13-artist?q=Categories-Dreamcatcher-NEW+JEANS-RM+%28BTS%29&page=3 HTTP/1.1" 200 19860 "-" "Mozilla/5.0 (compatible; Barkrowler/0.9; +https://babbar.tech/crawler)"
52.167.144.215 - - [13/Oct/2025:02:38:50 +0200] "GET /bg/13-artisti?q=%D0%9A%D0%B0%D1%82%D0%B5%D0%B3%D0%BE%D1%80%D0%B8%D0%B8-AESPA-ATEEZ-BABYMONSTER-BLACKPINK-BOYNEXTDOOR-ENHYPEN-GOT+THE+BEAT-ILLIT-IVE-JIHYO-LISA-NCT+DOYOUNG-NMIXX-P1Harmony-RIIZE-SEVENTEEN-TWICE-WayV-ZEROBASEONE-xikers&page=2 HTTP/2.0" 200 21713 "-" "Mozilla/5.0 AppleWebKit/537.36 (KHTML, like Gecko; compatible; bingbot/2.0; +http://www.bing.com/bingbot.htm) Chrome/116.0.1938.76 Safari/537.36"
40.77.167.76 - - [13/Oct/2025:02:38:51 +0200] "GET /en/13-artist?q=Categories-AESPA-BABYMONSTER-BTS-ENHYPEN-ILLIT-ITZY-LISA-NMIXX-STRAYKIDS-TWICE-ZEROBASEONE-SEVENTEEN HTTP/2.0" 200 19868 "-" "Mozilla/5.0 AppleWebKit/537.36 (KHTML, like Gecko; compatible; bingbot/2.0; +http://www.bing.com/bingbot.htm) Chrome/116.0.1938.76 Safari/537.36"
217.113.194.109 - - [13/Oct/2025:02:39:04 +0200] "GET /en/13-artist?q=Categories-Dreamcatcher-NEW+JEANS-RM+%28BTS%29&page=2 HTTP/1.1" 200 19864 "-" "Mozilla/5.0 (compatible; Barkrowler/0.9; +https://babbar.tech/crawler)"
52.167.144.215 - - [13/Oct/2025:02:39:10 +0200] "GET /bg/13-artisti?q=%D0%9A%D0%B0%D1%82%D0%B5%D0%B3%D0%BE%D1%80%D0%B8%D0%B8-ASTRO-ATEEZ-ENHYPEN-JISOO-KAI-NCT-NMIXX-STAYC-STRAYKIDS-AESPA/%D0%9D%D0%B0%D0%BB%D0%B8%D1%87%D0%BD%D0%BE%D1%81%D1%82-%D0%92+%D0%BD%D0%B0%D0%BB%D0%B8%D1%87%D0%BD%D0%BE%D1%81%D1%82 HTTP/2.0" 200 21569 "-" "Mozilla/5.0 AppleWebKit/537.36 (KHTML, like Gecko; compatible; bingbot/2.0; +http://www.bing.com/bingbot.htm) Chrome/116.0.1938.76 Safari/537.36"
40.77.167.76 - - [13/Oct/2025:02:39:11 +0200] "GET /bg/13-artisti?q=%D0%9A%D0%B0%D1%82%D0%B5%D0%B3%D0%BE%D1%80%D0%B8%D0%B8-ATEEZ-BABYMONSTER-ITZY-KAI-LISA-STRAYKIDS-TWICE-JIHYO HTTP/2.0" 200 21399 "-" "Mozilla/5.0 AppleWebKit/537.36 (KHTML, like Gecko; compatible; bingbot/2.0; +http://www.bing.com/bingbot.htm) Chrome/116.0.1938.76 Safari/537.36"
40.77.167.76 - - [13/Oct/2025:02:39:12 +0200] "GET /bg/13-artisti?q=%D0%9A%D0%B0%D1%82%D0%B5%D0%B3%D0%BE%D1%80%D0%B8%D0%B8-AESPA-BABYMONSTER-BLACKPINK-BOYNEXTDOOR-ENHYPEN-GOT+THE+BEAT-ILLIT-ITZY-JIHYO-KAI-LISA-NAYEON+%28TWICE%29-NCT+DOYOUNG-NCT+JAEHYUN-NMIXX-RIIZE-TWICE-WayV-ZEROBASEONE-xikers HTTP/2.0" 200 21685 "-" "Mozilla/5.0 AppleWebKit/537.36 (KHTML, like Gecko; compatible; bingbot/2.0; +http://www.bing.com/bingbot.htm) Chrome/116.0.1938.76 Safari/537.36"
40.77.167.76 - - [13/Oct/2025:02:39:13 +0200] "GET /en/13-artist?q=Categories-BTS-JIHYO-KAI-NCT-TREASURE-TXT HTTP/2.0" 200 19726 "-" "Mozilla/5.0 AppleWebKit/537.36 (KHTML, like Gecko; compatible; bingbot/2.0; +http://www.bing.com/bingbot.htm) Chrome/116.0.1938.76 Safari/537.36"
40.77.167.7 - - [13/Oct/2025:02:39:14 +0200] "GET /bg/13-artisti?q=%D0%9A%D0%B0%D1%82%D0%B5%D0%B3%D0%BE%D1%80%D0%B8%D0%B8-AESPA-BLACKPINK-ENHYPEN-IVE-JISOO-NCT-NCT+127-STRAYKIDS-TWICE/%D0%9C%D0%B0%D1%80%D0%BA%D0%B0-SM+Entertainment HTTP/2.0" 200 21491 "-" "Mozilla/5.0 AppleWebKit/537.36 (KHTML, like Gecko; compatible; bingbot/2.0; +http://www.bing.com/bingbot.htm) Chrome/116.0.1938.76 Safari/537.36"
154.54.249.203 - - [13/Oct/2025:02:39:21 +0200] "GET /en/13-artist?q=Categories-Dreamcatcher-NEW+JEANS-RM+%28BTS%29&page=20 HTTP/1.1" 200 18171 "-" "Mozilla/5.0 (compatible; Barkrowler/0.9; +https://babbar.tech/crawler)"
47.128.119.180 - - [13/Oct/2025:02:39:29 +0200] "GET /bg/13-artisti?order=product.reference.desc&q=%D0%9A%D0%B0%D1%82%D0%B5%D0%B3%D0%BE%D1%80%D0%B8%D0%B8-AESPA-SEVENTEEN-STAYC-STRAYKIDS-TWICE-NCT+DREAM HTTP/2.0" 200 21416 "-" "Mozilla/5.0 (compatible; Bytespider; spider-feedback@bytedance.com) AppleWebKit/537.36 (KHTML, like Gecko) Chrome/70.0.0.0 Safari/537.36"
52.167.144.215 - - [13/Oct/2025:02:39:30 +0200] "GET /bg/13-artisti?q=%D0%9A%D0%B0%D1%82%D0%B5%D0%B3%D0%BE%D1%80%D0%B8%D0%B8-AESPA-ATEEZ-BABYMONSTER-BOYNEXTDOOR-Dreamcatcher-ILLIT-IVE-JIHYO-LISA-NCT+JAEHYUN-NMIXX-P1Harmony-SEVENTEEN-STAYC-STRAYKIDS-TWICE-TXT-xikers-ZEROBASEONE-Kep1er HTTP/2.0" 200 21621 "-" "Mozilla/5.0 AppleWebKit/537.36 (KHTML, like Gecko; compatible; bingbot/2.0; +http://www.bing.com/bingbot.htm) Chrome/116.0.1938.76 Safari/537.36"
216.244.66.233 - - [13/Oct/2025:02:39:34 +0200] "GET /bg/nachalo/229-471-kep1er-kep1going-on-1st-album--8809704428460 HTTP/1.1" 301 5 "-" "Mozilla/5.0 (compatible; DotBot/1.2; +https://opensiteexplorer.org/dotbot; help@moz.com)"
217.113.194.107 - - [13/Oct/2025:02:39:39 +0200] "GET /en/13-artist?q=Categories-Dreamcatcher-STAYC-WayV&order=product.price.desc&page=20 HTTP/1.1" 200 18292 "-" "Mozilla/5.0 (compatible; Barkrowler/0.9; +https://babbar.tech/crawler)"
40.77.167.7 - - [13/Oct/2025:02:39:54 +0200] "GET /bg/13-artisti?q=%D0%9A%D0%B0%D1%82%D0%B5%D0%B3%D0%BE%D1%80%D0%B8%D0%B8-ATEEZ-BABYMONSTER-BLACKPINK-BOYNEXTDOOR-ENHYPEN-GOT+THE+BEAT-ILLIT-IVE-JENNIE+%28BLACKPINK%29-JIHYO-Kep1er-RIIZE-ROSE+%28BLACKPINK%29-SEVENTEEN-TXT-WayV-ZEROBASEONE-NAYEON+%28TWICE%29&order=product.price.desc HTTP/2.0" 200 21738 "-" "Mozilla/5.0 AppleWebKit/537.36 (KHTML, like Gecko; compatible; bingbot/2.0; +http://www.bing.com/bingbot.htm) Chrome/116.0.1938.76 Safari/537.36"
217.113.194.103 - - [13/Oct/2025:02:39:57 +0200] "GET /en/13-artist?q=Categories-Dreamcatcher-STAYC-TXT&order=product.price.asc&page=3 HTTP/1.1" 200 19852 "-" "Mozilla/5.0 (compatible; Barkrowler/0.9; +https://babbar.tech/crawler)"
66.249.66.15 - - [13/Oct/2025:02:40:06 +0200] "GET /bg/13-artisti?q=Categories-BLACKPINK-CHA+EUN+WOO+%28ASTRO%29-IVE-KISS+OF+LIFE-NCT+DOYOUNG-P1Harmony-RIIZE-TXT-V+%28BTS%29-WayV-xikers-YEJI+%28ITZY%29-RM+%28BTS%29&order=product.price.asc&page=15 HTTP/1.1" 200 21372 "-" "Mozilla/5.0 (Linux; Android 6.0.1; Nexus 5X Build/MMB29P) AppleWebKit/537.36 (KHTML, like Gecko) Chrome/140.0.7339.207 Mobile Safari/537.36 (compatible; Googlebot/2.1; +http://www.google.com/bot.html)"
114.119.133.146 - - [13/Oct/2025:02:40:09 +0200] "GET /en/2-nachalo?order=product.name.desc&q=Categories-ALBUM/Brand-ADOR-JYP%2BEntertainment&page=11 HTTP/1.1" 200 15858 "https://kpopbg.com/en/2-nachalo?order=product.name.desc&q=Categories-ALBUM/Brand-ADOR-JYP%2BEntertainment&page=11" "Mozilla/5.0 (Linux; Android 7.0;) AppleWebKit/537.36 (KHTML, like Gecko) Mobile Safari/537.36 (compatible; PetalBot;+https://webmaster.petalsearch.com/site/petalbot)"
52.167.144.215 - - [13/Oct/2025:02:40:09 +0200] "GET /bg/13-artisti?q=%D0%9A%D0%B0%D1%82%D0%B5%D0%B3%D0%BE%D1%80%D0%B8%D0%B8-AESPA-ASTRO-BTS-ENHYPEN-JISOO-KAI-LISA-NMIXX-STAYC-STRAYKIDS&page=18 HTTP/2.0" 200 21518 "-" "Mozilla/5.0 AppleWebKit/537.36 (KHTML, like Gecko; compatible; bingbot/2.0; +http://www.bing.com/bingbot.htm) Chrome/116.0.1938.76 Safari/537.36"
154.54.249.203 - - [13/Oct/2025:02:40:14 +0200] "GET /en/13-artist?q=Categories-Dreamcatcher-STAYC-TXT&order=product.price.asc&page=2 HTTP/1.1" 200 20080 "-" "Mozilla/5.0 (compatible; Barkrowler/0.9; +https://babbar.tech/crawler)"
47.128.122.244 - - [13/Oct/2025:02:40:18 +0200] "GET /bg/13-artisti?SubmitCurrency=1&id_currency=2&order=product.price.desc&q=%D0%9A%D0%B0%D1%82%D0%B5%D0%B3%D0%BE%D1%80%D0%B8%D0%B8-Agust+D+%28BTS%29-ASTRO-ITZY-KAI-STAYC-TXT-STRAYKIDS HTTP/2.0" 200 21559 "-" "Mozilla/5.0 (compatible; Bytespider; spider-feedback@bytedance.com) AppleWebKit/537.36 (KHTML, like Gecko) Chrome/70.0.0.0 Safari/537.36"
52.167.144.215 - - [13/Oct/2025:02:40:19 +0200] "GET /bg/13-artisti?q=%D0%9A%D0%B0%D1%82%D0%B5%D0%B3%D0%BE%D1%80%D0%B8%D0%B8-ATEEZ-BABYMONSTER-BOYNEXTDOOR-ENHYPEN-ILLIT-IVE-Jin+%28BTS%29-Kep1er-NAYEON+%28TWICE%29-NEW+JEANS-NMIXX-P1Harmony-RIIZE-SEVENTEEN-STAYC-STRAYKIDS-TREASURE-TXT-WayV-ZEROBASEONE-NCT+127 HTTP/2.0" 200 21688 "-" "Mozilla/5.0 AppleWebKit/537.36 (KHTML, like Gecko; compatible; bingbot/2.0; +http://www.bing.com/bingbot.htm) Chrome/116.0.1938.76 Safari/537.36"
40.77.167.7 - - [13/Oct/2025:02:40:24 +0200] "GET /en/13-artist?q=Categories-AESPA-BABYMONSTER-BLACKPINK-BOYNEXTDOOR-BTS-ENHYPEN-ILLIT-ITZY-JIHYO-LISA-NMIXX-SEVENTEEN-STRAYKIDS-TWICE-ZEROBASEONE-TREASURE HTTP/2.0" 200 19902 "-" "Mozilla/5.0 AppleWebKit/537.36 (KHTML, like Gecko; compatible; bingbot/2.0; +http://www.bing.com/bingbot.htm) Chrome/116.0.1938.76 Safari/537.36"
40.77.167.7 - - [13/Oct/2025:02:40:25 +0200] "GET /bg/13-artisti?q=%D0%9A%D0%B0%D1%82%D0%B5%D0%B3%D0%BE%D1%80%D0%B8%D0%B8-AESPA-ASTRO-ATEEZ-BTS-ENHYPEN-JIHYO-STAYC-TWICE/%D0%9D%D0%B0%D0%BB%D0%B8%D1%87%D0%BD%D0%BE%D1%81%D1%82-%D0%92+%D0%BD%D0%B0%D0%BB%D0%B8%D1%87%D0%BD%D0%BE%D1%81%D1%82-%D0%9D%D1%8F%D0%BC%D0%B0+%D0%BD%D0%B0%D0%BB%D0%B8%D1%87%D0%BD%D0%BE%D1%81%D1%82 HTTP/2.0" 200 21608 "-" "Mozilla/5.0 AppleWebKit/537.36 (KHTML, like Gecko; compatible; bingbot/2.0; +http://www.bing.com/bingbot.htm) Chrome/116.0.1938.76 Safari/537.36"
217.113.194.105 - - [13/Oct/2025:02:40:31 +0200] "GET /en/13-artist?q=Categories-Dreamcatcher-STAYC-TXT&order=product.price.asc&page=20 HTTP/1.1" 200 18197 "-" "Mozilla/5.0 (compatible; Barkrowler/0.9; +https://babbar.tech/crawler)"
40.77.167.76 - - [13/Oct/2025:02:40:31 +0200] "GET /en/13-artist?q=Categories-STRAYKIDS-xikers&order=product.price.asc HTTP/2.0" 200 19774 "-" "Mozilla/5.0 AppleWebKit/537.36 (KHTML, like Gecko; compatible; bingbot/2.0; +http://www.bing.com/bingbot.htm) Chrome/116.0.1938.76 Safari/537.36"
40.77.167.76 - - [13/Oct/2025:02:40:32 +0200] "GET /bg/13-artisti?q=%D0%9A%D0%B0%D1%82%D0%B5%D0%B3%D0%BE%D1%80%D0%B8%D0%B8-ATEEZ-BABYMONSTER-BOYNEXTDOOR-ENHYPEN-GOT+THE+BEAT-ILLIT-IVE-JENNIE+%28BLACKPINK%29-LISA+%28BLACKPINK%29-NMIXX-RIIZE-ROSE+%28BLACKPINK%29-STAYC-STRAYKIDS-TREASURE-TXT-WayV-ZEROBASEONE HTTP/2.0" 200 21633 "-" "Mozilla/5.0 AppleWebKit/537.36 (KHTML, like Gecko; compatible; bingbot/2.0; +http://www.bing.com/bingbot.htm) Chrome/116.0.1938.76 Safari/537.36"
217.113.194.102 - - [13/Oct/2025:02:40:48 +0200] "GET /en/13-artist?q=Categories-Dreamcatcher-STAYC-TXT&order=product.price.desc&page=4 HTTP/1.1" 200 19981 "-" "Mozilla/5.0 (compatible; Barkrowler/0.9; +https://babbar.tech/crawler)"
52.167.144.139 - - [13/Oct/2025:02:41:02 +0200] "GET /en/13-artist?q=Categories-%28G%29I%5C-DLE-AESPA-BABYMONSTER-BTS-ENHYPEN-ILLIT-ITZY-IVE-JIHYO-LISA-NCT+127-NCT+JAEHYUN-NMIXX-SEVENTEEN-TWICE-TXT-YUQI+%28%28G%29I%5C-DLE%29-ZEROBASEONE-TREASURE HTTP/2.0" 200 19949 "-" "Mozilla/5.0 AppleWebKit/537.36 (KHTML, like Gecko; compatible; bingbot/2.0; +http://www.bing.com/bingbot.htm) Chrome/116.0.1938.76 Safari/537.36"
52.167.144.139 - - [13/Oct/2025:02:41:03 +0200] "GET /bg/13-artisti?q=%D0%9A%D0%B0%D1%82%D0%B5%D0%B3%D0%BE%D1%80%D0%B8%D0%B8-AESPA-BABYMONSTER-BLACKPINK-GOT+THE+BEAT-ILLIT-ITZY-KAI-LISA-NMIXX-SEVENTEEN-STAYC-STRAYKIDS-TWICE-ZEROBASEONE-IVE HTTP/2.0" 200 21517 "-" "Mozilla/5.0 AppleWebKit/537.36 (KHTML, like Gecko; compatible; bingbot/2.0; +http://www.bing.com/bingbot.htm) Chrome/116.0.1938.76 Safari/537.36"
217.113.194.111 - - [13/Oct/2025:02:41:06 +0200] "GET /en/13-artist?q=Categories-Dreamcatcher-STAYC-TXT&order=product.price.desc&page=19 HTTP/1.1" 200 20153 "-" "Mozilla/5.0 (compatible; Barkrowler/0.9; +https://babbar.tech/crawler)"
47.128.37.148 - - [13/Oct/2025:02:41:06 +0200] "GET /bg/13-artisti?SubmitCurrency=1&id_currency=2&order=product.name.desc&q=%D0%9A%D0%B0%D1%82%D0%B5%D0%B3%D0%BE%D1%80%D0%B8%D0%B8-AESPA-ENHYPEN-GOT+THE+BEAT-NCT-TREASURE-TXT-JIMIN+%28BTS%29 HTTP/2.0" 200 21702 "-" "Mozilla/5.0 (compatible; Bytespider; spider-feedback@bytedance.com) AppleWebKit/537.36 (KHTML, like Gecko) Chrome/70.0.0.0 Safari/537.36"
40.77.167.76 - - [13/Oct/2025:02:41:11 +0200] "GET /bg/13-artisti?q=%D0%9A%D0%B0%D1%82%D0%B5%D0%B3%D0%BE%D1%80%D0%B8%D0%B8-ATEEZ-BABYMONSTER-BLACKPINK-BOYNEXTDOOR-ENHYPEN-GOT+THE+BEAT-ILLIT-IVE-JENNIE+%28BLACKPINK%29-JIHYO-JIMIN+%28BTS%29-LE+SSERAFIM-SEVENTEEN-TXT-WayV-ZEROBASEONE HTTP/2.0" 200 21641 "-" "Mozilla/5.0 AppleWebKit/537.36 (KHTML, like Gecko; compatible; bingbot/2.0; +http://www.bing.com/bingbot.htm) Chrome/116.0.1938.76 Safari/537.36"
52.167.144.139 - - [13/Oct/2025:02:41:20 +0200] "GET /bg/13-artisti?q=%D0%9A%D0%B0%D1%82%D0%B5%D0%B3%D0%BE%D1%80%D0%B8%D0%B8-AESPA-BABYMONSTER-BLACKPINK-BOYNEXTDOOR-BTS-ENHYPEN-ILLIT-ITZY-JIHYO-LISA-NMIXX-SEVENTEEN-STAYC-STRAYKIDS-TREASURE-TXT-ZEROBASEONE-P1Harmony HTTP/2.0" 200 21553 "-" "Mozilla/5.0 AppleWebKit/537.36 (KHTML, like Gecko; compatible; bingbot/2.0; +http://www.bing.com/bingbot.htm) Chrome/116.0.1938.76 Safari/537.36"
217.113.194.110 - - [13/Oct/2025:02:41:23 +0200] "GET /en/13-artist?q=Categories-Dreamcatcher-STAYC-TXT&order=product.price.desc&page=18 HTTP/1.1" 200 19858 "-" "Mozilla/5.0 (compatible; Barkrowler/0.9; +https://babbar.tech/crawler)"
52.167.144.139 - - [13/Oct/2025:02:41:30 +0200] "GET /bg/13-artisti?q=%D0%9A%D0%B0%D1%82%D0%B5%D0%B3%D0%BE%D1%80%D0%B8%D0%B8-AESPA-ATEEZ-BABYMONSTER-BLACKPINK-BTS-ENHYPEN-ILLIT-ITZY-JIHYO-Kep1er-LISA-NMIXX-RIIZE-TREASURE-TXT-ZEROBASEONE HTTP/2.0" 200 21477 "-" "Mozilla/5.0 AppleWebKit/537.36 (KHTML, like Gecko; compatible; bingbot/2.0; +http://www.bing.com/bingbot.htm) Chrome/116.0.1938.76 Safari/537.36"
114.119.128.20 - - [13/Oct/2025:02:41:30 +0200] "GET /en/2-nachalo?SubmitCurrency=1&id_currency=3&q=Categories-ARTIST/Brand-CUBE%2BENTERTAINMENT&order=product.reference.desc HTTP/1.1" 200 16101 "https://kpopbg.com/en/2-nachalo?SubmitCurrency=1&id_currency=3&q=Categories-ARTIST/Brand-CUBE%2BENTERTAINMENT&order=product.reference.desc" "Mozilla/5.0 (Linux; Android 7.0;) AppleWebKit/537.36 (KHTML, like Gecko) Mobile Safari/537.36 (compatible; PetalBot;+https://webmaster.petalsearch.com/site/petalbot)"
40.77.167.7 - - [13/Oct/2025:02:41:34 +0200] "GET /bg/13-artisti?q=%D0%9A%D0%B0%D1%82%D0%B5%D0%B3%D0%BE%D1%80%D0%B8%D0%B8-AESPA-BABYMONSTER-BLACKPINK-BOYNEXTDOOR-ENHYPEN-GOT+THE+BEAT-ILLIT-ITZY-JIHYO-KAI-LISA-NMIXX-SEVENTEEN-STAYC-STRAYKIDS-TREASURE-TXT-ZEROBASEONE&page=2 HTTP/2.0" 200 21669 "-" "Mozilla/5.0 AppleWebKit/537.36 (KHTML, like Gecko; compatible; bingbot/2.0; +http://www.bing.com/bingbot.htm) Chrome/116.0.1938.76 Safari/537.36"
217.113.194.103 - - [13/Oct/2025:02:41:41 +0200] "GET /en/13-artist?q=Categories-Dreamcatcher-STAYC-TWICE&order=product.price.desc&page=3 HTTP/1.1" 200 19846 "-" "Mozilla/5.0 (compatible; Barkrowler/0.9; +https://babbar.tech/crawler)"
52.167.144.139 - - [13/Oct/2025:02:41:51 +0200] "GET /bg/13-artisti?q=%D0%9A%D0%B0%D1%82%D0%B5%D0%B3%D0%BE%D1%80%D0%B8%D0%B8-ATEEZ-BABYMONSTER-BLACKPINK-BOYNEXTDOOR-ENHYPEN-ILLIT-ITZY-IVE-JENNIE+%28BLACKPINK%29-LE+SSERAFIM-LISA+%28BLACKPINK%29-NMIXX-RIIZE-SEVENTEEN-TXT-WayV-ZEROBASEONE-TWICE HTTP/2.0" 200 21635 "-" "Mozilla/5.0 AppleWebKit/537.36 (KHTML, like Gecko; compatible; bingbot/2.0; +http://www.bing.com/bingbot.htm) Chrome/116.0.1938.76 Safari/537.36"
52.167.144.139 - - [13/Oct/2025:02:41:52 +0200] "GET /bg/13-artisti?q=%D0%9A%D0%B0%D1%82%D0%B5%D0%B3%D0%BE%D1%80%D0%B8%D0%B8-AESPA-ASTRO-ATEEZ-BTS-ENHYPEN-JIHYO-JISOO-NCT-NMIXX-STAYC-IVE/%D0%9D%D0%B0%D0%BB%D0%B8%D1%87%D0%BD%D0%BE%D1%81%D1%82-%D0%92+%D0%BD%D0%B0%D0%BB%D0%B8%D1%87%D0%BD%D0%BE%D1%81%D1%82-%D0%9D%D1%8F%D0%BC%D0%B0+%D0%BD%D0%B0%D0%BB%D0%B8%D1%87%D0%BD%D0%BE%D1%81%D1%82 HTTP/2.0" 200 21659 "-" "Mozilla/5.0 AppleWebKit/537.36 (KHTML, like Gecko; compatible; bingbot/2.0; +http://www.bing.com/bingbot.htm) Chrome/116.0.1938.76 Safari/537.36"
47.128.51.163 - - [13/Oct/2025:02:41:55 +0200] "GET /bg/13-artisti?SubmitCurrency=1&id_currency=2&order=product.name.asc&q=%D0%9A%D0%B0%D1%82%D0%B5%D0%B3%D0%BE%D1%80%D0%B8%D0%B8-ASTRO-BLACKPINK-GOT+THE+BEAT-ITZY-Agust+D+%28BTS%29 HTTP/2.0" 200 21136 "-" "Mozilla/5.0 (compatible; Bytespider; spider-feedback@bytedance.com) AppleWebKit/537.36 (KHTML, like Gecko) Chrome/70.0.0.0 Safari/537.36"
40.77.167.7 - - [13/Oct/2025:02:41:56 +0200] "GET /bg/13-artisti?q=%D0%9A%D0%B0%D1%82%D0%B5%D0%B3%D0%BE%D1%80%D0%B8%D0%B8-BABYMONSTER-BLACKPINK-BOYNEXTDOOR-ENHYPEN-GOT+THE+BEAT-ILLIT-ITZY-IVE-JENNIE+%28BLACKPINK%29-Kep1er-NEW+JEANS-NMIXX-RIIZE-STAYC-STRAYKIDS-TWICE-TXT-WayV-ZEROBASEONE-LISA+%28BLACKPINK%29&order=product.price.desc HTTP/2.0" 200 21744 "-" "Mozilla/5.0 AppleWebKit/537.36 (KHTML, like Gecko; compatible; bingbot/2.0; +http://www.bing.com/bingbot.htm) Chrome/116.0.1938.76 Safari/537.36"
217.113.194.103 - - [13/Oct/2025:02:41:59 +0200] "GET /en/13-artist?q=Categories-Dreamcatcher-STAYC-TWICE&order=product.price.desc&page=2 HTTP/1.1" 200 20100 "-" "Mozilla/5.0 (compatible; Barkrowler/0.9; +https://babbar.tech/crawler)"
217.113.194.107 - - [13/Oct/2025:02:42:16 +0200] "GET /en/13-artist?q=Categories-Dreamcatcher-STRAYKIDS&order=product.position.asc&page=18 HTTP/1.1" 200 19907 "-" "Mozilla/5.0 (compatible; Barkrowler/0.9; +https://babbar.tech/crawler)"
217.113.194.224 - - [13/Oct/2025:02:42:34 +0200] "GET /en/13-artist?q=Categories-Dreamcatcher-STRAYKIDS&order=product.position.asc&page=4 HTTP/1.1" 200 19944 "-" "Mozilla/5.0 (compatible; Barkrowler/0.9; +https://babbar.tech/crawler)"
47.128.56.236 - - [13/Oct/2025:02:42:43 +0200] "GET /bg/13-artisti?q=%D0%9A%D0%B0%D1%82%D0%B5%D0%B3%D0%BE%D1%80%D0%B8%D0%B8-JISOO-STRAYKIDS%2F%D0%9C%D0%B0%D1%80%D0%BA%D0%B0-YG+Entertainment HTTP/2.0" 200 21417 "-" "Mozilla/5.0 (compatible; Bytespider; spider-feedback@bytedance.com) AppleWebKit/537.36 (KHTML, like Gecko) Chrome/70.0.0.0 Safari/537.36"
217.113.194.102 - - [13/Oct/2025:02:42:51 +0200] "GET /en/13-artist?q=Categories-Dreamcatcher-STRAYKIDS&order=product.position.asc&page=19 HTTP/1.1" 200 19852 "-" "Mozilla/5.0 (compatible; Barkrowler/0.9; +https://babbar.tech/crawler)"
114.119.158.94 - - [13/Oct/2025:02:42:54 +0200] "GET /en/2-nachalo?SubmitCurrency=1&id_currency=3&q=Categories-ARTIST/Brand-ADOR-JYP%2BEntertainment&order=product.name.asc HTTP/1.1" 200 15742 "https://kpopbg.com/en/2-nachalo?SubmitCurrency=1&id_currency=3&q=Categories-ARTIST/Brand-ADOR-JYP%2BEntertainment&page=8" "Mozilla/5.0 (Linux; Android 7.0;) AppleWebKit/537.36 (KHTML, like Gecko) Mobile Safari/537.36 (compatible; PetalBot;+https://webmaster.petalsearch.com/site/petalbot)"
217.113.194.224 - - [13/Oct/2025:02:43:09 +0200] "GET /en/13-artist?q=Categories-TREASURE-BLACKPINK&order=product.position.asc&page=3 HTTP/1.1" 200 19806 "-" "Mozilla/5.0 (compatible; Barkrowler/0.9; +https://babbar.tech/crawler)"
52.167.144.139 - - [13/Oct/2025:02:43:09 +0200] "GET /bg/13-artisti?q=%D0%9A%D0%B0%D1%82%D0%B5%D0%B3%D0%BE%D1%80%D0%B8%D0%B8-Agust+D+%28BTS%29-ATEEZ-BABYMONSTER-BLACKPINK-BOYNEXTDOOR-ENHYPEN-GOT+THE+BEAT-ILLIT-IVE-JENNIE+%28BLACKPINK%29-Kep1er-KISS+OF+LIFE-LE+SSERAFIM-NMIXX-RIIZE-SEVENTEEN-STRAYKIDS-TWICE-TXT-WayV-ZEROBASEONE HTTP/2.0" 200 21730 "-" "Mozilla/5.0 AppleWebKit/537.36 (KHTML, like Gecko; compatible; bingbot/2.0; +http://www.bing.com/bingbot.htm) Chrome/116.0.1938.76 Safari/537.36"
52.167.144.139 - - [13/Oct/2025:02:43:10 +0200] "GET /en/13-artist?q=Categories-ITZY-STRAYKIDS-xikers-TREASURE&order=product.sales.desc HTTP/2.0" 200 16009 "-" "Mozilla/5.0 AppleWebKit/537.36 (KHTML, like Gecko; compatible; bingbot/2.0; +http://www.bing.com/bingbot.htm) Chrome/116.0.1938.76 Safari/537.36"
40.77.167.7 - - [13/Oct/2025:02:43:14 +0200] "GET /bg/13-artisti?q=%D0%9A%D0%B0%D1%82%D0%B5%D0%B3%D0%BE%D1%80%D0%B8%D0%B8-ATEEZ-BABYMONSTER-BLACKPINK-BOYNEXTDOOR-Dreamcatcher-ENHYPEN-GOT+THE+BEAT-ILLIT-IVE-JIHYO-Kep1er-NMIXX-P1Harmony-RIIZE-RM+%28BTS%29-STRAYKIDS-TREASURE-TWICE-WayV-ZEROBASEONE HTTP/2.0" 200 21668 "-" "Mozilla/5.0 AppleWebKit/537.36 (KHTML, like Gecko; compatible; bingbot/2.0; +http://www.bing.com/bingbot.htm) Chrome/116.0.1938.76 Safari/537.36"
40.77.167.7 - - [13/Oct/2025:02:43:15 +0200] "GET /bg/13-artisti?q=%D0%9A%D0%B0%D1%82%D0%B5%D0%B3%D0%BE%D1%80%D0%B8%D0%B8-ATEEZ-BOYNEXTDOOR-ENHYPEN-ILLIT-IVE-JIHYO-Kep1er-LISA-P1Harmony-RIIZE-SEVENTEEN-STRAYKIDS-TXT-Tzuyu+%28TWICE%29-WayV-ZEROBASEONE-RM+%28BTS%29 HTTP/2.0" 200 21546 "-" "Mozilla/5.0 AppleWebKit/537.36 (KHTML, like Gecko; compatible; bingbot/2.0; +http://www.bing.com/bingbot.htm) Chrome/116.0.1938.76 Safari/537.36"
52.167.144.139 - - [13/Oct/2025:02:43:19 +0200] "GET /bg/13-artisti?q=%D0%9A%D0%B0%D1%82%D0%B5%D0%B3%D0%BE%D1%80%D0%B8%D0%B8-AESPA-ATEEZ-BABYMONSTER-BLACKPINK-BTS-ENHYPEN-GOT+THE+BEAT-ILLIT-IVE-JENNIE+%28BLACKPINK%29-KISS+OF+LIFE-LE+SSERAFIM-NMIXX-P1Harmony-RIIZE-SEVENTEEN-TWICE-TXT-WayV-ZEROBASEONE-STAYC HTTP/2.0" 200 21680 "-" "Mozilla/5.0 AppleWebKit/537.36 (KHTML, like Gecko; compatible; bingbot/2.0; +http://www.bing.com/bingbot.htm) Chrome/116.0.1938.76 Safari/537.36"
52.167.144.139 - - [13/Oct/2025:02:43:20 +0200] "GET /bg/13-artisti?q=%D0%9A%D0%B0%D1%82%D0%B5%D0%B3%D0%BE%D1%80%D0%B8%D0%B8-AESPA-ATEEZ-BABYMONSTER-BOYNEXTDOOR-BTS-ENHYPEN-GOT+THE+BEAT-ILLIT-IVE-JIHYO-JUNG+KOOK+%28BTS%29-KAI-NMIXX-RIIZE-SEVENTEEN-TWICE-TXT-WayV-ZEROBASEONE-NCT+DOYOUNG HTTP/2.0" 200 21655 "-" "Mozilla/5.0 AppleWebKit/537.36 (KHTML, like Gecko; compatible; bingbot/2.0; +http://www.bing.com/bingbot.htm) Chrome/116.0.1938.76 Safari/537.36"
40.77.167.76 - - [13/Oct/2025:02:43:21 +0200] "GET /bg/13-artisti?q=%D0%9A%D0%B0%D1%82%D0%B5%D0%B3%D0%BE%D1%80%D0%B8%D0%B8-AESPA-BABYMONSTER-BLACKPINK-BOYNEXTDOOR-GOT+THE+BEAT-ILLIT-JIHYO-LISA-NMIXX-RIIZE-STRAYKIDS-TREASURE-TWICE-WayV-ZEROBASEONE-NEW+JEANS HTTP/2.0" 200 21560 "-" "Mozilla/5.0 AppleWebKit/537.36 (KHTML, like Gecko; compatible; bingbot/2.0; +http://www.bing.com/bingbot.htm) Chrome/116.0.1938.76 Safari/537.36"
40.77.167.76 - - [13/Oct/2025:02:43:21 +0200] "GET /bg/13-artisti?q=%D0%9A%D0%B0%D1%82%D0%B5%D0%B3%D0%BE%D1%80%D0%B8%D0%B8-AESPA-BABYMONSTER-BLACKPINK-BOYNEXTDOOR-BTS-ENHYPEN-GOT+THE+BEAT-ILLIT-ITZY-JIHYO-Kep1er-KISS+OF+LIFE-LISA-NCT+WISH-NMIXX-SEVENTEEN-STAYC-TWICE-WayV-ZEROBASEONE-JISOO+%28BLACKPINK%29 HTTP/2.0" 200 21705 "-" "Mozilla/5.0 AppleWebKit/537.36 (KHTML, like Gecko; compatible; bingbot/2.0; +http://www.bing.com/bingbot.htm) Chrome/116.0.1938.76 Safari/537.36"
52.167.144.139 - - [13/Oct/2025:02:43:21 +0200] "GET /en/13-artist?q=Categories-AESPA-BABYMONSTER-BLACKPINK-BOYNEXTDOOR-BTS-ENHYPEN-ILLIT-ITZY-JIHYO-KAI-NCT+WISH-NEW+JEANS-NMIXX-SEVENTEEN-TWICE-TXT-WayV-YUQI+%28%28G%29I%5C-DLE%29-ZEROBASEONE-LISA HTTP/2.0" 200 19975 "-" "Mozilla/5.0 AppleWebKit/537.36 (KHTML, like Gecko; compatible; bingbot/2.0; +http://www.bing.com/bingbot.htm) Chrome/116.0.1938.76 Safari/537.36"
217.113.194.111 - - [13/Oct/2025:02:43:27 +0200] "GET /en/13-artist?q=Categories-TREASURE-BLACKPINK&order=product.position.asc&page=2 HTTP/1.1" 200 19781 "-" "Mozilla/5.0 (compatible; Barkrowler/0.9; +https://babbar.tech/crawler)"
52.167.144.139 - - [13/Oct/2025:02:43:29 +0200] "GET /bg/19-twice HTTP/2.0" 200 16732 "-" "Mozilla/5.0 AppleWebKit/537.36 (KHTML, like Gecko; compatible; bingbot/2.0; +http://www.bing.com/bingbot.htm) Chrome/116.0.1938.76 Safari/537.36"
47.128.51.167 - - [13/Oct/2025:02:43:32 +0200] "GET /bg/13-artisti?SubmitCurrency=1&id_currency=2&order=product.name.desc&q=%D0%9A%D0%B0%D1%82%D0%B5%D0%B3%D0%BE%D1%80%D0%B8%D0%B8-ASTRO-BLACKPINK-ITZY-TWICE-TXT-CHA+EUN+WOO+%28ASTRO%29 HTTP/2.0" 200 21626 "-" "Mozilla/5.0 (compatible; Bytespider; spider-feedback@bytedance.com) AppleWebKit/537.36 (KHTML, like Gecko) Chrome/70.0.0.0 Safari/537.36"
40.77.167.7 - - [13/Oct/2025:02:43:35 +0200] "GET /bg/13-artisti?q=%D0%9A%D0%B0%D1%82%D0%B5%D0%B3%D0%BE%D1%80%D0%B8%D0%B8-ATEEZ-BABYMONSTER-BOYNEXTDOOR-ENHYPEN-GOT+THE+BEAT-ILLIT-IVE-JIHYO-LISA+%28BLACKPINK%29-NMIXX-RIIZE-ROSE+%28BLACKPINK%29-STAYC-STRAYKIDS-TWICE-WayV-ZEROBASEONE-xikers HTTP/2.0" 200 21640 "-" "Mozilla/5.0 AppleWebKit/537.36 (KHTML, like Gecko; compatible; bingbot/2.0; +http://www.bing.com/bingbot.htm) Chrome/116.0.1938.76 Safari/537.36"
217.113.194.105 - - [13/Oct/2025:02:43:44 +0200] "GET /en/13-artist?q=Categories-TREASURE-BLACKPINK&order=product.position.asc&page=20 HTTP/1.1" 200 18304 "-" "Mozilla/5.0 (compatible; Barkrowler/0.9; +https://babbar.tech/crawler)"
40.77.167.7 - - [13/Oct/2025:02:43:54 +0200] "GET /bg/13-artisti?q=%D0%9A%D0%B0%D1%82%D0%B5%D0%B3%D0%BE%D1%80%D0%B8%D0%B8-ATEEZ-BABYMONSTER-BLACKPINK-BOYNEXTDOOR-ENHYPEN-ILLIT-IVE-JENNIE+%28BLACKPINK%29-JIHYO-Kep1er-LE+SSERAFIM-NMIXX-P1Harmony-RIIZE-SEVENTEEN-STRAYKIDS-V+%28BTS%29-ZEROBASEONE HTTP/2.0" 200 21665 "-" "Mozilla/5.0 AppleWebKit/537.36 (KHTML, like Gecko; compatible; bingbot/2.0; +http://www.bing.com/bingbot.htm) Chrome/116.0.1938.76 Safari/537.36"
40.77.167.7 - - [13/Oct/2025:02:43:55 +0200] "GET /en/13-artist?q=Categories-AESPA-BABYMONSTER-SEVENTEEN-ZEROBASEONE-ENHYPEN&order=product.price.desc HTTP/2.0" 200 19902 "-" "Mozilla/5.0 AppleWebKit/537.36 (KHTML, like Gecko; compatible; bingbot/2.0; +http://www.bing.com/bingbot.htm) Chrome/116.0.1938.76 Safari/537.36"
40.77.167.7 - - [13/Oct/2025:02:43:56 +0200] "GET /bg/13-artisti?q=%D0%9A%D0%B0%D1%82%D0%B5%D0%B3%D0%BE%D1%80%D0%B8%D0%B8-ASTRO-BTS-ENHYPEN-GOT+THE+BEAT-ITZY-IVE-KAI-LISA-NCT-NCT+DREAM-NMIXX-STAYC-STRAYKIDS-TREASURE-TWICE-TXT-ATEEZ HTTP/2.0" 200 21516 "-" "Mozilla/5.0 AppleWebKit/537.36 (KHTML, like Gecko; compatible; bingbot/2.0; +http://www.bing.com/bingbot.htm) Chrome/116.0.1938.76 Safari/537.36"
217.113.194.106 - - [13/Oct/2025:02:44:03 +0200] "GET /en/13-artist?q=Categories-TREASURE-BLACKPINK&order=product.price.asc&page=19 HTTP/1.1" 200 20238 "-" "Mozilla/5.0 (compatible; Barkrowler/0.9; +https://babbar.tech/crawler)"
40.77.167.7 - - [13/Oct/2025:02:44:07 +0200] "GET /bg/13-artisti?q=%D0%9A%D0%B0%D1%82%D0%B5%D0%B3%D0%BE%D1%80%D0%B8%D0%B8-AESPA-ATEEZ-BABYMONSTER-BLACKPINK-BOYNEXTDOOR-BTS-ENHYPEN-ILLIT-ITZY-JIHYO-KAI-LISA-NMIXX-SEVENTEEN-TXT-ZEROBASEONE-STRAYKIDS HTTP/2.0" 200 21501 "-" "Mozilla/5.0 AppleWebKit/537.36 (KHTML, like Gecko; compatible; bingbot/2.0; +http://www.bing.com/bingbot.htm) Chrome/116.0.1938.76 Safari/537.36"
40.77.167.7 - - [13/Oct/2025:02:44:14 +0200] "GET /en/13-artist?q=Categories-%28G%29I%5C-DLE-AESPA-BABYMONSTER-BLACKPINK-ENHYPEN-ILLIT-JIHYO-Jin+%28BTS%29-NCT+127-NMIXX-P1Harmony-SEVENTEEN-TWICE-TXT-WayV-ZEROBASEONE HTTP/2.0" 200 19935 "-" "Mozilla/5.0 AppleWebKit/537.36 (KHTML, like Gecko; compatible; bingbot/2.0; +http://www.bing.com/bingbot.htm) Chrome/116.0.1938.76 Safari/537.36"
52.167.144.158 - - [13/Oct/2025:02:44:15 +0200] "GET /en/13-artist?q=Categories-AESPA-ASTRO-ATEEZ-BABYMONSTER-BTS-ENHYPEN-ILLIT-NCT-NMIXX-P1Harmony-STRAYKIDS-TWICE-TXT-ZEROBASEONE-JIHYO HTTP/2.0" 200 19881 "-" "Mozilla/5.0 AppleWebKit/537.36 (KHTML, like Gecko; compatible; bingbot/2.0; +http://www.bing.com/bingbot.htm) Chrome/116.0.1938.76 Safari/537.36"
114.119.131.105 - - [13/Oct/2025:02:44:15 +0200] "GET /en/13-artist?q=Categories-STAYC-STRAYKIDS-TWICE/Availability-Available&order=product.name.desc&page=14 HTTP/1.1" 200 19894 "https://kpopbg.com/en/13-artist?q=Categories-STAYC-STRAYKIDS-TWICE/Availability-Available&order=product.name.desc&page=13" "Mozilla/5.0 (Linux; Android 7.0;) AppleWebKit/537.36 (KHTML, like Gecko) Mobile Safari/537.36 (compatible; PetalBot;+https://webmaster.petalsearch.com/site/petalbot)"
40.77.167.7 - - [13/Oct/2025:02:44:15 +0200] "GET /bg/13-artisti?q=%D0%9A%D0%B0%D1%82%D0%B5%D0%B3%D0%BE%D1%80%D0%B8%D0%B8-AESPA-BABYMONSTER-BLACKPINK-BOYNEXTDOOR-ENHYPEN-GOT+THE+BEAT-ILLIT-JIHYO-Kep1er-LISA-NCT+JAEHYUN-NEW+JEANS-NMIXX-P1Harmony-RIIZE-STRAYKIDS-TWICE-WayV-ZEROBASEONE HTTP/2.0" 200 21661 "-" "Mozilla/5.0 AppleWebKit/537.36 (KHTML, like Gecko; compatible; bingbot/2.0; +http://www.bing.com/bingbot.htm) Chrome/116.0.1938.76 Safari/537.36"
52.167.144.158 - - [13/Oct/2025:02:44:16 +0200] "GET /bg/13-artisti?q=%D0%9A%D0%B0%D1%82%D0%B5%D0%B3%D0%BE%D1%80%D0%B8%D0%B8-ATEEZ-BABYMONSTER-BLACKPINK-BOYNEXTDOOR-ENHYPEN-GOT+THE+BEAT-ILLIT-IVE-JENNIE+%28BLACKPINK%29-JIHYO-JISOO+%28BLACKPINK%29-Kep1er-RIIZE-ROSE+%28BLACKPINK%29-STAYC-STRAYKIDS-TREASURE-TWICE-WayV-ZEROBASEONE-CHA+EUN+WOO+%28ASTRO%29 HTTP/2.0" 200 21717 "-" "Mozilla/5.0 AppleWebKit/537.36 (KHTML, like Gecko; compatible; bingbot/2.0; +http://www.bing.com/bingbot.htm) Chrome/116.0.1938.76 Safari/537.36"
52.167.144.158 - - [13/Oct/2025:02:44:16 +0200] "GET /en/13-artist?q=Categories-ATEEZ-BABYMONSTER-BTS-ENHYPEN-ILLIT-ITZY-KAI-LISA-NMIXX-P1Harmony-SEVENTEEN-STAYC-STRAYKIDS-ZEROBASEONE-AESPA HTTP/2.0" 200 19882 "-" "Mozilla/5.0 AppleWebKit/537.36 (KHTML, like Gecko; compatible; bingbot/2.0; +http://www.bing.com/bingbot.htm) Chrome/116.0.1938.76 Safari/537.36"
40.77.167.7 - - [13/Oct/2025:02:44:16 +0200] "GET /bg/13-artisti?q=%D0%9A%D0%B0%D1%82%D0%B5%D0%B3%D0%BE%D1%80%D0%B8%D0%B8-AESPA-ASTRO-BLACKPINK-ENHYPEN-GOT+THE+BEAT-ITZY-IVE-JISOO-JUNG+KOOK+%28BTS%29-KAI-LISA-NCT-NCT+DREAM-STRAYKIDS-TREASURE-TWICE-V+%28BTS%29-TXT HTTP/2.0" 200 21547 "-" "Mozilla/5.0 AppleWebKit/537.36 (KHTML, like Gecko; compatible; bingbot/2.0; +http://www.bing.com/bingbot.htm) Chrome/116.0.1938.76 Safari/537.36"
217.113.194.108 - - [13/Oct/2025:02:44:20 +0200] "GET /en/13-artist?q=Categories-TREASURE-BLACKPINK&order=product.price.asc&page=18 HTTP/1.1" 200 20005 "-" "Mozilla/5.0 (compatible; Barkrowler/0.9; +https://babbar.tech/crawler)"
47.128.39.71 - - [13/Oct/2025:02:44:21 +0200] "GET /robots.txt HTTP/1.1" 404 11737 "-" "Mozilla/5.0 (Linux; Android 5.0) AppleWebKit/537.36 (KHTML, like Gecko) Mobile Safari/537.36 (compatible; Bytespider; spider-feedback@bytedance.com)"
40.77.167.7 - - [13/Oct/2025:02:44:35 +0200] "GET /en/13-artist?q=Categories-%28G%29I%5C-DLE-AESPA-BABYMONSTER-CHA+EUN+WOO+%28ASTRO%29-ENHYPEN-ILLIT-ITZY-JIHYO-KAI-LISA-NCT+DREAM-NCT+JAEHYUN-NMIXX-P1Harmony-RIIZE-SEVENTEEN-TWICE-TXT-Tzuyu+%28TWICE%29-WayV-ZEROBASEONE-YUQI+%28%28G%29I%5C-DLE%29&order=product.position.asc HTTP/2.0" 200 19965 "-" "Mozilla/5.0 AppleWebKit/537.36 (KHTML, like Gecko; compatible; bingbot/2.0; +http://www.bing.com/bingbot.htm) Chrome/116.0.1938.76 Safari/537.36"
40.77.167.7 - - [13/Oct/2025:02:44:35 +0200] "GET /bg/13-artisti?q=%D0%9A%D0%B0%D1%82%D0%B5%D0%B3%D0%BE%D1%80%D0%B8%D0%B8-AESPA-ATEEZ-BABYMONSTER-BLACKPINK-BOYNEXTDOOR-ENHYPEN-ILLIT-ITZY-JIHYO-LISA-NAYEON+%28TWICE%29-NMIXX-RIIZE-STRAYKIDS-TWICE-WayV-ZEROBASEONE-NCT+DREAM HTTP/2.0" 200 21557 "-" "Mozilla/5.0 AppleWebKit/537.36 (KHTML, like Gecko; compatible; bingbot/2.0; +http://www.bing.com/bingbot.htm) Chrome/116.0.1938.76 Safari/537.36"
217.113.194.224 - - [13/Oct/2025:02:44:38 +0200] "GET /en/13-artist?q=Categories-TREASURE-ITZY&order=product.position.asc&page=3 HTTP/1.1" 200 19802 "-" "Mozilla/5.0 (compatible; Barkrowler/0.9; +https://babbar.tech/crawler)"
52.167.144.158 - - [13/Oct/2025:02:44:42 +0200] "GET /en/13-artist?q=Categories-ATEEZ-BABYMONSTER-BLACKPINK-BOYNEXTDOOR-ENHYPEN-ILLIT-ITZY-KAI-LISA-NMIXX-P1Harmony-STRAYKIDS-TXT-ZEROBASEONE-TREASURE HTTP/2.0" 200 19886 "-" "Mozilla/5.0 AppleWebKit/537.36 (KHTML, like Gecko; compatible; bingbot/2.0; +http://www.bing.com/bingbot.htm) Chrome/116.0.1938.76 Safari/537.36"
40.77.167.7 - - [13/Oct/2025:02:44:44 +0200] "GET /bg/13-artisti?q=%D0%9A%D0%B0%D1%82%D0%B5%D0%B3%D0%BE%D1%80%D0%B8%D0%B8-ATEEZ-BABYMONSTER-BLACKPINK-BOYNEXTDOOR-ENHYPEN-GOT+THE+BEAT-ILLIT-IVE-JIHYO-NMIXX-P1Harmony-RIIZE-SEVENTEEN-STRAYKIDS-TWICE-WayV-ZEROBASEONE HTTP/2.0" 200 21609 "-" "Mozilla/5.0 AppleWebKit/537.36 (KHTML, like Gecko; compatible; bingbot/2.0; +http://www.bing.com/bingbot.htm) Chrome/116.0.1938.76 Safari/537.36"
52.167.144.139 - - [13/Oct/2025:02:44:50 +0200] "GET /bg/13-artisti?q=%D0%9A%D0%B0%D1%82%D0%B5%D0%B3%D0%BE%D1%80%D0%B8%D0%B8-AESPA-ATEEZ-BABYMONSTER-BLACKPINK-BOYNEXTDOOR-ENHYPEN-GOT+THE+BEAT-ILLIT-IVE-JENNIE+%28BLACKPINK%29-Kep1er-RIIZE-STAYC-STRAYKIDS-TWICE-TXT-WayV-ZEROBASEONE-NCT+WISH HTTP/2.0" 200 21628 "-" "Mozilla/5.0 AppleWebKit/537.36 (KHTML, like Gecko; compatible; bingbot/2.0; +http://www.bing.com/bingbot.htm) Chrome/116.0.1938.76 Safari/537.36"
52.167.144.139 - - [13/Oct/2025:02:44:51 +0200] "GET /en/13-artist?q=Categories-ATEEZ-BABYMONSTER-BTS-ENHYPEN-ILLIT-ITZY-JIHYO-LISA-NMIXX-P1Harmony-SEVENTEEN-STRAYKIDS-TREASURE-TWICE-ZEROBASEONE-LE+SSERAFIM HTTP/2.0" 200 19906 "-" "Mozilla/5.0 AppleWebKit/537.36 (KHTML, like Gecko; compatible; bingbot/2.0; +http://www.bing.com/bingbot.htm) Chrome/116.0.1938.76 Safari/537.36"
52.167.144.158 - - [13/Oct/2025:02:44:52 +0200] "GET /bg/13-artisti?q=%D0%9A%D0%B0%D1%82%D0%B5%D0%B3%D0%BE%D1%80%D0%B8%D0%B8-AESPA-ASTRO-ATEEZ-ENHYPEN-JISOO-KAI-NMIXX-STAYC-TWICE-IVE/%D0%9D%D0%B0%D0%BB%D0%B8%D1%87%D0%BD%D0%BE%D1%81%D1%82-%D0%92+%D0%BD%D0%B0%D0%BB%D0%B8%D1%87%D0%BD%D0%BE%D1%81%D1%82-%D0%9D%D1%8F%D0%BC%D0%B0+%D0%BD%D0%B0%D0%BB%D0%B8%D1%87%D0%BD%D0%BE%D1%81%D1%82 HTTP/2.0" 200 21633 "-" "Mozilla/5.0 AppleWebKit/537.36 (KHTML, like Gecko; compatible; bingbot/2.0; +http://www.bing.com/bingbot.htm) Chrome/116.0.1938.76 Safari/537.36"
52.167.144.158 - - [13/Oct/2025:02:44:53 +0200] "GET /en/13-artist?q=Categories-AESPA-ATEEZ-BABYMONSTER-BLACKPINK-BOYNEXTDOOR-BTS-ENHYPEN-ILLIT-ITZY-KAI-LISA-NMIXX-SEVENTEEN-STAYC-TXT-ZEROBASEONE-TWICE HTTP/2.0" 200 19929 "-" "Mozilla/5.0 AppleWebKit/537.36 (KHTML, like Gecko; compatible; bingbot/2.0; +http://www.bing.com/bingbot.htm) Chrome/116.0.1938.76 Safari/537.36"
52.167.144.231 - - [13/Oct/2025:02:44:54 +0200] "GET /bg/13-artisti?q=%D0%9A%D0%B0%D1%82%D0%B5%D0%B3%D0%BE%D1%80%D0%B8%D0%B8-ATEEZ-BABYMONSTER-BOYNEXTDOOR-ENHYPEN-ILLIT-IVE-JIHYO-Jin+%28BTS%29-Kep1er-LISA-NEW+JEANS-NMIXX-RIIZE-SEVENTEEN-STRAYKIDS-TXT-WayV-ZEROBASEONE-TWICE HTTP/2.0" 200 21585 "-" "Mozilla/5.0 AppleWebKit/537.36 (KHTML, like Gecko; compatible; bingbot/2.0; +http://www.bing.com/bingbot.htm) Chrome/116.0.1938.76 Safari/537.36"
52.167.144.231 - - [13/Oct/2025:02:44:55 +0200] "GET /bg/13-artisti?q=%D0%9A%D0%B0%D1%82%D0%B5%D0%B3%D0%BE%D1%80%D0%B8%D0%B8-AESPA-ATEEZ-BLACKPINK-BTS-ENHYPEN-GOT+THE+BEAT-ITZY-JIHYO-JISOO-KAI-LISA-NCT-NCT+DREAM-STAYC-STRAYKIDS-TREASURE-TWICE HTTP/2.0" 200 21506 "-" "Mozilla/5.0 AppleWebKit/537.36 (KHTML, like Gecko; compatible; bingbot/2.0; +http://www.bing.com/bingbot.htm) Chrome/116.0.1938.76 Safari/537.36"
217.113.194.111 - - [13/Oct/2025:02:44:55 +0200] "GET /en/13-artist?q=Categories-TREASURE-ITZY&order=product.position.asc&page=2 HTTP/1.1" 200 19778 "-" "Mozilla/5.0 (compatible; Barkrowler/0.9; +https://babbar.tech/crawler)"
47.128.119.248 - - [13/Oct/2025:02:45:10 +0200] "GET /bg/13-artisti?SubmitCurrency=1&id_currency=2&order=product.price.asc&q=%D0%9A%D0%B0%D1%82%D0%B5%D0%B3%D0%BE%D1%80%D0%B8%D0%B8-ASTRO-ITZY-JIHYO-KAI-NCT-NMIXX-TXT HTTP/2.0" 200 21462 "-" "Mozilla/5.0 (compatible; Bytespider; spider-feedback@bytedance.com) AppleWebKit/537.36 (KHTML, like Gecko) Chrome/70.0.0.0 Safari/537.36"
