54.197.82.195 - - [13/Oct/2025:03:42:15 +0200] "GET /bg/nachalo/69-stray-kids-go-live-1st-full-album-standard-ver-8809440339761 HTTP/1.1" 200 18195 "-" "Mozilla/5.0 AppleWebKit/537.36 (KHTML, like Gecko; compatible; Amazonbot/0.1; +https://developer.amazon.com/support/amazonbot) Chrome/119.0.6045.214 Safari/537.36"
98.82.40.168 - - [13/Oct/2025:03:42:20 +0200] "GET /en/27-kai HTTP/1.1" 200 13433 "-" "Mozilla/5.0 AppleWebKit/537.36 (KHTML, like Gecko; compatible; Amazonbot/0.1; +https://developer.amazon.com/support/amazonbot) Chrome/119.0.6045.214 Safari/537.36"
217.113.194.223 - - [13/Oct/2025:03:42:20 +0200] "GET /en/13-artist?q=Categories-BTS-Dreamcatcher-STAYC&order=product.price.desc&page=19 HTTP/1.1" 200 20157 "-" "Mozilla/5.0 (compatible; Barkrowler/0.9; +https://babbar.tech/crawler)"
3.216.86.144 - - [13/Oct/2025:03:42:23 +0200] "GET /en/32-stayc HTTP/1.1" 200 13789 "-" "Mozilla/5.0 AppleWebKit/537.36 (KHTML, like Gecko; compatible; Amazonbot/0.1; +https://developer.amazon.com/support/amazonbot) Chrome/119.0.6045.214 Safari/537.36"
40.77.167.33 - - [13/Oct/2025:03:42:25 +0200] "GET /bg/13-artisti?q=%D0%9A%D0%B0%D1%82%D0%B5%D0%B3%D0%BE%D1%80%D0%B8%D0%B8-AESPA-ATEEZ-BABYMONSTER-BOYNEXTDOOR-BTS-ENHYPEN-GOT+THE+BEAT-ILLIT-IVE-JIHYO-LISA-RIIZE-ROSE+%28BLACKPINK%29-SEVENTEEN-TXT-WayV-ZEROBASEONE-BLACKPINK HTTP/2.0" 200 21548 "-" "Mozilla/5.0 AppleWebKit/537.36 (KHTML, like Gecko; compatible; bingbot/2.0; +http://www.bing.com/bingbot.htm) Chrome/116.0.1938.76 Safari/537.36"
40.77.167.33 - - [13/Oct/2025:03:42:26 +0200] "GET /bg/13-artisti?q=%D0%9A%D0%B0%D1%82%D0%B5%D0%B3%D0%BE%D1%80%D0%B8%D0%B8-ATEEZ-BABYMONSTER-BLACKPINK-BOYNEXTDOOR-ENHYPEN-GOT+THE+BEAT-ILLIT-IVE-LISA+%28BLACKPINK%29-NMIXX-RIIZE-ROSE+%28BLACKPINK%29-STRAYKIDS-TREASURE-TWICE-TXT-WayV-ZEROBASEONE HTTP/2.0" 200 21627 "-" "Mozilla/5.0 AppleWebKit/537.36 (KHTML, like Gecko; compatible; bingbot/2.0; +http://www.bing.com/bingbot.htm) Chrome/116.0.1938.76 Safari/537.36"
184.72.95.195 - - [13/Oct/2025:03:42:27 +0200] "GET /en/67-jin-bts HTTP/1.1" 200 13517 "-" "Mozilla/5.0 AppleWebKit/537.36 (KHTML, like Gecko; compatible; Amazonbot/0.1; +https://developer.amazon.com/support/amazonbot) Chrome/119.0.6045.214 Safari/537.36"
40.77.167.75 - - [13/Oct/2025:03:42:30 +0200] "GET /en/13-artist?q=Categories-%28G%29I%5C-DLE-AESPA-Agust+D+%28BTS%29-BABYMONSTER-BTS-ENHYPEN-ILLIT-ITZY-JIHYO-KAI-LISA-NCT+JAEHYUN-NMIXX-RM+%28BTS%29-SEVENTEEN-TWICE-xikers-ZEROBASEONE-BLACKPINK HTTP/2.0" 200 19950 "-" "Mozilla/5.0 AppleWebKit/537.36 (KHTML, like Gecko; compatible; bingbot/2.0; +http://www.bing.com/bingbot.htm) Chrome/116.0.1938.76 Safari/537.36"
52.45.92.83 - - [13/Oct/2025:03:42:32 +0200] "GET /bg/nachalo/95-itzy-kill-my-doubt-digipack-pre-order--8809755505448 HTTP/1.1" 200 18295 "-" "Mozilla/5.0 AppleWebKit/537.36 (KHTML, like Gecko; compatible; Amazonbot/0.1; +https://developer.amazon.com/support/amazonbot) Chrome/119.0.6045.214 Safari/537.36"
34.192.67.98 - - [13/Oct/2025:03:42:35 +0200] "GET /en/nachalo/308-itzy-girls-will-be-girls-photobook-ver-8809954227578 HTTP/1.1" 200 16366 "-" "Mozilla/5.0 AppleWebKit/537.36 (KHTML, like Gecko; compatible; Amazonbot/0.1; +https://developer.amazon.com/support/amazonbot) Chrome/119.0.6045.214 Safari/537.36"
217.113.194.110 - - [13/Oct/2025:03:42:36 +0200] "GET /en/13-artist?q=Categories-BTS-Dreamcatcher-STAYC&order=product.price.desc&page=18 HTTP/1.1" 200 19860 "-" "Mozilla/5.0 (compatible; Barkrowler/0.9; +https://babbar.tech/crawler)"
40.77.167.75 - - [13/Oct/2025:03:42:37 +0200] "GET /bg/13-artisti?q=%D0%9A%D0%B0%D1%82%D0%B5%D0%B3%D0%BE%D1%80%D0%B8%D0%B8-AESPA-ATEEZ-BABYMONSTER-BLACKPINK-BOYNEXTDOOR-ENHYPEN-GOT+THE+BEAT-ITZY-JIHYO-LISA-P1Harmony-RIIZE-STAYC-STRAYKIDS-TREASURE-TWICE-WayV-ZEROBASEONE-Jin+%28BTS%29 HTTP/2.0" 200 21629 "-" "Mozilla/5.0 AppleWebKit/537.36 (KHTML, like Gecko; compatible; bingbot/2.0; +http://www.bing.com/bingbot.htm) Chrome/116.0.1938.76 Safari/537.36"
40.77.167.75 - - [13/Oct/2025:03:42:38 +0200] "GET /bg/13-artisti?q=%D0%9A%D0%B0%D1%82%D0%B5%D0%B3%D0%BE%D1%80%D0%B8%D0%B8-ATEEZ-BABYMONSTER-BLACKPINK-BOYNEXTDOOR-ENHYPEN-GOT+THE+BEAT-ILLIT-IVE-JENNIE+%28BLACKPINK%29-JIHYO-JISOO+%28BLACKPINK%29-Kep1er-LE+SSERAFIM-LISA+%28BLACKPINK%29-NMIXX-RIIZE-ROSE+%28BLACKPINK%29-STAYC-STRAYKIDS-TREASURE-TWICE-WayV-ZEROBASEONE-ITZY HTTP/2.0" 200 21746 "-" "Mozilla/5.0 AppleWebKit/537.36 (KHTML, like Gecko; compatible; bingbot/2.0; +http://www.bing.com/bingbot.htm) Chrome/116.0.1938.76 Safari/537.36"
40.77.167.33 - - [13/Oct/2025:03:42:45 +0200] "GET /bg/13-artisti?q=%D0%9A%D0%B0%D1%82%D0%B5%D0%B3%D0%BE%D1%80%D0%B8%D0%B8-BABYMONSTER-BLACKPINK-BOYNEXTDOOR-ENHYPEN-GOT+THE+BEAT-ILLIT-ITZY-IVE-NMIXX-RIIZE-SEVENTEEN-TWICE-TXT-WayV-ZEROBASEONE HTTP/2.0" 200 21486 "-" "Mozilla/5.0 AppleWebKit/537.36 (KHTML, like Gecko; compatible; bingbot/2.0; +http://www.bing.com/bingbot.htm) Chrome/116.0.1938.76 Safari/537.36"
40.77.167.33 - - [13/Oct/2025:03:42:46 +0200] "GET /bg/12-albumi?q=%D0%9D%D0%B0%D0%BB%D0%B8%D1%87%D0%BD%D0%BE%D1%81%D1%82-%D0%92+%D0%BD%D0%B0%D0%BB%D0%B8%D1%87%D0%BD%D0%BE%D1%81%D1%82/%D0%9C%D0%B0%D1%80%D0%BA%D0%B0-JYP+Entertainment-SM+Entertainment-STARSHIP+ENTERAINMENT-BigHit+Entertainment&order=product.sales.desc HTTP/2.0" 200 13776 "-" "Mozilla/5.0 AppleWebKit/537.36 (KHTML, like Gecko; compatible; bingbot/2.0; +http://www.bing.com/bingbot.htm) Chrome/116.0.1938.76 Safari/537.36"
114.119.137.2 - - [13/Oct/2025:03:42:46 +0200] "GET /en/best-sales?order=product.reference.asc&id_currency=1&SubmitCurrency=1&page=16 HTTP/1.1" 200 13449 "https://kpopbg.com/en/best-sales?order=product.reference.asc&id_currency=1&SubmitCurrency=1&page=15" "Mozilla/5.0 (Linux; Android 7.0;) AppleWebKit/537.36 (KHTML, like Gecko) Mobile Safari/537.36 (compatible; PetalBot;+https://webmaster.petalsearch.com/site/petalbot)"
40.77.167.33 - - [13/Oct/2025:03:42:46 +0200] "GET /en/13-artist?q=Categories-BABYMONSTER-BLACKPINK-BTS-ENHYPEN-ILLIT-ITZY-JIHYO-KAI-LISA-NMIXX-SEVENTEEN-TREASURE-TWICE-TXT-ZEROBASEONE-V+%28BTS%29 HTTP/2.0" 200 19907 "-" "Mozilla/5.0 AppleWebKit/537.36 (KHTML, like Gecko; compatible; bingbot/2.0; +http://www.bing.com/bingbot.htm) Chrome/116.0.1938.76 Safari/537.36"
40.77.167.33 - - [13/Oct/2025:03:42:47 +0200] "GET /bg/13-artisti?q=%D0%9A%D0%B0%D1%82%D0%B5%D0%B3%D0%BE%D1%80%D0%B8%D0%B8-AESPA-BABYMONSTER-BLACKPINK-BOYNEXTDOOR-BTS-ENHYPEN-ILLIT-ITZY-IVE-JIHYO-LE+SSERAFIM-LISA-NMIXX-RIIZE-SEVENTEEN-TWICE-xikers-ZEROBASEONE-JISOO+%28BLACKPINK%29 HTTP/2.0" 200 21653 "-" "Mozilla/5.0 AppleWebKit/537.36 (KHTML, like Gecko; compatible; bingbot/2.0; +http://www.bing.com/bingbot.htm) Chrome/116.0.1938.76 Safari/537.36"
217.113.194.106 - - [13/Oct/2025:03:42:53 +0200] "GET /en/13-artist?q=Categories-BTS-Dreamcatcher-IVE&order=product.position.asc&page=19 HTTP/1.1" 200 19845 "-" "Mozilla/5.0 (compatible; Barkrowler/0.9; +https://babbar.tech/crawler)"
52.167.144.162 - - [13/Oct/2025:03:42:55 +0200] "GET /bg/13-artisti?q=%D0%9A%D0%B0%D1%82%D0%B5%D0%B3%D0%BE%D1%80%D0%B8%D0%B8-ASTRO-ATEEZ-ENHYPEN-GOT+THE+BEAT-ITZY-JIHYO-KAI-LISA-NCT-NCT+DREAM-NMIXX-STRAYKIDS-V+%28BTS%29&page=2 HTTP/2.0" 200 21543 "-" "Mozilla/5.0 AppleWebKit/537.36 (KHTML, like Gecko; compatible; bingbot/2.0; +http://www.bing.com/bingbot.htm) Chrome/116.0.1938.76 Safari/537.36"
40.77.167.75 - - [13/Oct/2025:03:42:56 +0200] "GET /bg/13-artisti?q=%D0%9A%D0%B0%D1%82%D0%B5%D0%B3%D0%BE%D1%80%D0%B8%D0%B8-AESPA-ASTRO-ATEEZ-BTS-ENHYPEN-GOT+THE+BEAT-ITZY-IVE-KAI-LISA-NCT-NCT+DREAM-NMIXX-STAYC-STRAYKIDS-TREASURE-TWICE-TXT HTTP/2.0" 200 21504 "-" "Mozilla/5.0 AppleWebKit/537.36 (KHTML, like Gecko; compatible; bingbot/2.0; +http://www.bing.com/bingbot.htm) Chrome/116.0.1938.76 Safari/537.36"
40.77.167.75 - - [13/Oct/2025:03:42:57 +0200] "GET /bg/13-artisti?q=%D0%9A%D0%B0%D1%82%D0%B5%D0%B3%D0%BE%D1%80%D0%B8%D0%B8-AESPA-BABYMONSTER-BLACKPINK-BOYNEXTDOOR-ENHYPEN-ILLIT-ITZY-JIHYO-KAI-LISA-NMIXX-P1Harmony-TREASURE-TWICE-TXT-ZEROBASEONE-SEVENTEEN HTTP/2.0" 200 21594 "-" "Mozilla/5.0 AppleWebKit/537.36 (KHTML, like Gecko; compatible; bingbot/2.0; +http://www.bing.com/bingbot.htm) Chrome/116.0.1938.76 Safari/537.36"
40.77.167.75 - - [13/Oct/2025:03:42:58 +0200] "GET /bg/13-artisti?q=%D0%9A%D0%B0%D1%82%D0%B5%D0%B3%D0%BE%D1%80%D0%B8%D0%B8-AESPA-Agust+D+%28BTS%29-ATEEZ-BABYMONSTER-BLACKPINK-BOYNEXTDOOR-ENHYPEN-ITZY-IVE-JIHYO-LISA-NMIXX-RIIZE-SEVENTEEN-STAYC-STRAYKIDS-TREASURE-TWICE-TXT-WayV-ZEROBASEONE-JIMIN+%28BTS%29 HTTP/2.0" 200 21667 "-" "Mozilla/5.0 AppleWebKit/537.36 (KHTML, like Gecko; compatible; bingbot/2.0; +http://www.bing.com/bingbot.htm) Chrome/116.0.1938.76 Safari/537.36"
40.77.167.75 - - [13/Oct/2025:03:43:02 +0200] "GET /bg/13-artisti?q=%D0%9A%D0%B0%D1%82%D0%B5%D0%B3%D0%BE%D1%80%D0%B8%D0%B8-AESPA-BABYMONSTER-BLACKPINK-BOYNEXTDOOR-ENHYPEN-GOT+THE+BEAT-ILLIT-JIHYO-LISA-NMIXX-STRAYKIDS-ZEROBASEONE HTTP/2.0" 200 21541 "-" "Mozilla/5.0 AppleWebKit/537.36 (KHTML, like Gecko; compatible; bingbot/2.0; +http://www.bing.com/bingbot.htm) Chrome/116.0.1938.76 Safari/537.36"
40.77.167.75 - - [13/Oct/2025:03:43:03 +0200] "GET /bg/13-artisti?q=%D0%9A%D0%B0%D1%82%D0%B5%D0%B3%D0%BE%D1%80%D0%B8%D0%B8-AESPA-ASTRO-BABYMONSTER-BLACKPINK-BOYNEXTDOOR-ENHYPEN-ILLIT-ITZY-JIHYO-LISA-NAYEON+%28TWICE%29-NMIXX-SEVENTEEN-STRAYKIDS-TXT-ZEROBASEONE-ATEEZ HTTP/2.0" 200 21537 "-" "Mozilla/5.0 AppleWebKit/537.36 (KHTML, like Gecko; compatible; bingbot/2.0; +http://www.bing.com/bingbot.htm) Chrome/116.0.1938.76 Safari/537.36"
40.77.167.33 - - [13/Oct/2025:03:43:09 +0200] "GET /bg/13-artisti?q=%D0%9A%D0%B0%D1%82%D0%B5%D0%B3%D0%BE%D1%80%D0%B8%D0%B8-ATEEZ-BABYMONSTER-BLACKPINK-BOYNEXTDOOR-ENHYPEN-GOT+THE+BEAT-ILLIT-IVE-JENNIE+%28BLACKPINK%29-JIHYO-JISOO+%28BLACKPINK%29-NMIXX-RIIZE-ROSE+%28BLACKPINK%29-SEVENTEEN-STAYC-STRAYKIDS-THE+BOYZ-TREASURE-TWICE-TXT-WayV-ZEROBASEONE HTTP/2.0" 200 21734 "-" "Mozilla/5.0 AppleWebKit/537.36 (KHTML, like Gecko; compatible; bingbot/2.0; +http://www.bing.com/bingbot.htm) Chrome/116.0.1938.76 Safari/537.36"
40.77.167.33 - - [13/Oct/2025:03:43:10 +0200] "GET /bg/13-artisti?q=%D0%9A%D0%B0%D1%82%D0%B5%D0%B3%D0%BE%D1%80%D0%B8%D0%B8-AESPA-ATEEZ-BLACKPINK-BTS-ENHYPEN-ITZY-IVE-LE+SSERAFIM-LISA-NCT-STAYC-TREASURE-TWICE-TXT/%D0%9D%D0%B0%D0%BB%D0%B8%D1%87%D0%BD%D0%BE%D1%81%D1%82-%D0%92+%D0%BD%D0%B0%D0%BB%D0%B8%D1%87%D0%BD%D0%BE%D1%81%D1%82 HTTP/2.0" 200 21640 "-" "Mozilla/5.0 AppleWebKit/537.36 (KHTML, like Gecko; compatible; bingbot/2.0; +http://www.bing.com/bingbot.htm) Chrome/116.0.1938.76 Safari/537.36"
40.77.167.33 - - [13/Oct/2025:03:43:11 +0200] "GET /bg/13-artisti?q=%D0%9A%D0%B0%D1%82%D0%B5%D0%B3%D0%BE%D1%80%D0%B8%D0%B8-AESPA-BLACKPINK-BTS-ENHYPEN-IVE-JIHYO-JISOO-KAI-NMIXX-STAYC-TWICE-NCT/%D0%9D%D0%B0%D0%BB%D0%B8%D1%87%D0%BD%D0%BE%D1%81%D1%82-%D0%92+%D0%BD%D0%B0%D0%BB%D0%B8%D1%87%D0%BD%D0%BE%D1%81%D1%82-%D0%9D%D1%8F%D0%BC%D0%B0+%D0%BD%D0%B0%D0%BB%D0%B8%D1%87%D0%BD%D0%BE%D1%81%D1%82 HTTP/2.0" 200 21673 "-" "Mozilla/5.0 AppleWebKit/537.36 (KHTML, like Gecko; compatible; bingbot/2.0; +http://www.bing.com/bingbot.htm) Chrome/116.0.1938.76 Safari/537.36"
154.54.249.203 - - [13/Oct/2025:03:43:11 +0200] "GET /en/13-artist?q=Categories-BTS-Dreamcatcher-IVE&order=product.position.asc&page=18 HTTP/1.1" 200 19924 "-" "Mozilla/5.0 (compatible; Barkrowler/0.9; +https://babbar.tech/crawler)"
52.167.144.162 - - [13/Oct/2025:03:43:11 +0200] "GET /bg/13-artisti?q=%D0%9A%D0%B0%D1%82%D0%B5%D0%B3%D0%BE%D1%80%D0%B8%D0%B8-AESPA-BABYMONSTER-BOYNEXTDOOR-ENHYPEN-GOT+THE+BEAT-ILLIT-IVE-JIHYO-LISA-NCT+DOYOUNG-P1Harmony-RIIZE-SEVENTEEN-STRAYKIDS-TREASURE-TWICE-WayV-ZEROBASEONE-TXT HTTP/2.0" 200 21580 "-" "Mozilla/5.0 AppleWebKit/537.36 (KHTML, like Gecko; compatible; bingbot/2.0; +http://www.bing.com/bingbot.htm) Chrome/116.0.1938.76 Safari/537.36"
40.77.167.33 - - [13/Oct/2025:03:43:12 +0200] "GET /bg/13-artisti?q=%D0%9A%D0%B0%D1%82%D0%B5%D0%B3%D0%BE%D1%80%D0%B8%D0%B8-AESPA-ASTRO-BABYMONSTER-BLACKPINK-BOYNEXTDOOR-ENHYPEN-ILLIT-ITZY-KAI-LISA-NAYEON+%28TWICE%29-NMIXX-P1Harmony-SEVENTEEN-STRAYKIDS-TREASURE-TXT-ZEROBASEONE-JIHYO HTTP/2.0" 200 21622 "-" "Mozilla/5.0 AppleWebKit/537.36 (KHTML, like Gecko; compatible; bingbot/2.0; +http://www.bing.com/bingbot.htm) Chrome/116.0.1938.76 Safari/537.36"
52.167.144.162 - - [13/Oct/2025:03:43:12 +0200] "GET /bg/13-artisti?q=%D0%9A%D0%B0%D1%82%D0%B5%D0%B3%D0%BE%D1%80%D0%B8%D0%B8-AESPA-ITZY-JIHYO-JISOO-KAI-NCT+127-NMIXX-STRAYKIDS-TWICE/%D0%9D%D0%B0%D0%BB%D0%B8%D1%87%D0%BD%D0%BE%D1%81%D1%82-%D0%92+%D0%BD%D0%B0%D0%BB%D0%B8%D1%87%D0%BD%D0%BE%D1%81%D1%82 HTTP/2.0" 200 21571 "-" "Mozilla/5.0 AppleWebKit/537.36 (KHTML, like Gecko; compatible; bingbot/2.0; +http://www.bing.com/bingbot.htm) Chrome/116.0.1938.76 Safari/537.36"
40.77.167.33 - - [13/Oct/2025:03:43:13 +0200] "GET /bg/13-artisti?q=%D0%9A%D0%B0%D1%82%D0%B5%D0%B3%D0%BE%D1%80%D0%B8%D0%B8-AESPA-ATEEZ-BABYMONSTER-BLACKPINK-BOYNEXTDOOR-ENHYPEN-ILLIT-ITZY-JIHYO-KAI-LISA-NAYEON+%28TWICE%29-NMIXX-RIIZE-SEVENTEEN-TWICE-WayV-ZEROBASEONE-IVE HTTP/2.0" 200 21549 "-" "Mozilla/5.0 AppleWebKit/537.36 (KHTML, like Gecko; compatible; bingbot/2.0; +http://www.bing.com/bingbot.htm) Chrome/116.0.1938.76 Safari/537.36"
40.77.167.33 - - [13/Oct/2025:03:43:18 +0200] "GET /en/13-artist?q=Categories-%28G%29I%5C-DLE-AESPA-BABYMONSTER-BLACKPINK-ENHYPEN-ILLIT-ITZY-JIHYO-JUNG+KOOK+%28BTS%29-KAI-LISA-NCT+DREAM-NMIXX-SEVENTEEN-TWICE-TXT-Tzuyu+%28TWICE%29-WayV-ZEROBASEONE-Kep1er HTTP/2.0" 200 19978 "-" "Mozilla/5.0 AppleWebKit/537.36 (KHTML, like Gecko; compatible; bingbot/2.0; +http://www.bing.com/bingbot.htm) Chrome/116.0.1938.76 Safari/537.36"
52.167.144.162 - - [13/Oct/2025:03:43:20 +0200] "GET /bg/13-artisti?q=%D0%9A%D0%B0%D1%82%D0%B5%D0%B3%D0%BE%D1%80%D0%B8%D0%B8-AESPA-ATEEZ-BLACKPINK-ENHYPEN-ITZY-IVE-JISOO-KAI-LE+SSERAFIM-LISA-NCT-NMIXX-TREASURE-TXT-TWICE/%D0%9D%D0%B0%D0%BB%D0%B8%D1%87%D0%BD%D0%BE%D1%81%D1%82-%D0%92+%D0%BD%D0%B0%D0%BB%D0%B8%D1%87%D0%BD%D0%BE%D1%81%D1%82 HTTP/2.0" 200 21666 "-" "Mozilla/5.0 AppleWebKit/537.36 (KHTML, like Gecko; compatible; bingbot/2.0; +http://www.bing.com/bingbot.htm) Chrome/116.0.1938.76 Safari/537.36"
40.77.167.33 - - [13/Oct/2025:03:43:25 +0200] "GET /bg/13-artisti?q=%D0%9A%D0%B0%D1%82%D0%B5%D0%B3%D0%BE%D1%80%D0%B8%D0%B8-AESPA-BLACKPINK-ENHYPEN-JEON+SOMI-JIMIN-JISOO-NCT-STRAYKIDS-TWICE/%D0%9D%D0%B0%D0%BB%D0%B8%D1%87%D0%BD%D0%BE%D1%81%D1%82-%D0%92+%D0%BD%D0%B0%D0%BB%D0%B8%D1%87%D0%BD%D0%BE%D1%81%D1%82 HTTP/2.0" 200 21579 "-" "Mozilla/5.0 AppleWebKit/537.36 (KHTML, like Gecko; compatible; bingbot/2.0; +http://www.bing.com/bingbot.htm) Chrome/116.0.1938.76 Safari/537.36"
40.77.167.33 - - [13/Oct/2025:03:43:25 +0200] "GET /bg/13-artisti?q=%D0%9A%D0%B0%D1%82%D0%B5%D0%B3%D0%BE%D1%80%D0%B8%D0%B8-AESPA-ATEEZ-BLACKPINK-BOYNEXTDOOR-ENHYPEN-IVE-JIHYO-LISA-NCT+DOYOUNG-NMIXX-RIIZE-SEVENTEEN-TWICE-WayV-ZEROBASEONE-JUNG+KOOK+%28BTS%29&order=product.position.asc HTTP/2.0" 200 21327 "-" "Mozilla/5.0 AppleWebKit/537.36 (KHTML, like Gecko; compatible; bingbot/2.0; +http://www.bing.com/bingbot.htm) Chrome/116.0.1938.76 Safari/537.36"
217.113.194.223 - - [13/Oct/2025:03:43:28 +0200] "GET /en/13-artist?q=Brand-ADOR-YG+Entertainment&order=product.price.asc&page=19 HTTP/1.1" 200 20239 "-" "Mozilla/5.0 (compatible; Barkrowler/0.9; +https://babbar.tech/crawler)"
52.167.144.162 - - [13/Oct/2025:03:43:30 +0200] "GET /bg/13-artisti?q=%D0%9A%D0%B0%D1%82%D0%B5%D0%B3%D0%BE%D1%80%D0%B8%D0%B8-ATEEZ-BABYMONSTER-BLACKPINK-BOYNEXTDOOR-ENHYPEN-ILLIT-ITZY-JIHYO-KAI-Kep1er-LISA-NMIXX-STAYC-TXT-WayV-XDINARY+HEROES-ZEROBASEONE-Tzuyu+%28TWICE%29&order=product.name.desc HTTP/2.0" 200 21810 "-" "Mozilla/5.0 AppleWebKit/537.36 (KHTML, like Gecko; compatible; bingbot/2.0; +http://www.bing.com/bingbot.htm) Chrome/116.0.1938.76 Safari/537.36"
40.77.167.75 - - [13/Oct/2025:03:43:37 +0200] "GET /bg/13-artisti?q=%D0%9A%D0%B0%D1%82%D0%B5%D0%B3%D0%BE%D1%80%D0%B8%D0%B8-ATEEZ-BABYMONSTER-BOYNEXTDOOR-ENHYPEN-ILLIT-IVE-Jin+%28BTS%29-Kep1er-NCT+DOYOUNG-NEW+JEANS-NMIXX-P1Harmony-RIIZE-SEVENTEEN-STAYC-STRAYKIDS-TXT-WayV-ZEROBASEONE-ROSE+%28BLACKPINK%29 HTTP/2.0" 200 21687 "-" "Mozilla/5.0 AppleWebKit/537.36 (KHTML, like Gecko; compatible; bingbot/2.0; +http://www.bing.com/bingbot.htm) Chrome/116.0.1938.76 Safari/537.36"
40.77.167.75 - - [13/Oct/2025:03:43:37 +0200] "GET /bg/13-artisti?q=%D0%9A%D0%B0%D1%82%D0%B5%D0%B3%D0%BE%D1%80%D0%B8%D0%B8-AESPA-Agust+D+%28BTS%29-GOT+THE+BEAT-IVE-JISOO-NMIXX-STAYC-STRAYKIDS-TREASURE-V+%28BTS%29/%D0%9D%D0%B0%D0%BB%D0%B8%D1%87%D0%BD%D0%BE%D1%81%D1%82-%D0%92+%D0%BD%D0%B0%D0%BB%D0%B8%D1%87%D0%BD%D0%BE%D1%81%D1%82 HTTP/2.0" 200 21659 "-" "Mozilla/5.0 AppleWebKit/537.36 (KHTML, like Gecko; compatible; bingbot/2.0; +http://www.bing.com/bingbot.htm) Chrome/116.0.1938.76 Safari/537.36"
40.77.167.75 - - [13/Oct/2025:03:43:38 +0200] "GET /bg/13-artisti?q=%D0%9A%D0%B0%D1%82%D0%B5%D0%B3%D0%BE%D1%80%D0%B8%D0%B8-AESPA-ATEEZ-BABYMONSTER-BOYNEXTDOOR-BTS-ENHYPEN-GOT+THE+BEAT-ILLIT-ITZY-KAI-KISS+OF+LIFE-LISA-NMIXX-P1Harmony-RIIZE-SEVENTEEN-STRAYKIDS-TWICE-WayV-XDINARY+HEROES-ZEROBASEONE-ROSE+%28BLACKPINK%29&order=product.name.asc HTTP/2.0" 200 21419 "-" "Mozilla/5.0 AppleWebKit/537.36 (KHTML, like Gecko; compatible; bingbot/2.0; +http://www.bing.com/bingbot.htm) Chrome/116.0.1938.76 Safari/537.36"
217.113.194.223 - - [13/Oct/2025:03:43:45 +0200] "GET /en/13-artist?q=Brand-ADOR-YG+Entertainment&order=product.price.asc&page=13 HTTP/1.1" 200 19828 "-" "Mozilla/5.0 (compatible; Barkrowler/0.9; +https://babbar.tech/crawler)"
66.249.66.13 - - [13/Oct/2025:03:43:51 +0200] "GET /bg/nachalo/204-436-gi-dle-i-sway-7th-mini-album--8804775450235 HTTP/1.1" 200 18889 "-" "Mozilla/5.0 (Linux; Android 6.0.1; Nexus 5X Build/MMB29P) AppleWebKit/537.36 (KHTML, like Gecko) Chrome/140.0.7339.207 Mobile Safari/537.36 (compatible; Googlebot/2.1; +http://www.google.com/bot.html)"
52.167.144.162 - - [13/Oct/2025:03:43:52 +0200] "GET /bg/13-artisti?q=%D0%9A%D0%B0%D1%82%D0%B5%D0%B3%D0%BE%D1%80%D0%B8%D0%B8-AESPA-BLACKPINK-Dreamcatcher-ENHYPEN-ILLIT-IVE-JIHYO-JUNG+KOOK+%28BTS%29-LISA-NCT+WISH-NMIXX-P1Harmony-TWICE-WayV-ZEROBASEONE-BOYNEXTDOOR HTTP/2.0" 200 21559 "-" "Mozilla/5.0 AppleWebKit/537.36 (KHTML, like Gecko; compatible; bingbot/2.0; +http://www.bing.com/bingbot.htm) Chrome/116.0.1938.76 Safari/537.36"
217.113.194.223 - - [13/Oct/2025:03:44:03 +0200] "GET /en/13-artist?q=Brand-ADOR-YG+Entertainment&order=product.price.asc&page=17 HTTP/1.1" 200 19799 "-" "Mozilla/5.0 (compatible; Barkrowler/0.9; +https://babbar.tech/crawler)"
66.249.66.13 - - [13/Oct/2025:03:44:05 +0200] "GET /bg/13-artisti?q=%D0%9A%D0%B0%D1%82%D0%B5%D0%B3%D0%BE%D1%80%D0%B8%D0%B8-BLACKPINK-BTS-IVE-j%5C-hope+%28BTS%29-KISS+OF+LIFE-NMIXX-P1Harmony-SEVENTEEN-TWICE-ROSE+%28BLACKPINK%29&order=product.position.asc&page=5 HTTP/1.1" 200 21534 "-" "Mozilla/5.0 (Linux; Android 6.0.1; Nexus 5X Build/MMB29P) AppleWebKit/537.36 (KHTML, like Gecko) Chrome/140.0.7339.207 Mobile Safari/537.36 (compatible; Googlebot/2.1; +http://www.google.com/bot.html)"
40.77.167.75 - - [13/Oct/2025:03:44:07 +0200] "GET /bg/13-artisti?q=%D0%9A%D0%B0%D1%82%D0%B5%D0%B3%D0%BE%D1%80%D0%B8%D0%B8-AESPA-BABYMONSTER-ENHYPEN-ILLIT-ITZY-JIHYO-KAI-LE+SSERAFIM-LISA-NMIXX-P1Harmony-RIIZE-SEVENTEEN-STRAYKIDS-TWICE-ZEROBASEONE HTTP/2.0" 200 21531 "-" "Mozilla/5.0 AppleWebKit/537.36 (KHTML, like Gecko; compatible; bingbot/2.0; +http://www.bing.com/bingbot.htm) Chrome/116.0.1938.76 Safari/537.36"
40.77.167.75 - - [13/Oct/2025:03:44:08 +0200] "GET /en/13-artist?q=Categories-%28G%29I%5C-DLE-AESPA-BABYMONSTER-BOYNEXTDOOR-BTS-ENHYPEN-ILLIT-LE+SSERAFIM-NMIXX-TXT-ZEROBASEONE-NAYEON+%28TWICE%29 HTTP/2.0" 200 19938 "-" "Mozilla/5.0 AppleWebKit/537.36 (KHTML, like Gecko; compatible; bingbot/2.0; +http://www.bing.com/bingbot.htm) Chrome/116.0.1938.76 Safari/537.36"
114.119.133.146 - - [13/Oct/2025:03:44:10 +0200] "GET /en/best-sales?order=product.reference.asc&SubmitCurrency=1&id_currency=2&page=8 HTTP/1.1" 200 16052 "https://kpopbg.com/en/best-sales?order=product.reference.asc&SubmitCurrency=1&id_currency=2&page=9" "Mozilla/5.0 (Linux; Android 7.0;) AppleWebKit/537.36 (KHTML, like Gecko) Mobile Safari/537.36 (compatible; PetalBot;+https://webmaster.petalsearch.com/site/petalbot)"
217.113.194.108 - - [13/Oct/2025:03:44:20 +0200] "GET /en/13-artist?q=Brand-ADOR-YG+Entertainment&order=product.price.asc&page=18 HTTP/1.1" 200 20004 "-" "Mozilla/5.0 (compatible; Barkrowler/0.9; +https://babbar.tech/crawler)"
52.167.144.162 - - [13/Oct/2025:03:44:20 +0200] "GET /bg/13-artisti?q=%D0%9A%D0%B0%D1%82%D0%B5%D0%B3%D0%BE%D1%80%D0%B8%D0%B8-AESPA-ENHYPEN-JISOO-KAI-LE+SSERAFIM-LISA-NCT-NMIXX-STAYC-STRAYKIDS-BTS/%D0%9D%D0%B0%D0%BB%D0%B8%D1%87%D0%BD%D0%BE%D1%81%D1%82-%D0%92+%D0%BD%D0%B0%D0%BB%D0%B8%D1%87%D0%BD%D0%BE%D1%81%D1%82 HTTP/2.0" 200 21641 "-" "Mozilla/5.0 AppleWebKit/537.36 (KHTML, like Gecko; compatible; bingbot/2.0; +http://www.bing.com/bingbot.htm) Chrome/116.0.1938.76 Safari/537.36"
52.167.144.162 - - [13/Oct/2025:03:44:20 +0200] "GET /bg/13-artisti?q=%D0%9A%D0%B0%D1%82%D0%B5%D0%B3%D0%BE%D1%80%D0%B8%D0%B8-ATEEZ-BABYMONSTER-BOYNEXTDOOR-BTS-ENHYPEN-ILLIT-IVE-JIHYO-LISA-NCT+DOYOUNG-NMIXX-RIIZE-ROSE+%28BLACKPINK%29-SEVENTEEN-STAYC-TWICE-WayV-ZEROBASEONE HTTP/2.0" 200 21562 "-" "Mozilla/5.0 AppleWebKit/537.36 (KHTML, like Gecko; compatible; bingbot/2.0; +http://www.bing.com/bingbot.htm) Chrome/116.0.1938.76 Safari/537.36"
52.167.144.162 - - [13/Oct/2025:03:44:30 +0200] "GET /bg/13-artisti?q=%D0%9A%D0%B0%D1%82%D0%B5%D0%B3%D0%BE%D1%80%D0%B8%D0%B8-AESPA-BABYMONSTER-BLACKPINK-BOYNEXTDOOR-ENHYPEN-ILLIT-ITZY-KAI-LISA-NAYEON+%28TWICE%29-NMIXX-RIIZE-SEVENTEEN-TWICE-WayV-ZEROBASEONE-JIMIN+%28BTS%29&order=product.name.desc HTTP/2.0" 200 21795 "-" "Mozilla/5.0 AppleWebKit/537.36 (KHTML, like Gecko; compatible; bingbot/2.0; +http://www.bing.com/bingbot.htm) Chrome/116.0.1938.76 Safari/537.36"
52.167.144.162 - - [13/Oct/2025:03:44:31 +0200] "GET /bg/13-artisti?q=%D0%9A%D0%B0%D1%82%D0%B5%D0%B3%D0%BE%D1%80%D0%B8%D0%B8-AESPA-ATEEZ-BABYMONSTER-BLACKPINK-BOYNEXTDOOR-ENHYPEN-ILLIT-ITZY-KAI-LISA-NMIXX-P1Harmony-STRAYKIDS-TREASURE-TWICE-TXT-ZEROBASEONE-BTS HTTP/2.0" 200 21509 "-" "Mozilla/5.0 AppleWebKit/537.36 (KHTML, like Gecko; compatible; bingbot/2.0; +http://www.bing.com/bingbot.htm) Chrome/116.0.1938.76 Safari/537.36"
217.113.194.224 - - [13/Oct/2025:03:44:36 +0200] "GET /en/13-artist?order=product.position.asc&q=Categories-xikers-NMIXX&page=3 HTTP/1.1" 200 19762 "-" "Mozilla/5.0 (compatible; Barkrowler/0.9; +https://babbar.tech/crawler)"
52.167.144.162 - - [13/Oct/2025:03:44:40 +0200] "GET /en/13-artist?q=Categories-AESPA-BLACKPINK-BOYNEXTDOOR-ENHYPEN-ILLIT-ITZY-KAI-LISA-NMIXX-SEVENTEEN-STAYC-TREASURE-ZEROBASEONE HTTP/2.0" 200 19880 "-" "Mozilla/5.0 AppleWebKit/537.36 (KHTML, like Gecko; compatible; bingbot/2.0; +http://www.bing.com/bingbot.htm) Chrome/116.0.1938.76 Safari/537.36"
40.77.167.75 - - [13/Oct/2025:03:44:41 +0200] "GET /en/13-artist?q=Categories-AESPA-Agust+D+%28BTS%29-BABYMONSTER-BLACKPINK-Dreamcatcher-ENHYPEN-ILLIT-ITZY-JIMIN+%28BTS%29-NMIXX-SEVENTEEN-STAYC-TWICE-TXT-WayV-XDINARY+HEROES-ZEROBASEONE-xikers HTTP/2.0" 200 19961 "-" "Mozilla/5.0 AppleWebKit/537.36 (KHTML, like Gecko; compatible; bingbot/2.0; +http://www.bing.com/bingbot.htm) Chrome/116.0.1938.76 Safari/537.36"
40.77.167.33 - - [13/Oct/2025:03:44:46 +0200] "GET /bg/13-artisti?q=%D0%9A%D0%B0%D1%82%D0%B5%D0%B3%D0%BE%D1%80%D0%B8%D0%B8-AESPA-ATEEZ-BTS-ENHYPEN-ITZY-IVE-JISOO-KAI-LISA-NMIXX-STAYC-STRAYKIDS-TREASURE-TWICE-TXT/%D0%9D%D0%B0%D0%BB%D0%B8%D1%87%D0%BD%D0%BE%D1%81%D1%82-%D0%92+%D0%BD%D0%B0%D0%BB%D0%B8%D1%87%D0%BD%D0%BE%D1%81%D1%82/%D0%9C%D0%B0%D1%80%D0%BA%D0%B0-KQ+Entertainment HTTP/2.0" 200 21741 "-" "Mozilla/5.0 AppleWebKit/537.36 (KHTML, like Gecko; compatible; bingbot/2.0; +http://www.bing.com/bingbot.htm) Chrome/116.0.1938.76 Safari/537.36"
217.113.194.111 - - [13/Oct/2025:03:44:55 +0200] "GET /en/13-artist?order=product.position.asc&q=Categories-xikers-NMIXX&page=2 HTTP/1.1" 200 19771 "-" "Mozilla/5.0 (compatible; Barkrowler/0.9; +https://babbar.tech/crawler)"
40.77.167.75 - - [13/Oct/2025:03:45:07 +0200] "GET /bg/13-artisti?q=%D0%9A%D0%B0%D1%82%D0%B5%D0%B3%D0%BE%D1%80%D0%B8%D0%B8-BLACKPINK-BTS-ENHYPEN-IVE-JIHYO-JISOO-NCT+DREAM-NEW+JEANS-NMIXX-STAYC-TREASURE-TWICE-TXT/%D0%9D%D0%B0%D0%BB%D0%B8%D1%87%D0%BD%D0%BE%D1%81%D1%82-%D0%92+%D0%BD%D0%B0%D0%BB%D0%B8%D1%87%D0%BD%D0%BE%D1%81%D1%82 HTTP/2.0" 200 21652 "-" "Mozilla/5.0 AppleWebKit/537.36 (KHTML, like Gecko; compatible; bingbot/2.0; +http://www.bing.com/bingbot.htm) Chrome/116.0.1938.76 Safari/537.36"
40.77.167.75 - - [13/Oct/2025:03:45:08 +0200] "GET /en/13-artist?q=Categories-ATEEZ-BABYMONSTER-BOYNEXTDOOR-BTS-Dreamcatcher-ENHYPEN-ITZY-LISA-NCT+WISH-NEW+JEANS-NMIXX-SEVENTEEN-STAYC-TWICE-ZEROBASEONE-ROSE+%28BLACKPINK%29 HTTP/2.0" 200 19933 "-" "Mozilla/5.0 AppleWebKit/537.36 (KHTML, like Gecko; compatible; bingbot/2.0; +http://www.bing.com/bingbot.htm) Chrome/116.0.1938.76 Safari/537.36"
52.167.144.162 - - [13/Oct/2025:03:45:10 +0200] "GET /bg/13-artisti?q=%D0%9A%D0%B0%D1%82%D0%B5%D0%B3%D0%BE%D1%80%D0%B8%D0%B8-AESPA-BLACKPINK-BTS-GOT+THE+BEAT-ITZY-IVE-JIHYO-KAI-LISA-STAYC-TREASURE-TWICE-TXT/%D0%9D%D0%B0%D0%BB%D0%B8%D1%87%D0%BD%D0%BE%D1%81%D1%82-%D0%92+%D0%BD%D0%B0%D0%BB%D0%B8%D1%87%D0%BD%D0%BE%D1%81%D1%82 HTTP/2.0" 200 21632 "-" "Mozilla/5.0 AppleWebKit/537.36 (KHTML, like Gecko; compatible; bingbot/2.0; +http://www.bing.com/bingbot.htm) Chrome/116.0.1938.76 Safari/537.36"
52.167.144.162 - - [13/Oct/2025:03:45:11 +0200] "GET /bg/13-artisti?q=%D0%9A%D0%B0%D1%82%D0%B5%D0%B3%D0%BE%D1%80%D0%B8%D0%B8-AESPA-ATEEZ-BABYMONSTER-BLACKPINK-BOYNEXTDOOR-ENHYPEN-GOT+THE+BEAT-ILLIT-IVE-JIHYO-LE+SSERAFIM-NMIXX-RIIZE-SEVENTEEN-STRAYKIDS-TXT-WayV-ZEROBASEONE-NCT+127 HTTP/2.0" 200 21576 "-" "Mozilla/5.0 AppleWebKit/537.36 (KHTML, like Gecko; compatible; bingbot/2.0; +http://www.bing.com/bingbot.htm) Chrome/116.0.1938.76 Safari/537.36"
217.113.194.106 - - [13/Oct/2025:03:45:12 +0200] "GET /en/13-artist?order=product.position.asc&q=Categories-xikers-NMIXX&page=20 HTTP/1.1" 200 18295 "-" "Mozilla/5.0 (compatible; Barkrowler/0.9; +https://babbar.tech/crawler)"
40.77.167.33 - - [13/Oct/2025:03:45:25 +0200] "GET /bg/13-artisti?q=%D0%9A%D0%B0%D1%82%D0%B5%D0%B3%D0%BE%D1%80%D0%B8%D0%B8-AESPA-ATEEZ-BABYMONSTER-BOYNEXTDOOR-Dreamcatcher-ENHYPEN-GOT+THE+BEAT-ILLIT-IVE-JIHYO-LISA-NMIXX-RIIZE-ROSE+%28BLACKPINK%29-STAYC-TWICE-WayV-ZEROBASEONE-NCT+WISH HTTP/2.0" 200 21636 "-" "Mozilla/5.0 AppleWebKit/537.36 (KHTML, like Gecko; compatible; bingbot/2.0; +http://www.bing.com/bingbot.htm) Chrome/116.0.1938.76 Safari/537.36"
40.77.167.33 - - [13/Oct/2025:03:45:26 +0200] "GET /en/13-artist?q=Categories-%28G%29I%5C-DLE-AESPA-BABYMONSTER-ENHYPEN-ILLIT-ITZY-JIHYO-KAI-LISA-NMIXX-P1Harmony-RIIZE-RM+%28BTS%29-SEVENTEEN-TWICE-TXT-WayV-ZEROBASEONE HTTP/2.0" 200 19945 "-" "Mozilla/5.0 AppleWebKit/537.36 (KHTML, like Gecko; compatible; bingbot/2.0; +http://www.bing.com/bingbot.htm) Chrome/116.0.1938.76 Safari/537.36"
217.113.194.111 - - [13/Oct/2025:03:45:29 +0200] "GET /en/13-artist?order=product.position.asc&q=Categories-STRAYKIDS-WayV&page=2 HTTP/1.1" 200 19769 "-" "Mozilla/5.0 (compatible; Barkrowler/0.9; +https://babbar.tech/crawler)"
52.167.144.162 - - [13/Oct/2025:03:45:30 +0200] "GET /en/13-artist?q=Categories-%28G%29I%5C-DLE-AESPA-BABYMONSTER-BOYNEXTDOOR-ENHYPEN-ILLIT-ITZY-JUNG+KOOK+%28BTS%29-KAI-LISA-SEVENTEEN-TWICE-TXT-V+%28BTS%29-ZEROBASEONE-KISS+OF+LIFE&order=product.position.asc HTTP/2.0" 200 19833 "-" "Mozilla/5.0 AppleWebKit/537.36 (KHTML, like Gecko; compatible; bingbot/2.0; +http://www.bing.com/bingbot.htm) Chrome/116.0.1938.76 Safari/537.36"
52.167.144.162 - - [13/Oct/2025:03:45:31 +0200] "GET /bg/13-artisti?q=%D0%9A%D0%B0%D1%82%D0%B5%D0%B3%D0%BE%D1%80%D0%B8%D0%B8-ATEEZ-BABYMONSTER-BLACKPINK-BOYNEXTDOOR-Dreamcatcher-GOT+THE+BEAT-ILLIT-IVE-JENNIE+%28BLACKPINK%29-JIHYO-LISA+%28BLACKPINK%29-NMIXX-RIIZE-SEVENTEEN-STAYC-STRAYKIDS-TREASURE-TWICE-WayV-ZEROBASEONE HTTP/2.0" 200 21690 "-" "Mozilla/5.0 AppleWebKit/537.36 (KHTML, like Gecko; compatible; bingbot/2.0; +http://www.bing.com/bingbot.htm) Chrome/116.0.1938.76 Safari/537.36"
52.167.144.162 - - [13/Oct/2025:03:45:32 +0200] "GET /en/13-artist?q=Categories-AESPA-BABYMONSTER-BLACKPINK-ENHYPEN-ILLIT-ITZY-JIHYO-KAI-LISA-NCT+JAEHYUN-NMIXX-SEVENTEEN-WayV-ZEROBASEONE HTTP/2.0" 200 19888 "-" "Mozilla/5.0 AppleWebKit/537.36 (KHTML, like Gecko; compatible; bingbot/2.0; +http://www.bing.com/bingbot.htm) Chrome/116.0.1938.76 Safari/537.36"
114.119.137.2 - - [13/Oct/2025:03:45:36 +0200] "GET /en/best-sales?order=product.price.asc&id_currency=2&page=6 HTTP/1.1" 200 16072 "https://kpopbg.com/en/best-sales?order=product.price.asc&id_currency=2&page=6" "Mozilla/5.0 (Linux; Android 7.0;) AppleWebKit/537.36 (KHTML, like Gecko) Mobile Safari/537.36 (compatible; PetalBot;+https://webmaster.petalsearch.com/site/petalbot)"
217.113.194.106 - - [13/Oct/2025:03:45:45 +0200] "GET /en/13-artist?order=product.position.asc&q=Categories-P1Harmony-TREASURE HTTP/1.1" 200 19565 "-" "Mozilla/5.0 (compatible; Barkrowler/0.9; +https://babbar.tech/crawler)"
40.77.167.75 - - [13/Oct/2025:03:45:47 +0200] "GET /en/13-artist?q=Categories-Agust+D+%28BTS%29-ATEEZ-BABYMONSTER-ENHYPEN-ILLIT-ITZY-IVE-JIHYO-JIMIN+%28BTS%29-NCT+127-NMIXX-P1Harmony-SEVENTEEN-TWICE-ZEROBASEONE HTTP/2.0" 200 19975 "-" "Mozilla/5.0 AppleWebKit/537.36 (KHTML, like Gecko; compatible; bingbot/2.0; +http://www.bing.com/bingbot.htm) Chrome/116.0.1938.76 Safari/537.36"
52.167.144.162 - - [13/Oct/2025:03:46:00 +0200] "GET /bg/13-artisti?q=%D0%9A%D0%B0%D1%82%D0%B5%D0%B3%D0%BE%D1%80%D0%B8%D0%B8-ATEEZ-BABYMONSTER-BLACKPINK-BOYNEXTDOOR-ENHYPEN-ILLIT-ITZY-JIHYO-KAI-Kep1er-LISA-NAYEON+%28TWICE%29-P1Harmony-SEVENTEEN-TWICE-TXT-ZEROBASEONE&page=2 HTTP/2.0" 200 21673 "-" "Mozilla/5.0 AppleWebKit/537.36 (KHTML, like Gecko; compatible; bingbot/2.0; +http://www.bing.com/bingbot.htm) Chrome/116.0.1938.76 Safari/537.36"
217.113.194.102 - - [13/Oct/2025:03:46:02 +0200] "GET /robots.txt HTTP/1.1" 404 11727 "-" "Mozilla/5.0 (compatible; Barkrowler/0.9; +https://babbar.tech/crawler)"
40.77.167.75 - - [13/Oct/2025:03:46:07 +0200] "GET /bg/13-artisti?q=%D0%9A%D0%B0%D1%82%D0%B5%D0%B3%D0%BE%D1%80%D0%B8%D0%B8-AESPA-ASTRO-BABYMONSTER-BLACKPINK-BOYNEXTDOOR-BTS-ENHYPEN-ILLIT-ITZY-KAI-LISA-NMIXX-SEVENTEEN-STRAYKIDS-TXT-ZEROBASEONE-GOT+THE+BEAT HTTP/2.0" 200 21515 "-" "Mozilla/5.0 AppleWebKit/537.36 (KHTML, like Gecko; compatible; bingbot/2.0; +http://www.bing.com/bingbot.htm) Chrome/116.0.1938.76 Safari/537.36"
52.167.144.162 - - [13/Oct/2025:03:46:12 +0200] "GET /bg/13-artisti?q=%D0%9A%D0%B0%D1%82%D0%B5%D0%B3%D0%BE%D1%80%D0%B8%D0%B8-AESPA-ATEEZ-BABYMONSTER-BLACKPINK-BOYNEXTDOOR-ENHYPEN-ILLIT-ITZY-IVE-JIHYO-LISA-NMIXX-RIIZE-SEVENTEEN-TWICE-WayV-ZEROBASEONE HTTP/2.0" 200 21499 "-" "Mozilla/5.0 AppleWebKit/537.36 (KHTML, like Gecko; compatible; bingbot/2.0; +http://www.bing.com/bingbot.htm) Chrome/116.0.1938.76 Safari/537.36"
52.167.144.162 - - [13/Oct/2025:03:46:14 +0200] "GET /bg/13-artisti?q=%D0%9A%D0%B0%D1%82%D0%B5%D0%B3%D0%BE%D1%80%D0%B8%D0%B8-AESPA-BABYMONSTER-BLACKPINK-BOYNEXTDOOR-ENHYPEN-GOT+THE+BEAT-ILLIT-JIHYO-KAI-LISA-NAYEON+%28TWICE%29-NMIXX-RIIZE-STRAYKIDS-TWICE-ZEROBASEONE-P1Harmony HTTP/2.0" 200 21641 "-" "Mozilla/5.0 AppleWebKit/537.36 (KHTML, like Gecko; compatible; bingbot/2.0; +http://www.bing.com/bingbot.htm) Chrome/116.0.1938.76 Safari/537.36"
40.77.167.33 - - [13/Oct/2025:03:46:16 +0200] "GET /en/13-artist?q=Categories-ENHYPEN-ILLIT-NCT-TXT-IVE HTTP/2.0" 200 19711 "-" "Mozilla/5.0 AppleWebKit/537.36 (KHTML, like Gecko; compatible; bingbot/2.0; +http://www.bing.com/bingbot.htm) Chrome/116.0.1938.76 Safari/537.36"
40.77.167.33 - - [13/Oct/2025:03:46:16 +0200] "GET /bg/13-artisti?q=%D0%9A%D0%B0%D1%82%D0%B5%D0%B3%D0%BE%D1%80%D0%B8%D0%B8-AESPA-ASTRO-ATEEZ-BLACKPINK-BTS-ENHYPEN-GOT+THE+BEAT-ITZY-IVE-JISOO-KAI-LISA-NCT+DREAM-NEW+JEANS-NMIXX-STAYC-STRAYKIDS-TREASURE/%D0%9C%D0%B0%D1%80%D0%BA%D0%B0-ADOR HTTP/2.0" 200 21658 "-" "Mozilla/5.0 AppleWebKit/537.36 (KHTML, like Gecko; compatible; bingbot/2.0; +http://www.bing.com/bingbot.htm) Chrome/116.0.1938.76 Safari/537.36"
40.77.167.33 - - [13/Oct/2025:03:46:17 +0200] "GET /bg/13-artisti?q=%D0%9A%D0%B0%D1%82%D0%B5%D0%B3%D0%BE%D1%80%D0%B8%D0%B8-AESPA-ASTRO-BABYMONSTER-BLACKPINK-BOYNEXTDOOR-ENHYPEN-ILLIT-ITZY-JIHYO-KAI-LISA-NMIXX-STAYC-TREASURE-TWICE-TXT-ZEROBASEONE-IVE HTTP/2.0" 200 21509 "-" "Mozilla/5.0 AppleWebKit/537.36 (KHTML, like Gecko; compatible; bingbot/2.0; +http://www.bing.com/bingbot.htm) Chrome/116.0.1938.76 Safari/537.36"
217.113.194.247 - - [13/Oct/2025:03:46:19 +0200] "GET /en/13-artist?order=product.position.asc&q=Categories-TWICE-Kep1er&page=20 HTTP/1.1" 200 18295 "-" "Mozilla/5.0 (compatible; Barkrowler/0.9; +https://babbar.tech/crawler)"
52.167.144.162 - - [13/Oct/2025:03:46:34 +0200] "GET /bg/12-albumi?q=%D0%9D%D0%B0%D0%BB%D0%B8%D1%87%D0%BD%D0%BE%D1%81%D1%82-%D0%92+%D0%BD%D0%B0%D0%BB%D0%B8%D1%87%D0%BD%D0%BE%D1%81%D1%82-%D0%9D%D0%B0%D0%BB%D0%B8%D1%87%D0%B5%D0%BD-%D0%9D%D1%8F%D0%BC%D0%B0+%D0%BD%D0%B0%D0%BB%D0%B8%D1%87%D0%BD%D0%BE%D1%81%D1%82/%D0%9C%D0%B0%D1%80%D0%BA%D0%B0-BigHit+Entertainment-CUBE+ENTERTAINMENT-FANTAGIO+MUSIC-HIGHUP+ENTERTAINMENT-SM+Entertainment-STARSHIP+ENTERAINMENT-JYP+Entertainment HTTP/2.0" 200 18067 "-" "Mozilla/5.0 AppleWebKit/537.36 (KHTML, like Gecko; compatible; bingbot/2.0; +http://www.bing.com/bingbot.htm) Chrome/116.0.1938.76 Safari/537.36"
52.167.144.162 - - [13/Oct/2025:03:46:35 +0200] "GET /bg/13-artisti?q=%D0%9A%D0%B0%D1%82%D0%B5%D0%B3%D0%BE%D1%80%D0%B8%D0%B8-AESPA-BLACKPINK-BOYNEXTDOOR-ENHYPEN-GOT+THE+BEAT-ILLIT-ITZY-JIHYO-JIMIN+%28BTS%29-NCT+127-NMIXX-RIIZE-SEVENTEEN-STAYC-STRAYKIDS-TWICE-CHA+EUN+WOO+%28ASTRO%29 HTTP/2.0" 200 21594 "-" "Mozilla/5.0 AppleWebKit/537.36 (KHTML, like Gecko; compatible; bingbot/2.0; +http://www.bing.com/bingbot.htm) Chrome/116.0.1938.76 Safari/537.36"
52.167.144.162 - - [13/Oct/2025:03:46:35 +0200] "GET /bg/13-artisti?q=%D0%9A%D0%B0%D1%82%D0%B5%D0%B3%D0%BE%D1%80%D0%B8%D0%B8-AESPA-ATEEZ-BABYMONSTER-BLACKPINK-BOYNEXTDOOR-ENHYPEN-ILLIT-IVE-JIHYO-Kep1er-LISA-NCT+DREAM-NMIXX-RM+%28BTS%29-STAYC-STRAYKIDS-TWICE-WayV-ZEROBASEONE-ITZY HTTP/2.0" 200 21564 "-" "Mozilla/5.0 AppleWebKit/537.36 (KHTML, like Gecko; compatible; bingbot/2.0; +http://www.bing.com/bingbot.htm) Chrome/116.0.1938.76 Safari/537.36"
217.113.194.109 - - [13/Oct/2025:03:46:36 +0200] "GET /en/13-artist?order=product.position.asc&q=Categories-STAYC-Kep1er&page=2 HTTP/1.1" 200 19776 "-" "Mozilla/5.0 (compatible; Barkrowler/0.9; +https://babbar.tech/crawler)"
40.77.167.3 - - [13/Oct/2025:03:46:36 +0200] "GET /bg/13-artisti?q=%D0%9A%D0%B0%D1%82%D0%B5%D0%B3%D0%BE%D1%80%D0%B8%D0%B8-AESPA-ASTRO-BABYMONSTER-BLACKPINK-BOYNEXTDOOR-ILLIT-ITZY-JIHYO-LISA-NAYEON+%28TWICE%29-NMIXX-SEVENTEEN-STAYC-TXT-ZEROBASEONE-ENHYPEN HTTP/2.0" 200 21529 "-" "Mozilla/5.0 AppleWebKit/537.36 (KHTML, like Gecko; compatible; bingbot/2.0; +http://www.bing.com/bingbot.htm) Chrome/116.0.1938.76 Safari/537.36"
40.77.167.75 - - [13/Oct/2025:03:46:40 +0200] "GET /bg/13-artisti?q=%D0%9A%D0%B0%D1%82%D0%B5%D0%B3%D0%BE%D1%80%D0%B8%D0%B8-AESPA-ATEEZ-BABYMONSTER-BLACKPINK-BOYNEXTDOOR-BTS-Dreamcatcher-ENHYPEN-ILLIT-IVE-JIHYO-LISA-NCT+DOYOUNG-NMIXX-ROSE+%28BLACKPINK%29-SEVENTEEN-STAYC-STRAYKIDS-TWICE-WayV-ZEROBASEONE HTTP/2.0" 200 21639 "-" "Mozilla/5.0 AppleWebKit/537.36 (KHTML, like Gecko; compatible; bingbot/2.0; +http://www.bing.com/bingbot.htm) Chrome/116.0.1938.76 Safari/537.36"
40.77.167.75 - - [13/Oct/2025:03:46:41 +0200] "GET /bg/13-artisti?q=%D0%9A%D0%B0%D1%82%D0%B5%D0%B3%D0%BE%D1%80%D0%B8%D0%B8-ATEEZ-BABYMONSTER-BLACKPINK-BOYNEXTDOOR-ENHYPEN-GOT+THE+BEAT-ILLIT-IVE-JENNIE+%28BLACKPINK%29-JIHYO-Kep1er-NMIXX-RIIZE-SEVENTEEN-STAYC-STRAYKIDS-TXT-V+%28BTS%29-WayV-ZEROBASEONE HTTP/2.0" 200 21667 "-" "Mozilla/5.0 AppleWebKit/537.36 (KHTML, like Gecko; compatible; bingbot/2.0; +http://www.bing.com/bingbot.htm) Chrome/116.0.1938.76 Safari/537.36"
40.77.167.75 - - [13/Oct/2025:03:46:41 +0200] "GET /bg/13-artisti?q=%D0%9A%D0%B0%D1%82%D0%B5%D0%B3%D0%BE%D1%80%D0%B8%D0%B8-AESPA-ATEEZ-BABYMONSTER-BOYNEXTDOOR-ENHYPEN-GOT+THE+BEAT-ITZY-JIHYO-LISA-P1Harmony-RIIZE-STRAYKIDS-TWICE-TXT-WayV HTTP/2.0" 200 21489 "-" "Mozilla/5.0 AppleWebKit/537.36 (KHTML, like Gecko; compatible; bingbot/2.0; +http://www.bing.com/bingbot.htm) Chrome/116.0.1938.76 Safari/537.36"
40.77.167.75 - - [13/Oct/2025:03:46:42 +0200] "GET /bg/13-artisti?q=%D0%9A%D0%B0%D1%82%D0%B5%D0%B3%D0%BE%D1%80%D0%B8%D0%B8-ATEEZ-BABYMONSTER-BLACKPINK-BOYNEXTDOOR-Dreamcatcher-ENHYPEN-GOT+THE+BEAT-ILLIT-ITZY-IVE-JIHYO-Kep1er-LISA+%28BLACKPINK%29-NMIXX-RIIZE-ROSE+%28BLACKPINK%29-SEVENTEEN-STRAYKIDS-TREASURE-TWICE-WayV-ZEROBASEONE-TXT HTTP/2.0" 200 21714 "-" "Mozilla/5.0 AppleWebKit/537.36 (KHTML, like Gecko; compatible; bingbot/2.0; +http://www.bing.com/bingbot.htm) Chrome/116.0.1938.76 Safari/537.36"
40.77.167.3 - - [13/Oct/2025:03:46:49 +0200] "GET /bg/13-artisti?q=%D0%9A%D0%B0%D1%82%D0%B5%D0%B3%D0%BE%D1%80%D0%B8%D0%B8-AESPA-BABYMONSTER-BLACKPINK-BOYNEXTDOOR-ENHYPEN-ILLIT-IVE-JIHYO-LE+SSERAFIM-LISA-RIIZE-STRAYKIDS-TWICE-WayV-ZEROBASEONE-SEVENTEEN&page=2 HTTP/2.0" 200 21648 "-" "Mozilla/5.0 AppleWebKit/537.36 (KHTML, like Gecko; compatible; bingbot/2.0; +http://www.bing.com/bingbot.htm) Chrome/116.0.1938.76 Safari/537.36"
40.77.167.3 - - [13/Oct/2025:03:46:50 +0200] "GET /en/13-artist?q=Categories-BABYMONSTER-BOYNEXTDOOR-ENHYPEN-ILLIT-ITZY-JIHYO-JIMIN+%28BTS%29-Jin+%28BTS%29-KISS+OF+LIFE-LE+SSERAFIM-LISA-NMIXX-SEVENTEEN-STAYC-TWICE-TXT-XDINARY+HEROES HTTP/2.0" 200 19966 "-" "Mozilla/5.0 AppleWebKit/537.36 (KHTML, like Gecko; compatible; bingbot/2.0; +http://www.bing.com/bingbot.htm) Chrome/116.0.1938.76 Safari/537.36"
40.77.167.3 - - [13/Oct/2025:03:46:50 +0200] "GET /bg/13-artisti?q=%D0%9A%D0%B0%D1%82%D0%B5%D0%B3%D0%BE%D1%80%D0%B8%D0%B8-AESPA-BABYMONSTER-BLACKPINK-BOYNEXTDOOR-ENHYPEN-GOT+THE+BEAT-ILLIT-JIHYO-Kep1er-LISA-NCT+DOYOUNG-NMIXX-RIIZE-STRAYKIDS-TWICE-WayV-ZEROBASEONE-JIMIN+%28BTS%29 HTTP/2.0" 200 21654 "-" "Mozilla/5.0 AppleWebKit/537.36 (KHTML, like Gecko; compatible; bingbot/2.0; +http://www.bing.com/bingbot.htm) Chrome/116.0.1938.76 Safari/537.36"
217.113.194.109 - - [13/Oct/2025:03:46:52 +0200] "GET /en/13-artist?order=product.position.asc&q=Categories-STAYC-Kep1er&page=3 HTTP/1.1" 200 19760 "-" "Mozilla/5.0 (compatible; Barkrowler/0.9; +https://babbar.tech/crawler)"
52.167.144.162 - - [13/Oct/2025:03:46:54 +0200] "GET /bg/12-albumi?q=%D0%9D%D0%B0%D0%BB%D0%B8%D1%87%D0%BD%D0%BE%D1%81%D1%82-%D0%92+%D0%BD%D0%B0%D0%BB%D0%B8%D1%87%D0%BD%D0%BE%D1%81%D1%82-%D0%9D%D0%B0%D0%BB%D0%B8%D1%87%D0%B5%D0%BD/%D0%9C%D0%B0%D1%80%D0%BA%D0%B0-BigHit+Entertainment-BigHit+Music-FANTAGIO+MUSIC-HIGHUP+ENTERTAINMENT-SM+Entertainment-YG+Entertainment HTTP/2.0" 200 17950 "-" "Mozilla/5.0 AppleWebKit/537.36 (KHTML, like Gecko; compatible; bingbot/2.0; +http://www.bing.com/bingbot.htm) Chrome/116.0.1938.76 Safari/537.36"
52.167.144.162 - - [13/Oct/2025:03:46:55 +0200] "GET /bg/13-artisti?q=%D0%9A%D0%B0%D1%82%D0%B5%D0%B3%D0%BE%D1%80%D0%B8%D0%B8-ATEEZ-BABYMONSTER-BOYNEXTDOOR-ENHYPEN-ILLIT-IVE-JIHYO-LISA-NMIXX-P1Harmony-RIIZE-SEVENTEEN-STRAYKIDS-TWICE-TXT-V+%28BTS%29-WayV-ZEROBASEONE-NCT+DOYOUNG HTTP/2.0" 200 21577 "-" "Mozilla/5.0 AppleWebKit/537.36 (KHTML, like Gecko; compatible; bingbot/2.0; +http://www.bing.com/bingbot.htm) Chrome/116.0.1938.76 Safari/537.36"
52.167.144.171 - - [13/Oct/2025:03:46:57 +0200] "GET /bg/13-artisti?q=%D0%9A%D0%B0%D1%82%D0%B5%D0%B3%D0%BE%D1%80%D0%B8%D0%B8-AESPA-ATEEZ-BABYMONSTER-BLACKPINK-BTS-ENHYPEN-ILLIT-ITZY-JIHYO-KAI-Kep1er-LISA-NCT+WISH-NMIXX-TREASURE-TWICE-TXT-xikers-ZEROBASEONE-P1Harmony HTTP/2.0" 200 21539 "-" "Mozilla/5.0 AppleWebKit/537.36 (KHTML, like Gecko; compatible; bingbot/2.0; +http://www.bing.com/bingbot.htm) Chrome/116.0.1938.76 Safari/537.36"
114.119.137.2 - - [13/Oct/2025:03:46:57 +0200] "GET /en/best-sales?id_currency=2&order=product.name.desc&page=13 HTTP/1.1" 200 15893 "https://kpopbg.com/en/best-sales?id_currency=2&order=product.name.desc&page=13" "Mozilla/5.0 (Linux; Android 7.0;) AppleWebKit/537.36 (KHTML, like Gecko) Mobile Safari/537.36 (compatible; PetalBot;+https://webmaster.petalsearch.com/site/petalbot)"
217.113.194.103 - - [13/Oct/2025:03:47:09 +0200] "GET /en/13-artist?order=product.position.asc&q=Categories-STAYC-Kep1er&page=20 HTTP/1.1" 200 18301 "-" "Mozilla/5.0 (compatible; Barkrowler/0.9; +https://babbar.tech/crawler)"
216.244.66.233 - - [13/Oct/2025:03:47:16 +0200] "GET /66-home_default/blackpink-born-pink-gray-ver.jpg HTTP/1.1" 200 3607 "-" "Mozilla/5.0 (compatible; DotBot/1.2; +https://opensiteexplorer.org/dotbot; help@moz.com)"
216.244.66.233 - - [13/Oct/2025:03:47:21 +0200] "GET /en/new-products?order=product.name.desc&SubmitCurrency=1&id_currency=3 HTTP/1.1" 301 5 "-" "Mozilla/5.0 (compatible; DotBot/1.2; +https://opensiteexplorer.org/dotbot; help@moz.com)"
217.113.194.223 - - [13/Oct/2025:03:47:26 +0200] "GET /en/13-artist?order=product.position.asc&q=Categories-STAYC-ITZY&page=3 HTTP/1.1" 200 19755 "-" "Mozilla/5.0 (compatible; Barkrowler/0.9; +https://babbar.tech/crawler)"
40.77.167.75 - - [13/Oct/2025:03:47:27 +0200] "GET /bg/13-artisti?q=%D0%9A%D0%B0%D1%82%D0%B5%D0%B3%D0%BE%D1%80%D0%B8%D0%B8-AESPA-ATEEZ-BABYMONSTER-BLACKPINK-BOYNEXTDOOR-BTS-ENHYPEN-ILLIT-IVE-JIHYO-KAI-LISA-NCT+DOYOUNG-NMIXX-RIIZE-SEVENTEEN-TXT-WayV-ZEROBASEONE&order=product.name.desc HTTP/2.0" 200 21797 "-" "Mozilla/5.0 AppleWebKit/537.36 (KHTML, like Gecko; compatible; bingbot/2.0; +http://www.bing.com/bingbot.htm) Chrome/116.0.1938.76 Safari/537.36"
40.77.167.3 - - [13/Oct/2025:03:47:29 +0200] "GET /en/13-artist?q=Categories-ATEEZ-BABYMONSTER-BLACKPINK-ENHYPEN-ILLIT-ITZY-JIHYO-JIMIN+%28BTS%29-LISA-TWICE-V+%28BTS%29-ZEROBASEONE-RIIZE HTTP/2.0" 200 19872 "-" "Mozilla/5.0 AppleWebKit/537.36 (KHTML, like Gecko; compatible; bingbot/2.0; +http://www.bing.com/bingbot.htm) Chrome/116.0.1938.76 Safari/537.36"
52.167.144.162 - - [13/Oct/2025:03:47:30 +0200] "GET /bg/13-artisti?q=%D0%9A%D0%B0%D1%82%D0%B5%D0%B3%D0%BE%D1%80%D0%B8%D0%B8-AESPA-ATEEZ-BABYMONSTER-BLACKPINK-BOYNEXTDOOR-ENHYPEN-GOT+THE+BEAT-ILLIT-IVE-JENNIE+%28BLACKPINK%29-JIHYO-JISOO+%28BLACKPINK%29-LISA+%28BLACKPINK%29-NMIXX-RIIZE-ROSE+%28BLACKPINK%29-SEVENTEEN-STAYC-STRAYKIDS-TREASURE-TWICE-WayV-ZEROBASEONE-Tzuyu+%28TWICE%29 HTTP/2.0" 200 21720 "-" "Mozilla/5.0 AppleWebKit/537.36 (KHTML, like Gecko; compatible; bingbot/2.0; +http://www.bing.com/bingbot.htm) Chrome/116.0.1938.76 Safari/537.36"
217.113.194.103 - - [13/Oct/2025:03:47:42 +0200] "GET /en/13-artist?order=product.position.asc&q=Categories-STAYC-ITZY&page=20 HTTP/1.1" 200 18292 "-" "Mozilla/5.0 (compatible; Barkrowler/0.9; +https://babbar.tech/crawler)"
40.77.167.3 - - [13/Oct/2025:03:47:56 +0200] "GET /bg/13-artisti?q=%D0%9A%D0%B0%D1%82%D0%B5%D0%B3%D0%BE%D1%80%D0%B8%D0%B8-BLACKPINK-ENHYPEN-JEON+SOMI-JISOO-KAI-NCT-NCT+127-NMIXX-STAYC-TREASURE-TWICE/%D0%9D%D0%B0%D0%BB%D0%B8%D1%87%D0%BD%D0%BE%D1%81%D1%82-%D0%92+%D0%BD%D0%B0%D0%BB%D0%B8%D1%87%D0%BD%D0%BE%D1%81%D1%82 HTTP/2.0" 200 21639 "-" "Mozilla/5.0 AppleWebKit/537.36 (KHTML, like Gecko; compatible; bingbot/2.0; +http://www.bing.com/bingbot.htm) Chrome/116.0.1938.76 Safari/537.36"
40.77.167.75 - - [13/Oct/2025:03:47:57 +0200] "GET /bg/13-artisti?q=%D0%9A%D0%B0%D1%82%D0%B5%D0%B3%D0%BE%D1%80%D0%B8%D0%B8-AESPA-BABYMONSTER-BLACKPINK-BOYNEXTDOOR-ENHYPEN-ILLIT-JIHYO-Kep1er-LISA-NAYEON+%28TWICE%29-NMIXX-RIIZE-ROSE+%28BLACKPINK%29-STRAYKIDS-TWICE-WayV-KAI HTTP/2.0" 200 21642 "-" "Mozilla/5.0 AppleWebKit/537.36 (KHTML, like Gecko; compatible; bingbot/2.0; +http://www.bing.com/bingbot.htm) Chrome/116.0.1938.76 Safari/537.36"
217.113.194.103 - - [13/Oct/2025:03:47:59 +0200] "GET /en/13-artist?order=product.position.asc&q=Categories-WayV-P1Harmony&page=18 HTTP/1.1" 200 19871 "-" "Mozilla/5.0 (compatible; Barkrowler/0.9; +https://babbar.tech/crawler)"
52.167.144.162 - - [13/Oct/2025:03:48:01 +0200] "GET /bg/13-artisti?q=%D0%9A%D0%B0%D1%82%D0%B5%D0%B3%D0%BE%D1%80%D0%B8%D0%B8-ATEEZ-BABYMONSTER-BLACKPINK-BOYNEXTDOOR-ENHYPEN-ILLIT-ITZY-KAI-LISA-NMIXX-STAYC-STRAYKIDS-ZEROBASEONE-TWICE HTTP/2.0" 200 21529 "-" "Mozilla/5.0 AppleWebKit/537.36 (KHTML, like Gecko; compatible; bingbot/2.0; +http://www.bing.com/bingbot.htm) Chrome/116.0.1938.76 Safari/537.36"
52.167.144.162 - - [13/Oct/2025:03:48:10 +0200] "GET /bg/13-artisti?q=%D0%9A%D0%B0%D1%82%D0%B5%D0%B3%D0%BE%D1%80%D0%B8%D0%B8-AESPA-BABYMONSTER-BLACKPINK-ENHYPEN-ILLIT-ITZY-JIHYO-KAI-LISA-NAYEON+%28TWICE%29-NMIXX-SEVENTEEN-STAYC-TWICE-WayV-ZEROBASEONE-RIIZE HTTP/2.0" 200 21541 "-" "Mozilla/5.0 AppleWebKit/537.36 (KHTML, like Gecko; compatible; bingbot/2.0; +http://www.bing.com/bingbot.htm) Chrome/116.0.1938.76 Safari/537.36"
40.77.167.3 - - [13/Oct/2025:03:48:16 +0200] "GET /en/13-artist?q=Categories-ATEEZ-BABYMONSTER-BTS-ENHYPEN-ILLIT-ITZY-JIHYO-LISA-NMIXX-SEVENTEEN-TXT-ZEROBASEONE-NAYEON+%28TWICE%29 HTTP/2.0" 200 19897 "-" "Mozilla/5.0 AppleWebKit/537.36 (KHTML, like Gecko; compatible; bingbot/2.0; +http://www.bing.com/bingbot.htm) Chrome/116.0.1938.76 Safari/537.36"
40.77.167.3 - - [13/Oct/2025:03:48:17 +0200] "GET /bg/13-artisti?q=%D0%9A%D0%B0%D1%82%D0%B5%D0%B3%D0%BE%D1%80%D0%B8%D0%B8-AESPA-ATEEZ-BABYMONSTER-BLACKPINK-BOYNEXTDOOR-ENHYPEN-ILLIT-ITZY-IVE-JIHYO-LISA-NMIXX-RIIZE-RM+%28BTS%29-STAYC-THE+BOYZ-TWICE-TXT-V+%28BTS%29-ZEROBASEONE-NCT+DREAM HTTP/2.0" 200 21632 "-" "Mozilla/5.0 AppleWebKit/537.36 (KHTML, like Gecko; compatible; bingbot/2.0; +http://www.bing.com/bingbot.htm) Chrome/116.0.1938.76 Safari/537.36"
217.113.194.102 - - [13/Oct/2025:03:48:17 +0200] "GET /en/13-artist?order=product.position.asc&q=Categories-WayV-P1Harmony&page=19 HTTP/1.1" 200 19821 "-" "Mozilla/5.0 (compatible; Barkrowler/0.9; +https://babbar.tech/crawler)"
40.77.167.75 - - [13/Oct/2025:03:48:18 +0200] "GET /bg/13-artisti?q=%D0%9A%D0%B0%D1%82%D0%B5%D0%B3%D0%BE%D1%80%D0%B8%D0%B8-ASTRO-BLACKPINK-GOT+THE+BEAT-ITZY-IVE-JISOO-KAI-NCT-NCT+DREAM-NMIXX-STAYC-STRAYKIDS-TREASURE HTTP/2.0" 200 21467 "-" "Mozilla/5.0 AppleWebKit/537.36 (KHTML, like Gecko; compatible; bingbot/2.0; +http://www.bing.com/bingbot.htm) Chrome/116.0.1938.76 Safari/537.36"
40.77.167.3 - - [13/Oct/2025:03:48:18 +0200] "GET /bg/13-artisti?q=%D0%9A%D0%B0%D1%82%D0%B5%D0%B3%D0%BE%D1%80%D0%B8%D0%B8-ATEEZ-BABYMONSTER-BLACKPINK-BOYNEXTDOOR-Dreamcatcher-ENHYPEN-GOT+THE+BEAT-ILLIT-IVE-JENNIE+%28BLACKPINK%29-JIHYO-JISOO+%28BLACKPINK%29-LISA+%28BLACKPINK%29-NMIXX-RIIZE-STAYC-STRAYKIDS-TREASURE-TWICE-WayV-ZEROBASEONE-SEVENTEEN HTTP/2.0" 200 21716 "-" "Mozilla/5.0 AppleWebKit/537.36 (KHTML, like Gecko; compatible; bingbot/2.0; +http://www.bing.com/bingbot.htm) Chrome/116.0.1938.76 Safari/537.36"
40.77.167.3 - - [13/Oct/2025:03:48:18 +0200] "GET /bg/13-artisti?q=%D0%9A%D0%B0%D1%82%D0%B5%D0%B3%D0%BE%D1%80%D0%B8%D0%B8-ATEEZ-BABYMONSTER-BLACKPINK-BOYNEXTDOOR-GOT+THE+BEAT-ILLIT-ITZY-IVE-JENNIE+%28BLACKPINK%29-JIHYO-JISOO+%28BLACKPINK%29-Kep1er-LISA+%28BLACKPINK%29-NMIXX-P1Harmony-RIIZE-ROSE+%28BLACKPINK%29-SEVENTEEN-STAYC-STRAYKIDS-TREASURE-WayV-ZEROBASEONE-JUNG+KOOK+%28BTS%29 HTTP/2.0" 200 21759 "-" "Mozilla/5.0 AppleWebKit/537.36 (KHTML, like Gecko; compatible; bingbot/2.0; +http://www.bing.com/bingbot.htm) Chrome/116.0.1938.76 Safari/537.36"
52.167.144.162 - - [13/Oct/2025:03:48:20 +0200] "GET /bg/13-artisti?q=%D0%9A%D0%B0%D1%82%D0%B5%D0%B3%D0%BE%D1%80%D0%B8%D0%B8-ATEEZ-BTS-ENHYPEN-GOT+THE+BEAT-ILLIT-ITZY-IVE-JIHYO-JUNG+KOOK+%28BTS%29-KAI-LE+SSERAFIM-LISA-NEW+JEANS-NMIXX-STRAYKIDS-V+%28BTS%29-BABYMONSTER HTTP/2.0" 200 21580 "-" "Mozilla/5.0 AppleWebKit/537.36 (KHTML, like Gecko; compatible; bingbot/2.0; +http://www.bing.com/bingbot.htm) Chrome/116.0.1938.76 Safari/537.36"
114.119.128.20 - - [13/Oct/2025:03:48:20 +0200] "GET /en/best-sales?id_currency=1&page=8 HTTP/1.1" 200 15870 "https://kpopbg.com/en/best-sales?id_currency=1&page=9" "Mozilla/5.0 (Linux; Android 7.0;) AppleWebKit/537.36 (KHTML, like Gecko) Mobile Safari/537.36 (compatible; PetalBot;+https://webmaster.petalsearch.com/site/petalbot)"
40.77.167.75 - - [13/Oct/2025:03:48:28 +0200] "GET /bg/13-artisti?q=%D0%9A%D0%B0%D1%82%D0%B5%D0%B3%D0%BE%D1%80%D0%B8%D0%B8-ATEEZ-BABYMONSTER-BLACKPINK-BTS-ENHYPEN-GOT+THE+BEAT-ITZY-JIHYO-JUNG+KOOK+%28BTS%29-KAI-LE+SSERAFIM-LISA-NCT-NCT+DREAM-NEW+JEANS-P1Harmony-STRAYKIDS-TXT HTTP/2.0" 200 21610 "-" "Mozilla/5.0 AppleWebKit/537.36 (KHTML, like Gecko; compatible; bingbot/2.0; +http://www.bing.com/bingbot.htm) Chrome/116.0.1938.76 Safari/537.36"
217.113.194.247 - - [13/Oct/2025:03:48:35 +0200] "GET /en/13-artist?order=product.position.asc&q=Categories-WayV-ENHYPEN&page=5 HTTP/1.1" 200 19758 "-" "Mozilla/5.0 (compatible; Barkrowler/0.9; +https://babbar.tech/crawler)"
217.113.194.111 - - [13/Oct/2025:03:48:52 +0200] "GET /en/13-artist?order=product.position.asc&q=Categories-WayV-ENHYPEN&page=19 HTTP/1.1" 200 19819 "-" "Mozilla/5.0 (compatible; Barkrowler/0.9; +https://babbar.tech/crawler)"
40.77.167.75 - - [13/Oct/2025:03:48:58 +0200] "GET /bg/13-artisti?q=%D0%9A%D0%B0%D1%82%D0%B5%D0%B3%D0%BE%D1%80%D0%B8%D0%B8-AESPA-BABYMONSTER-BLACKPINK-BTS-ENHYPEN-ILLIT-KAI-LE+SSERAFIM-LISA-NMIXX-STRAYKIDS-TREASURE-TWICE-BOYNEXTDOOR HTTP/2.0" 200 21496 "-" "Mozilla/5.0 AppleWebKit/537.36 (KHTML, like Gecko; compatible; bingbot/2.0; +http://www.bing.com/bingbot.htm) Chrome/116.0.1938.76 Safari/537.36"
217.113.194.247 - - [13/Oct/2025:03:49:08 +0200] "GET /en/13-artist?order=product.position.asc&q=Categories-WayV-ENHYPEN&page=18 HTTP/1.1" 200 19875 "-" "Mozilla/5.0 (compatible; Barkrowler/0.9; +https://babbar.tech/crawler)"
40.77.167.3 - - [13/Oct/2025:03:49:09 +0200] "GET /bg/13-artisti?q=%D0%9A%D0%B0%D1%82%D0%B5%D0%B3%D0%BE%D1%80%D0%B8%D0%B8-AESPA-ATEEZ-BABYMONSTER-BOYNEXTDOOR-ENHYPEN-GOT+THE+BEAT-ILLIT-IVE-JIHYO-LISA-NMIXX-P1Harmony-RIIZE-RM+%28BTS%29-STAYC-TWICE-WayV-ZEROBASEONE-NCT+WISH HTTP/2.0" 200 21562 "-" "Mozilla/5.0 AppleWebKit/537.36 (KHTML, like Gecko; compatible; bingbot/2.0; +http://www.bing.com/bingbot.htm) Chrome/116.0.1938.76 Safari/537.36"
