HEX
Server: nginx/1.24.0
System: Linux rtfmfm 6.8.0-71-generic #71-Ubuntu SMP PREEMPT_DYNAMIC Tue Jul 22 16:52:38 UTC 2025 x86_64
User: neo (1001)
PHP: 7.4.33
Disabled: pcntl_alarm,pcntl_fork,pcntl_waitpid,pcntl_wait,pcntl_wifexited,pcntl_wifstopped,pcntl_wifsignaled,pcntl_wifcontinued,pcntl_wexitstatus,pcntl_wtermsig,pcntl_wstopsig,pcntl_signal,pcntl_signal_get_handler,pcntl_signal_dispatch,pcntl_get_last_error,pcntl_strerror,pcntl_sigprocmask,pcntl_sigwaitinfo,pcntl_sigtimedwait,pcntl_exec,pcntl_getpriority,pcntl_setpriority,pcntl_async_signals,pcntl_unshare,
Upload Files
File: /var/log/nginx/kpopbg.com-access.log.1
78.83.204.119 - - [05/May/2025:18:12:33 +0200] "GET /bg/nachalo/302-570-xikers-house-of-tricky-spur-5th-mini-album--8804775454547 HTTP/2.0" 500 0 "https://kpopbg.com/bg/" "Mozilla/5.0 (X11; Linux x86_64) AppleWebKit/537.36 (KHTML, like Gecko) Chrome/136.0.0.0 Safari/537.36"
78.83.204.119 - - [05/May/2025:18:12:41 +0200] "GET /bg/ HTTP/2.0" 500 0 "-" "Mozilla/5.0 (X11; Linux x86_64) AppleWebKit/537.36 (KHTML, like Gecko) Chrome/136.0.0.0 Safari/537.36"
66.249.68.33 - - [05/May/2025:18:12:48 +0200] "GET /404-large_default/enhypen-manifesto-day-1.jpg HTTP/1.1" 200 43940 "-" "Googlebot-Image/1.0"
40.77.167.35 - - [05/May/2025:18:12:55 +0200] "GET /bg/13-artisti?q=%D0%9A%D0%B0%D1%82%D0%B5%D0%B3%D0%BE%D1%80%D0%B8%D0%B8-AESPA-BLACKPINK-BTS-ENHYPEN-ITZY-JIHYO-JISOO-NCT-NCT+DREAM-NMIXX-STAYC-TWICE-IVE/%D0%9D%D0%B0%D0%BB%D0%B8%D1%87%D0%BD%D0%BE%D1%81%D1%82-%D0%92+%D0%BD%D0%B0%D0%BB%D0%B8%D1%87%D0%BD%D0%BE%D1%81%D1%82-%D0%9D%D1%8F%D0%BC%D0%B0+%D0%BD%D0%B0%D0%BB%D0%B8%D1%87%D0%BD%D0%BE%D1%81%D1%82 HTTP/2.0" 500 0 "-" "Mozilla/5.0 AppleWebKit/537.36 (KHTML, like Gecko; compatible; bingbot/2.0; +http://www.bing.com/bingbot.htm) Chrome/116.0.1938.76 Safari/537.36"
47.128.45.224 - - [05/May/2025:18:12:58 +0200] "GET /bg/13-artisti?SubmitCurrency=1&id_currency=2&q=%D0%9C%D0%B0%D1%80%D0%BA%D0%B0-CUBE+ENTERTAINMENT-FANTAGIO+MUSIC-ADOR HTTP/2.0" 500 0 "-" "Mozilla/5.0 (compatible; Bytespider; spider-feedback@bytedance.com) AppleWebKit/537.36 (KHTML, like Gecko) Chrome/70.0.0.0 Safari/537.36"
114.119.134.10 - - [05/May/2025:18:13:00 +0200] "GET /en/13-artist?q=Categories-STRAYKIDS-TREASURE-TWICE-TXT-JEON%2BSOMI&order=product.price.desc HTTP/1.1" 500 5 "https://kpopbg.com/en/13-artist?q=Categories-STRAYKIDS-TREASURE-TWICE-TXT-JEON%2BSOMI&order=product.name.asc" "Mozilla/5.0 (Linux; Android 7.0;) AppleWebKit/537.36 (KHTML, like Gecko) Mobile Safari/537.36 (compatible; PetalBot;+https://webmaster.petalsearch.com/site/petalbot)"
207.46.13.130 - - [05/May/2025:18:13:09 +0200] "GET /bg/13-artisti?q=%D0%9A%D0%B0%D1%82%D0%B5%D0%B3%D0%BE%D1%80%D0%B8%D0%B8-AESPA-ATEEZ-BABYMONSTER-BLACKPINK-ENHYPEN-ITZY-JIHYO-LE+SSERAFIM-NCT+JAEHYUN-NMIXX-RIIZE-SEVENTEEN-STRAYKIDS-TWICE-XDINARY+HEROES-ZEROBASEONE-ROSE+%28BLACKPINK%29 HTTP/2.0" 500 0 "-" "Mozilla/5.0 AppleWebKit/537.36 (KHTML, like Gecko; compatible; bingbot/2.0; +http://www.bing.com/bingbot.htm) Chrome/116.0.1938.76 Safari/537.36"
78.83.204.119 - - [05/May/2025:18:13:11 +0200] "GET /bg/ HTTP/2.0" 500 0 "-" "Mozilla/5.0 (X11; Linux x86_64) AppleWebKit/537.36 (KHTML, like Gecko) Chrome/136.0.0.0 Safari/537.36"
207.46.13.130 - - [05/May/2025:18:13:18 +0200] "GET /bg/13-artisti?q=%D0%9A%D0%B0%D1%82%D0%B5%D0%B3%D0%BE%D1%80%D0%B8%D0%B8-AESPA-ATEEZ-BABYMONSTER-BLACKPINK-BOYNEXTDOOR-ENHYPEN-GOT+THE+BEAT-ILLIT-IVE-JENNIE+%28BLACKPINK%29-Kep1er-LISA+%28BLACKPINK%29-NMIXX-RIIZE-ROSE+%28BLACKPINK%29-STAYC-STRAYKIDS-TREASURE-TXT-WayV-YEJI+%28ITZY%29-ZEROBASEONE HTTP/2.0" 500 0 "-" "Mozilla/5.0 AppleWebKit/537.36 (KHTML, like Gecko; compatible; bingbot/2.0; +http://www.bing.com/bingbot.htm) Chrome/116.0.1938.76 Safari/537.36"
40.77.167.35 - - [05/May/2025:18:13:21 +0200] "GET /bg/13-artisti?q=%D0%9A%D0%B0%D1%82%D0%B5%D0%B3%D0%BE%D1%80%D0%B8%D0%B8-ATEEZ-BABYMONSTER-BLACKPINK-BOYNEXTDOOR-BTS-ENHYPEN-GOT+THE+BEAT-ILLIT-IVE-JENNIE+%28BLACKPINK%29-JIHYO-JIMIN+%28BTS%29-LE+SSERAFIM-NMIXX-RIIZE-TWICE-WayV-ZEROBASEONE HTTP/2.0" 500 0 "-" "Mozilla/5.0 AppleWebKit/537.36 (KHTML, like Gecko; compatible; bingbot/2.0; +http://www.bing.com/bingbot.htm) Chrome/116.0.1938.76 Safari/537.36"
40.77.167.35 - - [05/May/2025:18:13:21 +0200] "GET /en/13-artist?q=%D0%9A%D0%B0%D1%82%D0%B5%D0%B3%D0%BE%D1%80%D0%B8%D0%B8-AESPA-BABYMONSTER-BLACKPINK-BOYNEXTDOOR-ENHYPEN-ILLIT-JIHYO-Kep1er-LISA-NCT+DOYOUNG-NCT+DREAM-NMIXX-P1Harmony-RIIZE-SEVENTEEN-STRAYKIDS-TWICE-WayV-XDINARY+HEROES-ZEROBASEONE-JISOO+%28BLACKPINK%29 HTTP/2.0" 500 0 "-" "Mozilla/5.0 AppleWebKit/537.36 (KHTML, like Gecko; compatible; bingbot/2.0; +http://www.bing.com/bingbot.htm) Chrome/116.0.1938.76 Safari/537.36"
40.77.167.35 - - [05/May/2025:18:13:21 +0200] "GET /bg/13-artisti?q=%D0%9A%D0%B0%D1%82%D0%B5%D0%B3%D0%BE%D1%80%D0%B8%D0%B8-ATEEZ-BLACKPINK-BOYNEXTDOOR-Dreamcatcher-ILLIT-IVE-JENNIE+%28BLACKPINK%29-JIHYO-NCT+DOYOUNG-NMIXX-RIIZE-ROSE+%28BLACKPINK%29-STAYC-TWICE-WayV-ZEROBASEONE-RM+%28BTS%29 HTTP/2.0" 500 0 "-" "Mozilla/5.0 AppleWebKit/537.36 (KHTML, like Gecko; compatible; bingbot/2.0; +http://www.bing.com/bingbot.htm) Chrome/116.0.1938.76 Safari/537.36"
157.55.39.13 - - [05/May/2025:18:13:23 +0200] "GET /bg/13-artisti?q=%D0%9A%D0%B0%D1%82%D0%B5%D0%B3%D0%BE%D1%80%D0%B8%D0%B8-AESPA-BABYMONSTER-BOYNEXTDOOR-BTS-CHA+EUN+WOO+%28ASTRO%29-ENHYPEN-ILLIT-JIHYO-LE+SSERAFIM-NCT+WISH-NMIXX-RED+VELVET-RIIZE-ROSE+%28BLACKPINK%29-STAYC-STRAYKIDS-THE+BOYZ-TWICE-WayV-ZEROBASEONE-Dreamcatcher HTTP/2.0" 500 0 "-" "Mozilla/5.0 AppleWebKit/537.36 (KHTML, like Gecko; compatible; bingbot/2.0; +http://www.bing.com/bingbot.htm) Chrome/116.0.1938.76 Safari/537.36"
157.55.39.13 - - [05/May/2025:18:13:24 +0200] "GET /bg/13-artisti?q=%D0%9A%D0%B0%D1%82%D0%B5%D0%B3%D0%BE%D1%80%D0%B8%D0%B8-AESPA-ATEEZ-BLACKPINK-BTS-ENHYPEN-IVE-JISOO-KAI-NCT+127-NMIXX-STAYC-TWICE-NCT/%D0%9D%D0%B0%D0%BB%D0%B8%D1%87%D0%BD%D0%BE%D1%81%D1%82-%D0%92+%D0%BD%D0%B0%D0%BB%D0%B8%D1%87%D0%BD%D0%BE%D1%81%D1%82-%D0%9D%D1%8F%D0%BC%D0%B0+%D0%BD%D0%B0%D0%BB%D0%B8%D1%87%D0%BD%D0%BE%D1%81%D1%82 HTTP/2.0" 500 0 "-" "Mozilla/5.0 AppleWebKit/537.36 (KHTML, like Gecko; compatible; bingbot/2.0; +http://www.bing.com/bingbot.htm) Chrome/116.0.1938.76 Safari/537.36"
157.55.39.13 - - [05/May/2025:18:13:24 +0200] "GET /en/13-artist?q=Categories-AESPA-BTS-CHA+EUN+WOO+%28ASTRO%29-ENHYPEN-ILLIT-NMIXX-ROSE+%28BLACKPINK%29-SEVENTEEN-STRAYKIDS-TWICE-ZEROBASEONE-NAYEON+%28TWICE%29&page=6 HTTP/2.0" 500 0 "-" "Mozilla/5.0 AppleWebKit/537.36 (KHTML, like Gecko; compatible; bingbot/2.0; +http://www.bing.com/bingbot.htm) Chrome/116.0.1938.76 Safari/537.36"
54.36.148.33 - - [05/May/2025:18:13:26 +0200] "GET /en/brand/10-source-music?SubmitCurrency=1&id_currency=3&order=product.price.desc HTTP/2.0" 500 0 "-" "Mozilla/5.0 (compatible; AhrefsBot/7.0; +http://ahrefs.com/robot/)"
78.83.204.119 - - [05/May/2025:18:13:40 +0200] "POST /admin133rxd96y/index.php/common/notifications?_token=G1DHvA_F5TXXaLSqKgneisiGOU62mzMI_jQ6qwt-SP0 HTTP/2.0" 500 0 "https://kpopbg.com/admin133rxd96y/index.php/improve/modules/manage?_token=G1DHvA_F5TXXaLSqKgneisiGOU62mzMI_jQ6qwt-SP0" "Mozilla/5.0 (X11; Linux x86_64) AppleWebKit/537.36 (KHTML, like Gecko) Chrome/136.0.0.0 Safari/537.36"
78.83.204.119 - - [05/May/2025:18:13:40 +0200] "POST /admin133rxd96y/index.php/common/notifications?_token=G1DHvA_F5TXXaLSqKgneisiGOU62mzMI_jQ6qwt-SP0&rand=1746461619563 HTTP/2.0" 500 0 "https://kpopbg.com/admin133rxd96y/index.php/improve/modules/manage?_token=G1DHvA_F5TXXaLSqKgneisiGOU62mzMI_jQ6qwt-SP0" "Mozilla/5.0 (X11; Linux x86_64) AppleWebKit/537.36 (KHTML, like Gecko) Chrome/136.0.0.0 Safari/537.36"
40.77.167.35 - - [05/May/2025:18:13:51 +0200] "GET /bg/13-artisti?q=%D0%9A%D0%B0%D1%82%D0%B5%D0%B3%D0%BE%D1%80%D0%B8%D0%B8-AESPA-Agust+D+%28BTS%29-BABYMONSTER-BOYNEXTDOOR-BTS-ENHYPEN-ILLIT-IVE-JIHYO-Jin+%28BTS%29-KAI-LISA-NAYEON+%28TWICE%29-NCT+JAEHYUN-NMIXX-P1Harmony-RIIZE-WayV-ZEROBASEONE HTTP/2.0" 500 0 "-" "Mozilla/5.0 AppleWebKit/537.36 (KHTML, like Gecko; compatible; bingbot/2.0; +http://www.bing.com/bingbot.htm) Chrome/116.0.1938.76 Safari/537.36"
40.77.167.35 - - [05/May/2025:18:13:52 +0200] "GET /bg/13-artisti?q=%D0%9A%D0%B0%D1%82%D0%B5%D0%B3%D0%BE%D1%80%D0%B8%D0%B8-AESPA-BABYMONSTER-BLACKPINK-BOYNEXTDOOR-ENHYPEN-ILLIT-JIHYO-JISOO+%28BLACKPINK%29-Kep1er-NCT+127-NCT+DOYOUNG-NMIXX-STRAYKIDS-TWICE-WayV-ZEROBASEONE-KISS+OF+LIFE HTTP/2.0" 500 0 "-" "Mozilla/5.0 AppleWebKit/537.36 (KHTML, like Gecko; compatible; bingbot/2.0; +http://www.bing.com/bingbot.htm) Chrome/116.0.1938.76 Safari/537.36"
47.128.52.124 - - [05/May/2025:18:14:07 +0200] "GET /bg/13-artisti?SubmitCurrency=1&id_currency=2&q=%D0%9A%D0%B0%D1%82%D0%B5%D0%B3%D0%BE%D1%80%D0%B8%D0%B8-AESPA-BLACKPINK-KAI-NEW+JEANS-TXT-NCT+127 HTTP/2.0" 500 0 "-" "Mozilla/5.0 (compatible; Bytespider; spider-feedback@bytedance.com) AppleWebKit/537.36 (KHTML, like Gecko) Chrome/70.0.0.0 Safari/537.36"
207.46.13.130 - - [05/May/2025:18:14:08 +0200] "GET /en/13-artist?q=%D0%9A%D0%B0%D1%82%D0%B5%D0%B3%D0%BE%D1%80%D0%B8%D0%B8-AESPA-BABYMONSTER-BOYNEXTDOOR-ENHYPEN-ILLIT-JIHYO-LE+SSERAFIM-LISA-NMIXX-RED+VELVET-RIIZE-STRAYKIDS-TWICE-TXT-WayV-ZEROBASEONE HTTP/2.0" 500 0 "-" "Mozilla/5.0 AppleWebKit/537.36 (KHTML, like Gecko; compatible; bingbot/2.0; +http://www.bing.com/bingbot.htm) Chrome/116.0.1938.76 Safari/537.36"
207.46.13.130 - - [05/May/2025:18:14:09 +0200] "GET /bg/13-artisti?q=%D0%9A%D0%B0%D1%82%D0%B5%D0%B3%D0%BE%D1%80%D0%B8%D0%B8-AESPA-ENHYPEN-JISOO-KAI-NEW+JEANS-NMIXX-STAYC-TWICE-BLACKPINK/%D0%9D%D0%B0%D0%BB%D0%B8%D1%87%D0%BD%D0%BE%D1%81%D1%82-%D0%92+%D0%BD%D0%B0%D0%BB%D0%B8%D1%87%D0%BD%D0%BE%D1%81%D1%82&order=product.price.asc HTTP/2.0" 500 0 "-" "Mozilla/5.0 AppleWebKit/537.36 (KHTML, like Gecko; compatible; bingbot/2.0; +http://www.bing.com/bingbot.htm) Chrome/116.0.1938.76 Safari/537.36"
157.55.39.52 - - [05/May/2025:18:14:23 +0200] "GET /bg/13-artisti?q=%D0%9A%D0%B0%D1%82%D0%B5%D0%B3%D0%BE%D1%80%D0%B8%D0%B8-AESPA-BABYMONSTER-BLACKPINK-BOYNEXTDOOR-BTS-ENHYPEN-GOT+THE+BEAT-ILLIT-ITZY-JENNIE+%28BLACKPINK%29-JIHYO-JIMIN+%28BTS%29-NAYEON+%28TWICE%29-NCT+127-NMIXX-RIIZE-SEVENTEEN-STAYC-STRAYKIDS-TWICE-TXT-WayV-ZEROBASEONE-NCT+WISH HTTP/2.0" 200 20620 "-" "Mozilla/5.0 AppleWebKit/537.36 (KHTML, like Gecko; compatible; bingbot/2.0; +http://www.bing.com/bingbot.htm) Chrome/116.0.1938.76 Safari/537.36"
157.55.39.52 - - [05/May/2025:18:14:23 +0200] "GET /bg/13-artisti?q=%D0%9A%D0%B0%D1%82%D0%B5%D0%B3%D0%BE%D1%80%D0%B8%D0%B8-ATEEZ-BABYMONSTER-BLACKPINK-BOYNEXTDOOR-ENHYPEN-IVE-JENNIE+%28BLACKPINK%29-JIHYO-JISOO+%28BLACKPINK%29-LISA+%28BLACKPINK%29-NCT+WISH-NMIXX-P1Harmony-RIIZE-ROSE+%28BLACKPINK%29-SEVENTEEN-STAYC-STRAYKIDS-TREASURE-TWICE-WayV-ZEROBASEONE HTTP/2.0" 200 20598 "-" "Mozilla/5.0 AppleWebKit/537.36 (KHTML, like Gecko; compatible; bingbot/2.0; +http://www.bing.com/bingbot.htm) Chrome/116.0.1938.76 Safari/537.36"
157.55.39.52 - - [05/May/2025:18:14:24 +0200] "GET /en/13-artist?q=%D0%9A%D0%B0%D1%82%D0%B5%D0%B3%D0%BE%D1%80%D0%B8%D0%B8-AESPA-BABYMONSTER-BOYNEXTDOOR-BTS-ENHYPEN-ILLIT-ITZY-JIHYO-LISA-NCT+127-NMIXX-P1Harmony-RIIZE-SEVENTEEN-TREASURE-TXT-WayV-ZEROBASEONE-xikers HTTP/2.0" 200 18924 "-" "Mozilla/5.0 AppleWebKit/537.36 (KHTML, like Gecko; compatible; bingbot/2.0; +http://www.bing.com/bingbot.htm) Chrome/116.0.1938.76 Safari/537.36"
78.83.204.119 - - [05/May/2025:18:14:25 +0200] "GET / HTTP/2.0" 302 0 "-" "Mozilla/5.0 (X11; Linux x86_64) AppleWebKit/537.36 (KHTML, like Gecko) Chrome/136.0.0.0 Safari/537.36"
78.83.204.119 - - [05/May/2025:18:14:25 +0200] "GET /bg/ HTTP/2.0" 200 17806 "-" "Mozilla/5.0 (X11; Linux x86_64) AppleWebKit/537.36 (KHTML, like Gecko) Chrome/136.0.0.0 Safari/537.36"
78.83.204.119 - - [05/May/2025:18:14:25 +0200] "GET /themes/classic/assets/cache/theme-f0c26e93.css HTTP/2.0" 304 0 "https://kpopbg.com/bg/" "Mozilla/5.0 (X11; Linux x86_64) AppleWebKit/537.36 (KHTML, like Gecko) Chrome/136.0.0.0 Safari/537.36"
78.83.204.119 - - [05/May/2025:18:14:25 +0200] "GET /themes/classic/assets/cache/bottom-9263dd92.js HTTP/2.0" 304 0 "https://kpopbg.com/bg/" "Mozilla/5.0 (X11; Linux x86_64) AppleWebKit/537.36 (KHTML, like Gecko) Chrome/136.0.0.0 Safari/537.36"
114.119.145.175 - - [05/May/2025:18:14:27 +0200] "GET /en/13-artist?q=Categories-STRAYKIDS-TREASURE-TWICE-TXT-ATEEZ/Availability-Available&order=product.name.asc&page=2 HTTP/1.1" 200 18429 "https://kpopbg.com/en/13-artist?q=Categories-STRAYKIDS-TREASURE-TWICE-TXT-ATEEZ/Availability-Available&order=product.name.asc&page=3" "Mozilla/5.0 (Linux; Android 7.0;) AppleWebKit/537.36 (KHTML, like Gecko) Mobile Safari/537.36 (compatible; PetalBot;+https://webmaster.petalsearch.com/site/petalbot)"
78.83.204.119 - - [05/May/2025:18:14:28 +0200] "GET /index.php?controller=new-products HTTP/2.0" 302 0 "https://kpopbg.com/bg/" "Mozilla/5.0 (X11; Linux x86_64) AppleWebKit/537.36 (KHTML, like Gecko) Chrome/136.0.0.0 Safari/537.36"
78.83.204.119 - - [05/May/2025:18:14:28 +0200] "GET /bg/%D0%BD%D0%BE%D0%B2%D0%B8-%D0%BF%D1%80%D0%BE%D0%B4%D1%83%D0%BA%D1%82%D0%B8 HTTP/2.0" 200 18817 "https://kpopbg.com/bg/" "Mozilla/5.0 (X11; Linux x86_64) AppleWebKit/537.36 (KHTML, like Gecko) Chrome/136.0.0.0 Safari/537.36"
78.83.204.119 - - [05/May/2025:18:14:30 +0200] "GET /bg/ HTTP/2.0" 200 17808 "https://kpopbg.com/bg/%D0%BD%D0%BE%D0%B2%D0%B8-%D0%BF%D1%80%D0%BE%D0%B4%D1%83%D0%BA%D1%82%D0%B8" "Mozilla/5.0 (X11; Linux x86_64) AppleWebKit/537.36 (KHTML, like Gecko) Chrome/136.0.0.0 Safari/537.36"
57.141.6.11 - - [05/May/2025:18:14:32 +0200] "GET / HTTP/2.0" 302 0 "-" "meta-externalagent/1.1 (+https://developers.facebook.com/docs/sharing/webmasters/crawler)"
78.83.204.119 - - [05/May/2025:18:14:34 +0200] "POST /bg/index.php?controller=product HTTP/2.0" 200 24108 "https://kpopbg.com/bg/" "Mozilla/5.0 (X11; Linux x86_64) AppleWebKit/537.36 (KHTML, like Gecko) Chrome/136.0.0.0 Safari/537.36"
78.83.204.119 - - [05/May/2025:18:14:34 +0200] "GET /533-medium_default/newjeans-supernatural-weverse-albums-ver.jpg HTTP/2.0" 200 34902 "https://kpopbg.com/bg/" "Mozilla/5.0 (X11; Linux x86_64) AppleWebKit/537.36 (KHTML, like Gecko) Chrome/136.0.0.0 Safari/537.36"
78.83.204.119 - - [05/May/2025:18:14:34 +0200] "GET /533-small_default/newjeans-supernatural-weverse-albums-ver.jpg HTTP/2.0" 200 3941 "https://kpopbg.com/bg/" "Mozilla/5.0 (X11; Linux x86_64) AppleWebKit/537.36 (KHTML, like Gecko) Chrome/136.0.0.0 Safari/537.36"
54.36.148.57 - - [05/May/2025:18:14:37 +0200] "GET /bg/nachalo/114-stray-kids-cle-2-yellow-wood-special-album-standard-ver-8809440338931?SubmitCurrency=1&id_currency=3 HTTP/2.0" 200 18071 "-" "Mozilla/5.0 (compatible; AhrefsBot/7.0; +http://ahrefs.com/robot/)"
78.83.204.119 - - [05/May/2025:18:14:39 +0200] "GET /bg/nachalo/302-570-xikers-house-of-tricky-spur-5th-mini-album--8804775454547 HTTP/2.0" 200 22013 "https://kpopbg.com/bg/" "Mozilla/5.0 (X11; Linux x86_64) AppleWebKit/537.36 (KHTML, like Gecko) Chrome/136.0.0.0 Safari/537.36"
78.83.204.119 - - [05/May/2025:18:14:42 +0200] "POST /bg/module/ps_facebook/Ajax HTTP/2.0" 200 20 "https://kpopbg.com/bg/nachalo/302-570-xikers-house-of-tricky-spur-5th-mini-album--8804775454547" "Mozilla/5.0 (X11; Linux x86_64) AppleWebKit/537.36 (KHTML, like Gecko) Chrome/136.0.0.0 Safari/537.36"
78.83.204.119 - - [05/May/2025:18:14:42 +0200] "POST /bg/module/ps_facebook/Ajax HTTP/2.0" 200 20 "https://kpopbg.com/bg/nachalo/302-570-xikers-house-of-tricky-spur-5th-mini-album--8804775454547" "Mozilla/5.0 (X11; Linux x86_64) AppleWebKit/537.36 (KHTML, like Gecko) Chrome/136.0.0.0 Safari/537.36"
78.83.204.119 - - [05/May/2025:18:14:42 +0200] "POST /bg/index.php?controller=product&token=8a82bb843a1bc732b757dc07694906a9&id_product=302&id_customization=0&group%5B5%5D=27&qty=1 HTTP/2.0" 200 27081 "https://kpopbg.com/bg/nachalo/302-570-xikers-house-of-tricky-spur-5th-mini-album--8804775454547" "Mozilla/5.0 (X11; Linux x86_64) AppleWebKit/537.36 (KHTML, like Gecko) Chrome/136.0.0.0 Safari/537.36"
157.55.39.52 - - [05/May/2025:18:14:43 +0200] "GET /en/13-artist?q=Categories-%28G%29I%5C-DLE-AESPA-Agust+D+%28BTS%29-BABYMONSTER-BOYNEXTDOOR-ENHYPEN-ILLIT-JIHYO-LISA-NMIXX-RIIZE-TWICE-TXT-WayV-NCT+DOYOUNG&page=3 HTTP/2.0" 200 18815 "-" "Mozilla/5.0 AppleWebKit/537.36 (KHTML, like Gecko; compatible; bingbot/2.0; +http://www.bing.com/bingbot.htm) Chrome/116.0.1938.76 Safari/537.36"
157.55.39.52 - - [05/May/2025:18:14:43 +0200] "GET /bg/13-artisti?q=%D0%9A%D0%B0%D1%82%D0%B5%D0%B3%D0%BE%D1%80%D0%B8%D0%B8-ATEEZ-BABYMONSTER-BLACKPINK-BOYNEXTDOOR-ENHYPEN-ILLIT-IVE-JENNIE+%28BLACKPINK%29-JIHYO-JISOO+%28BLACKPINK%29-NEW+JEANS-NMIXX-P1Harmony-RIIZE-ROSE+%28BLACKPINK%29-SEVENTEEN-STAYC-STRAYKIDS-TREASURE-TWICE-WayV-ZEROBASEONE-YEJI+%28ITZY%29&page=15 HTTP/2.0" 200 20341 "-" "Mozilla/5.0 AppleWebKit/537.36 (KHTML, like Gecko; compatible; bingbot/2.0; +http://www.bing.com/bingbot.htm) Chrome/116.0.1938.76 Safari/537.36"
78.83.204.119 - - [05/May/2025:18:14:44 +0200] "POST /bg/module/ps_facebook/Ajax HTTP/2.0" 200 20 "https://kpopbg.com/bg/nachalo/302-571-xikers-house-of-tricky-spur-5th-mini-album--8804775454547" "Mozilla/5.0 (X11; Linux x86_64) AppleWebKit/537.36 (KHTML, like Gecko) Chrome/136.0.0.0 Safari/537.36"
78.83.204.119 - - [05/May/2025:18:14:51 +0200] "POST /bg/index.php?controller=product&token=8a82bb843a1bc732b757dc07694906a9&id_product=302&id_customization=0&group%5B5%5D=28&qty=1 HTTP/2.0" 499 0 "https://kpopbg.com/bg/nachalo/302-571-xikers-house-of-tricky-spur-5th-mini-album--8804775454547" "Mozilla/5.0 (X11; Linux x86_64) AppleWebKit/537.36 (KHTML, like Gecko) Chrome/136.0.0.0 Safari/537.36"
78.83.204.119 - - [05/May/2025:18:14:53 +0200] "POST /bg/index.php?controller=product&token=8a82bb843a1bc732b757dc07694906a9&id_product=302&id_customization=0&group%5B5%5D=27&qty=1 HTTP/2.0" 499 0 "https://kpopbg.com/bg/nachalo/302-571-xikers-house-of-tricky-spur-5th-mini-album--8804775454547" "Mozilla/5.0 (X11; Linux x86_64) AppleWebKit/537.36 (KHTML, like Gecko) Chrome/136.0.0.0 Safari/537.36"
78.83.204.119 - - [05/May/2025:18:15:13 +0200] "POST /bg/module/ps_facebook/Ajax HTTP/2.0" 504 578 "https://kpopbg.com/bg/nachalo/302-571-xikers-house-of-tricky-spur-5th-mini-album--8804775454547" "Mozilla/5.0 (X11; Linux x86_64) AppleWebKit/537.36 (KHTML, like Gecko) Chrome/136.0.0.0 Safari/537.36"
78.83.204.119 - - [05/May/2025:18:15:21 +0200] "POST /bg/module/ps_facebook/Ajax HTTP/2.0" 504 578 "https://kpopbg.com/bg/nachalo/302-571-xikers-house-of-tricky-spur-5th-mini-album--8804775454547" "Mozilla/5.0 (X11; Linux x86_64) AppleWebKit/537.36 (KHTML, like Gecko) Chrome/136.0.0.0 Safari/537.36"
78.83.204.119 - - [05/May/2025:18:15:21 +0200] "POST /bg/module/ps_facebook/Ajax HTTP/2.0" 504 578 "https://kpopbg.com/bg/nachalo/302-571-xikers-house-of-tricky-spur-5th-mini-album--8804775454547" "Mozilla/5.0 (X11; Linux x86_64) AppleWebKit/537.36 (KHTML, like Gecko) Chrome/136.0.0.0 Safari/537.36"
78.83.204.119 - - [05/May/2025:18:15:23 +0200] "POST /bg/module/ps_facebook/Ajax HTTP/2.0" 504 578 "https://kpopbg.com/bg/nachalo/302-571-xikers-house-of-tricky-spur-5th-mini-album--8804775454547" "Mozilla/5.0 (X11; Linux x86_64) AppleWebKit/537.36 (KHTML, like Gecko) Chrome/136.0.0.0 Safari/537.36"
78.83.204.119 - - [05/May/2025:18:15:23 +0200] "POST /bg/module/ps_facebook/Ajax HTTP/2.0" 504 578 "https://kpopbg.com/bg/nachalo/302-571-xikers-house-of-tricky-spur-5th-mini-album--8804775454547" "Mozilla/5.0 (X11; Linux x86_64) AppleWebKit/537.36 (KHTML, like Gecko) Chrome/136.0.0.0 Safari/537.36"
78.83.204.119 - - [05/May/2025:18:15:23 +0200] "POST /bg/index.php?controller=product&token=8a82bb843a1bc732b757dc07694906a9&id_product=302&id_customization=0&group%5B5%5D=26&qty=1 HTTP/2.0" 504 578 "https://kpopbg.com/bg/nachalo/302-571-xikers-house-of-tricky-spur-5th-mini-album--8804775454547" "Mozilla/5.0 (X11; Linux x86_64) AppleWebKit/537.36 (KHTML, like Gecko) Chrome/136.0.0.0 Safari/537.36"
78.83.204.119 - - [05/May/2025:18:15:26 +0200] "GET /bg/nachalo/302-571-xikers-house-of-tricky-spur-5th-mini-album--8804775454547 HTTP/2.0" 504 578 "https://kpopbg.com/bg/" "Mozilla/5.0 (X11; Linux x86_64) AppleWebKit/537.36 (KHTML, like Gecko) Chrome/136.0.0.0 Safari/537.36"
43.128.67.187 - - [05/May/2025:18:15:36 +0200] "GET /bg/24-red-velvet HTTP/1.1" 499 0 "-" "Mozilla/5.0 (iPhone; CPU iPhone OS 13_2_3 like Mac OS X) AppleWebKit/605.1.15 (KHTML, like Gecko) Version/13.0.3 Mobile/15E148 Safari/604.1"
40.77.167.35 - - [05/May/2025:18:15:41 +0200] "GET /bg/13-artisti?q=%D0%9A%D0%B0%D1%82%D0%B5%D0%B3%D0%BE%D1%80%D0%B8%D0%B8-AESPA-ATEEZ-BABYMONSTER-BLACKPINK-CHA+EUN+WOO+%28ASTRO%29-ENHYPEN-ILLIT-ITZY-JIHYO-Kep1er-LE+SSERAFIM-NAYEON+%28TWICE%29-NCT+DREAM-NMIXX-SEVENTEEN-STAYC-THE+BOYZ-Tzuyu+%28TWICE%29-XDINARY+HEROES-xikers-ZEROBASEONE HTTP/2.0" 504 578 "-" "Mozilla/5.0 AppleWebKit/537.36 (KHTML, like Gecko; compatible; bingbot/2.0; +http://www.bing.com/bingbot.htm) Chrome/116.0.1938.76 Safari/537.36"
78.83.204.119 - - [05/May/2025:18:15:46 +0200] "GET / HTTP/2.0" 499 0 "-" "Mozilla/5.0 (X11; Linux x86_64) AppleWebKit/537.36 (KHTML, like Gecko) Chrome/136.0.0.0 Safari/537.36"
78.83.204.119 - - [05/May/2025:18:15:46 +0200] "GET /favicon.ico HTTP/2.0" 499 0 "https://kpopbg.com/bg/nachalo/302-571-xikers-house-of-tricky-spur-5th-mini-album--8804775454547" "Mozilla/5.0 (X11; Linux x86_64) AppleWebKit/537.36 (KHTML, like Gecko) Chrome/136.0.0.0 Safari/537.36"
47.128.117.155 - - [05/May/2025:18:15:46 +0200] "GET /en/13-artist?q=Categories-BLACKPINK-ENHYPEN-NCT+DREAM-TWICE-TXT-LISA HTTP/2.0" 504 578 "-" "Mozilla/5.0 (compatible; Bytespider; spider-feedback@bytedance.com) AppleWebKit/537.36 (KHTML, like Gecko) Chrome/70.0.0.0 Safari/537.36"
157.55.39.52 - - [05/May/2025:18:15:48 +0200] "GET /en/13-artist?q=%D0%9A%D0%B0%D1%82%D0%B5%D0%B3%D0%BE%D1%80%D0%B8%D0%B8-ATEEZ-BLACKPINK-BOYNEXTDOOR-ENHYPEN-ILLIT-IVE-JENNIE+%28BLACKPINK%29-JIHYO-Kep1er-LE+SSERAFIM-NMIXX-P1Harmony-RIIZE-SEVENTEEN-STRAYKIDS-TREASURE-TXT-V+%28BTS%29-ZEROBASEONE-JISOO+%28BLACKPINK%29 HTTP/2.0" 200 19002 "-" "Mozilla/5.0 AppleWebKit/537.36 (KHTML, like Gecko; compatible; bingbot/2.0; +http://www.bing.com/bingbot.htm) Chrome/116.0.1938.76 Safari/537.36"
78.83.204.119 - - [05/May/2025:18:15:49 +0200] "GET /bg/nachalo/302-571-xikers-house-of-tricky-spur-5th-mini-album--8804775454547 HTTP/2.0" 200 22047 "https://kpopbg.com/bg/" "Mozilla/5.0 (X11; Linux x86_64) AppleWebKit/537.36 (KHTML, like Gecko) Chrome/136.0.0.0 Safari/537.36"
207.46.13.130 - - [05/May/2025:18:15:49 +0200] "GET /en/13-artist?q=%D0%9A%D0%B0%D1%82%D0%B5%D0%B3%D0%BE%D1%80%D0%B8%D0%B8-AESPA-ATEEZ-BABYMONSTER-BOYNEXTDOOR-BTS-ENHYPEN-ILLIT-JIHYO-Kep1er-LISA-NAYEON+%28TWICE%29-NCT+JAEHYUN-NMIXX-RIIZE-RM+%28BTS%29-SEVENTEEN-STRAYKIDS-TXT-V+%28BTS%29-ZEROBASEONE-STAYC HTTP/2.0" 200 18994 "-" "Mozilla/5.0 AppleWebKit/537.36 (KHTML, like Gecko; compatible; bingbot/2.0; +http://www.bing.com/bingbot.htm) Chrome/116.0.1938.76 Safari/537.36"
40.77.167.144 - - [05/May/2025:18:15:52 +0200] "GET /bg/13-artisti?q=%D0%9A%D0%B0%D1%82%D0%B5%D0%B3%D0%BE%D1%80%D0%B8%D0%B8-AESPA-ATEEZ-BABYMONSTER-BLACKPINK-BOYNEXTDOOR-BTS-ENHYPEN-ILLIT-IVE-JIHYO-NMIXX-P1Harmony-RIIZE-SEVENTEEN-STRAYKIDS-TWICE-XDINARY+HEROES-ZEROBASEONE-Tzuyu+%28TWICE%29 HTTP/2.0" 200 20499 "-" "Mozilla/5.0 AppleWebKit/537.36 (KHTML, like Gecko; compatible; bingbot/2.0; +http://www.bing.com/bingbot.htm) Chrome/116.0.1938.76 Safari/537.36"
78.83.204.119 - - [05/May/2025:18:15:52 +0200] "GET /bg/ HTTP/2.0" 200 17801 "https://kpopbg.com/bg/nachalo/302-571-xikers-house-of-tricky-spur-5th-mini-album--8804775454547" "Mozilla/5.0 (X11; Linux x86_64) AppleWebKit/537.36 (KHTML, like Gecko) Chrome/136.0.0.0 Safari/537.36"
157.55.39.52 - - [05/May/2025:18:15:52 +0200] "GET /bg/13-artisti?q=%D0%9A%D0%B0%D1%82%D0%B5%D0%B3%D0%BE%D1%80%D0%B8%D0%B8-AESPA-BABYMONSTER-Dreamcatcher-ENHYPEN-ILLIT-ITZY-IVE-LE+SSERAFIM-NAYEON+%28TWICE%29-NCT+DOYOUNG-NMIXX-RIIZE-SEVENTEEN-STAYC-TWICE-WayV-ZEROBASEONE-GOT+THE+BEAT HTTP/2.0" 200 20499 "-" "Mozilla/5.0 AppleWebKit/537.36 (KHTML, like Gecko; compatible; bingbot/2.0; +http://www.bing.com/bingbot.htm) Chrome/116.0.1938.76 Safari/537.36"
114.119.134.178 - - [05/May/2025:18:15:53 +0200] "GET /en/13-artist?q=Categories-STRAYKIDS-TREASURE-TWICE-TXT-ASTRO/Availability-Available&order=product.price.asc&page=2 HTTP/1.1" 200 18846 "https://kpopbg.com/en/13-artist?q=Categories-STRAYKIDS-TREASURE-TWICE-TXT-ASTRO/Availability-Available&order=product.price.asc&page=2" "Mozilla/5.0 (Linux; Android 7.0;) AppleWebKit/537.36 (KHTML, like Gecko) Mobile Safari/537.36 (compatible; PetalBot;+https://webmaster.petalsearch.com/site/petalbot)"
157.55.39.52 - - [05/May/2025:18:15:53 +0200] "GET /en/13-artist?q=%D0%9A%D0%B0%D1%82%D0%B5%D0%B3%D0%BE%D1%80%D0%B8%D0%B8-ATEEZ-BABYMONSTER-BLACKPINK-BOYNEXTDOOR-CHA+EUN+WOO+%28ASTRO%29-ENHYPEN-GOT+THE+BEAT-ILLIT-IVE-JENNIE+%28BLACKPINK%29-JIHYO-Kep1er-LE+SSERAFIM-RIIZE-SEVENTEEN-TXT-WayV-ZEROBASEONE-NMIXX HTTP/2.0" 200 19021 "-" "Mozilla/5.0 AppleWebKit/537.36 (KHTML, like Gecko; compatible; bingbot/2.0; +http://www.bing.com/bingbot.htm) Chrome/116.0.1938.76 Safari/537.36"
78.83.204.119 - - [05/May/2025:18:15:54 +0200] "GET /bg/nachalo/302-570-xikers-house-of-tricky-spur-5th-mini-album--8804775454547 HTTP/2.0" 200 21998 "https://kpopbg.com/bg/" "Mozilla/5.0 (X11; Linux x86_64) AppleWebKit/537.36 (KHTML, like Gecko) Chrome/136.0.0.0 Safari/537.36"
78.83.204.119 - - [05/May/2025:18:15:57 +0200] "POST /bg/module/ps_facebook/Ajax HTTP/2.0" 200 20 "https://kpopbg.com/bg/nachalo/302-570-xikers-house-of-tricky-spur-5th-mini-album--8804775454547" "Mozilla/5.0 (X11; Linux x86_64) AppleWebKit/537.36 (KHTML, like Gecko) Chrome/136.0.0.0 Safari/537.36"
78.83.204.119 - - [05/May/2025:18:15:57 +0200] "POST /bg/module/ps_facebook/Ajax HTTP/2.0" 200 20 "https://kpopbg.com/bg/nachalo/302-570-xikers-house-of-tricky-spur-5th-mini-album--8804775454547" "Mozilla/5.0 (X11; Linux x86_64) AppleWebKit/537.36 (KHTML, like Gecko) Chrome/136.0.0.0 Safari/537.36"
78.83.204.119 - - [05/May/2025:18:15:57 +0200] "POST /bg/index.php?controller=product&token=8a82bb843a1bc732b757dc07694906a9&id_product=302&id_customization=0&group%5B5%5D=27&qty=1 HTTP/2.0" 200 27081 "https://kpopbg.com/bg/nachalo/302-570-xikers-house-of-tricky-spur-5th-mini-album--8804775454547" "Mozilla/5.0 (X11; Linux x86_64) AppleWebKit/537.36 (KHTML, like Gecko) Chrome/136.0.0.0 Safari/537.36"
78.83.204.119 - - [05/May/2025:18:16:00 +0200] "POST /bg/module/ps_facebook/Ajax HTTP/2.0" 200 20 "https://kpopbg.com/bg/nachalo/302-571-xikers-house-of-tricky-spur-5th-mini-album--8804775454547" "Mozilla/5.0 (X11; Linux x86_64) AppleWebKit/537.36 (KHTML, like Gecko) Chrome/136.0.0.0 Safari/537.36"
78.83.204.119 - - [05/May/2025:18:16:01 +0200] "POST /bg/module/ps_facebook/Ajax HTTP/2.0" 200 20 "https://kpopbg.com/bg/nachalo/302-571-xikers-house-of-tricky-spur-5th-mini-album--8804775454547" "Mozilla/5.0 (X11; Linux x86_64) AppleWebKit/537.36 (KHTML, like Gecko) Chrome/136.0.0.0 Safari/537.36"
78.83.204.119 - - [05/May/2025:18:16:01 +0200] "POST /bg/index.php?controller=product&token=8a82bb843a1bc732b757dc07694906a9&id_product=302&id_customization=0&group%5B5%5D=28&qty=1 HTTP/2.0" 200 26850 "https://kpopbg.com/bg/nachalo/302-571-xikers-house-of-tricky-spur-5th-mini-album--8804775454547" "Mozilla/5.0 (X11; Linux x86_64) AppleWebKit/537.36 (KHTML, like Gecko) Chrome/136.0.0.0 Safari/537.36"
78.83.204.119 - - [05/May/2025:18:16:01 +0200] "GET /851-large_default/xikers-house-of-tricky-spur-5th-mini-album-.jpg HTTP/2.0" 200 84572 "https://kpopbg.com/bg/nachalo/302-572-xikers-house-of-tricky-spur-5th-mini-album--8804775454547" "Mozilla/5.0 (X11; Linux x86_64) AppleWebKit/537.36 (KHTML, like Gecko) Chrome/136.0.0.0 Safari/537.36"
78.83.204.119 - - [05/May/2025:18:16:01 +0200] "GET /851-home_default/xikers-house-of-tricky-spur-5th-mini-album-.jpg HTTP/2.0" 200 20484 "https://kpopbg.com/bg/nachalo/302-572-xikers-house-of-tricky-spur-5th-mini-album--8804775454547" "Mozilla/5.0 (X11; Linux x86_64) AppleWebKit/537.36 (KHTML, like Gecko) Chrome/136.0.0.0 Safari/537.36"
78.83.204.119 - - [05/May/2025:18:16:01 +0200] "GET /851-medium_default/xikers-house-of-tricky-spur-5th-mini-album-.jpg HTTP/2.0" 200 56778 "https://kpopbg.com/bg/nachalo/302-572-xikers-house-of-tricky-spur-5th-mini-album--8804775454547" "Mozilla/5.0 (X11; Linux x86_64) AppleWebKit/537.36 (KHTML, like Gecko) Chrome/136.0.0.0 Safari/537.36"
78.83.204.119 - - [05/May/2025:18:16:01 +0200] "GET /851-small_default/xikers-house-of-tricky-spur-5th-mini-album-.jpg HTTP/2.0" 200 4203 "https://kpopbg.com/bg/nachalo/302-572-xikers-house-of-tricky-spur-5th-mini-album--8804775454547" "Mozilla/5.0 (X11; Linux x86_64) AppleWebKit/537.36 (KHTML, like Gecko) Chrome/136.0.0.0 Safari/537.36"
78.83.204.119 - - [05/May/2025:18:16:03 +0200] "POST /bg/module/ps_facebook/Ajax HTTP/2.0" 200 20 "https://kpopbg.com/bg/nachalo/302-572-xikers-house-of-tricky-spur-5th-mini-album--8804775454547" "Mozilla/5.0 (X11; Linux x86_64) AppleWebKit/537.36 (KHTML, like Gecko) Chrome/136.0.0.0 Safari/537.36"
78.83.204.119 - - [05/May/2025:18:16:03 +0200] "POST /bg/module/ps_facebook/Ajax HTTP/2.0" 200 20 "https://kpopbg.com/bg/nachalo/302-572-xikers-house-of-tricky-spur-5th-mini-album--8804775454547" "Mozilla/5.0 (X11; Linux x86_64) AppleWebKit/537.36 (KHTML, like Gecko) Chrome/136.0.0.0 Safari/537.36"
78.83.204.119 - - [05/May/2025:18:16:04 +0200] "POST /bg/index.php?controller=product&token=8a82bb843a1bc732b757dc07694906a9&id_product=302&id_customization=0&group%5B5%5D=26&qty=1 HTTP/2.0" 200 26850 "https://kpopbg.com/bg/nachalo/302-572-xikers-house-of-tricky-spur-5th-mini-album--8804775454547" "Mozilla/5.0 (X11; Linux x86_64) AppleWebKit/537.36 (KHTML, like Gecko) Chrome/136.0.0.0 Safari/537.36"
78.83.204.119 - - [05/May/2025:18:16:05 +0200] "POST /bg/module/ps_facebook/Ajax HTTP/2.0" 200 20 "https://kpopbg.com/bg/nachalo/302-570-xikers-house-of-tricky-spur-5th-mini-album--8804775454547" "Mozilla/5.0 (X11; Linux x86_64) AppleWebKit/537.36 (KHTML, like Gecko) Chrome/136.0.0.0 Safari/537.36"
78.83.204.119 - - [05/May/2025:18:16:05 +0200] "POST /bg/module/ps_facebook/Ajax HTTP/2.0" 200 20 "https://kpopbg.com/bg/nachalo/302-570-xikers-house-of-tricky-spur-5th-mini-album--8804775454547" "Mozilla/5.0 (X11; Linux x86_64) AppleWebKit/537.36 (KHTML, like Gecko) Chrome/136.0.0.0 Safari/537.36"
78.83.204.119 - - [05/May/2025:18:16:05 +0200] "POST /bg/index.php?controller=product&token=8a82bb843a1bc732b757dc07694906a9&id_product=302&id_customization=0&group%5B5%5D=27&qty=1 HTTP/2.0" 200 27081 "https://kpopbg.com/bg/nachalo/302-570-xikers-house-of-tricky-spur-5th-mini-album--8804775454547" "Mozilla/5.0 (X11; Linux x86_64) AppleWebKit/537.36 (KHTML, like Gecko) Chrome/136.0.0.0 Safari/537.36"
66.249.68.34 - - [05/May/2025:18:16:06 +0200] "GET /289-large_default/agust-d-bts-d-day.jpg HTTP/1.1" 200 22612 "-" "Googlebot-Image/1.0"
78.83.204.119 - - [05/May/2025:18:16:10 +0200] "POST /bg/module/ps_facebook/Ajax HTTP/2.0" 200 20 "https://kpopbg.com/bg/nachalo/302-571-xikers-house-of-tricky-spur-5th-mini-album--8804775454547" "Mozilla/5.0 (X11; Linux x86_64) AppleWebKit/537.36 (KHTML, like Gecko) Chrome/136.0.0.0 Safari/537.36"
78.83.204.119 - - [05/May/2025:18:16:10 +0200] "POST /bg/module/ps_facebook/Ajax HTTP/2.0" 200 20 "https://kpopbg.com/bg/nachalo/302-571-xikers-house-of-tricky-spur-5th-mini-album--8804775454547" "Mozilla/5.0 (X11; Linux x86_64) AppleWebKit/537.36 (KHTML, like Gecko) Chrome/136.0.0.0 Safari/537.36"
74.125.208.98 - - [05/May/2025:18:16:10 +0200] "GET /.well-known/traffic-advice HTTP/1.1" 404 11538 "-" "Chrome Privacy Preserving Prefetch Proxy"
78.83.204.119 - - [05/May/2025:18:16:10 +0200] "POST /bg/index.php?controller=product&token=8a82bb843a1bc732b757dc07694906a9&id_product=302&id_customization=0&group%5B5%5D=28&qty=1 HTTP/2.0" 200 26850 "https://kpopbg.com/bg/nachalo/302-571-xikers-house-of-tricky-spur-5th-mini-album--8804775454547" "Mozilla/5.0 (X11; Linux x86_64) AppleWebKit/537.36 (KHTML, like Gecko) Chrome/136.0.0.0 Safari/537.36"
162.120.188.232 - - [05/May/2025:18:16:11 +0200] "GET /bg/12-albumi HTTP/2.0" 200 17032 "https://www.google.com/" "Mozilla/5.0 (Windows NT 10.0; Win64; x64) AppleWebKit/537.36 (KHTML, like Gecko) Chrome/135.0.0.0 Safari/537.36"
78.83.204.119 - - [05/May/2025:18:16:15 +0200] "POST /bg/index.php?controller=product&token=8a82bb843a1bc732b757dc07694906a9&id_product=302&id_customization=0&group%5B5%5D=28&qty=4 HTTP/2.0" 200 27079 "https://kpopbg.com/bg/nachalo/302-572-xikers-house-of-tricky-spur-5th-mini-album--8804775454547" "Mozilla/5.0 (X11; Linux x86_64) AppleWebKit/537.36 (KHTML, like Gecko) Chrome/136.0.0.0 Safari/537.36"
78.83.204.119 - - [05/May/2025:18:16:18 +0200] "POST /bg/index.php?controller=product&token=8a82bb843a1bc732b757dc07694906a9&id_product=302&id_customization=0&group%5B5%5D=28&qty=3 HTTP/2.0" 200 27079 "https://kpopbg.com/bg/nachalo/302-572-xikers-house-of-tricky-spur-5th-mini-album--8804775454547" "Mozilla/5.0 (X11; Linux x86_64) AppleWebKit/537.36 (KHTML, like Gecko) Chrome/136.0.0.0 Safari/537.36"
78.83.204.119 - - [05/May/2025:18:16:19 +0200] "POST /bg/index.php?controller=product&token=8a82bb843a1bc732b757dc07694906a9&id_product=302&id_customization=0&group%5B5%5D=28&qty=2 HTTP/2.0" 200 27079 "https://kpopbg.com/bg/nachalo/302-572-xikers-house-of-tricky-spur-5th-mini-album--8804775454547" "Mozilla/5.0 (X11; Linux x86_64) AppleWebKit/537.36 (KHTML, like Gecko) Chrome/136.0.0.0 Safari/537.36"
157.55.39.52 - - [05/May/2025:18:16:24 +0200] "GET /en/13-artist?q=%D0%9A%D0%B0%D1%82%D0%B5%D0%B3%D0%BE%D1%80%D0%B8%D0%B8-ATEEZ-BABYMONSTER-BLACKPINK-BOYNEXTDOOR-BTS-ENHYPEN-ILLIT-IVE-JIHYO-NCT+DOYOUNG-NMIXX-RIIZE-ROSE+%28BLACKPINK%29-SEVENTEEN-STRAYKIDS-TWICE-WayV-ZEROBASEONE HTTP/2.0" 200 18943 "-" "Mozilla/5.0 AppleWebKit/537.36 (KHTML, like Gecko; compatible; bingbot/2.0; +http://www.bing.com/bingbot.htm) Chrome/116.0.1938.76 Safari/537.36"
47.128.53.141 - - [05/May/2025:18:16:25 +0200] "GET /bg/13-artisti?SubmitCurrency=1&id_currency=2&q=%D0%9A%D0%B0%D1%82%D0%B5%D0%B3%D0%BE%D1%80%D0%B8%D0%B8-%28G%29I%5C-DLE-KAI HTTP/2.0" 200 20313 "-" "Mozilla/5.0 (compatible; Bytespider; spider-feedback@bytedance.com) AppleWebKit/537.36 (KHTML, like Gecko) Chrome/70.0.0.0 Safari/537.36"
66.249.68.33 - - [05/May/2025:18:16:36 +0200] "GET /en/nachalo/220-nct-jaehyun-j-j-ver-the-1st-album--8804775450662?SubmitCurrency=1&id_currency=1 HTTP/1.1" 404 10686 "-" "Mozilla/5.0 (Linux; Android 6.0.1; Nexus 5X Build/MMB29P) AppleWebKit/537.36 (KHTML, like Gecko) Chrome/135.0.7049.95 Mobile Safari/537.36 (compatible; GoogleOther)"
40.77.167.144 - - [05/May/2025:18:16:36 +0200] "GET /bg/13-artisti?q=%D0%9A%D0%B0%D1%82%D0%B5%D0%B3%D0%BE%D1%80%D0%B8%D0%B8-AESPA-BABYMONSTER-BLACKPINK-BOYNEXTDOOR-ILLIT-IVE-JENNIE+%28BLACKPINK%29-JIHYO-NMIXX-P1Harmony-SEVENTEEN-STRAYKIDS-TWICE-WayV-ZEROBASEONE HTTP/2.0" 200 20461 "-" "Mozilla/5.0 AppleWebKit/537.36 (KHTML, like Gecko; compatible; bingbot/2.0; +http://www.bing.com/bingbot.htm) Chrome/116.0.1938.76 Safari/537.36"
78.83.204.119 - - [05/May/2025:18:16:39 +0200] "GET /bg/module/gsitemap/cron?token=f8404b7033&id_shop=1 HTTP/2.0" 200 20 "-" "Mozilla/5.0 (X11; Linux x86_64) AppleWebKit/537.36 (KHTML, like Gecko) Chrome/136.0.0.0 Safari/537.36"
78.83.204.119 - - [05/May/2025:18:16:40 +0200] "GET /favicon.ico HTTP/2.0" 404 13963 "https://kpopbg.com/bg/module/gsitemap/cron?token=f8404b7033&id_shop=1" "Mozilla/5.0 (X11; Linux x86_64) AppleWebKit/537.36 (KHTML, like Gecko) Chrome/136.0.0.0 Safari/537.36"
149.62.204.87 - - [05/May/2025:18:16:47 +0200] "GET /bg/12-albumi HTTP/2.0" 200 19199 "https://www.google.com/" "Mozilla/5.0 (Windows NT 10.0; Win64; x64) AppleWebKit/537.36 (KHTML, like Gecko) Chrome/135.0.0.0 Safari/537.36"
149.62.204.87 - - [05/May/2025:18:16:48 +0200] "GET /themes/classic/assets/cache/theme-f0c26e93.css HTTP/2.0" 200 452583 "https://kpopbg.com/bg/12-albumi" "Mozilla/5.0 (Windows NT 10.0; Win64; x64) AppleWebKit/537.36 (KHTML, like Gecko) Chrome/135.0.0.0 Safari/537.36"
149.62.204.87 - - [05/May/2025:18:16:48 +0200] "GET /themes/classic/assets/cache/bottom-9263dd92.js HTTP/2.0" 200 1215139 "https://kpopbg.com/bg/12-albumi" "Mozilla/5.0 (Windows NT 10.0; Win64; x64) AppleWebKit/537.36 (KHTML, like Gecko) Chrome/135.0.0.0 Safari/537.36"
54.36.148.69 - - [05/May/2025:18:17:02 +0200] "GET /bg/%D0%BD%D0%B0%D0%B9-%D0%BF%D1%80%D0%BE%D0%B4%D0%B0%D0%B2%D0%B0%D0%BD%D0%B8?SubmitCurrency=1&id_currency=1&order=product.price.asc&page=3 HTTP/2.0" 200 16855 "-" "Mozilla/5.0 (compatible; AhrefsBot/7.0; +http://ahrefs.com/robot/)"
207.46.13.130 - - [05/May/2025:18:17:09 +0200] "GET /bg/13-artisti?q=%D0%9A%D0%B0%D1%82%D0%B5%D0%B3%D0%BE%D1%80%D0%B8%D0%B8-AESPA-BLACKPINK-ENHYPEN-IVE-KAI-NCT-NMIXX-STRAYKIDS-TREASURE-TXT-NCT+DREAM/%D0%9D%D0%B0%D0%BB%D0%B8%D1%87%D0%BD%D0%BE%D1%81%D1%82-%D0%92+%D0%BD%D0%B0%D0%BB%D0%B8%D1%87%D0%BD%D0%BE%D1%81%D1%82 HTTP/2.0" 200 20445 "-" "Mozilla/5.0 AppleWebKit/537.36 (KHTML, like Gecko; compatible; bingbot/2.0; +http://www.bing.com/bingbot.htm) Chrome/116.0.1938.76 Safari/537.36"
207.46.13.130 - - [05/May/2025:18:17:10 +0200] "GET /bg/13-artisti?q=%D0%9A%D0%B0%D1%82%D0%B5%D0%B3%D0%BE%D1%80%D0%B8%D0%B8-AESPA-ATEEZ-BABYMONSTER-BLACKPINK-BOYNEXTDOOR-ILLIT-LE+SSERAFIM-NMIXX-RIIZE-SEVENTEEN-STRAYKIDS-TWICE-WayV-ZEROBASEONE HTTP/2.0" 200 20438 "-" "Mozilla/5.0 AppleWebKit/537.36 (KHTML, like Gecko; compatible; bingbot/2.0; +http://www.bing.com/bingbot.htm) Chrome/116.0.1938.76 Safari/537.36"
40.77.167.144 - - [05/May/2025:18:17:12 +0200] "GET /bg/13-artisti?q=%D0%9A%D0%B0%D1%82%D0%B5%D0%B3%D0%BE%D1%80%D0%B8%D0%B8-AESPA-ASTRO-BTS-GOT+THE+BEAT-IVE-JISOO-NMIXX-STAYC-TWICE-TXT/%D0%9D%D0%B0%D0%BB%D0%B8%D1%87%D0%BD%D0%BE%D1%81%D1%82-%D0%92+%D0%BD%D0%B0%D0%BB%D0%B8%D1%87%D0%BD%D0%BE%D1%81%D1%82-%D0%9D%D1%8F%D0%BC%D0%B0+%D0%BD%D0%B0%D0%BB%D0%B8%D1%87%D0%BD%D0%BE%D1%81%D1%82 HTTP/2.0" 200 20569 "-" "Mozilla/5.0 AppleWebKit/537.36 (KHTML, like Gecko; compatible; bingbot/2.0; +http://www.bing.com/bingbot.htm) Chrome/116.0.1938.76 Safari/537.36"
157.55.39.52 - - [05/May/2025:18:17:14 +0200] "GET /en/13-artist?q=%D0%9A%D0%B0%D1%82%D0%B5%D0%B3%D0%BE%D1%80%D0%B8%D0%B8-ATEEZ-BABYMONSTER-BLACKPINK-BOYNEXTDOOR-ENHYPEN-GOT+THE+BEAT-ILLIT-IVE-JENNIE+%28BLACKPINK%29-JIHYO-Kep1er-NMIXX-P1Harmony-RIIZE-ROSE+%28BLACKPINK%29-SEVENTEEN-STAYC-STRAYKIDS-TREASURE-TWICE-WayV-YEJI+%28ITZY%29-ZEROBASEONE-XDINARY+HEROES HTTP/2.0" 200 19069 "-" "Mozilla/5.0 AppleWebKit/537.36 (KHTML, like Gecko; compatible; bingbot/2.0; +http://www.bing.com/bingbot.htm) Chrome/116.0.1938.76 Safari/537.36"
78.83.204.119 - - [05/May/2025:18:17:17 +0200] "HEAD /bg/nachalo/302-572-xikers-house-of-tricky-spur-5th-mini-album--8804775454547 HTTP/2.0" 200 0 "-" "Mozilla/5.0 (X11; Linux x86_64) AppleWebKit/537.36 (KHTML, like Gecko) Chrome/136.0.0.0 Safari/537.36"
78.83.204.119 - - [05/May/2025:18:17:17 +0200] "GET /bg/nachalo/302-572-xikers-house-of-tricky-spur-5th-mini-album--8804775454547 HTTP/2.0" 200 21990 "-" "Mozilla/5.0 (X11; Linux x86_64) AppleWebKit/537.36 (KHTML, like Gecko) Chrome/136.0.0.0 Safari/537.36"
78.83.204.119 - - [05/May/2025:18:17:17 +0200] "GET /themes/classic/assets/cache/theme-f0c26e93.css HTTP/2.0" 304 0 "https://kpopbg.com/bg/nachalo/302-572-xikers-house-of-tricky-spur-5th-mini-album--8804775454547" "Mozilla/5.0 (X11; Linux x86_64) AppleWebKit/537.36 (KHTML, like Gecko) Chrome/136.0.0.0 Safari/537.36"
78.83.204.119 - - [05/May/2025:18:17:17 +0200] "GET /themes/classic/assets/cache/bottom-9263dd92.js HTTP/2.0" 304 0 "https://kpopbg.com/bg/nachalo/302-572-xikers-house-of-tricky-spur-5th-mini-album--8804775454547" "Mozilla/5.0 (X11; Linux x86_64) AppleWebKit/537.36 (KHTML, like Gecko) Chrome/136.0.0.0 Safari/537.36"
114.119.135.217 - - [05/May/2025:18:17:21 +0200] "GET /en/13-artist?q=Categories-STRAYKIDS-TREASURE-TWICE-TXT-AESPA/Availability-Available&order=product.price.desc HTTP/1.1" 200 18616 "https://kpopbg.com/en/13-artist?q=Categories-STRAYKIDS-TREASURE-TWICE-TXT-AESPA/Availability-Available&order=product.reference.desc&page=4" "Mozilla/5.0 (Linux; Android 7.0;) AppleWebKit/537.36 (KHTML, like Gecko) Mobile Safari/537.36 (compatible; PetalBot;+https://webmaster.petalsearch.com/site/petalbot)"
40.77.167.144 - - [05/May/2025:18:17:22 +0200] "GET /bg/13-artisti?q=%D0%9A%D0%B0%D1%82%D0%B5%D0%B3%D0%BE%D1%80%D0%B8%D0%B8-AESPA-BLACKPINK-ENHYPEN-IVE-JIHYO-NCT-NCT+127-STRAYKIDS-TREASURE-TWICE-STAYC/%D0%9D%D0%B0%D0%BB%D0%B8%D1%87%D0%BD%D0%BE%D1%81%D1%82-%D0%92+%D0%BD%D0%B0%D0%BB%D0%B8%D1%87%D0%BD%D0%BE%D1%81%D1%82 HTTP/2.0" 200 20476 "-" "Mozilla/5.0 AppleWebKit/537.36 (KHTML, like Gecko; compatible; bingbot/2.0; +http://www.bing.com/bingbot.htm) Chrome/116.0.1938.76 Safari/537.36"
78.83.204.119 - - [05/May/2025:18:17:22 +0200] "GET /bg/nachalo/302-572-xikers-house-of-tricky-spur-5th-mini-album--8804775454547 HTTP/1.1" 301 5 "-" "Mozilla/5.0 (X11; Linux x86_64) AppleWebKit/537.36 (KHTML, like Gecko) Chrome/136.0.0.0 Safari/537.36"
78.83.204.119 - - [05/May/2025:18:17:23 +0200] "GET /bg/nachalo/302-572-xikers-house-of-tricky-spur-5th-mini-album--8804775454547 HTTP/2.0" 200 21989 "-" "Mozilla/5.0 (X11; Linux x86_64) AppleWebKit/537.36 (KHTML, like Gecko) Chrome/136.0.0.0 Safari/537.36"
40.77.167.144 - - [05/May/2025:18:17:23 +0200] "GET /en/13-artist?q=%D0%9A%D0%B0%D1%82%D0%B5%D0%B3%D0%BE%D1%80%D0%B8%D0%B8-AESPA-ATEEZ-BABYMONSTER-BLACKPINK-BOYNEXTDOOR-ENHYPEN-GOT+THE+BEAT-ILLIT-IVE-JENNIE+%28BLACKPINK%29-JIHYO-Kep1er-LE+SSERAFIM-NMIXX-P1Harmony-RIIZE-SEVENTEEN-STAYC-STRAYKIDS-TREASURE-WayV-ZEROBASEONE HTTP/2.0" 200 19024 "-" "Mozilla/5.0 AppleWebKit/537.36 (KHTML, like Gecko; compatible; bingbot/2.0; +http://www.bing.com/bingbot.htm) Chrome/116.0.1938.76 Safari/537.36"
40.77.167.144 - - [05/May/2025:18:17:24 +0200] "GET /en/13-artist?q=%D0%9A%D0%B0%D1%82%D0%B5%D0%B3%D0%BE%D1%80%D0%B8%D0%B8-AESPA-BABYMONSTER-BLACKPINK-BOYNEXTDOOR-BTS-ENHYPEN-ILLIT-ITZY-JIHYO-KAI-LE+SSERAFIM-LISA-NAYEON+%28TWICE%29-NCT+127-NMIXX-SEVENTEEN-STAYC-TWICE-TXT-ZEROBASEONE-NCT+DREAM&page=4 HTTP/2.0" 200 18949 "-" "Mozilla/5.0 AppleWebKit/537.36 (KHTML, like Gecko; compatible; bingbot/2.0; +http://www.bing.com/bingbot.htm) Chrome/116.0.1938.76 Safari/537.36"
78.83.204.119 - - [05/May/2025:18:17:32 +0200] "POST /bg/module/ps_facebook/Ajax HTTP/2.0" 200 20 "https://kpopbg.com/bg/nachalo/302-572-xikers-house-of-tricky-spur-5th-mini-album--8804775454547" "Mozilla/5.0 (X11; Linux x86_64) AppleWebKit/537.36 (KHTML, like Gecko) Chrome/136.0.0.0 Safari/537.36"
78.83.204.119 - - [05/May/2025:18:17:32 +0200] "POST /bg/module/ps_facebook/Ajax HTTP/2.0" 200 20 "https://kpopbg.com/bg/nachalo/302-572-xikers-house-of-tricky-spur-5th-mini-album--8804775454547" "Mozilla/5.0 (X11; Linux x86_64) AppleWebKit/537.36 (KHTML, like Gecko) Chrome/136.0.0.0 Safari/537.36"
78.83.204.119 - - [05/May/2025:18:17:32 +0200] "POST /bg/index.php?controller=product&token=8a82bb843a1bc732b757dc07694906a9&id_product=302&id_customization=0&group%5B5%5D=27&qty=1 HTTP/2.0" 200 27081 "https://kpopbg.com/bg/nachalo/302-572-xikers-house-of-tricky-spur-5th-mini-album--8804775454547" "Mozilla/5.0 (X11; Linux x86_64) AppleWebKit/537.36 (KHTML, like Gecko) Chrome/136.0.0.0 Safari/537.36"
47.128.51.196 - - [05/May/2025:18:17:34 +0200] "GET /en/13-artist?order=product.reference.desc&q=Categories-JUNG+KOOK+%28BTS%29-THE+BOYZ HTTP/2.0" 200 18503 "-" "Mozilla/5.0 (compatible; Bytespider; spider-feedback@bytedance.com) AppleWebKit/537.36 (KHTML, like Gecko) Chrome/70.0.0.0 Safari/537.36"
157.55.39.52 - - [05/May/2025:18:17:44 +0200] "GET /en/13-artist?q=Categories-BABYMONSTER-NMIXX-STRAYKIDS-XDINARY+HEROES-xikers&order=product.price.desc HTTP/2.0" 200 18566 "-" "Mozilla/5.0 AppleWebKit/537.36 (KHTML, like Gecko; compatible; bingbot/2.0; +http://www.bing.com/bingbot.htm) Chrome/116.0.1938.76 Safari/537.36"
40.77.167.144 - - [05/May/2025:18:17:52 +0200] "GET /bg/13-artisti?q=%D0%9A%D0%B0%D1%82%D0%B5%D0%B3%D0%BE%D1%80%D0%B8%D0%B8-ATEEZ-BABYMONSTER-BLACKPINK-BTS-ENHYPEN-ILLIT-JIHYO-LISA-NMIXX-SEVENTEEN-TXT-V+%28BTS%29-ZEROBASEONE-WayV&page=2 HTTP/2.0" 200 20061 "-" "Mozilla/5.0 AppleWebKit/537.36 (KHTML, like Gecko; compatible; bingbot/2.0; +http://www.bing.com/bingbot.htm) Chrome/116.0.1938.76 Safari/537.36"
40.77.167.144 - - [05/May/2025:18:18:01 +0200] "GET /bg/13-artisti?q=%D0%9A%D0%B0%D1%82%D0%B5%D0%B3%D0%BE%D1%80%D0%B8%D0%B8-ATEEZ-BABYMONSTER-BOYNEXTDOOR-ENHYPEN-ILLIT-IVE-JIHYO-LISA-NMIXX-RIIZE-ROSE+%28BLACKPINK%29-STRAYKIDS-TWICE-WayV-ZEROBASEONE-xikers&page=15 HTTP/2.0" 200 20180 "-" "Mozilla/5.0 AppleWebKit/537.36 (KHTML, like Gecko; compatible; bingbot/2.0; +http://www.bing.com/bingbot.htm) Chrome/116.0.1938.76 Safari/537.36"
157.55.39.52 - - [05/May/2025:18:18:03 +0200] "GET /bg/13-artisti?q=%D0%9A%D0%B0%D1%82%D0%B5%D0%B3%D0%BE%D1%80%D0%B8%D0%B8-AESPA-BABYMONSTER-BLACKPINK-BOYNEXTDOOR-BTS-CHA+EUN+WOO+%28ASTRO%29-ENHYPEN-ILLIT-ITZY-JIHYO-LISA-NMIXX-P1Harmony-ROSE+%28BLACKPINK%29-STAYC-STRAYKIDS-TWICE-TXT-THE+BOYZ HTTP/2.0" 200 20526 "-" "Mozilla/5.0 AppleWebKit/537.36 (KHTML, like Gecko; compatible; bingbot/2.0; +http://www.bing.com/bingbot.htm) Chrome/116.0.1938.76 Safari/537.36"
66.249.68.35 - - [05/May/2025:18:18:08 +0200] "GET /en/13-artist?q=Categories-RIIZE&order=product.price.asc&page=2 HTTP/1.1" 200 18754 "-" "Mozilla/5.0 (Linux; Android 6.0.1; Nexus 5X Build/MMB29P) AppleWebKit/537.36 (KHTML, like Gecko) Chrome/135.0.7049.95 Mobile Safari/537.36 (compatible; Googlebot/2.1; +http://www.google.com/bot.html)"
45.66.45.6 - - [05/May/2025:18:18:26 +0200] "GET /374-medium_default/lisa-lalisa-1st-single-album-.jpg HTTP/1.1" 200 14520 "https://kpopbg.com/bg/nachalo/138-280-lisa-lalisa-1st-single-album--8809634387516" "Mozilla/5.0 (iPhone; CPU iPhone OS 18_1_0 like Mac OS X) AppleWebKit/605.1.15 (KHTML, like Gecko) GSA/366.0.751101837 Mobile/15E148 Safari/604.1"
45.66.45.6 - - [05/May/2025:18:18:26 +0200] "GET /374-large_default/lisa-lalisa-1st-single-album-.jpg HTTP/1.1" 200 22744 "https://kpopbg.com/bg/nachalo/138-280-lisa-lalisa-1st-single-album--8809634387516" "Mozilla/5.0 (iPhone; CPU iPhone OS 18_1_0 like Mac OS X) AppleWebKit/605.1.15 (KHTML, like Gecko) GSA/366.0.751101837 Mobile/15E148 Safari/604.1"
207.46.13.130 - - [05/May/2025:18:18:29 +0200] "GET /en/13-artist?q=Categories-LISA-NCT+JAEHYUN-TWICE-WayV-ZEROBASEONE-KISS+OF+LIFE&order=product.reference.desc HTTP/2.0" 200 18534 "-" "Mozilla/5.0 AppleWebKit/537.36 (KHTML, like Gecko; compatible; bingbot/2.0; +http://www.bing.com/bingbot.htm) Chrome/116.0.1938.76 Safari/537.36"
207.46.13.130 - - [05/May/2025:18:18:30 +0200] "GET /bg/13-artisti?q=%D0%9A%D0%B0%D1%82%D0%B5%D0%B3%D0%BE%D1%80%D0%B8%D0%B8-AESPA-ATEEZ-BABYMONSTER-BLACKPINK-BOYNEXTDOOR-ENHYPEN-GOT+THE+BEAT-ILLIT-IVE-JIHYO-JISOO+%28BLACKPINK%29-NCT+JAEHYUN-NMIXX-RIIZE-SEVENTEEN-TXT-V+%28BTS%29-WayV-ZEROBASEONE-Tzuyu+%28TWICE%29 HTTP/2.0" 200 20525 "-" "Mozilla/5.0 AppleWebKit/537.36 (KHTML, like Gecko; compatible; bingbot/2.0; +http://www.bing.com/bingbot.htm) Chrome/116.0.1938.76 Safari/537.36"
78.83.204.119 - - [05/May/2025:18:18:34 +0200] "POST /bg/index.php?controller=product&token=8a82bb843a1bc732b757dc07694906a9&id_product=302&id_customization=0&group%5B5%5D=27&qty=4 HTTP/2.0" 200 27081 "https://kpopbg.com/bg/nachalo/302-571-xikers-house-of-tricky-spur-5th-mini-album--8804775454547" "Mozilla/5.0 (X11; Linux x86_64) AppleWebKit/537.36 (KHTML, like Gecko) Chrome/136.0.0.0 Safari/537.36"
78.83.204.119 - - [05/May/2025:18:18:35 +0200] "GET /bg/ HTTP/2.0" 200 17815 "https://kpopbg.com/bg/nachalo/302-571-xikers-house-of-tricky-spur-5th-mini-album--8804775454547" "Mozilla/5.0 (X11; Linux x86_64) AppleWebKit/537.36 (KHTML, like Gecko) Chrome/136.0.0.0 Safari/537.36"
78.83.204.119 - - [05/May/2025:18:18:36 +0200] "GET /index.php?controller=new-products HTTP/2.0" 302 0 "https://kpopbg.com/bg/" "Mozilla/5.0 (X11; Linux x86_64) AppleWebKit/537.36 (KHTML, like Gecko) Chrome/136.0.0.0 Safari/537.36"
78.83.204.119 - - [05/May/2025:18:18:37 +0200] "GET /bg/%D0%BD%D0%BE%D0%B2%D0%B8-%D0%BF%D1%80%D0%BE%D0%B4%D1%83%D0%BA%D1%82%D0%B8 HTTP/2.0" 200 18822 "https://kpopbg.com/bg/" "Mozilla/5.0 (X11; Linux x86_64) AppleWebKit/537.36 (KHTML, like Gecko) Chrome/136.0.0.0 Safari/537.36"
78.83.204.119 - - [05/May/2025:18:18:38 +0200] "GET /bg/12-albumi HTTP/2.0" 200 19436 "https://kpopbg.com/bg/%D0%BD%D0%BE%D0%B2%D0%B8-%D0%BF%D1%80%D0%BE%D0%B4%D1%83%D0%BA%D1%82%D0%B8" "Mozilla/5.0 (X11; Linux x86_64) AppleWebKit/537.36 (KHTML, like Gecko) Chrome/136.0.0.0 Safari/537.36"
78.83.204.119 - - [05/May/2025:18:18:39 +0200] "GET /bg/22-gi-dle HTTP/2.0" 200 17178 "https://kpopbg.com/bg/12-albumi" "Mozilla/5.0 (X11; Linux x86_64) AppleWebKit/537.36 (KHTML, like Gecko) Chrome/136.0.0.0 Safari/537.36"
78.83.204.119 - - [05/May/2025:18:18:39 +0200] "GET /408-home_default/gi-dle-2-jewel-ver.jpg HTTP/2.0" 200 11730 "https://kpopbg.com/bg/22-gi-dle" "Mozilla/5.0 (X11; Linux x86_64) AppleWebKit/537.36 (KHTML, like Gecko) Chrome/136.0.0.0 Safari/537.36"
149.62.204.87 - - [05/May/2025:18:18:40 +0200] "GET /bg/%D0%BA%D0%BE%D0%BB%D0%B8%D1%87%D0%BA%D0%B0?action=show HTTP/2.0" 200 15676 "https://kpopbg.com/bg/12-albumi" "Mozilla/5.0 (Windows NT 10.0; Win64; x64) AppleWebKit/537.36 (KHTML, like Gecko) Chrome/135.0.0.0 Safari/537.36"
149.62.204.87 - - [05/May/2025:18:18:40 +0200] "GET /258-cart_default/nct-dream-istj-3rd-full-album-photobook-ver.jpg HTTP/2.0" 200 7392 "https://kpopbg.com/bg/%D0%BA%D0%BE%D0%BB%D0%B8%D1%87%D0%BA%D0%B0?action=show" "Mozilla/5.0 (Windows NT 10.0; Win64; x64) AppleWebKit/537.36 (KHTML, like Gecko) Chrome/135.0.0.0 Safari/537.36"
78.83.204.119 - - [05/May/2025:18:18:42 +0200] "GET /bg/nachalo/148-304-gi-dle-2-jewel-ver-8804775368257 HTTP/2.0" 200 22291 "https://kpopbg.com/bg/22-gi-dle" "Mozilla/5.0 (X11; Linux x86_64) AppleWebKit/537.36 (KHTML, like Gecko) Chrome/136.0.0.0 Safari/537.36"
78.83.204.119 - - [05/May/2025:18:18:42 +0200] "GET /408-medium_default/gi-dle-2-jewel-ver.jpg HTTP/2.0" 200 27187 "https://kpopbg.com/bg/nachalo/148-304-gi-dle-2-jewel-ver-8804775368257" "Mozilla/5.0 (X11; Linux x86_64) AppleWebKit/537.36 (KHTML, like Gecko) Chrome/136.0.0.0 Safari/537.36"
