78.83.204.119 - - [05/May/2025:18:18:42 +0200] "GET /img/cms/(G)I-DLE/2/g-i-dle-2nd-full-album-2-jewel-ver-wholesales.jpg HTTP/2.0" 200 144119 "https://kpopbg.com/bg/nachalo/148-304-gi-dle-2-jewel-ver-8804775368257" "Mozilla/5.0 (X11; Linux x86_64) AppleWebKit/537.36 (KHTML, like Gecko) Chrome/136.0.0.0 Safari/537.36"
78.83.204.119 - - [05/May/2025:18:18:42 +0200] "GET /408-large_default/gi-dle-2-jewel-ver.jpg HTTP/2.0" 200 43025 "https://kpopbg.com/bg/nachalo/148-304-gi-dle-2-jewel-ver-8804775368257" "Mozilla/5.0 (X11; Linux x86_64) AppleWebKit/537.36 (KHTML, like Gecko) Chrome/136.0.0.0 Safari/537.36"
78.83.204.119 - - [05/May/2025:18:18:42 +0200] "GET /408-small_default/gi-dle-2-jewel-ver.jpg HTTP/2.0" 200 3061 "https://kpopbg.com/bg/nachalo/148-304-gi-dle-2-jewel-ver-8804775368257" "Mozilla/5.0 (X11; Linux x86_64) AppleWebKit/537.36 (KHTML, like Gecko) Chrome/136.0.0.0 Safari/537.36"
149.62.204.87 - - [05/May/2025:18:18:42 +0200] "POST /bg/%D0%BA%D0%BE%D0%BB%D0%B8%D1%87%D0%BA%D0%B0?delete=1&id_product=102&id_product_attribute=203&token=bdfd9057b9824ac391e1c8e407bdae07 HTTP/2.0" 200 492 "https://kpopbg.com/bg/%D0%BA%D0%BE%D0%BB%D0%B8%D1%87%D0%BA%D0%B0?action=show" "Mozilla/5.0 (Windows NT 10.0; Win64; x64) AppleWebKit/537.36 (KHTML, like Gecko) Chrome/135.0.0.0 Safari/537.36"
149.62.204.87 - - [05/May/2025:18:18:43 +0200] "POST /bg/module/ps_shoppingcart/ajax HTTP/2.0" 200 489 "https://kpopbg.com/bg/%D0%BA%D0%BE%D0%BB%D0%B8%D1%87%D0%BA%D0%B0?action=show" "Mozilla/5.0 (Windows NT 10.0; Win64; x64) AppleWebKit/537.36 (KHTML, like Gecko) Chrome/135.0.0.0 Safari/537.36"
47.128.51.9 - - [05/May/2025:18:18:43 +0200] "GET /bg/13-artisti?SubmitCurrency=1&id_currency=1&q=%D0%9A%D0%B0%D1%82%D0%B5%D0%B3%D0%BE%D1%80%D0%B8%D0%B8-IVE-KAI-STAYC-TREASURE-AESPA HTTP/2.0" 200 20291 "-" "Mozilla/5.0 (compatible; Bytespider; spider-feedback@bytedance.com) AppleWebKit/537.36 (KHTML, like Gecko) Chrome/70.0.0.0 Safari/537.36"
149.62.204.87 - - [05/May/2025:18:18:43 +0200] "POST /bg/%D0%BA%D0%BE%D0%BB%D0%B8%D1%87%D0%BA%D0%B0?ajax=1&action=refresh HTTP/2.0" 200 7055 "https://kpopbg.com/bg/%D0%BA%D0%BE%D0%BB%D0%B8%D1%87%D0%BA%D0%B0?action=show" "Mozilla/5.0 (Windows NT 10.0; Win64; x64) AppleWebKit/537.36 (KHTML, like Gecko) Chrome/135.0.0.0 Safari/537.36"
157.55.39.52 - - [05/May/2025:18:18:44 +0200] "GET /en/13-artist?q=%D0%9A%D0%B0%D1%82%D0%B5%D0%B3%D0%BE%D1%80%D0%B8%D0%B8-AESPA-BABYMONSTER-BOYNEXTDOOR-BTS-ENHYPEN-ILLIT-ITZY-JIHYO-LISA-NAYEON+%28TWICE%29-NCT+127-RIIZE-STAYC-STRAYKIDS-TWICE-TXT-WayV-ZEROBASEONE-IVE HTTP/2.0" 200 18946 "-" "Mozilla/5.0 AppleWebKit/537.36 (KHTML, like Gecko; compatible; bingbot/2.0; +http://www.bing.com/bingbot.htm) Chrome/116.0.1938.76 Safari/537.36"
114.119.150.154 - - [05/May/2025:18:18:49 +0200] "GET /en/13-artist?q=Categories-STRAYKIDS-TREASURE-TWICE-TXT-(G)I%5C-DLE/Availability-Available&order=product.name.asc&page=2 HTTP/1.1" 200 18454 "https://kpopbg.com/en/13-artist?q=Categories-STRAYKIDS-TREASURE-TWICE-TXT-(G)I%5C-DLE/Availability-Available&order=product.name.asc&page=2" "Mozilla/5.0 (Linux; Android 7.0;) AppleWebKit/537.36 (KHTML, like Gecko) Mobile Safari/537.36 (compatible; PetalBot;+https://webmaster.petalsearch.com/site/petalbot)"
149.62.204.87 - - [05/May/2025:18:19:00 +0200] "GET /bg/41-nct-dream HTTP/2.0" 200 15598 "https://kpopbg.com/bg/%D0%BA%D0%BE%D0%BB%D0%B8%D1%87%D0%BA%D0%B0?action=show" "Mozilla/5.0 (Windows NT 10.0; Win64; x64) AppleWebKit/537.36 (KHTML, like Gecko) Chrome/135.0.0.0 Safari/537.36"
157.55.39.52 - - [05/May/2025:18:19:04 +0200] "GET /en/13-artist?q=%D0%9A%D0%B0%D1%82%D0%B5%D0%B3%D0%BE%D1%80%D0%B8%D0%B8-AESPA-ATEEZ-BABYMONSTER-BLACKPINK-BOYNEXTDOOR-ENHYPEN-GOT+THE+BEAT-ILLIT-IVE-LISA-NCT+DOYOUNG-NMIXX-RIIZE-SEVENTEEN-STRAYKIDS-TWICE-WayV-xikers-ZEROBASEONE-JIHYO HTTP/2.0" 200 18959 "-" "Mozilla/5.0 AppleWebKit/537.36 (KHTML, like Gecko; compatible; bingbot/2.0; +http://www.bing.com/bingbot.htm) Chrome/116.0.1938.76 Safari/537.36"
157.55.39.52 - - [05/May/2025:18:19:04 +0200] "GET /en/13-artist?q=Categories-%28G%29I%5C-DLE-AESPA-BLACKPINK-ENHYPEN-ILLIT-ITZY-JIHYO-KAI-LISA-NEW+JEANS-NMIXX-RIIZE-SEVENTEEN-TWICE-TXT-Tzuyu+%28TWICE%29-WayV-ZEROBASEONE-Agust+D+%28BTS%29 HTTP/2.0" 200 18877 "-" "Mozilla/5.0 AppleWebKit/537.36 (KHTML, like Gecko; compatible; bingbot/2.0; +http://www.bing.com/bingbot.htm) Chrome/116.0.1938.76 Safari/537.36"
157.55.39.52 - - [05/May/2025:18:19:15 +0200] "GET /bg/13-artisti?q=%D0%9A%D0%B0%D1%82%D0%B5%D0%B3%D0%BE%D1%80%D0%B8%D0%B8-AESPA-BABYMONSTER-BTS-ENHYPEN-ILLIT-ITZY-JIHYO-JISOO+%28BLACKPINK%29-NCT+DREAM-NMIXX-RIIZE-RM+%28BTS%29-TWICE-V+%28BTS%29-WayV-ZEROBASEONE-IVE HTTP/2.0" 200 20467 "-" "Mozilla/5.0 AppleWebKit/537.36 (KHTML, like Gecko; compatible; bingbot/2.0; +http://www.bing.com/bingbot.htm) Chrome/116.0.1938.76 Safari/537.36"
207.46.13.130 - - [05/May/2025:18:19:20 +0200] "GET /bg/13-artisti?q=%D0%9A%D0%B0%D1%82%D0%B5%D0%B3%D0%BE%D1%80%D0%B8%D0%B8-AESPA-BABYMONSTER-BOYNEXTDOOR-BTS-ENHYPEN-ILLIT-ITZY-IVE-JIHYO-JIMIN+%28BTS%29-LE+SSERAFIM-NAYEON+%28TWICE%29-NCT+127-NMIXX-RIIZE-RM+%28BTS%29-TWICE-TXT-Tzuyu+%28TWICE%29-V+%28BTS%29-WayV-ZEROBASEONE HTTP/2.0" 200 20534 "-" "Mozilla/5.0 AppleWebKit/537.36 (KHTML, like Gecko; compatible; bingbot/2.0; +http://www.bing.com/bingbot.htm) Chrome/116.0.1938.76 Safari/537.36"
40.77.167.144 - - [05/May/2025:18:19:22 +0200] "GET /bg/13-artisti?q=%D0%9A%D0%B0%D1%82%D0%B5%D0%B3%D0%BE%D1%80%D0%B8%D0%B8-AESPA-BLACKPINK-BOYNEXTDOOR-ENHYPEN-ILLIT-ITZY-Jin+%28BTS%29-JUNG+KOOK+%28BTS%29-KAI-LISA-NCT+127-NCT+DREAM-NMIXX-RIIZE-STRAYKIDS-TWICE-TXT-ZEROBASEONE-THE+BOYZ HTTP/2.0" 200 20504 "-" "Mozilla/5.0 AppleWebKit/537.36 (KHTML, like Gecko; compatible; bingbot/2.0; +http://www.bing.com/bingbot.htm) Chrome/116.0.1938.76 Safari/537.36"
149.62.204.87 - - [05/May/2025:18:19:22 +0200] "GET /bg/nachalo/285-nct-dream-dreamscape-construct-ver-4th-full-album--8804775451683 HTTP/2.0" 200 19198 "https://kpopbg.com/bg/41-nct-dream" "Mozilla/5.0 (Windows NT 10.0; Win64; x64) AppleWebKit/537.36 (KHTML, like Gecko) Chrome/135.0.0.0 Safari/537.36"
149.62.204.87 - - [05/May/2025:18:19:23 +0200] "GET /809-medium_default/nct-dream-dreamscape-construct-ver-4th-full-album-.jpg HTTP/2.0" 200 33031 "https://kpopbg.com/bg/nachalo/285-nct-dream-dreamscape-construct-ver-4th-full-album--8804775451683" "Mozilla/5.0 (Windows NT 10.0; Win64; x64) AppleWebKit/537.36 (KHTML, like Gecko) Chrome/135.0.0.0 Safari/537.36"
149.62.204.87 - - [05/May/2025:18:19:23 +0200] "GET /809-large_default/nct-dream-dreamscape-construct-ver-4th-full-album-.jpg HTTP/2.0" 200 51779 "https://kpopbg.com/bg/nachalo/285-nct-dream-dreamscape-construct-ver-4th-full-album--8804775451683" "Mozilla/5.0 (Windows NT 10.0; Win64; x64) AppleWebKit/537.36 (KHTML, like Gecko) Chrome/135.0.0.0 Safari/537.36"
149.62.204.87 - - [05/May/2025:18:19:23 +0200] "GET /809-small_default/nct-dream-dreamscape-construct-ver-4th-full-album-.jpg HTTP/2.0" 200 3226 "https://kpopbg.com/bg/nachalo/285-nct-dream-dreamscape-construct-ver-4th-full-album--8804775451683" "Mozilla/5.0 (Windows NT 10.0; Win64; x64) AppleWebKit/537.36 (KHTML, like Gecko) Chrome/135.0.0.0 Safari/537.36"
149.62.204.87 - - [05/May/2025:18:19:23 +0200] "GET /img/cms/NCT%20DREAM/nct-dream-4th-full-album-dreamscape-construct-ver-wholesale.jpg HTTP/2.0" 200 298072 "https://kpopbg.com/bg/nachalo/285-nct-dream-dreamscape-construct-ver-4th-full-album--8804775451683" "Mozilla/5.0 (Windows NT 10.0; Win64; x64) AppleWebKit/537.36 (KHTML, like Gecko) Chrome/135.0.0.0 Safari/537.36"
207.46.13.130 - - [05/May/2025:18:19:29 +0200] "GET /bg/13-artisti?q=%D0%9A%D0%B0%D1%82%D0%B5%D0%B3%D0%BE%D1%80%D0%B8%D0%B8-AESPA-ATEEZ-BABYMONSTER-BLACKPINK-BOYNEXTDOOR-ENHYPEN-GOT+THE+BEAT-ILLIT-LE+SSERAFIM-NCT+DOYOUNG-NCT+JAEHYUN-NMIXX-RIIZE-STRAYKIDS-TWICE-WayV-ZEROBASEONE-Tzuyu+%28TWICE%29 HTTP/2.0" 200 20519 "-" "Mozilla/5.0 AppleWebKit/537.36 (KHTML, like Gecko; compatible; bingbot/2.0; +http://www.bing.com/bingbot.htm) Chrome/116.0.1938.76 Safari/537.36"
54.36.148.92 - - [05/May/2025:18:19:44 +0200] "GET /bg/%D0%BD%D0%B0%D0%B9-%D0%BF%D1%80%D0%BE%D0%B4%D0%B0%D0%B2%D0%B0%D0%BD%D0%B8?SubmitCurrency=1&id_currency=2&order=product.price.asc&page=3 HTTP/2.0" 200 16865 "-" "Mozilla/5.0 (compatible; AhrefsBot/7.0; +http://ahrefs.com/robot/)"
47.128.19.25 - - [05/May/2025:18:19:52 +0200] "GET /bg/13-artisti?order=product.position.asc&q=%D0%9A%D0%B0%D1%82%D0%B5%D0%B3%D0%BE%D1%80%D0%B8%D0%B8-ASTRO-ITZY-IVE-NEW+JEANS-NMIXX-TXT-STAYC HTTP/2.0" 200 19928 "-" "Mozilla/5.0 (compatible; Bytespider; spider-feedback@bytedance.com) AppleWebKit/537.36 (KHTML, like Gecko) Chrome/70.0.0.0 Safari/537.36"
157.55.39.52 - - [05/May/2025:18:19:53 +0200] "GET /bg/13-artisti?q=%D0%9A%D0%B0%D1%82%D0%B5%D0%B3%D0%BE%D1%80%D0%B8%D0%B8-AESPA-ASTRO-BTS-ENHYPEN-IVE-JISOO-KAI-NCT-NMIXX-STAYC-TWICE/%D0%9D%D0%B0%D0%BB%D0%B8%D1%87%D0%BD%D0%BE%D1%81%D1%82-%D0%92+%D0%BD%D0%B0%D0%BB%D0%B8%D1%87%D0%BD%D0%BE%D1%81%D1%82-%D0%9D%D1%8F%D0%BC%D0%B0+%D0%BD%D0%B0%D0%BB%D0%B8%D1%87%D0%BD%D0%BE%D1%81%D1%82 HTTP/2.0" 200 20548 "-" "Mozilla/5.0 AppleWebKit/537.36 (KHTML, like Gecko; compatible; bingbot/2.0; +http://www.bing.com/bingbot.htm) Chrome/116.0.1938.76 Safari/537.36"
157.55.39.52 - - [05/May/2025:18:19:54 +0200] "GET /bg/13-artisti?q=%D0%9A%D0%B0%D1%82%D0%B5%D0%B3%D0%BE%D1%80%D0%B8%D0%B8-AESPA-BABYMONSTER-BLACKPINK-BOYNEXTDOOR-BTS-ENHYPEN-ILLIT-IVE-JENNIE+%28BLACKPINK%29-JIHYO-Kep1er-NCT+JAEHYUN-NMIXX-RIIZE-SEVENTEEN-WayV-ZEROBASEONE HTTP/2.0" 200 20463 "-" "Mozilla/5.0 AppleWebKit/537.36 (KHTML, like Gecko; compatible; bingbot/2.0; +http://www.bing.com/bingbot.htm) Chrome/116.0.1938.76 Safari/537.36"
40.77.167.144 - - [05/May/2025:18:20:03 +0200] "GET /bg/13-artisti?q=%D0%9A%D0%B0%D1%82%D0%B5%D0%B3%D0%BE%D1%80%D0%B8%D0%B8-AESPA-ATEEZ-BLACKPINK-ENHYPEN-GOT+THE+BEAT-JIHYO-JISOO+%28BLACKPINK%29-NCT+127-NCT+DREAM-NCT+JAEHYUN-NCT+WISH-NMIXX-TWICE HTTP/2.0" 200 20412 "-" "Mozilla/5.0 AppleWebKit/537.36 (KHTML, like Gecko; compatible; bingbot/2.0; +http://www.bing.com/bingbot.htm) Chrome/116.0.1938.76 Safari/537.36"
157.55.39.52 - - [05/May/2025:18:20:03 +0200] "GET /en/13-artist?q=Categories-%28G%29I%5C-DLE-AESPA-BABYMONSTER-CHA+EUN+WOO+%28ASTRO%29-GOT+THE+BEAT-ILLIT-ITZY-JIHYO-LISA-NCT+DREAM-NMIXX-P1Harmony-TWICE-TXT-ZEROBASEONE-JENNIE+%28BLACKPINK%29 HTTP/2.0" 200 18898 "-" "Mozilla/5.0 AppleWebKit/537.36 (KHTML, like Gecko; compatible; bingbot/2.0; +http://www.bing.com/bingbot.htm) Chrome/116.0.1938.76 Safari/537.36"
114.119.134.178 - - [05/May/2025:18:20:16 +0200] "GET /en/13-artist?q=Categories-STRAYKIDS-TREASURE-TWICE-TXT-(G)I%5C-DLE&order=product.name.desc&page=2 HTTP/1.1" 200 18632 "https://kpopbg.com/en/13-artist?q=Categories-STRAYKIDS-TREASURE-TWICE-TXT-(G)I%5C-DLE&order=product.name.desc&page=3" "Mozilla/5.0 (Linux; Android 7.0;) AppleWebKit/537.36 (KHTML, like Gecko) Mobile Safari/537.36 (compatible; PetalBot;+https://webmaster.petalsearch.com/site/petalbot)"
207.46.13.150 - - [05/May/2025:18:20:19 +0200] "GET /bg/13-artisti?q=%D0%9A%D0%B0%D1%82%D0%B5%D0%B3%D0%BE%D1%80%D0%B8%D0%B8-ATEEZ-BABYMONSTER-BLACKPINK-BOYNEXTDOOR-ENHYPEN-ILLIT-ITZY-JIHYO-NAYEON+%28TWICE%29-NCT+DREAM-NCT+JAEHYUN-NMIXX-SEVENTEEN-TXT-V+%28BTS%29-ZEROBASEONE-GOT+THE+BEAT HTTP/2.0" 200 20486 "-" "Mozilla/5.0 AppleWebKit/537.36 (KHTML, like Gecko; compatible; bingbot/2.0; +http://www.bing.com/bingbot.htm) Chrome/116.0.1938.76 Safari/537.36"
207.46.13.150 - - [05/May/2025:18:20:19 +0200] "GET /bg/13-artisti?q=%D0%9A%D0%B0%D1%82%D0%B5%D0%B3%D0%BE%D1%80%D0%B8%D0%B8-ATEEZ-BABYMONSTER-BLACKPINK-BOYNEXTDOOR-ENHYPEN-GOT+THE+BEAT-ILLIT-JENNIE+%28BLACKPINK%29-JIHYO-Kep1er-LISA+%28BLACKPINK%29-NMIXX-RIIZE-ROSE+%28BLACKPINK%29-SEVENTEEN-STAYC-TREASURE-TWICE-WayV-ZEROBASEONE-xikers HTTP/2.0" 200 20541 "-" "Mozilla/5.0 AppleWebKit/537.36 (KHTML, like Gecko; compatible; bingbot/2.0; +http://www.bing.com/bingbot.htm) Chrome/116.0.1938.76 Safari/537.36"
207.46.13.150 - - [05/May/2025:18:20:21 +0200] "GET /en/13-artist?q=%D0%9A%D0%B0%D1%82%D0%B5%D0%B3%D0%BE%D1%80%D0%B8%D0%B8-AESPA-BABYMONSTER-BLACKPINK-BOYNEXTDOOR-BTS-ENHYPEN-ILLIT-ITZY-JIHYO-LISA-NCT+DREAM-NCT+WISH-NMIXX-P1Harmony-RED+VELVET-RM+%28BTS%29-SEVENTEEN-STAYC-STRAYKIDS-TWICE-TXT-XDINARY+HEROES-ZEROBASEONE-JISOO+%28BLACKPINK%29 HTTP/2.0" 200 19068 "-" "Mozilla/5.0 AppleWebKit/537.36 (KHTML, like Gecko; compatible; bingbot/2.0; +http://www.bing.com/bingbot.htm) Chrome/116.0.1938.76 Safari/537.36"
66.249.68.34 - - [05/May/2025:18:20:24 +0200] "GET /518-large_default/ateez-golden-hour-part1-10th-mini-album-.jpg HTTP/1.1" 200 54780 "-" "Googlebot-Image/1.0"
157.55.39.52 - - [05/May/2025:18:20:55 +0200] "GET /en/13-artist?q=%D0%9A%D0%B0%D1%82%D0%B5%D0%B3%D0%BE%D1%80%D0%B8%D0%B8-ATEEZ-BABYMONSTER-BLACKPINK-BOYNEXTDOOR-ENHYPEN-GOT+THE+BEAT-ILLIT-ITZY-IVE-JIHYO-LE+SSERAFIM-NMIXX-STAYC-STRAYKIDS-TREASURE-TWICE-WayV-ZEROBASEONE HTTP/2.0" 200 18954 "-" "Mozilla/5.0 AppleWebKit/537.36 (KHTML, like Gecko; compatible; bingbot/2.0; +http://www.bing.com/bingbot.htm) Chrome/116.0.1938.76 Safari/537.36"
47.128.25.197 - - [05/May/2025:18:21:01 +0200] "GET /bg/13-artisti?SubmitCurrency=1&id_currency=2&q=%D0%9A%D0%B0%D1%82%D0%B5%D0%B3%D0%BE%D1%80%D0%B8%D0%B8-ASTRO-BLACKPINK-JIHYO-JIMIN+%28BTS%29-NCT+DREAM-NEW+JEANS-GOT+THE+BEAT HTTP/2.0" 200 20419 "-" "Mozilla/5.0 (compatible; Bytespider; spider-feedback@bytedance.com) AppleWebKit/537.36 (KHTML, like Gecko) Chrome/70.0.0.0 Safari/537.36"
157.55.39.52 - - [05/May/2025:18:21:05 +0200] "GET /bg/13-artisti?q=%D0%9A%D0%B0%D1%82%D0%B5%D0%B3%D0%BE%D1%80%D0%B8%D0%B8-AESPA-BABYMONSTER-BLACKPINK-BOYNEXTDOOR-ENHYPEN-ILLIT-JIHYO-NMIXX-RIIZE-RM+%28BTS%29-SEVENTEEN-STRAYKIDS-TREASURE-TWICE-WayV-ZEROBASEONE-TXT HTTP/2.0" 200 20449 "-" "Mozilla/5.0 AppleWebKit/537.36 (KHTML, like Gecko; compatible; bingbot/2.0; +http://www.bing.com/bingbot.htm) Chrome/116.0.1938.76 Safari/537.36"
40.77.167.144 - - [05/May/2025:18:21:06 +0200] "GET /bg/13-artisti?q=%D0%9A%D0%B0%D1%82%D0%B5%D0%B3%D0%BE%D1%80%D0%B8%D0%B8-AESPA-BABYMONSTER-BLACKPINK-BOYNEXTDOOR-BTS-CHA+EUN+WOO+%28ASTRO%29-ENHYPEN-ILLIT-ITZY-LE+SSERAFIM-NAYEON+%28TWICE%29-NMIXX-SEVENTEEN-TXT-ZEROBASEONE-XDINARY+HEROES HTTP/2.0" 200 20504 "-" "Mozilla/5.0 AppleWebKit/537.36 (KHTML, like Gecko; compatible; bingbot/2.0; +http://www.bing.com/bingbot.htm) Chrome/116.0.1938.76 Safari/537.36"
207.46.13.150 - - [05/May/2025:18:21:39 +0200] "GET /bg/13-artisti?q=%D0%9A%D0%B0%D1%82%D0%B5%D0%B3%D0%BE%D1%80%D0%B8%D0%B8-ATEEZ-BABYMONSTER-BLACKPINK-BOYNEXTDOOR-ENHYPEN-GOT+THE+BEAT-ILLIT-IVE-JIHYO-LISA+%28BLACKPINK%29-NEW+JEANS-NMIXX-ROSE+%28BLACKPINK%29-SEVENTEEN-STAYC-TREASURE-TWICE-TXT-Tzuyu+%28TWICE%29-V+%28BTS%29-WayV-ZEROBASEONE-JENNIE+%28BLACKPINK%29 HTTP/2.0" 200 20650 "-" "Mozilla/5.0 AppleWebKit/537.36 (KHTML, like Gecko; compatible; bingbot/2.0; +http://www.bing.com/bingbot.htm) Chrome/116.0.1938.76 Safari/537.36"
207.46.13.150 - - [05/May/2025:18:21:40 +0200] "GET /bg/13-artisti?q=%D0%9A%D0%B0%D1%82%D0%B5%D0%B3%D0%BE%D1%80%D0%B8%D0%B8-AESPA-BABYMONSTER-BLACKPINK-BOYNEXTDOOR-ENHYPEN-ILLIT-IVE-JIHYO-LISA-RIIZE-ROSE+%28BLACKPINK%29-STRAYKIDS-TWICE-WayV-ZEROBASEONE-JENNIE+%28BLACKPINK%29&page=15 HTTP/2.0" 200 20180 "-" "Mozilla/5.0 AppleWebKit/537.36 (KHTML, like Gecko; compatible; bingbot/2.0; +http://www.bing.com/bingbot.htm) Chrome/116.0.1938.76 Safari/537.36"
114.119.130.169 - - [05/May/2025:18:21:45 +0200] "GET /en/13-artist?q=Categories-STRAYKIDS-TREASURE-TWICE-TXT&order=product.price.asc&page=2 HTTP/1.1" 200 18783 "https://kpopbg.com/en/13-artist?q=Categories-STRAYKIDS-TREASURE-TWICE-TXT&order=product.price.asc&page=2" "Mozilla/5.0 (Linux; Android 7.0;) AppleWebKit/537.36 (KHTML, like Gecko) Mobile Safari/537.36 (compatible; PetalBot;+https://webmaster.petalsearch.com/site/petalbot)"
40.77.167.144 - - [05/May/2025:18:22:02 +0200] "GET /bg/13-artisti?q=%D0%9A%D0%B0%D1%82%D0%B5%D0%B3%D0%BE%D1%80%D0%B8%D0%B8-AESPA-ATEEZ-BABYMONSTER-BOYNEXTDOOR-BTS-ENHYPEN-ILLIT-IVE-JIHYO-KAI-LISA-NCT+JAEHYUN-NMIXX-RIIZE-SEVENTEEN-TWICE-TXT-WayV-ZEROBASEONE-JISOO+%28BLACKPINK%29 HTTP/2.0" 200 20500 "-" "Mozilla/5.0 AppleWebKit/537.36 (KHTML, like Gecko; compatible; bingbot/2.0; +http://www.bing.com/bingbot.htm) Chrome/116.0.1938.76 Safari/537.36"
207.46.13.150 - - [05/May/2025:18:22:10 +0200] "GET /bg/13-artisti?q=%D0%9A%D0%B0%D1%82%D0%B5%D0%B3%D0%BE%D1%80%D0%B8%D0%B8-ATEEZ-BABYMONSTER-BLACKPINK-BOYNEXTDOOR-ENHYPEN-ILLIT-ITZY-JIHYO-Kep1er-NMIXX-RIIZE-SEVENTEEN-TWICE-XDINARY+HEROES-ZEROBASEONE HTTP/2.0" 200 20428 "-" "Mozilla/5.0 AppleWebKit/537.36 (KHTML, like Gecko; compatible; bingbot/2.0; +http://www.bing.com/bingbot.htm) Chrome/116.0.1938.76 Safari/537.36"
47.128.25.210 - - [05/May/2025:18:22:10 +0200] "GET /bg/13-artisti?q=%D0%9A%D0%B0%D1%82%D0%B5%D0%B3%D0%BE%D1%80%D0%B8%D0%B8-Agust+D+%28BTS%29-GOT+THE+BEAT-JIMIN+%28BTS%29-NCT+DREAM-STAYC-STRAYKIDS-TXT HTTP/2.0" 200 20355 "-" "Mozilla/5.0 (compatible; Bytespider; spider-feedback@bytedance.com) AppleWebKit/537.36 (KHTML, like Gecko) Chrome/70.0.0.0 Safari/537.36"
40.77.167.144 - - [05/May/2025:18:22:26 +0200] "GET /bg/13-artisti?q=%D0%9A%D0%B0%D1%82%D0%B5%D0%B3%D0%BE%D1%80%D0%B8%D0%B8-AESPA-BABYMONSTER-BOYNEXTDOOR-ENHYPEN-ILLIT-JIHYO-Kep1er-LE+SSERAFIM-NCT+127-NCT+DREAM-NMIXX-RIIZE-STRAYKIDS-TWICE-WayV-ZEROBASEONE HTTP/2.0" 200 20448 "-" "Mozilla/5.0 AppleWebKit/537.36 (KHTML, like Gecko; compatible; bingbot/2.0; +http://www.bing.com/bingbot.htm) Chrome/116.0.1938.76 Safari/537.36"
40.77.167.144 - - [05/May/2025:18:22:27 +0200] "GET /bg/13-artisti?q=%D0%9A%D0%B0%D1%82%D0%B5%D0%B3%D0%BE%D1%80%D0%B8%D0%B8-AESPA-BABYMONSTER-BLACKPINK-BOYNEXTDOOR-ENHYPEN-ILLIT-ITZY-IVE-JIHYO-JIMIN+%28BTS%29-KISS+OF+LIFE-LE+SSERAFIM-NAYEON+%28TWICE%29-NMIXX-P1Harmony-RIIZE-SEVENTEEN-STAYC-TXT-Tzuyu+%28TWICE%29-WayV-ZEROBASEONE-JISOO+%28BLACKPINK%29 HTTP/2.0" 200 20659 "-" "Mozilla/5.0 AppleWebKit/537.36 (KHTML, like Gecko; compatible; bingbot/2.0; +http://www.bing.com/bingbot.htm) Chrome/116.0.1938.76 Safari/537.36"
40.77.167.144 - - [05/May/2025:18:22:34 +0200] "GET /bg/13-artisti?q=%D0%9A%D0%B0%D1%82%D0%B5%D0%B3%D0%BE%D1%80%D0%B8%D0%B8-AESPA-BABYMONSTER-BLACKPINK-BOYNEXTDOOR-BTS-ENHYPEN-ILLIT-JIHYO-NMIXX-RIIZE-SEVENTEEN-STAYC-STRAYKIDS-Tzuyu+%28TWICE%29-xikers-ZEROBASEONE-JENNIE+%28BLACKPINK%29&page=2 HTTP/2.0" 200 20143 "-" "Mozilla/5.0 AppleWebKit/537.36 (KHTML, like Gecko; compatible; bingbot/2.0; +http://www.bing.com/bingbot.htm) Chrome/116.0.1938.76 Safari/537.36"
54.36.148.200 - - [05/May/2025:18:22:37 +0200] "GET /bg/65-kep1er?SubmitCurrency=1&id_currency=3 HTTP/2.0" 200 14346 "-" "Mozilla/5.0 (compatible; AhrefsBot/7.0; +http://ahrefs.com/robot/)"
149.62.204.87 - - [05/May/2025:18:22:41 +0200] "POST /bg/%D0%BA%D0%BE%D0%BB%D0%B8%D1%87%D0%BA%D0%B0 HTTP/2.0" 200 2184 "https://kpopbg.com/bg/nachalo/285-nct-dream-dreamscape-construct-ver-4th-full-album--8804775451683" "Mozilla/5.0 (Windows NT 10.0; Win64; x64) AppleWebKit/537.36 (KHTML, like Gecko) Chrome/135.0.0.0 Safari/537.36"
149.62.204.87 - - [05/May/2025:18:22:42 +0200] "POST /bg/module/ps_shoppingcart/ajax HTTP/2.0" 200 4399 "https://kpopbg.com/bg/nachalo/285-nct-dream-dreamscape-construct-ver-4th-full-album--8804775451683" "Mozilla/5.0 (Windows NT 10.0; Win64; x64) AppleWebKit/537.36 (KHTML, like Gecko) Chrome/135.0.0.0 Safari/537.36"
66.249.68.33 - - [05/May/2025:18:22:43 +0200] "GET /762-large_default/pre-order-le-sserafim-hot-5th-mini-album-.jpg HTTP/1.1" 404 11584 "-" "Googlebot-Image/1.0"
207.46.13.150 - - [05/May/2025:18:22:50 +0200] "GET /bg/13-artisti?q=%D0%9A%D0%B0%D1%82%D0%B5%D0%B3%D0%BE%D1%80%D0%B8%D0%B8-ATEEZ-BABYMONSTER-BLACKPINK-BOYNEXTDOOR-ENHYPEN-GOT+THE+BEAT-ILLIT-IVE-JENNIE+%28BLACKPINK%29-LISA+%28BLACKPINK%29-NMIXX-RIIZE-ROSE+%28BLACKPINK%29-STRAYKIDS-TREASURE-TWICE-TXT-ZEROBASEONE-xikers HTTP/2.0" 200 20517 "-" "Mozilla/5.0 AppleWebKit/537.36 (KHTML, like Gecko; compatible; bingbot/2.0; +http://www.bing.com/bingbot.htm) Chrome/116.0.1938.76 Safari/537.36"
207.46.13.150 - - [05/May/2025:18:22:50 +0200] "GET /bg/13-artisti?q=%D0%9A%D0%B0%D1%82%D0%B5%D0%B3%D0%BE%D1%80%D0%B8%D0%B8-AESPA-ATEEZ-BABYMONSTER-BLACKPINK-BOYNEXTDOOR-ENHYPEN-GOT+THE+BEAT-ILLIT-IVE-JENNIE+%28BLACKPINK%29-Kep1er-RIIZE-ROSE+%28BLACKPINK%29-STAYC-STRAYKIDS-THE+BOYZ-TREASURE-TWICE-TXT-WayV-ZEROBASEONE-NAYEON+%28TWICE%29 HTTP/2.0" 200 20567 "-" "Mozilla/5.0 AppleWebKit/537.36 (KHTML, like Gecko; compatible; bingbot/2.0; +http://www.bing.com/bingbot.htm) Chrome/116.0.1938.76 Safari/537.36"
149.62.204.87 - - [05/May/2025:18:22:51 +0200] "POST /bg/index.php?controller=product&token=bdfd9057b9824ac391e1c8e407bdae07&id_product=285&id_customization=0&qty=1 HTTP/2.0" 200 21114 "https://kpopbg.com/bg/nachalo/285-nct-dream-dreamscape-construct-ver-4th-full-album--8804775451683" "Mozilla/5.0 (Windows NT 10.0; Win64; x64) AppleWebKit/537.36 (KHTML, like Gecko) Chrome/135.0.0.0 Safari/537.36"
207.46.13.150 - - [05/May/2025:18:22:51 +0200] "GET /bg/13-artisti?q=%D0%9A%D0%B0%D1%82%D0%B5%D0%B3%D0%BE%D1%80%D0%B8%D0%B8-ATEEZ-BABYMONSTER-BLACKPINK-BOYNEXTDOOR-ENHYPEN-GOT+THE+BEAT-ILLIT-NMIXX-RIIZE-ROSE+%28BLACKPINK%29-SEVENTEEN-STRAYKIDS-TREASURE-WayV-ZEROBASEONE-xikers HTTP/2.0" 200 20476 "-" "Mozilla/5.0 AppleWebKit/537.36 (KHTML, like Gecko; compatible; bingbot/2.0; +http://www.bing.com/bingbot.htm) Chrome/116.0.1938.76 Safari/537.36"
40.77.167.144 - - [05/May/2025:18:23:03 +0200] "GET /bg/13-artisti?q=%D0%9A%D0%B0%D1%82%D0%B5%D0%B3%D0%BE%D1%80%D0%B8%D0%B8-AESPA-BABYMONSTER-BOYNEXTDOOR-ENHYPEN-ILLIT-JIHYO-NCT+DREAM-NCT+WISH-NMIXX-RIIZE-RM+%28BTS%29-STRAYKIDS-TWICE-ZEROBASEONE HTTP/2.0" 200 20433 "-" "Mozilla/5.0 AppleWebKit/537.36 (KHTML, like Gecko; compatible; bingbot/2.0; +http://www.bing.com/bingbot.htm) Chrome/116.0.1938.76 Safari/537.36"
157.55.39.52 - - [05/May/2025:18:23:04 +0200] "GET /bg/13-artisti?q=%D0%9A%D0%B0%D1%82%D0%B5%D0%B3%D0%BE%D1%80%D0%B8%D0%B8-AESPA-BABYMONSTER-BLACKPINK-BOYNEXTDOOR-ENHYPEN-ILLIT-ITZY-JIHYO-JUNG+KOOK+%28BTS%29-NMIXX-RIIZE-RM+%28BTS%29-SEVENTEEN-STAYC-STRAYKIDS-TWICE-TXT-WayV-ZEROBASEONE-JISOO+%28BLACKPINK%29 HTTP/2.0" 200 20515 "-" "Mozilla/5.0 AppleWebKit/537.36 (KHTML, like Gecko; compatible; bingbot/2.0; +http://www.bing.com/bingbot.htm) Chrome/116.0.1938.76 Safari/537.36"
40.77.167.144 - - [05/May/2025:18:23:04 +0200] "GET /en/13-artist?q=%D0%9A%D0%B0%D1%82%D0%B5%D0%B3%D0%BE%D1%80%D0%B8%D0%B8-AESPA-BABYMONSTER-BLACKPINK-BOYNEXTDOOR-CHA+EUN+WOO+%28ASTRO%29-Dreamcatcher-ENHYPEN-ILLIT-JIHYO-LISA-NCT+JAEHYUN-NMIXX-RIIZE-SEVENTEEN-STRAYKIDS-TWICE-Tzuyu+%28TWICE%29-WayV-ZEROBASEONE-NAYEON+%28TWICE%29 HTTP/2.0" 200 19038 "-" "Mozilla/5.0 AppleWebKit/537.36 (KHTML, like Gecko; compatible; bingbot/2.0; +http://www.bing.com/bingbot.htm) Chrome/116.0.1938.76 Safari/537.36"
40.77.167.144 - - [05/May/2025:18:23:05 +0200] "GET /en/13-artist?q=%D0%9A%D0%B0%D1%82%D0%B5%D0%B3%D0%BE%D1%80%D0%B8%D0%B8-AESPA-BABYMONSTER-BLACKPINK-BTS-CHA+EUN+WOO+%28ASTRO%29-ENHYPEN-ILLIT-ITZY-JIHYO-KISS+OF+LIFE-LE+SSERAFIM-LISA-NAYEON+%28TWICE%29-NCT+DOYOUNG-NCT+WISH-NMIXX-RM+%28BTS%29-SEVENTEEN-STRAYKIDS-TWICE-Tzuyu+%28TWICE%29-ZEROBASEONE HTTP/2.0" 200 19050 "-" "Mozilla/5.0 AppleWebKit/537.36 (KHTML, like Gecko; compatible; bingbot/2.0; +http://www.bing.com/bingbot.htm) Chrome/116.0.1938.76 Safari/537.36"
157.55.39.52 - - [05/May/2025:18:23:05 +0200] "GET /en/13-artist?q=Categories-%28G%29I%5C-DLE-BABYMONSTER-BOYNEXTDOOR-ENHYPEN-ILLIT-ITZY-KAI-LISA-NMIXX-RM+%28BTS%29-SEVENTEEN-TWICE-TXT-YUQI+%28%28G%29I%5C-DLE%29-ZEROBASEONE-Agust+D+%28BTS%29 HTTP/2.0" 200 18870 "-" "Mozilla/5.0 AppleWebKit/537.36 (KHTML, like Gecko; compatible; bingbot/2.0; +http://www.bing.com/bingbot.htm) Chrome/116.0.1938.76 Safari/537.36"
149.62.204.87 - - [05/May/2025:18:23:06 +0200] "GET /index.php?controller=new-products HTTP/2.0" 302 0 "https://kpopbg.com/bg/nachalo/285-nct-dream-dreamscape-construct-ver-4th-full-album--8804775451683" "Mozilla/5.0 (Windows NT 10.0; Win64; x64) AppleWebKit/537.36 (KHTML, like Gecko) Chrome/135.0.0.0 Safari/537.36"
149.62.204.87 - - [05/May/2025:18:23:06 +0200] "GET /bg/%D0%BD%D0%BE%D0%B2%D0%B8-%D0%BF%D1%80%D0%BE%D0%B4%D1%83%D0%BA%D1%82%D0%B8 HTTP/2.0" 200 18558 "https://kpopbg.com/bg/nachalo/285-nct-dream-dreamscape-construct-ver-4th-full-album--8804775451683" "Mozilla/5.0 (Windows NT 10.0; Win64; x64) AppleWebKit/537.36 (KHTML, like Gecko) Chrome/135.0.0.0 Safari/537.36"
149.62.204.87 - - [05/May/2025:18:23:06 +0200] "GET /themes/classic/assets/cache/theme-f0c26e93.css HTTP/2.0" 304 0 "https://kpopbg.com/bg/%D0%BD%D0%BE%D0%B2%D0%B8-%D0%BF%D1%80%D0%BE%D0%B4%D1%83%D0%BA%D1%82%D0%B8" "Mozilla/5.0 (Windows NT 10.0; Win64; x64) AppleWebKit/537.36 (KHTML, like Gecko) Chrome/135.0.0.0 Safari/537.36"
149.62.204.87 - - [05/May/2025:18:23:06 +0200] "GET /themes/classic/assets/cache/bottom-9263dd92.js HTTP/2.0" 304 0 "https://kpopbg.com/bg/%D0%BD%D0%BE%D0%B2%D0%B8-%D0%BF%D1%80%D0%BE%D0%B4%D1%83%D0%BA%D1%82%D0%B8" "Mozilla/5.0 (Windows NT 10.0; Win64; x64) AppleWebKit/537.36 (KHTML, like Gecko) Chrome/135.0.0.0 Safari/537.36"
149.62.204.87 - - [05/May/2025:18:23:07 +0200] "GET /833-home_default/pre-order-enhypen-desire-unleash-weverse-albums-ver.jpg HTTP/2.0" 200 5747 "https://kpopbg.com/bg/%D0%BD%D0%BE%D0%B2%D0%B8-%D0%BF%D1%80%D0%BE%D0%B4%D1%83%D0%BA%D1%82%D0%B8" "Mozilla/5.0 (Windows NT 10.0; Win64; x64) AppleWebKit/537.36 (KHTML, like Gecko) Chrome/135.0.0.0 Safari/537.36"
149.62.204.87 - - [05/May/2025:18:23:07 +0200] "GET /826-home_default/young-posse-ate-that-3rd-ep-.jpg HTTP/2.0" 200 20245 "https://kpopbg.com/bg/%D0%BD%D0%BE%D0%B2%D0%B8-%D0%BF%D1%80%D0%BE%D0%B4%D1%83%D0%BA%D1%82%D0%B8" "Mozilla/5.0 (Windows NT 10.0; Win64; x64) AppleWebKit/537.36 (KHTML, like Gecko) Chrome/135.0.0.0 Safari/537.36"
149.62.204.87 - - [05/May/2025:18:23:07 +0200] "GET /822-home_default/young-posse-cold-special-album-.jpg HTTP/2.0" 200 13924 "https://kpopbg.com/bg/%D0%BD%D0%BE%D0%B2%D0%B8-%D0%BF%D1%80%D0%BE%D0%B4%D1%83%D0%BA%D1%82%D0%B8" "Mozilla/5.0 (Windows NT 10.0; Win64; x64) AppleWebKit/537.36 (KHTML, like Gecko) Chrome/135.0.0.0 Safari/537.36"
149.62.204.87 - - [05/May/2025:18:23:07 +0200] "GET /821-home_default/hearts2hearts-the-chase-photobook-ver-1st-single-.jpg HTTP/2.0" 200 29782 "https://kpopbg.com/bg/%D0%BD%D0%BE%D0%B2%D0%B8-%D0%BF%D1%80%D0%BE%D0%B4%D1%83%D0%BA%D1%82%D0%B8" "Mozilla/5.0 (Windows NT 10.0; Win64; x64) AppleWebKit/537.36 (KHTML, like Gecko) Chrome/135.0.0.0 Safari/537.36"
157.55.39.52 - - [05/May/2025:18:23:07 +0200] "GET /bg/13-artisti?q=%D0%9A%D0%B0%D1%82%D0%B5%D0%B3%D0%BE%D1%80%D0%B8%D0%B8-AESPA-ATEEZ-BABYMONSTER-BOYNEXTDOOR-BTS-ENHYPEN-GOT+THE+BEAT-ILLIT-ITZY-JIHYO-KAI-LISA-NAYEON+%28TWICE%29-NCT+DREAM-NMIXX-P1Harmony-SEVENTEEN-STAYC-TWICE-ZEROBASEONE-CHA+EUN+WOO+%28ASTRO%29&order=product.price.asc&page=3 HTTP/2.0" 200 20622 "-" "Mozilla/5.0 AppleWebKit/537.36 (KHTML, like Gecko; compatible; bingbot/2.0; +http://www.bing.com/bingbot.htm) Chrome/116.0.1938.76 Safari/537.36"
149.62.204.87 - - [05/May/2025:18:23:11 +0200] "GET /bg/nachalo/294-567-mark-nct-the-firstfruit-photobook-ver-8804775454677 HTTP/2.0" 200 21239 "https://kpopbg.com/bg/%D0%BD%D0%BE%D0%B2%D0%B8-%D0%BF%D1%80%D0%BE%D0%B4%D1%83%D0%BA%D1%82%D0%B8" "Mozilla/5.0 (Windows NT 10.0; Win64; x64) AppleWebKit/537.36 (KHTML, like Gecko) Chrome/135.0.0.0 Safari/537.36"
149.62.204.87 - - [05/May/2025:18:23:11 +0200] "GET /831-medium_default/mark-nct-the-firstfruit-photobook-ver.jpg HTTP/2.0" 200 20198 "https://kpopbg.com/bg/nachalo/294-567-mark-nct-the-firstfruit-photobook-ver-8804775454677" "Mozilla/5.0 (Windows NT 10.0; Win64; x64) AppleWebKit/537.36 (KHTML, like Gecko) Chrome/135.0.0.0 Safari/537.36"
149.62.204.87 - - [05/May/2025:18:23:11 +0200] "GET /img/cms/MARK/mark-nct-the-1st-album-the-firstfruit-photobook-ver-wholesale.jpg HTTP/2.0" 200 234726 "https://kpopbg.com/bg/nachalo/294-567-mark-nct-the-firstfruit-photobook-ver-8804775454677" "Mozilla/5.0 (Windows NT 10.0; Win64; x64) AppleWebKit/537.36 (KHTML, like Gecko) Chrome/135.0.0.0 Safari/537.36"
149.62.204.87 - - [05/May/2025:18:23:11 +0200] "GET /831-large_default/mark-nct-the-firstfruit-photobook-ver.jpg HTTP/2.0" 200 29531 "https://kpopbg.com/bg/nachalo/294-567-mark-nct-the-firstfruit-photobook-ver-8804775454677" "Mozilla/5.0 (Windows NT 10.0; Win64; x64) AppleWebKit/537.36 (KHTML, like Gecko) Chrome/135.0.0.0 Safari/537.36"
149.62.204.87 - - [05/May/2025:18:23:11 +0200] "GET /831-small_default/mark-nct-the-firstfruit-photobook-ver.jpg HTTP/2.0" 200 2955 "https://kpopbg.com/bg/nachalo/294-567-mark-nct-the-firstfruit-photobook-ver-8804775454677" "Mozilla/5.0 (Windows NT 10.0; Win64; x64) AppleWebKit/537.36 (KHTML, like Gecko) Chrome/135.0.0.0 Safari/537.36"
114.119.135.217 - - [05/May/2025:18:23:11 +0200] "GET /en/13-artist?q=Categories-STRAYKIDS-TREASURE-TWICE-THE%2BBOYZ&order=product.reference.desc HTTP/1.1" 200 18518 "https://kpopbg.com/en/13-artist?q=Categories-STRAYKIDS-TREASURE-TWICE-V%2B(BTS)/Availability-Available&order=product.reference.desc&page=2" "Mozilla/5.0 (Linux; Android 7.0;) AppleWebKit/537.36 (KHTML, like Gecko) Mobile Safari/537.36 (compatible; PetalBot;+https://webmaster.petalsearch.com/site/petalbot)"
47.128.43.28 - - [05/May/2025:18:23:19 +0200] "GET /bg/13-artisti?order=product.sales.desc&q=%D0%9A%D0%B0%D1%82%D0%B5%D0%B3%D0%BE%D1%80%D0%B8%D0%B8-Agust+D+%28BTS%29-ASTRO-BLACKPINK-BTS-RED+VELVET-STAYC-TXT-STRAYKIDS HTTP/2.0" 200 16679 "-" "Mozilla/5.0 (compatible; Bytespider; spider-feedback@bytedance.com) AppleWebKit/537.36 (KHTML, like Gecko) Chrome/70.0.0.0 Safari/537.36"
207.46.13.150 - - [05/May/2025:18:23:19 +0200] "GET /en/13-artist?q=Categories-%28G%29I%5C-DLE-AESPA-BABYMONSTER-BLACKPINK-BTS-ENHYPEN-ILLIT-ITZY-JIHYO-NCT+WISH-NMIXX-P1Harmony-ROSE+%28BLACKPINK%29-SEVENTEEN-TWICE-TXT-WayV-XDINARY+HEROES-ZEROBASEONE-V+%28BTS%29 HTTP/2.0" 200 18937 "-" "Mozilla/5.0 AppleWebKit/537.36 (KHTML, like Gecko; compatible; bingbot/2.0; +http://www.bing.com/bingbot.htm) Chrome/116.0.1938.76 Safari/537.36"
207.46.13.150 - - [05/May/2025:18:23:20 +0200] "GET /en/13-artist?q=%D0%9A%D0%B0%D1%82%D0%B5%D0%B3%D0%BE%D1%80%D0%B8%D0%B8-BABYMONSTER-BOYNEXTDOOR-BTS-ENHYPEN-ILLIT-ITZY-JIHYO-JIMIN+%28BTS%29-LISA-NAYEON+%28TWICE%29-NCT+DREAM-NMIXX-RIIZE-ROSE+%28BLACKPINK%29-STRAYKIDS-TWICE-WayV-ZEROBASEONE-STAYC HTTP/2.0" 200 19000 "-" "Mozilla/5.0 AppleWebKit/537.36 (KHTML, like Gecko; compatible; bingbot/2.0; +http://www.bing.com/bingbot.htm) Chrome/116.0.1938.76 Safari/537.36"
157.55.39.52 - - [05/May/2025:18:23:25 +0200] "GET /bg/13-artisti?q=%D0%9A%D0%B0%D1%82%D0%B5%D0%B3%D0%BE%D1%80%D0%B8%D0%B8-AESPA-ATEEZ-BABYMONSTER-BLACKPINK-BOYNEXTDOOR-ENHYPEN-GOT+THE+BEAT-ILLIT-ITZY-IVE-JIHYO-LISA+%28BLACKPINK%29-NEW+JEANS-NMIXX-RIIZE-ROSE+%28BLACKPINK%29-STAYC-STRAYKIDS-TWICE-TXT-WayV-ZEROBASEONE-V+%28BTS%29 HTTP/2.0" 200 20561 "-" "Mozilla/5.0 AppleWebKit/537.36 (KHTML, like Gecko; compatible; bingbot/2.0; +http://www.bing.com/bingbot.htm) Chrome/116.0.1938.76 Safari/537.36"
207.46.13.150 - - [05/May/2025:18:23:29 +0200] "GET /bg/13-artisti?q=%D0%9A%D0%B0%D1%82%D0%B5%D0%B3%D0%BE%D1%80%D0%B8%D0%B8-AESPA-ATEEZ-BLACKPINK-BOYNEXTDOOR-ENHYPEN-ILLIT-IVE-JIHYO-KAI-Kep1er-LISA-NCT+DOYOUNG-NMIXX-RIIZE-SEVENTEEN-TWICE-WayV-ZEROBASEONE-JISOO+%28BLACKPINK%29 HTTP/2.0" 200 20470 "-" "Mozilla/5.0 AppleWebKit/537.36 (KHTML, like Gecko; compatible; bingbot/2.0; +http://www.bing.com/bingbot.htm) Chrome/116.0.1938.76 Safari/537.36"
207.46.13.150 - - [05/May/2025:18:23:49 +0200] "GET /bg/13-artisti?q=%D0%9A%D0%B0%D1%82%D0%B5%D0%B3%D0%BE%D1%80%D0%B8%D0%B8-AESPA-ASTRO-ATEEZ-BLACKPINK-BTS-ENHYPEN-IVE-KAI-NCT-NMIXX-STAYC-NCT+DREAM/%D0%9D%D0%B0%D0%BB%D0%B8%D1%87%D0%BD%D0%BE%D1%81%D1%82-%D0%92+%D0%BD%D0%B0%D0%BB%D0%B8%D1%87%D0%BD%D0%BE%D1%81%D1%82 HTTP/2.0" 200 20457 "-" "Mozilla/5.0 AppleWebKit/537.36 (KHTML, like Gecko; compatible; bingbot/2.0; +http://www.bing.com/bingbot.htm) Chrome/116.0.1938.76 Safari/537.36"
207.46.13.150 - - [05/May/2025:18:23:50 +0200] "GET /bg/13-artisti?q=%D0%9A%D0%B0%D1%82%D0%B5%D0%B3%D0%BE%D1%80%D0%B8%D0%B8-ATEEZ-BABYMONSTER-BLACKPINK-BOYNEXTDOOR-ENHYPEN-ILLIT-IVE-JENNIE+%28BLACKPINK%29-JIHYO-JISOO+%28BLACKPINK%29-Kep1er-LE+SSERAFIM-NCT+JAEHYUN-NMIXX-RIIZE-ROSE+%28BLACKPINK%29-STAYC-STRAYKIDS-TREASURE-TWICE-TXT-WayV-ZEROBASEONE HTTP/2.0" 200 20608 "-" "Mozilla/5.0 AppleWebKit/537.36 (KHTML, like Gecko; compatible; bingbot/2.0; +http://www.bing.com/bingbot.htm) Chrome/116.0.1938.76 Safari/537.36"
157.55.39.52 - - [05/May/2025:18:23:54 +0200] "GET /en/13-artist?q=%D0%9A%D0%B0%D1%82%D0%B5%D0%B3%D0%BE%D1%80%D0%B8%D0%B8-AESPA-Agust+D+%28BTS%29-ATEEZ-BABYMONSTER-BOYNEXTDOOR-CHA+EUN+WOO+%28ASTRO%29-ENHYPEN-ILLIT-ITZY-JIMIN+%28BTS%29-KAI-LISA-NAYEON+%28TWICE%29-NMIXX-P1Harmony-SEVENTEEN-STAYC-TWICE-XDINARY+HEROES-xikers-ZEROBASEONE HTTP/2.0" 200 19055 "-" "Mozilla/5.0 AppleWebKit/537.36 (KHTML, like Gecko; compatible; bingbot/2.0; +http://www.bing.com/bingbot.htm) Chrome/116.0.1938.76 Safari/537.36"
149.62.204.87 - - [05/May/2025:18:24:02 +0200] "POST /bg/%D0%BA%D0%BE%D0%BB%D0%B8%D1%87%D0%BA%D0%B0 HTTP/2.0" 200 2967 "https://kpopbg.com/bg/nachalo/294-567-mark-nct-the-firstfruit-photobook-ver-8804775454677" "Mozilla/5.0 (Windows NT 10.0; Win64; x64) AppleWebKit/537.36 (KHTML, like Gecko) Chrome/135.0.0.0 Safari/537.36"
149.62.204.87 - - [05/May/2025:18:24:02 +0200] "POST /bg/module/ps_shoppingcart/ajax HTTP/2.0" 200 4509 "https://kpopbg.com/bg/nachalo/294-567-mark-nct-the-firstfruit-photobook-ver-8804775454677" "Mozilla/5.0 (Windows NT 10.0; Win64; x64) AppleWebKit/537.36 (KHTML, like Gecko) Chrome/135.0.0.0 Safari/537.36"
40.77.167.144 - - [05/May/2025:18:24:03 +0200] "GET /bg/13-artisti?q=%D0%9A%D0%B0%D1%82%D0%B5%D0%B3%D0%BE%D1%80%D0%B8%D0%B8-AESPA-BLACKPINK-BOYNEXTDOOR-CHA+EUN+WOO+%28ASTRO%29-ENHYPEN-ILLIT-JIHYO-NMIXX-RIIZE-SEVENTEEN-TWICE-V+%28BTS%29-WayV-ZEROBASEONE-IVE HTTP/2.0" 200 20430 "-" "Mozilla/5.0 AppleWebKit/537.36 (KHTML, like Gecko; compatible; bingbot/2.0; +http://www.bing.com/bingbot.htm) Chrome/116.0.1938.76 Safari/537.36"
149.62.204.87 - - [05/May/2025:18:24:07 +0200] "GET /bg/%D0%BA%D0%BE%D0%BB%D0%B8%D1%87%D0%BA%D0%B0?action=show HTTP/2.0" 200 16738 "https://kpopbg.com/bg/nachalo/294-567-mark-nct-the-firstfruit-photobook-ver-8804775454677" "Mozilla/5.0 (Windows NT 10.0; Win64; x64) AppleWebKit/537.36 (KHTML, like Gecko) Chrome/135.0.0.0 Safari/537.36"
149.62.204.87 - - [05/May/2025:18:24:07 +0200] "GET /809-cart_default/nct-dream-dreamscape-construct-ver-4th-full-album-.jpg HTTP/2.0" 200 4540 "https://kpopbg.com/bg/%D0%BA%D0%BE%D0%BB%D0%B8%D1%87%D0%BA%D0%B0?action=show" "Mozilla/5.0 (Windows NT 10.0; Win64; x64) AppleWebKit/537.36 (KHTML, like Gecko) Chrome/135.0.0.0 Safari/537.36"
149.62.204.87 - - [05/May/2025:18:24:07 +0200] "GET /831-cart_default/mark-nct-the-firstfruit-photobook-ver.jpg HTTP/2.0" 200 3974 "https://kpopbg.com/bg/%D0%BA%D0%BE%D0%BB%D0%B8%D1%87%D0%BA%D0%B0?action=show" "Mozilla/5.0 (Windows NT 10.0; Win64; x64) AppleWebKit/537.36 (KHTML, like Gecko) Chrome/135.0.0.0 Safari/537.36"
66.249.68.34 - - [05/May/2025:18:24:09 +0200] "GET /bg/nachalo/293-566-seulgi-red-velvet-accidentally-on-purpose-photo-book-ver-2nd-mini-album--8804775454806 HTTP/1.1" 200 18760 "-" "Mozilla/5.0 (Linux; Android 6.0.1; Nexus 5X Build/MMB29P) AppleWebKit/537.36 (KHTML, like Gecko) Chrome/135.0.7049.95 Mobile Safari/537.36 (compatible; Googlebot/2.1; +http://www.google.com/bot.html)"
207.46.13.150 - - [05/May/2025:18:24:10 +0200] "GET /en/13-artist?q=%D0%9A%D0%B0%D1%82%D0%B5%D0%B3%D0%BE%D1%80%D0%B8%D0%B8-AESPA-BABYMONSTER-BLACKPINK-BOYNEXTDOOR-BTS-ILLIT-ITZY-IVE-JIHYO-KISS+OF+LIFE-LISA-SEVENTEEN-STAYC-TWICE-TXT-V+%28BTS%29-ZEROBASEONE-JISOO+%28BLACKPINK%29 HTTP/2.0" 200 18959 "-" "Mozilla/5.0 AppleWebKit/537.36 (KHTML, like Gecko; compatible; bingbot/2.0; +http://www.bing.com/bingbot.htm) Chrome/116.0.1938.76 Safari/537.36"
47.128.112.239 - - [05/May/2025:18:24:28 +0200] "GET /en/13-artist?q=Categories-BLACKPINK-NCT-NEW+JEANS-NMIXX-RED+VELVET-TXT-Agust+D+%28BTS%29 HTTP/2.0" 200 18739 "-" "Mozilla/5.0 (compatible; Bytespider; spider-feedback@bytedance.com) AppleWebKit/537.36 (KHTML, like Gecko) Chrome/70.0.0.0 Safari/537.36"
114.119.150.154 - - [05/May/2025:18:24:39 +0200] "GET /en/13-artist?q=Categories-STRAYKIDS-TREASURE-TWICE-RED%2BVELVET&order=product.sales.desc&page=2 HTTP/1.1" 200 15102 "https://kpopbg.com/en/13-artist?q=Categories-STRAYKIDS-TREASURE-TWICE-RED%2BVELVET&order=product.sales.desc" "Mozilla/5.0 (Linux; Android 7.0;) AppleWebKit/537.36 (KHTML, like Gecko) Mobile Safari/537.36 (compatible; PetalBot;+https://webmaster.petalsearch.com/site/petalbot)"
78.83.204.119 - - [05/May/2025:18:24:49 +0200] "POST /bg/module/ps_facebook/Ajax HTTP/2.0" 200 20 "https://kpopbg.com/bg/nachalo/148-304-gi-dle-2-jewel-ver-8804775368257" "Mozilla/5.0 (X11; Linux x86_64) AppleWebKit/537.36 (KHTML, like Gecko) Chrome/136.0.0.0 Safari/537.36"
78.83.204.119 - - [05/May/2025:18:24:49 +0200] "POST /bg/module/ps_facebook/Ajax HTTP/2.0" 200 20 "https://kpopbg.com/bg/nachalo/148-304-gi-dle-2-jewel-ver-8804775368257" "Mozilla/5.0 (X11; Linux x86_64) AppleWebKit/537.36 (KHTML, like Gecko) Chrome/136.0.0.0 Safari/537.36"
78.83.204.119 - - [05/May/2025:18:24:49 +0200] "POST /bg/index.php?controller=product&token=8a82bb843a1bc732b757dc07694906a9&id_product=148&id_customization=0&group%5B5%5D=27&qty=1 HTTP/2.0" 200 24397 "https://kpopbg.com/bg/nachalo/148-304-gi-dle-2-jewel-ver-8804775368257" "Mozilla/5.0 (X11; Linux x86_64) AppleWebKit/537.36 (KHTML, like Gecko) Chrome/136.0.0.0 Safari/537.36"
78.83.204.119 - - [05/May/2025:18:24:51 +0200] "POST /bg/module/ps_facebook/Ajax HTTP/2.0" 200 20 "https://kpopbg.com/bg/nachalo/148-301-gi-dle-2-jewel-ver-8804775368257" "Mozilla/5.0 (X11; Linux x86_64) AppleWebKit/537.36 (KHTML, like Gecko) Chrome/136.0.0.0 Safari/537.36"
78.83.204.119 - - [05/May/2025:18:24:51 +0200] "POST /bg/module/ps_facebook/Ajax HTTP/2.0" 200 20 "https://kpopbg.com/bg/nachalo/148-301-gi-dle-2-jewel-ver-8804775368257" "Mozilla/5.0 (X11; Linux x86_64) AppleWebKit/537.36 (KHTML, like Gecko) Chrome/136.0.0.0 Safari/537.36"
78.83.204.119 - - [05/May/2025:18:24:51 +0200] "POST /bg/index.php?controller=product&token=8a82bb843a1bc732b757dc07694906a9&id_product=148&id_customization=0&group%5B5%5D=28&qty=1 HTTP/2.0" 200 24397 "https://kpopbg.com/bg/nachalo/148-301-gi-dle-2-jewel-ver-8804775368257" "Mozilla/5.0 (X11; Linux x86_64) AppleWebKit/537.36 (KHTML, like Gecko) Chrome/136.0.0.0 Safari/537.36"
78.83.204.119 - - [05/May/2025:18:24:55 +0200] "POST /bg/module/ps_facebook/Ajax HTTP/2.0" 200 20 "https://kpopbg.com/bg/nachalo/148-302-gi-dle-2-jewel-ver-8804775368257" "Mozilla/5.0 (X11; Linux x86_64) AppleWebKit/537.36 (KHTML, like Gecko) Chrome/136.0.0.0 Safari/537.36"
78.83.204.119 - - [05/May/2025:18:24:55 +0200] "POST /bg/module/ps_facebook/Ajax HTTP/2.0" 200 20 "https://kpopbg.com/bg/nachalo/148-302-gi-dle-2-jewel-ver-8804775368257" "Mozilla/5.0 (X11; Linux x86_64) AppleWebKit/537.36 (KHTML, like Gecko) Chrome/136.0.0.0 Safari/537.36"
78.83.204.119 - - [05/May/2025:18:24:55 +0200] "POST /bg/index.php?controller=product&token=8a82bb843a1bc732b757dc07694906a9&id_product=148&id_customization=0&group%5B5%5D=29&qty=1 HTTP/2.0" 200 24397 "https://kpopbg.com/bg/nachalo/148-302-gi-dle-2-jewel-ver-8804775368257" "Mozilla/5.0 (X11; Linux x86_64) AppleWebKit/537.36 (KHTML, like Gecko) Chrome/136.0.0.0 Safari/537.36"
78.83.204.119 - - [05/May/2025:18:24:59 +0200] "POST /bg/module/ps_facebook/Ajax HTTP/2.0" 200 20 "https://kpopbg.com/bg/nachalo/148-303-gi-dle-2-jewel-ver-8804775368257" "Mozilla/5.0 (X11; Linux x86_64) AppleWebKit/537.36 (KHTML, like Gecko) Chrome/136.0.0.0 Safari/537.36"
78.83.204.119 - - [05/May/2025:18:24:59 +0200] "POST /bg/module/ps_facebook/Ajax HTTP/2.0" 200 20 "https://kpopbg.com/bg/nachalo/148-303-gi-dle-2-jewel-ver-8804775368257" "Mozilla/5.0 (X11; Linux x86_64) AppleWebKit/537.36 (KHTML, like Gecko) Chrome/136.0.0.0 Safari/537.36"
78.83.204.119 - - [05/May/2025:18:24:59 +0200] "POST /bg/index.php?controller=product&token=8a82bb843a1bc732b757dc07694906a9&id_product=148&id_customization=0&group%5B5%5D=31&qty=1 HTTP/2.0" 200 24166 "https://kpopbg.com/bg/nachalo/148-303-gi-dle-2-jewel-ver-8804775368257" "Mozilla/5.0 (X11; Linux x86_64) AppleWebKit/537.36 (KHTML, like Gecko) Chrome/136.0.0.0 Safari/537.36"
78.83.204.119 - - [05/May/2025:18:25:01 +0200] "GET /themes/classic/assets/cache/theme-f0c26e93.css HTTP/2.0" 304 0 "https://kpopbg.com/bg/nachalo/148-304-gi-dle-2-jewel-ver-8804775368257" "Mozilla/5.0 (X11; Linux x86_64) AppleWebKit/537.36 (KHTML, like Gecko) Chrome/136.0.0.0 Safari/537.36"
207.46.13.107 - - [05/May/2025:18:25:03 +0200] "GET /en/13-artist?q=%D0%9A%D0%B0%D1%82%D0%B5%D0%B3%D0%BE%D1%80%D0%B8%D0%B8-AESPA-BABYMONSTER-BLACKPINK-BOYNEXTDOOR-BTS-ENHYPEN-ILLIT-LISA-NCT+DOYOUNG-RIIZE-ROSE+%28BLACKPINK%29-TWICE-WayV-ZEROBASEONE-JUNG+KOOK+%28BTS%29 HTTP/2.0" 200 18925 "-" "Mozilla/5.0 AppleWebKit/537.36 (KHTML, like Gecko; compatible; bingbot/2.0; +http://www.bing.com/bingbot.htm) Chrome/116.0.1938.76 Safari/537.36"
40.77.167.144 - - [05/May/2025:18:25:04 +0200] "GET /bg/13-artisti?q=%D0%9A%D0%B0%D1%82%D0%B5%D0%B3%D0%BE%D1%80%D0%B8%D0%B8-ATEEZ-BABYMONSTER-BLACKPINK-BOYNEXTDOOR-ENHYPEN-GOT+THE+BEAT-ILLIT-IVE-JENNIE+%28BLACKPINK%29-JIHYO-JISOO+%28BLACKPINK%29-Kep1er-NCT+JAEHYUN-NMIXX-RIIZE-ROSE+%28BLACKPINK%29-SEVENTEEN-STRAYKIDS-TREASURE-TWICE-TXT-WayV-ZEROBASEONE-RM+%28BTS%29 HTTP/2.0" 200 20653 "-" "Mozilla/5.0 AppleWebKit/537.36 (KHTML, like Gecko; compatible; bingbot/2.0; +http://www.bing.com/bingbot.htm) Chrome/116.0.1938.76 Safari/537.36"
40.77.167.144 - - [05/May/2025:18:25:04 +0200] "GET /en/13-artist?q=%D0%9A%D0%B0%D1%82%D0%B5%D0%B3%D0%BE%D1%80%D0%B8%D0%B8-AESPA-BABYMONSTER-BOYNEXTDOOR-BTS-ENHYPEN-ILLIT-ITZY-IVE-JIHYO-LISA-NCT+127-NCT+DOYOUNG-NCT+DREAM-NMIXX-P1Harmony-RIIZE-STAYC-TWICE-WayV-ZEROBASEONE-ROSE+%28BLACKPINK%29 HTTP/2.0" 200 18993 "-" "Mozilla/5.0 AppleWebKit/537.36 (KHTML, like Gecko; compatible; bingbot/2.0; +http://www.bing.com/bingbot.htm) Chrome/116.0.1938.76 Safari/537.36"
40.77.167.144 - - [05/May/2025:18:25:05 +0200] "GET /en/13-artist?q=%D0%9A%D0%B0%D1%82%D0%B5%D0%B3%D0%BE%D1%80%D0%B8%D0%B8-AESPA-BABYMONSTER-BLACKPINK-BOYNEXTDOOR-BTS-ENHYPEN-GOT+THE+BEAT-ILLIT-ITZY-JIHYO-KAI-KISS+OF+LIFE-LISA-NAYEON+%28TWICE%29-NCT+127-NMIXX-STAYC-STRAYKIDS-TWICE-TXT-WayV-XDINARY+HEROES-ZEROBASEONE-Agust+D+%28BTS%29&page=2 HTTP/2.0" 200 18763 "-" "Mozilla/5.0 AppleWebKit/537.36 (KHTML, like Gecko; compatible; bingbot/2.0; +http://www.bing.com/bingbot.htm) Chrome/116.0.1938.76 Safari/537.36"
78.83.204.119 - - [05/May/2025:18:25:08 +0200] "POST /bg/module/ps_facebook/Ajax HTTP/2.0" 200 20 "https://kpopbg.com/bg/nachalo/148-304-gi-dle-2-jewel-ver-8804775368257" "Mozilla/5.0 (X11; Linux x86_64) AppleWebKit/537.36 (KHTML, like Gecko) Chrome/136.0.0.0 Safari/537.36"
78.83.204.119 - - [05/May/2025:18:25:08 +0200] "POST /bg/module/ps_facebook/Ajax HTTP/2.0" 200 20 "https://kpopbg.com/bg/nachalo/148-304-gi-dle-2-jewel-ver-8804775368257" "Mozilla/5.0 (X11; Linux x86_64) AppleWebKit/537.36 (KHTML, like Gecko) Chrome/136.0.0.0 Safari/537.36"
78.83.204.119 - - [05/May/2025:18:25:08 +0200] "POST /bg/index.php?controller=product&token=8a82bb843a1bc732b757dc07694906a9&id_product=148&id_customization=0&group%5B5%5D=29&qty=1 HTTP/2.0" 200 24397 "https://kpopbg.com/bg/nachalo/148-304-gi-dle-2-jewel-ver-8804775368257" "Mozilla/5.0 (X11; Linux x86_64) AppleWebKit/537.36 (KHTML, like Gecko) Chrome/136.0.0.0 Safari/537.36"
207.46.13.150 - - [05/May/2025:18:25:10 +0200] "GET /bg/13-artisti?q=%D0%9A%D0%B0%D1%82%D0%B5%D0%B3%D0%BE%D1%80%D0%B8%D0%B8-AESPA-ATEEZ-BABYMONSTER-BLACKPINK-BOYNEXTDOOR-ENHYPEN-GOT+THE+BEAT-ILLIT-IVE-JIHYO-NCT+DREAM-NMIXX-RIIZE-SEVENTEEN-STRAYKIDS-TXT-V+%28BTS%29-WayV-ZEROBASEONE-NAYEON+%28TWICE%29 HTTP/2.0" 200 20522 "-" "Mozilla/5.0 AppleWebKit/537.36 (KHTML, like Gecko; compatible; bingbot/2.0; +http://www.bing.com/bingbot.htm) Chrome/116.0.1938.76 Safari/537.36"
66.249.68.34 - - [05/May/2025:18:25:10 +0200] "GET /en/nachalo/203-enhypen-romanceuntold-8809704428149?SubmitCurrency=1&id_currency=3 HTTP/1.1" 200 17034 "-" "Mozilla/5.0 (Linux; Android 6.0.1; Nexus 5X Build/MMB29P) AppleWebKit/537.36 (KHTML, like Gecko) Chrome/135.0.7049.95 Mobile Safari/537.36 (compatible; GoogleOther)"
207.46.13.150 - - [05/May/2025:18:25:11 +0200] "GET /en/13-artist?q=Categories-%28G%29I%5C-DLE-AESPA-ATEEZ-BABYMONSTER-BLACKPINK-ENHYPEN-GOT+THE+BEAT-ILLIT-ITZY-JIHYO-JIMIN+%28BTS%29-NCT+DREAM-NCT+WISH-NMIXX-RM+%28BTS%29-SEVENTEEN-TWICE-TXT-WayV-ZEROBASEONE-STRAYKIDS&order=product.name.desc HTTP/2.0" 200 18875 "-" "Mozilla/5.0 AppleWebKit/537.36 (KHTML, like Gecko; compatible; bingbot/2.0; +http://www.bing.com/bingbot.htm) Chrome/116.0.1938.76 Safari/537.36"
78.83.204.119 - - [05/May/2025:18:25:14 +0200] "POST /bg/module/ps_facebook/Ajax HTTP/2.0" 200 20 "https://kpopbg.com/bg/nachalo/148-303-gi-dle-2-jewel-ver-8804775368257" "Mozilla/5.0 (X11; Linux x86_64) AppleWebKit/537.36 (KHTML, like Gecko) Chrome/136.0.0.0 Safari/537.36"
78.83.204.119 - - [05/May/2025:18:25:15 +0200] "POST /bg/module/ps_facebook/Ajax HTTP/2.0" 200 20 "https://kpopbg.com/bg/nachalo/148-303-gi-dle-2-jewel-ver-8804775368257" "Mozilla/5.0 (X11; Linux x86_64) AppleWebKit/537.36 (KHTML, like Gecko) Chrome/136.0.0.0 Safari/537.36"
78.83.204.119 - - [05/May/2025:18:25:15 +0200] "POST /bg/index.php?controller=product&token=8a82bb843a1bc732b757dc07694906a9&id_product=148&id_customization=0&group%5B5%5D=28&qty=1 HTTP/2.0" 200 24397 "https://kpopbg.com/bg/nachalo/148-303-gi-dle-2-jewel-ver-8804775368257" "Mozilla/5.0 (X11; Linux x86_64) AppleWebKit/537.36 (KHTML, like Gecko) Chrome/136.0.0.0 Safari/537.36"
78.83.204.119 - - [05/May/2025:18:25:19 +0200] "POST /bg/module/ps_facebook/Ajax HTTP/2.0" 200 20 "https://kpopbg.com/bg/nachalo/148-302-gi-dle-2-jewel-ver-8804775368257" "Mozilla/5.0 (X11; Linux x86_64) AppleWebKit/537.36 (KHTML, like Gecko) Chrome/136.0.0.0 Safari/537.36"
78.83.204.119 - - [05/May/2025:18:25:19 +0200] "POST /bg/module/ps_facebook/Ajax HTTP/2.0" 200 20 "https://kpopbg.com/bg/nachalo/148-302-gi-dle-2-jewel-ver-8804775368257" "Mozilla/5.0 (X11; Linux x86_64) AppleWebKit/537.36 (KHTML, like Gecko) Chrome/136.0.0.0 Safari/537.36"
78.83.204.119 - - [05/May/2025:18:25:19 +0200] "POST /bg/index.php?controller=product&token=8a82bb843a1bc732b757dc07694906a9&id_product=148&id_customization=0&group%5B5%5D=27&qty=1 HTTP/2.0" 200 24397 "https://kpopbg.com/bg/nachalo/148-302-gi-dle-2-jewel-ver-8804775368257" "Mozilla/5.0 (X11; Linux x86_64) AppleWebKit/537.36 (KHTML, like Gecko) Chrome/136.0.0.0 Safari/537.36"
78.83.204.119 - - [05/May/2025:18:25:21 +0200] "POST /bg/module/ps_facebook/Ajax HTTP/2.0" 200 20 "https://kpopbg.com/bg/nachalo/148-301-gi-dle-2-jewel-ver-8804775368257" "Mozilla/5.0 (X11; Linux x86_64) AppleWebKit/537.36 (KHTML, like Gecko) Chrome/136.0.0.0 Safari/537.36"
78.83.204.119 - - [05/May/2025:18:25:22 +0200] "POST /bg/module/ps_facebook/Ajax HTTP/2.0" 200 20 "https://kpopbg.com/bg/nachalo/148-301-gi-dle-2-jewel-ver-8804775368257" "Mozilla/5.0 (X11; Linux x86_64) AppleWebKit/537.36 (KHTML, like Gecko) Chrome/136.0.0.0 Safari/537.36"
78.83.204.119 - - [05/May/2025:18:25:22 +0200] "POST /bg/index.php?controller=product&token=8a82bb843a1bc732b757dc07694906a9&id_product=148&id_customization=0&group%5B5%5D=26&qty=1 HTTP/2.0" 200 24397 "https://kpopbg.com/bg/nachalo/148-301-gi-dle-2-jewel-ver-8804775368257" "Mozilla/5.0 (X11; Linux x86_64) AppleWebKit/537.36 (KHTML, like Gecko) Chrome/136.0.0.0 Safari/537.36"
78.83.204.119 - - [05/May/2025:18:25:24 +0200] "POST /bg/module/ps_facebook/Ajax HTTP/2.0" 200 20 "https://kpopbg.com/bg/nachalo/148-300-gi-dle-2-jewel-ver-8804775368257" "Mozilla/5.0 (X11; Linux x86_64) AppleWebKit/537.36 (KHTML, like Gecko) Chrome/136.0.0.0 Safari/537.36"
78.83.204.119 - - [05/May/2025:18:25:24 +0200] "POST /bg/module/ps_facebook/Ajax HTTP/2.0" 200 20 "https://kpopbg.com/bg/nachalo/148-300-gi-dle-2-jewel-ver-8804775368257" "Mozilla/5.0 (X11; Linux x86_64) AppleWebKit/537.36 (KHTML, like Gecko) Chrome/136.0.0.0 Safari/537.36"
78.83.204.119 - - [05/May/2025:18:25:24 +0200] "POST /bg/index.php?controller=product&token=8a82bb843a1bc732b757dc07694906a9&id_product=148&id_customization=0&group%5B5%5D=27&qty=1 HTTP/2.0" 200 24397 "https://kpopbg.com/bg/nachalo/148-300-gi-dle-2-jewel-ver-8804775368257" "Mozilla/5.0 (X11; Linux x86_64) AppleWebKit/537.36 (KHTML, like Gecko) Chrome/136.0.0.0 Safari/537.36"
78.83.204.119 - - [05/May/2025:18:25:25 +0200] "POST /bg/module/ps_facebook/Ajax HTTP/2.0" 200 20 "https://kpopbg.com/bg/nachalo/148-301-gi-dle-2-jewel-ver-8804775368257" "Mozilla/5.0 (X11; Linux x86_64) AppleWebKit/537.36 (KHTML, like Gecko) Chrome/136.0.0.0 Safari/537.36"
78.83.204.119 - - [05/May/2025:18:25:26 +0200] "POST /bg/module/ps_facebook/Ajax HTTP/2.0" 200 20 "https://kpopbg.com/bg/nachalo/148-301-gi-dle-2-jewel-ver-8804775368257" "Mozilla/5.0 (X11; Linux x86_64) AppleWebKit/537.36 (KHTML, like Gecko) Chrome/136.0.0.0 Safari/537.36"
78.83.204.119 - - [05/May/2025:18:25:26 +0200] "POST /bg/index.php?controller=product&token=8a82bb843a1bc732b757dc07694906a9&id_product=148&id_customization=0&group%5B5%5D=28&qty=1 HTTP/2.0" 200 24397 "https://kpopbg.com/bg/nachalo/148-301-gi-dle-2-jewel-ver-8804775368257" "Mozilla/5.0 (X11; Linux x86_64) AppleWebKit/537.36 (KHTML, like Gecko) Chrome/136.0.0.0 Safari/537.36"
78.83.204.119 - - [05/May/2025:18:25:27 +0200] "POST /bg/module/ps_facebook/Ajax HTTP/2.0" 200 20 "https://kpopbg.com/bg/nachalo/148-302-gi-dle-2-jewel-ver-8804775368257" "Mozilla/5.0 (X11; Linux x86_64) AppleWebKit/537.36 (KHTML, like Gecko) Chrome/136.0.0.0 Safari/537.36"
78.83.204.119 - - [05/May/2025:18:25:27 +0200] "POST /bg/module/ps_facebook/Ajax HTTP/2.0" 200 20 "https://kpopbg.com/bg/nachalo/148-302-gi-dle-2-jewel-ver-8804775368257" "Mozilla/5.0 (X11; Linux x86_64) AppleWebKit/537.36 (KHTML, like Gecko) Chrome/136.0.0.0 Safari/537.36"
