78.83.204.119 - - [05/May/2025:18:25:27 +0200] "POST /bg/index.php?controller=product&token=8a82bb843a1bc732b757dc07694906a9&id_product=148&id_customization=0&group%5B5%5D=29&qty=1 HTTP/2.0" 200 24397 "https://kpopbg.com/bg/nachalo/148-302-gi-dle-2-jewel-ver-8804775368257" "Mozilla/5.0 (X11; Linux x86_64) AppleWebKit/537.36 (KHTML, like Gecko) Chrome/136.0.0.0 Safari/537.36"
78.83.204.119 - - [05/May/2025:18:25:28 +0200] "POST /bg/module/ps_facebook/Ajax HTTP/2.0" 200 20 "https://kpopbg.com/bg/nachalo/148-303-gi-dle-2-jewel-ver-8804775368257" "Mozilla/5.0 (X11; Linux x86_64) AppleWebKit/537.36 (KHTML, like Gecko) Chrome/136.0.0.0 Safari/537.36"
78.83.204.119 - - [05/May/2025:18:25:28 +0200] "POST /bg/module/ps_facebook/Ajax HTTP/2.0" 200 20 "https://kpopbg.com/bg/nachalo/148-303-gi-dle-2-jewel-ver-8804775368257" "Mozilla/5.0 (X11; Linux x86_64) AppleWebKit/537.36 (KHTML, like Gecko) Chrome/136.0.0.0 Safari/537.36"
78.83.204.119 - - [05/May/2025:18:25:28 +0200] "POST /bg/index.php?controller=product&token=8a82bb843a1bc732b757dc07694906a9&id_product=148&id_customization=0&group%5B5%5D=31&qty=1 HTTP/2.0" 200 24166 "https://kpopbg.com/bg/nachalo/148-303-gi-dle-2-jewel-ver-8804775368257" "Mozilla/5.0 (X11; Linux x86_64) AppleWebKit/537.36 (KHTML, like Gecko) Chrome/136.0.0.0 Safari/537.36"
207.46.13.150 - - [05/May/2025:18:25:30 +0200] "GET /bg/13-artisti?q=%D0%9A%D0%B0%D1%82%D0%B5%D0%B3%D0%BE%D1%80%D0%B8%D0%B8-AESPA-BABYMONSTER-BLACKPINK-BOYNEXTDOOR-ENHYPEN-GOT+THE+BEAT-ILLIT-IVE-JIHYO-JUNG+KOOK+%28BTS%29-Kep1er-LE+SSERAFIM-LISA-NAYEON+%28TWICE%29-NMIXX-RIIZE-ROSE+%28BLACKPINK%29-STAYC-STRAYKIDS-TWICE-WayV-ZEROBASEONE-JENNIE+%28BLACKPINK%29&page=2 HTTP/2.0" 200 20350 "-" "Mozilla/5.0 AppleWebKit/537.36 (KHTML, like Gecko; compatible; bingbot/2.0; +http://www.bing.com/bingbot.htm) Chrome/116.0.1938.76 Safari/537.36"
207.46.13.150 - - [05/May/2025:18:25:31 +0200] "GET /en/13-artist?q=Categories-ATEEZ-BABYMONSTER-BLACKPINK-BTS-ENHYPEN-ILLIT-ITZY-JIHYO-Jin+%28BTS%29-KAI-LISA-NMIXX-P1Harmony-RM+%28BTS%29-SEVENTEEN-STRAYKIDS-TWICE-TXT-ZEROBASEONE-JENNIE+%28BLACKPINK%29 HTTP/2.0" 200 18907 "-" "Mozilla/5.0 AppleWebKit/537.36 (KHTML, like Gecko; compatible; bingbot/2.0; +http://www.bing.com/bingbot.htm) Chrome/116.0.1938.76 Safari/537.36"
54.36.148.197 - - [05/May/2025:18:25:35 +0200] "GET /bg/65-kep1er?order=product.name.asc HTTP/2.0" 200 14326 "-" "Mozilla/5.0 (compatible; AhrefsBot/7.0; +http://ahrefs.com/robot/)"
47.128.31.149 - - [05/May/2025:18:25:36 +0200] "GET /bg/13-artisti?order=product.price.asc&q=%D0%9A%D0%B0%D1%82%D0%B5%D0%B3%D0%BE%D1%80%D0%B8%D0%B8-Agust+D+%28BTS%29-ASTRO-ENHYPEN-JUNG+KOOK+%28BTS%29-NCT+127-SEVENTEEN-V+%28BTS%29-RED+VELVET HTTP/2.0" 200 20365 "-" "Mozilla/5.0 (compatible; Bytespider; spider-feedback@bytedance.com) AppleWebKit/537.36 (KHTML, like Gecko) Chrome/70.0.0.0 Safari/537.36"
207.46.13.150 - - [05/May/2025:18:25:40 +0200] "GET /bg/13-artisti?q=%D0%9A%D0%B0%D1%82%D0%B5%D0%B3%D0%BE%D1%80%D0%B8%D0%B8-AESPA-ATEEZ-BABYMONSTER-BLACKPINK-BOYNEXTDOOR-BTS-ENHYPEN-ILLIT-JIHYO-NAYEON+%28TWICE%29-NMIXX-SEVENTEEN-STAYC-TWICE-TXT-Tzuyu+%28TWICE%29-ZEROBASEONE-LE+SSERAFIM HTTP/2.0" 200 20465 "-" "Mozilla/5.0 AppleWebKit/537.36 (KHTML, like Gecko; compatible; bingbot/2.0; +http://www.bing.com/bingbot.htm) Chrome/116.0.1938.76 Safari/537.36"
66.249.68.33 - - [05/May/2025:18:26:01 +0200] "GET /583-home_default/nct-127-walk-the-6th-album-walk-ver.jpg HTTP/1.1" 200 22048 "-" "Googlebot-Image/1.0"
66.249.68.34 - - [05/May/2025:18:26:02 +0200] "GET /bg/13-artisti?q=%D0%9A%D0%B0%D1%82%D0%B5%D0%B3%D0%BE%D1%80%D0%B8%D0%B8-BTS-KISS+OF+LIFE-NCT+JAEHYUN-NMIXX-RIIZE-ROSE+%28BLACKPINK%29-SEVENTEEN-STAYC-Jin+%28BTS%29&order=product.price.desc HTTP/1.1" 200 20281 "-" "Mozilla/5.0 (Linux; Android 6.0.1; Nexus 5X Build/MMB29P) AppleWebKit/537.36 (KHTML, like Gecko) Chrome/135.0.7049.95 Mobile Safari/537.36 (compatible; GoogleOther)"
66.249.68.34 - - [05/May/2025:18:26:06 +0200] "GET /bg/13-artisti?q=%D0%9A%D0%B0%D1%82%D0%B5%D0%B3%D0%BE%D1%80%D0%B8%D0%B8-BTS-Jin+%28BTS%29-KISS+OF+LIFE-NCT+JAEHYUN-NMIXX-ROSE+%28BLACKPINK%29-SEVENTEEN-STAYC HTTP/1.1" 200 20371 "-" "Mozilla/5.0 (Linux; Android 6.0.1; Nexus 5X Build/MMB29P) AppleWebKit/537.36 (KHTML, like Gecko) Chrome/135.0.7049.95 Mobile Safari/537.36 (compatible; GoogleOther)"
114.119.130.169 - - [05/May/2025:18:26:08 +0200] "GET /en/13-artist?q=Categories-STRAYKIDS-TREASURE-TWICE-RED%2BVELVET&order=product.price.desc HTTP/1.1" 200 18543 "https://kpopbg.com/en/13-artist?q=Categories-STRAYKIDS-TREASURE-TWICE-RED%2BVELVET&order=product.reference.asc" "Mozilla/5.0 (Linux; Android 7.0;) AppleWebKit/537.36 (KHTML, like Gecko) Mobile Safari/537.36 (compatible; PetalBot;+https://webmaster.petalsearch.com/site/petalbot)"
207.46.13.107 - - [05/May/2025:18:26:24 +0200] "GET /en/13-artist?q=Categories-AESPA-BABYMONSTER-BLACKPINK-ENHYPEN-ILLIT-ITZY-JIHYO-NCT+DOYOUNG-NMIXX-P1Harmony-TREASURE-TWICE-TXT-ZEROBASEONE-NCT+JAEHYUN HTTP/2.0" 200 18819 "-" "Mozilla/5.0 AppleWebKit/537.36 (KHTML, like Gecko; compatible; bingbot/2.0; +http://www.bing.com/bingbot.htm) Chrome/116.0.1938.76 Safari/537.36"
149.62.204.87 - - [05/May/2025:18:26:24 +0200] "GET /bg/%D0%BF%D0%BE%D1%80%D1%8A%D1%87%D0%BA%D0%B0 HTTP/2.0" 200 16241 "https://kpopbg.com/bg/%D0%BA%D0%BE%D0%BB%D0%B8%D1%87%D0%BA%D0%B0?action=show" "Mozilla/5.0 (Windows NT 10.0; Win64; x64) AppleWebKit/537.36 (KHTML, like Gecko) Chrome/135.0.0.0 Safari/537.36"
52.167.144.183 - - [05/May/2025:18:26:31 +0200] "GET /en/13-artist?q=%D0%9A%D0%B0%D1%82%D0%B5%D0%B3%D0%BE%D1%80%D0%B8%D0%B8-AESPA-BABYMONSTER-BLACKPINK-BOYNEXTDOOR-BTS-ENHYPEN-GOT+THE+BEAT-ITZY-IVE-JIHYO-LISA-NMIXX-RIIZE-STRAYKIDS-TWICE-ZEROBASEONE-Tzuyu+%28TWICE%29 HTTP/2.0" 200 18941 "-" "Mozilla/5.0 AppleWebKit/537.36 (KHTML, like Gecko; compatible; bingbot/2.0; +http://www.bing.com/bingbot.htm) Chrome/116.0.1938.76 Safari/537.36"
47.128.48.65 - - [05/May/2025:18:26:45 +0200] "GET /bg/13-artisti?SubmitCurrency=1&id_currency=2&order=product.reference.desc&q=%D0%9A%D0%B0%D1%82%D0%B5%D0%B3%D0%BE%D1%80%D0%B8%D0%B8-LISA-SEVENTEEN-TREASURE-NCT+DREAM HTTP/2.0" 200 20173 "-" "Mozilla/5.0 (compatible; Bytespider; spider-feedback@bytedance.com) AppleWebKit/537.36 (KHTML, like Gecko) Chrome/70.0.0.0 Safari/537.36"
44.205.180.155 - - [05/May/2025:18:26:54 +0200] "GET /index.php?controller=cms&id_cms=2&id_lang=1 HTTP/1.1" 302 5 "-" "Mozilla/5.0 AppleWebKit/537.36 (KHTML, like Gecko; compatible; Amazonbot/0.1; +https://developer.amazon.com/support/amazonbot) Chrome/119.0.6045.214 Safari/537.36"
44.205.180.155 - - [05/May/2025:18:26:55 +0200] "GET /bg/content/2-politika-za-lichnite-danni HTTP/1.1" 200 17381 "-" "Mozilla/5.0 AppleWebKit/537.36 (KHTML, like Gecko; compatible; Amazonbot/0.1; +https://developer.amazon.com/support/amazonbot) Chrome/119.0.6045.214 Safari/537.36"
207.46.13.107 - - [05/May/2025:18:27:05 +0200] "GET /bg/13-artisti?q=%D0%9A%D0%B0%D1%82%D0%B5%D0%B3%D0%BE%D1%80%D0%B8%D0%B8-ATEEZ-BABYMONSTER-BLACKPINK-BOYNEXTDOOR-ENHYPEN-GOT+THE+BEAT-ILLIT-IVE-JENNIE+%28BLACKPINK%29-JIHYO-JIMIN+%28BTS%29-LE+SSERAFIM-NMIXX-ROSE+%28BLACKPINK%29-SEVENTEEN-TWICE-TXT-WayV-ZEROBASEONE-YEJI+%28ITZY%29 HTTP/2.0" 200 20556 "-" "Mozilla/5.0 AppleWebKit/537.36 (KHTML, like Gecko; compatible; bingbot/2.0; +http://www.bing.com/bingbot.htm) Chrome/116.0.1938.76 Safari/537.36"
66.249.68.34 - - [05/May/2025:18:27:07 +0200] "GET /bg/13-artisti?q=%D0%9A%D0%B0%D1%82%D0%B5%D0%B3%D0%BE%D1%80%D0%B8%D0%B8-BTS-Jin+%28BTS%29-NCT+JAEHYUN-NMIXX-RIIZE-ROSE+%28BLACKPINK%29-SEVENTEEN-STAYC HTTP/1.1" 200 20358 "-" "Mozilla/5.0 (Linux; Android 6.0.1; Nexus 5X Build/MMB29P) AppleWebKit/537.36 (KHTML, like Gecko) Chrome/135.0.7049.95 Mobile Safari/537.36 (compatible; GoogleOther)"
207.46.13.150 - - [05/May/2025:18:27:10 +0200] "GET /bg/13-artisti?q=%D0%9A%D0%B0%D1%82%D0%B5%D0%B3%D0%BE%D1%80%D0%B8%D0%B8-AESPA-BABYMONSTER-BLACKPINK-BTS-CHA+EUN+WOO+%28ASTRO%29-GOT+THE+BEAT-ILLIT-IVE-JENNIE+%28BLACKPINK%29-JIHYO-KISS+OF+LIFE-NCT+DREAM-NCT+WISH-NMIXX-P1Harmony-ROSE+%28BLACKPINK%29-SEVENTEEN-TWICE-WayV-ZEROBASEONE-LISA+%28BLACKPINK%29 HTTP/2.0" 200 20659 "-" "Mozilla/5.0 AppleWebKit/537.36 (KHTML, like Gecko; compatible; bingbot/2.0; +http://www.bing.com/bingbot.htm) Chrome/116.0.1938.76 Safari/537.36"
149.62.204.87 - - [05/May/2025:18:27:10 +0200] "POST /bg/%D0%BF%D0%BE%D1%80%D1%8A%D1%87%D0%BA%D0%B0 HTTP/2.0" 302 0 "https://kpopbg.com/bg/%D0%BF%D0%BE%D1%80%D1%8A%D1%87%D0%BA%D0%B0" "Mozilla/5.0 (Windows NT 10.0; Win64; x64) AppleWebKit/537.36 (KHTML, like Gecko) Chrome/135.0.0.0 Safari/537.36"
149.62.204.87 - - [05/May/2025:18:27:11 +0200] "GET /bg/%D0%BF%D0%BE%D1%80%D1%8A%D1%87%D0%BA%D0%B0 HTTP/2.0" 200 17396 "https://kpopbg.com/bg/%D0%BF%D0%BE%D1%80%D1%8A%D1%87%D0%BA%D0%B0" "Mozilla/5.0 (Windows NT 10.0; Win64; x64) AppleWebKit/537.36 (KHTML, like Gecko) Chrome/135.0.0.0 Safari/537.36"
149.62.204.87 - - [05/May/2025:18:27:11 +0200] "GET /themes/classic/assets/cache/theme-f0c26e93.css HTTP/2.0" 304 0 "https://kpopbg.com/bg/%D0%BF%D0%BE%D1%80%D1%8A%D1%87%D0%BA%D0%B0" "Mozilla/5.0 (Windows NT 10.0; Win64; x64) AppleWebKit/537.36 (KHTML, like Gecko) Chrome/135.0.0.0 Safari/537.36"
149.62.204.87 - - [05/May/2025:18:27:11 +0200] "GET /themes/classic/assets/cache/bottom-9263dd92.js HTTP/2.0" 304 0 "https://kpopbg.com/bg/%D0%BF%D0%BE%D1%80%D1%8A%D1%87%D0%BA%D0%B0" "Mozilla/5.0 (Windows NT 10.0; Win64; x64) AppleWebKit/537.36 (KHTML, like Gecko) Chrome/135.0.0.0 Safari/537.36"
207.46.13.150 - - [05/May/2025:18:27:11 +0200] "GET /en/13-artist?q=%D0%9A%D0%B0%D1%82%D0%B5%D0%B3%D0%BE%D1%80%D0%B8%D0%B8-AESPA-BABYMONSTER-BLACKPINK-BOYNEXTDOOR-ENHYPEN-ILLIT-IVE-LE+SSERAFIM-LISA-NAYEON+%28TWICE%29-NCT+JAEHYUN-NEW+JEANS-NMIXX-P1Harmony-RM+%28BTS%29-SEVENTEEN-THE+BOYZ-TWICE-WayV-ZEROBASEONE-JENNIE+%28BLACKPINK%29 HTTP/2.0" 200 19055 "-" "Mozilla/5.0 AppleWebKit/537.36 (KHTML, like Gecko; compatible; bingbot/2.0; +http://www.bing.com/bingbot.htm) Chrome/116.0.1938.76 Safari/537.36"
149.62.204.87 - - [05/May/2025:18:27:15 +0200] "GET /bg/%D0%BF%D0%BE%D1%80%D1%8A%D1%87%D0%BA%D0%B0?newAddress=delivery HTTP/2.0" 200 17419 "https://kpopbg.com/bg/%D0%BF%D0%BE%D1%80%D1%8A%D1%87%D0%BA%D0%B0" "Mozilla/5.0 (Windows NT 10.0; Win64; x64) AppleWebKit/537.36 (KHTML, like Gecko) Chrome/135.0.0.0 Safari/537.36"
78.83.204.119 - - [05/May/2025:18:27:20 +0200] "GET /bg/nachalo/148-304-gi-dle-2-jewel-ver-8804775368257 HTTP/2.0" 200 22280 "https://kpopbg.com/bg/22-gi-dle" "Mozilla/5.0 (X11; Linux x86_64) AppleWebKit/537.36 (KHTML, like Gecko) Chrome/136.0.0.0 Safari/537.36"
78.83.204.119 - - [05/May/2025:18:27:20 +0200] "GET /img/logo-1663262496.jpg HTTP/2.0" 200 31447 "https://kpopbg.com/bg/nachalo/148-304-gi-dle-2-jewel-ver-8804775368257" "Mozilla/5.0 (X11; Linux x86_64) AppleWebKit/537.36 (KHTML, like Gecko) Chrome/136.0.0.0 Safari/537.36"
78.83.204.119 - - [05/May/2025:18:27:20 +0200] "GET /408-medium_default/gi-dle-2-jewel-ver.jpg HTTP/2.0" 200 27187 "https://kpopbg.com/bg/nachalo/148-304-gi-dle-2-jewel-ver-8804775368257" "Mozilla/5.0 (X11; Linux x86_64) AppleWebKit/537.36 (KHTML, like Gecko) Chrome/136.0.0.0 Safari/537.36"
78.83.204.119 - - [05/May/2025:18:27:20 +0200] "GET /themes/classic/assets/cache/theme-f0c26e93.css HTTP/2.0" 200 452583 "https://kpopbg.com/bg/nachalo/148-304-gi-dle-2-jewel-ver-8804775368257" "Mozilla/5.0 (X11; Linux x86_64) AppleWebKit/537.36 (KHTML, like Gecko) Chrome/136.0.0.0 Safari/537.36"
78.83.204.119 - - [05/May/2025:18:27:20 +0200] "GET /img/cms/(G)I-DLE/2/g-i-dle-2nd-full-album-2-jewel-ver-wholesales.jpg HTTP/2.0" 200 144119 "https://kpopbg.com/bg/nachalo/148-304-gi-dle-2-jewel-ver-8804775368257" "Mozilla/5.0 (X11; Linux x86_64) AppleWebKit/537.36 (KHTML, like Gecko) Chrome/136.0.0.0 Safari/537.36"
78.83.204.119 - - [05/May/2025:18:27:20 +0200] "GET /408-large_default/gi-dle-2-jewel-ver.jpg HTTP/2.0" 200 43025 "https://kpopbg.com/bg/nachalo/148-304-gi-dle-2-jewel-ver-8804775368257" "Mozilla/5.0 (X11; Linux x86_64) AppleWebKit/537.36 (KHTML, like Gecko) Chrome/136.0.0.0 Safari/537.36"
78.83.204.119 - - [05/May/2025:18:27:20 +0200] "GET /408-home_default/gi-dle-2-jewel-ver.jpg HTTP/2.0" 200 11730 "https://kpopbg.com/bg/nachalo/148-304-gi-dle-2-jewel-ver-8804775368257" "Mozilla/5.0 (X11; Linux x86_64) AppleWebKit/537.36 (KHTML, like Gecko) Chrome/136.0.0.0 Safari/537.36"
78.83.204.119 - - [05/May/2025:18:27:20 +0200] "GET /themes/classic/assets/cache/bottom-9263dd92.js HTTP/2.0" 200 1215139 "https://kpopbg.com/bg/nachalo/148-304-gi-dle-2-jewel-ver-8804775368257" "Mozilla/5.0 (X11; Linux x86_64) AppleWebKit/537.36 (KHTML, like Gecko) Chrome/136.0.0.0 Safari/537.36"
78.83.204.119 - - [05/May/2025:18:27:21 +0200] "GET /themes/classic/assets/css/740f1557cae714dc4b180b4d5de69375.svg HTTP/2.0" 200 5233 "https://kpopbg.com/themes/classic/assets/cache/theme-f0c26e93.css" "Mozilla/5.0 (X11; Linux x86_64) AppleWebKit/537.36 (KHTML, like Gecko) Chrome/136.0.0.0 Safari/537.36"
78.83.204.119 - - [05/May/2025:18:27:21 +0200] "GET /themes/classic/assets/css/52260854eea2d38939bf40e9e9687830.woff2 HTTP/2.0" 200 29756 "https://kpopbg.com/themes/classic/assets/cache/theme-f0c26e93.css" "Mozilla/5.0 (X11; Linux x86_64) AppleWebKit/537.36 (KHTML, like Gecko) Chrome/136.0.0.0 Safari/537.36"
78.83.204.119 - - [05/May/2025:18:27:21 +0200] "GET /themes/classic/assets/css/12a47ed5fd5585f0f4227fa035a1a607.woff2 HTTP/2.0" 200 60840 "https://kpopbg.com/themes/classic/assets/cache/theme-f0c26e93.css" "Mozilla/5.0 (X11; Linux x86_64) AppleWebKit/537.36 (KHTML, like Gecko) Chrome/136.0.0.0 Safari/537.36"
78.83.204.119 - - [05/May/2025:18:27:21 +0200] "GET /themes/classic/assets/css/250c120c3f8b2b0bb58ea27ee36153fc.woff2 HTTP/2.0" 200 29860 "https://kpopbg.com/themes/classic/assets/cache/theme-f0c26e93.css" "Mozilla/5.0 (X11; Linux x86_64) AppleWebKit/537.36 (KHTML, like Gecko) Chrome/136.0.0.0 Safari/537.36"
78.83.204.119 - - [05/May/2025:18:27:21 +0200] "GET /themes/classic/assets/css/dce0916af972e3040aa191f74b17dd46.woff2 HTTP/2.0" 200 30428 "https://kpopbg.com/themes/classic/assets/cache/theme-f0c26e93.css" "Mozilla/5.0 (X11; Linux x86_64) AppleWebKit/537.36 (KHTML, like Gecko) Chrome/136.0.0.0 Safari/537.36"
78.83.204.119 - - [05/May/2025:18:27:21 +0200] "GET /408-small_default/gi-dle-2-jewel-ver.jpg HTTP/2.0" 200 3061 "https://kpopbg.com/bg/nachalo/148-304-gi-dle-2-jewel-ver-8804775368257" "Mozilla/5.0 (X11; Linux x86_64) AppleWebKit/537.36 (KHTML, like Gecko) Chrome/136.0.0.0 Safari/537.36"
78.83.204.119 - - [05/May/2025:18:27:21 +0200] "GET /571-home_default/gi-dle-i-sway-7th-mini-album-.jpg HTTP/2.0" 200 18472 "https://kpopbg.com/bg/nachalo/148-304-gi-dle-2-jewel-ver-8804775368257" "Mozilla/5.0 (X11; Linux x86_64) AppleWebKit/537.36 (KHTML, like Gecko) Chrome/136.0.0.0 Safari/537.36"
78.83.204.119 - - [05/May/2025:18:27:21 +0200] "GET /854-home_default/nct-wish-poppop-photobook-ver-2nd-mini-album-.jpg HTTP/2.0" 200 25609 "https://kpopbg.com/bg/nachalo/148-304-gi-dle-2-jewel-ver-8804775368257" "Mozilla/5.0 (X11; Linux x86_64) AppleWebKit/537.36 (KHTML, like Gecko) Chrome/136.0.0.0 Safari/537.36"
78.83.204.119 - - [05/May/2025:18:27:21 +0200] "GET /853-home_default/xikers-house-of-tricky-spur-5th-mini-album-.jpg HTTP/2.0" 200 19441 "https://kpopbg.com/bg/nachalo/148-304-gi-dle-2-jewel-ver-8804775368257" "Mozilla/5.0 (X11; Linux x86_64) AppleWebKit/537.36 (KHTML, like Gecko) Chrome/136.0.0.0 Safari/537.36"
78.83.204.119 - - [05/May/2025:18:27:21 +0200] "GET /835-home_default/pre-order-enhypen-desire-unleash-engene-ver.jpg HTTP/2.0" 200 8791 "https://kpopbg.com/bg/nachalo/148-304-gi-dle-2-jewel-ver-8804775368257" "Mozilla/5.0 (X11; Linux x86_64) AppleWebKit/537.36 (KHTML, like Gecko) Chrome/136.0.0.0 Safari/537.36"
78.83.204.119 - - [05/May/2025:18:27:22 +0200] "GET /img/favicon.ico?1663264323 HTTP/2.0" 200 5430 "https://kpopbg.com/bg/nachalo/148-304-gi-dle-2-jewel-ver-8804775368257" "Mozilla/5.0 (X11; Linux x86_64) AppleWebKit/537.36 (KHTML, like Gecko) Chrome/136.0.0.0 Safari/537.36"
78.83.204.119 - - [05/May/2025:18:27:23 +0200] "GET /bg/nachalo/148-304-gi-dle-2-jewel-ver-8804775368257 HTTP/2.0" 200 22285 "https://kpopbg.com/bg/22-gi-dle" "Mozilla/5.0 (X11; Linux x86_64) AppleWebKit/537.36 (KHTML, like Gecko) Chrome/136.0.0.0 Safari/537.36"
78.83.204.119 - - [05/May/2025:18:27:23 +0200] "GET /themes/classic/assets/cache/theme-f0c26e93.css HTTP/2.0" 200 452583 "https://kpopbg.com/bg/nachalo/148-304-gi-dle-2-jewel-ver-8804775368257" "Mozilla/5.0 (X11; Linux x86_64) AppleWebKit/537.36 (KHTML, like Gecko) Chrome/136.0.0.0 Safari/537.36"
78.83.204.119 - - [05/May/2025:18:27:23 +0200] "GET /img/logo-1663262496.jpg HTTP/2.0" 200 31447 "https://kpopbg.com/bg/nachalo/148-304-gi-dle-2-jewel-ver-8804775368257" "Mozilla/5.0 (X11; Linux x86_64) AppleWebKit/537.36 (KHTML, like Gecko) Chrome/136.0.0.0 Safari/537.36"
78.83.204.119 - - [05/May/2025:18:27:23 +0200] "GET /408-medium_default/gi-dle-2-jewel-ver.jpg HTTP/2.0" 200 27187 "https://kpopbg.com/bg/nachalo/148-304-gi-dle-2-jewel-ver-8804775368257" "Mozilla/5.0 (X11; Linux x86_64) AppleWebKit/537.36 (KHTML, like Gecko) Chrome/136.0.0.0 Safari/537.36"
43.130.91.95 - - [05/May/2025:18:27:23 +0200] "GET /en/20-le-sserafim?SubmitCurrency=1&id_currency=1 HTTP/1.1" 200 14272 "-" "Mozilla/5.0 (iPhone; CPU iPhone OS 13_2_3 like Mac OS X) AppleWebKit/605.1.15 (KHTML, like Gecko) Version/13.0.3 Mobile/15E148 Safari/604.1"
78.83.204.119 - - [05/May/2025:18:27:23 +0200] "GET /img/cms/(G)I-DLE/2/g-i-dle-2nd-full-album-2-jewel-ver-wholesales.jpg HTTP/2.0" 200 144119 "https://kpopbg.com/bg/nachalo/148-304-gi-dle-2-jewel-ver-8804775368257" "Mozilla/5.0 (X11; Linux x86_64) AppleWebKit/537.36 (KHTML, like Gecko) Chrome/136.0.0.0 Safari/537.36"
78.83.204.119 - - [05/May/2025:18:27:23 +0200] "GET /408-large_default/gi-dle-2-jewel-ver.jpg HTTP/2.0" 200 43025 "https://kpopbg.com/bg/nachalo/148-304-gi-dle-2-jewel-ver-8804775368257" "Mozilla/5.0 (X11; Linux x86_64) AppleWebKit/537.36 (KHTML, like Gecko) Chrome/136.0.0.0 Safari/537.36"
78.83.204.119 - - [05/May/2025:18:27:23 +0200] "GET /408-home_default/gi-dle-2-jewel-ver.jpg HTTP/2.0" 200 11730 "https://kpopbg.com/bg/nachalo/148-304-gi-dle-2-jewel-ver-8804775368257" "Mozilla/5.0 (X11; Linux x86_64) AppleWebKit/537.36 (KHTML, like Gecko) Chrome/136.0.0.0 Safari/537.36"
78.83.204.119 - - [05/May/2025:18:27:23 +0200] "GET /themes/classic/assets/cache/bottom-9263dd92.js HTTP/2.0" 200 1215139 "https://kpopbg.com/bg/nachalo/148-304-gi-dle-2-jewel-ver-8804775368257" "Mozilla/5.0 (X11; Linux x86_64) AppleWebKit/537.36 (KHTML, like Gecko) Chrome/136.0.0.0 Safari/537.36"
78.83.204.119 - - [05/May/2025:18:27:23 +0200] "GET /themes/classic/assets/css/740f1557cae714dc4b180b4d5de69375.svg HTTP/2.0" 200 5233 "https://kpopbg.com/themes/classic/assets/cache/theme-f0c26e93.css" "Mozilla/5.0 (X11; Linux x86_64) AppleWebKit/537.36 (KHTML, like Gecko) Chrome/136.0.0.0 Safari/537.36"
78.83.204.119 - - [05/May/2025:18:27:23 +0200] "GET /themes/classic/assets/css/52260854eea2d38939bf40e9e9687830.woff2 HTTP/2.0" 200 29756 "https://kpopbg.com/themes/classic/assets/cache/theme-f0c26e93.css" "Mozilla/5.0 (X11; Linux x86_64) AppleWebKit/537.36 (KHTML, like Gecko) Chrome/136.0.0.0 Safari/537.36"
78.83.204.119 - - [05/May/2025:18:27:23 +0200] "GET /themes/classic/assets/css/12a47ed5fd5585f0f4227fa035a1a607.woff2 HTTP/2.0" 200 60840 "https://kpopbg.com/themes/classic/assets/cache/theme-f0c26e93.css" "Mozilla/5.0 (X11; Linux x86_64) AppleWebKit/537.36 (KHTML, like Gecko) Chrome/136.0.0.0 Safari/537.36"
78.83.204.119 - - [05/May/2025:18:27:23 +0200] "GET /themes/classic/assets/css/250c120c3f8b2b0bb58ea27ee36153fc.woff2 HTTP/2.0" 200 29860 "https://kpopbg.com/themes/classic/assets/cache/theme-f0c26e93.css" "Mozilla/5.0 (X11; Linux x86_64) AppleWebKit/537.36 (KHTML, like Gecko) Chrome/136.0.0.0 Safari/537.36"
78.83.204.119 - - [05/May/2025:18:27:23 +0200] "GET /themes/classic/assets/css/dce0916af972e3040aa191f74b17dd46.woff2 HTTP/2.0" 200 30428 "https://kpopbg.com/themes/classic/assets/cache/theme-f0c26e93.css" "Mozilla/5.0 (X11; Linux x86_64) AppleWebKit/537.36 (KHTML, like Gecko) Chrome/136.0.0.0 Safari/537.36"
78.83.204.119 - - [05/May/2025:18:27:23 +0200] "GET /408-small_default/gi-dle-2-jewel-ver.jpg HTTP/2.0" 200 3061 "https://kpopbg.com/bg/nachalo/148-304-gi-dle-2-jewel-ver-8804775368257" "Mozilla/5.0 (X11; Linux x86_64) AppleWebKit/537.36 (KHTML, like Gecko) Chrome/136.0.0.0 Safari/537.36"
78.83.204.119 - - [05/May/2025:18:27:23 +0200] "GET /571-home_default/gi-dle-i-sway-7th-mini-album-.jpg HTTP/2.0" 200 18472 "https://kpopbg.com/bg/nachalo/148-304-gi-dle-2-jewel-ver-8804775368257" "Mozilla/5.0 (X11; Linux x86_64) AppleWebKit/537.36 (KHTML, like Gecko) Chrome/136.0.0.0 Safari/537.36"
78.83.204.119 - - [05/May/2025:18:27:23 +0200] "GET /854-home_default/nct-wish-poppop-photobook-ver-2nd-mini-album-.jpg HTTP/2.0" 200 25609 "https://kpopbg.com/bg/nachalo/148-304-gi-dle-2-jewel-ver-8804775368257" "Mozilla/5.0 (X11; Linux x86_64) AppleWebKit/537.36 (KHTML, like Gecko) Chrome/136.0.0.0 Safari/537.36"
78.83.204.119 - - [05/May/2025:18:27:23 +0200] "GET /853-home_default/xikers-house-of-tricky-spur-5th-mini-album-.jpg HTTP/2.0" 200 19441 "https://kpopbg.com/bg/nachalo/148-304-gi-dle-2-jewel-ver-8804775368257" "Mozilla/5.0 (X11; Linux x86_64) AppleWebKit/537.36 (KHTML, like Gecko) Chrome/136.0.0.0 Safari/537.36"
78.83.204.119 - - [05/May/2025:18:27:23 +0200] "GET /835-home_default/pre-order-enhypen-desire-unleash-engene-ver.jpg HTTP/2.0" 200 8791 "https://kpopbg.com/bg/nachalo/148-304-gi-dle-2-jewel-ver-8804775368257" "Mozilla/5.0 (X11; Linux x86_64) AppleWebKit/537.36 (KHTML, like Gecko) Chrome/136.0.0.0 Safari/537.36"
78.83.204.119 - - [05/May/2025:18:27:24 +0200] "GET /img/favicon.ico?1663264323 HTTP/2.0" 200 5430 "https://kpopbg.com/bg/nachalo/148-304-gi-dle-2-jewel-ver-8804775368257" "Mozilla/5.0 (X11; Linux x86_64) AppleWebKit/537.36 (KHTML, like Gecko) Chrome/136.0.0.0 Safari/537.36"
114.119.138.74 - - [05/May/2025:18:27:35 +0200] "GET /en/13-artist?q=Categories-STRAYKIDS-TREASURE-TWICE-NCT%2BWISH&order=product.name.asc HTTP/1.1" 200 18306 "https://kpopbg.com/en/13-artist?q=Categories-STRAYKIDS-TREASURE-TWICE-NCT%2BWISH&order=product.reference.asc&page=2" "Mozilla/5.0 (Linux; Android 7.0;) AppleWebKit/537.36 (KHTML, like Gecko) Mobile Safari/537.36 (compatible; PetalBot;+https://webmaster.petalsearch.com/site/petalbot)"
47.128.42.86 - - [05/May/2025:18:27:54 +0200] "GET /bg/13-artisti?order=product.position.asc&q=%D0%9A%D0%B0%D1%82%D0%B5%D0%B3%D0%BE%D1%80%D0%B8%D0%B8-ITZY-STAYC-TWICE-TXT-CHA+EUN+WOO+%28ASTRO%29 HTTP/2.0" 200 19922 "-" "Mozilla/5.0 (compatible; Bytespider; spider-feedback@bytedance.com) AppleWebKit/537.36 (KHTML, like Gecko) Chrome/70.0.0.0 Safari/537.36"
54.36.149.53 - - [05/May/2025:18:28:02 +0200] "GET /bg/%D0%BD%D0%B0%D0%B9-%D0%BF%D1%80%D0%BE%D0%B4%D0%B0%D0%B2%D0%B0%D0%BD%D0%B8?order=product.name.desc&page=11&SubmitCurrency=1&id_currency=2 HTTP/2.0" 200 16517 "-" "Mozilla/5.0 (compatible; AhrefsBot/7.0; +http://ahrefs.com/robot/)"
52.167.144.183 - - [05/May/2025:18:28:45 +0200] "GET /bg/13-artisti?q=%D0%9A%D0%B0%D1%82%D0%B5%D0%B3%D0%BE%D1%80%D0%B8%D0%B8-AESPA-BABYMONSTER-BTS-ENHYPEN-ILLIT-ITZY-JIHYO-LE+SSERAFIM-NMIXX-P1Harmony-RIIZE-ROSE+%28BLACKPINK%29-SEVENTEEN-STAYC-TWICE-WayV-xikers-ZEROBASEONE-STRAYKIDS HTTP/2.0" 200 20499 "-" "Mozilla/5.0 AppleWebKit/537.36 (KHTML, like Gecko; compatible; bingbot/2.0; +http://www.bing.com/bingbot.htm) Chrome/116.0.1938.76 Safari/537.36"
52.167.144.183 - - [05/May/2025:18:28:46 +0200] "GET /bg/13-artisti?q=%D0%9A%D0%B0%D1%82%D0%B5%D0%B3%D0%BE%D1%80%D0%B8%D0%B8-AESPA-BABYMONSTER-BLACKPINK-BOYNEXTDOOR-ENHYPEN-ILLIT-IVE-KISS+OF+LIFE-LE+SSERAFIM-NCT+127-NMIXX-RIIZE-SEVENTEEN-STAYC-TXT-WayV-xikers-ZEROBASEONE-V+%28BTS%29 HTTP/2.0" 200 20521 "-" "Mozilla/5.0 AppleWebKit/537.36 (KHTML, like Gecko; compatible; bingbot/2.0; +http://www.bing.com/bingbot.htm) Chrome/116.0.1938.76 Safari/537.36"
207.46.13.107 - - [05/May/2025:18:28:54 +0200] "GET /bg/13-artisti?q=%D0%9A%D0%B0%D1%82%D0%B5%D0%B3%D0%BE%D1%80%D0%B8%D0%B8-AESPA-BABYMONSTER-BLACKPINK-BOYNEXTDOOR-BTS-ENHYPEN-ILLIT-ITZY-JIHYO-KAI-LISA-NAYEON+%28TWICE%29-NCT+127-NCT+DOYOUNG-NMIXX-SEVENTEEN-STRAYKIDS-TWICE-TXT-Tzuyu+%28TWICE%29-WayV-ZEROBASEONE-RIIZE HTTP/2.0" 200 20517 "-" "Mozilla/5.0 AppleWebKit/537.36 (KHTML, like Gecko; compatible; bingbot/2.0; +http://www.bing.com/bingbot.htm) Chrome/116.0.1938.76 Safari/537.36"
207.46.13.107 - - [05/May/2025:18:28:55 +0200] "GET /bg/13-artisti?q=%D0%9A%D0%B0%D1%82%D0%B5%D0%B3%D0%BE%D1%80%D0%B8%D0%B8-AESPA-BABYMONSTER-BOYNEXTDOOR-BTS-ENHYPEN-GOT+THE+BEAT-ILLIT-LE+SSERAFIM-LISA-NCT+WISH-NMIXX-RIIZE-RM+%28BTS%29-SEVENTEEN-STRAYKIDS-V+%28BTS%29-WayV-XDINARY+HEROES-ZEROBASEONE&page=2 HTTP/2.0" 200 20280 "-" "Mozilla/5.0 AppleWebKit/537.36 (KHTML, like Gecko; compatible; bingbot/2.0; +http://www.bing.com/bingbot.htm) Chrome/116.0.1938.76 Safari/537.36"
207.46.13.107 - - [05/May/2025:18:28:55 +0200] "GET /en/13-artist?q=Categories-BABYMONSTER-BLACKPINK-BTS-ENHYPEN-ILLIT-ITZY-Kep1er-NMIXX-P1Harmony-SEVENTEEN-ZEROBASEONE-NCT+DOYOUNG HTTP/2.0" 200 18790 "-" "Mozilla/5.0 AppleWebKit/537.36 (KHTML, like Gecko; compatible; bingbot/2.0; +http://www.bing.com/bingbot.htm) Chrome/116.0.1938.76 Safari/537.36"
47.128.127.174 - - [05/May/2025:18:29:03 +0200] "GET /bg/13-artisti?SubmitCurrency=1&id_currency=2&q=%D0%9A%D0%B0%D1%82%D0%B5%D0%B3%D0%BE%D1%80%D0%B8%D0%B8-%28G%29I%5C-DLE-ATEEZ-BLACKPINK-BTS-IVE-LISA-NCT-NMIXX-TXT-LE+SSERAFIM HTTP/2.0" 200 20398 "-" "Mozilla/5.0 (compatible; Bytespider; spider-feedback@bytedance.com) AppleWebKit/537.36 (KHTML, like Gecko) Chrome/70.0.0.0 Safari/537.36"
114.119.134.10 - - [05/May/2025:18:29:03 +0200] "GET /en/13-artist?q=Categories-STRAYKIDS-TREASURE-TWICE-LISA HTTP/1.1" 200 18663 "https://kpopbg.com/en/13-artist?q=Categories-STRAYKIDS-TREASURE-TWICE-JEON%2BSOMI" "Mozilla/5.0 (Linux; Android 7.0;) AppleWebKit/537.36 (KHTML, like Gecko) Mobile Safari/537.36 (compatible; PetalBot;+https://webmaster.petalsearch.com/site/petalbot)"
149.62.204.87 - - [05/May/2025:18:29:14 +0200] "POST /bg/%D0%BF%D0%BE%D1%80%D1%8A%D1%87%D0%BA%D0%B0?id_address=0 HTTP/2.0" 302 0 "https://kpopbg.com/bg/%D0%BF%D0%BE%D1%80%D1%8A%D1%87%D0%BA%D0%B0?newAddress=delivery" "Mozilla/5.0 (Windows NT 10.0; Win64; x64) AppleWebKit/537.36 (KHTML, like Gecko) Chrome/135.0.0.0 Safari/537.36"
149.62.204.87 - - [05/May/2025:18:29:15 +0200] "GET /bg/%D0%BF%D0%BE%D1%80%D1%8A%D1%87%D0%BA%D0%B0 HTTP/2.0" 200 41281 "https://kpopbg.com/bg/%D0%BF%D0%BE%D1%80%D1%8A%D1%87%D0%BA%D0%B0?newAddress=delivery" "Mozilla/5.0 (Windows NT 10.0; Win64; x64) AppleWebKit/537.36 (KHTML, like Gecko) Chrome/135.0.0.0 Safari/537.36"
149.62.204.87 - - [05/May/2025:18:29:16 +0200] "GET /img/s/22.jpg HTTP/2.0" 200 1961 "https://kpopbg.com/bg/%D0%BF%D0%BE%D1%80%D1%8A%D1%87%D0%BA%D0%B0" "Mozilla/5.0 (Windows NT 10.0; Win64; x64) AppleWebKit/537.36 (KHTML, like Gecko) Chrome/135.0.0.0 Safari/537.36"
149.62.204.87 - - [05/May/2025:18:29:16 +0200] "GET /img/s/21.jpg HTTP/2.0" 200 31645 "https://kpopbg.com/bg/%D0%BF%D0%BE%D1%80%D1%8A%D1%87%D0%BA%D0%B0" "Mozilla/5.0 (Windows NT 10.0; Win64; x64) AppleWebKit/537.36 (KHTML, like Gecko) Chrome/135.0.0.0 Safari/537.36"
66.249.68.35 - - [05/May/2025:18:29:20 +0200] "GET /776-large_default/pre-order-le-sserafim-hot-5th-mini-album-.jpg HTTP/1.1" 200 56358 "-" "Googlebot-Image/1.0"
207.46.13.150 - - [05/May/2025:18:29:22 +0200] "GET /bg/13-artisti?q=%D0%9A%D0%B0%D1%82%D0%B5%D0%B3%D0%BE%D1%80%D0%B8%D0%B8-ATEEZ-BABYMONSTER-BLACKPINK-BOYNEXTDOOR-BTS-ENHYPEN-GOT+THE+BEAT-ILLIT-IVE-JENNIE+%28BLACKPINK%29-LE+SSERAFIM-LISA+%28BLACKPINK%29-NMIXX-P1Harmony-RIIZE-SEVENTEEN-TXT-WayV-ZEROBASEONE-xikers HTTP/2.0" 200 20506 "-" "Mozilla/5.0 AppleWebKit/537.36 (KHTML, like Gecko; compatible; bingbot/2.0; +http://www.bing.com/bingbot.htm) Chrome/116.0.1938.76 Safari/537.36"
52.167.144.183 - - [05/May/2025:18:29:22 +0200] "GET /en/13-artist?q=Categories-%28G%29I%5C-DLE-AESPA-BABYMONSTER-BOYNEXTDOOR-BTS-ENHYPEN-ILLIT-ITZY-JIHYO-LE+SSERAFIM-LISA-NAYEON+%28TWICE%29-NCT+WISH-NMIXX-RIIZE-SEVENTEEN-STRAYKIDS-TWICE-TXT-ZEROBASEONE-GOT+THE+BEAT&page=2 HTTP/2.0" 200 18634 "-" "Mozilla/5.0 AppleWebKit/537.36 (KHTML, like Gecko; compatible; bingbot/2.0; +http://www.bing.com/bingbot.htm) Chrome/116.0.1938.76 Safari/537.36"
52.167.144.183 - - [05/May/2025:18:29:23 +0200] "GET /en/13-artist?q=Categories-%28G%29I%5C-DLE-AESPA-BABYMONSTER-BLACKPINK-BOYNEXTDOOR-ENHYPEN-ILLIT-ITZY-KAI-LISA-NCT+JAEHYUN-NMIXX-RIIZE-TWICE-TXT-WayV-ZEROBASEONE HTTP/2.0" 200 18843 "-" "Mozilla/5.0 AppleWebKit/537.36 (KHTML, like Gecko; compatible; bingbot/2.0; +http://www.bing.com/bingbot.htm) Chrome/116.0.1938.76 Safari/537.36"
149.62.204.87 - - [05/May/2025:18:29:28 +0200] "GET /modules/speedy/loading.gif HTTP/2.0" 200 733 "https://kpopbg.com/bg/%D0%BF%D0%BE%D1%80%D1%8A%D1%87%D0%BA%D0%B0" "Mozilla/5.0 (Windows NT 10.0; Win64; x64) AppleWebKit/537.36 (KHTML, like Gecko) Chrome/135.0.0.0 Safari/537.36"
149.62.204.87 - - [05/May/2025:18:29:30 +0200] "POST /modules/speedy/ajax.php?ajax_function=speedy_calculate&validate=0 HTTP/2.0" 200 172 "https://kpopbg.com/bg/%D0%BF%D0%BE%D1%80%D1%8A%D1%87%D0%BA%D0%B0" "Mozilla/5.0 (Windows NT 10.0; Win64; x64) AppleWebKit/537.36 (KHTML, like Gecko) Chrome/135.0.0.0 Safari/537.36"
149.62.204.87 - - [05/May/2025:18:29:31 +0200] "POST /modules/speedy/ajax.php?ajax_function=set_speedy_method HTTP/2.0" 200 54 "https://kpopbg.com/bg/%D0%BF%D0%BE%D1%80%D1%8A%D1%87%D0%BA%D0%B0" "Mozilla/5.0 (Windows NT 10.0; Win64; x64) AppleWebKit/537.36 (KHTML, like Gecko) Chrome/135.0.0.0 Safari/537.36"
207.46.13.107 - - [05/May/2025:18:29:44 +0200] "GET /bg/13-artisti?q=%D0%9A%D0%B0%D1%82%D0%B5%D0%B3%D0%BE%D1%80%D0%B8%D0%B8-ATEEZ-BABYMONSTER-BOYNEXTDOOR-ENHYPEN-GOT+THE+BEAT-ILLIT-IVE-JIHYO-LE+SSERAFIM-RIIZE-SEVENTEEN-TREASURE-TWICE-TXT-WayV-ZEROBASEONE-STAYC HTTP/2.0" 200 20454 "-" "Mozilla/5.0 AppleWebKit/537.36 (KHTML, like Gecko; compatible; bingbot/2.0; +http://www.bing.com/bingbot.htm) Chrome/116.0.1938.76 Safari/537.36"
207.46.13.107 - - [05/May/2025:18:29:46 +0200] "GET /en/13-artist?q=Categories-%28G%29I%5C-DLE-AESPA-BABYMONSTER-BLACKPINK-BOYNEXTDOOR-BTS-ENHYPEN-GOT+THE+BEAT-ILLIT-ITZY-JIHYO-KAI-LISA-P1Harmony-RM+%28BTS%29-SEVENTEEN-STAYC-TWICE-TXT-WayV-ZEROBASEONE-KISS+OF+LIFE HTTP/2.0" 200 18951 "-" "Mozilla/5.0 AppleWebKit/537.36 (KHTML, like Gecko; compatible; bingbot/2.0; +http://www.bing.com/bingbot.htm) Chrome/116.0.1938.76 Safari/537.36"
207.46.13.107 - - [05/May/2025:18:30:05 +0200] "GET /en/13-artist?q=%D0%9A%D0%B0%D1%82%D0%B5%D0%B3%D0%BE%D1%80%D0%B8%D0%B8-AESPA-BABYMONSTER-BLACKPINK-BOYNEXTDOOR-ENHYPEN-GOT+THE+BEAT-ILLIT-ITZY-JIHYO-Kep1er-LISA-NAYEON+%28TWICE%29-NCT+DREAM-NCT+WISH-NMIXX-RIIZE-SEVENTEEN-TWICE-TXT-WayV-XDINARY+HEROES-ZEROBASEONE-BTS HTTP/2.0" 200 19024 "-" "Mozilla/5.0 AppleWebKit/537.36 (KHTML, like Gecko; compatible; bingbot/2.0; +http://www.bing.com/bingbot.htm) Chrome/116.0.1938.76 Safari/537.36"